52.163.91.199 - - [23/Dec/2024:05:52:21 +0900] "GET /moon.php?p= HTTP/1.1" 200 0 "-" "-" "-"
52.163.91.199 - - [23/Dec/2024:05:52:21 +0900] "GET /wp-admin/user/about.php HTTP/1.1" 301 162 "-" "-" "-"
52.163.91.199 - - [23/Dec/2024:05:52:21 +0900] "GET /wp-admin/user/about.php HTTP/1.1" 403 199 "-" "-" "-"
52.163.91.199 - - [23/Dec/2024:05:52:22 +0900] "GET /wp-includes/theme-compat/about.php HTTP/1.1" 301 162 "-" "-" "-"
52.163.91.199 - - [23/Dec/2024:05:52:22 +0900] "GET /wp-includes/theme-compat/about.php HTTP/1.1" 403 199 "-" "-" "-"
52.163.91.199 - - [23/Dec/2024:05:52:22 +0900] "GET /worksec.php HTTP/1.1" 301 162 "-" "-" "-"
52.163.91.199 - - [23/Dec/2024:05:52:22 +0900] "GET /worksec.php HTTP/1.1" 403 199 "-" "-" "-"
52.163.91.199 - - [23/Dec/2024:05:52:22 +0900] "GET /wp-includes/SimplePie/plugins.php HTTP/1.1" 301 162 "-" "-" "-"
52.163.91.199 - - [23/Dec/2024:05:52:22 +0900] "GET /wp-includes/SimplePie/plugins.php HTTP/1.1" 403 199 "-" "-" "-"
52.163.91.199 - - [23/Dec/2024:05:52:22 +0900] "GET /wp-includes/SimplePie/admin.php HTTP/1.1" 301 162 "-" "-" "-"
52.163.91.199 - - [23/Dec/2024:05:52:22 +0900] "GET /wp-includes/SimplePie/admin.php HTTP/1.1" 403 199 "-" "-" "-"
52.163.91.199 - - [23/Dec/2024:05:52:22 +0900] "GET /wp-admin/index.php HTTP/1.1" 301 162 "-" "-" "-"
52.163.91.199 - - [23/Dec/2024:05:52:22 +0900] "GET /wp-admin/index.php HTTP/1.1" 403 199 "-" "-" "-"
52.163.91.199 - - [23/Dec/2024:05:52:22 +0900] "GET /siteheads.php HTTP/1.1" 301 162 "-" "-" "-"
52.163.91.199 - - [23/Dec/2024:05:52:22 +0900] "GET /siteheads.php HTTP/1.1" 403 199 "-" "-" "-"
52.163.91.199 - - [23/Dec/2024:05:52:22 +0900] "GET /2.php HTTP/1.1" 301 162 "-" "-" "-"
52.163.91.199 - - [23/Dec/2024:05:52:22 +0900] "GET /2.php HTTP/1.1" 403 199 "-" "-" "-"
52.163.91.199 - - [23/Dec/2024:05:52:23 +0900] "GET /wp-includes/rest-api/alfa-rex.php7 HTTP/1.1" 301 162 "-" "-" "-"
52.163.91.199 - - [23/Dec/2024:05:52:23 +0900] "GET /wp-includes/rest-api/alfa-rex.php7 HTTP/1.1" 200 0 "-" "-" "-"
52.163.91.199 - - [23/Dec/2024:05:52:23 +0900] "GET /.well-known/acme-challenge/license.php HTTP/1.1" 301 162 "-" "-" "-"
52.163.91.199 - - [23/Dec/2024:05:52:23 +0900] "GET /.well-known/acme-challenge/license.php HTTP/1.1" 503 428 "-" "-" "-"
52.163.91.199 - - [23/Dec/2024:05:52:23 +0900] "GET /wp-includes/css/dist/preferences/wp-login.php HTTP/1.1" 301 162 "-" "-" "-"
52.163.91.199 - - [23/Dec/2024:05:52:23 +0900] "GET /wp-includes/css/dist/preferences/wp-login.php HTTP/1.1" 403 199 "-" "-" "-"
52.163.91.199 - - [23/Dec/2024:05:52:23 +0900] "GET /wp-includes/assets/index.php HTTP/1.1" 301 162 "-" "-" "-"
52.163.91.199 - - [23/Dec/2024:05:52:23 +0900] "GET /wp-includes/assets/index.php HTTP/1.1" 200 0 "-" "-" "-"
52.163.91.199 - - [23/Dec/2024:05:52:23 +0900] "GET /wp-content/plugins/wp-help/index.php HTTP/1.1" 301 162 "-" "-" "-"
52.163.91.199 - - [23/Dec/2024:05:52:24 +0900] "GET /wp-content/plugins/wp-help/index.php HTTP/1.1" 200 0 "-" "-" "-"
52.163.91.199 - - [23/Dec/2024:05:52:24 +0900] "GET /wp-content/plugins/hellopress/wp_filemanager.php HTTP/1.1" 301 162 "-" "-" "-"
52.163.91.199 - - [23/Dec/2024:05:52:24 +0900] "GET /wp-content/plugins/hellopress/wp_filemanager.php HTTP/1.1" 200 0 "-" "-" "-"
52.163.91.199 - - [23/Dec/2024:05:52:24 +0900] "GET /wp-config-sample.php HTTP/1.1" 301 162 "-" "-" "-"
52.163.91.199 - - [23/Dec/2024:05:52:24 +0900] "GET /wp-config-sample.php HTTP/1.1" 403 199 "-" "-" "-"
52.163.91.199 - - [23/Dec/2024:05:52:24 +0900] "GET /wp-includes/1index.php HTTP/1.1" 301 162 "-" "-" "-"
52.163.91.199 - - [23/Dec/2024:05:52:24 +0900] "GET /wp-includes/1index.php HTTP/1.1" 403 199 "-" "-" "-"
52.163.91.199 - - [23/Dec/2024:05:52:24 +0900] "GET /wp_wrong_datlib.php HTTP/1.1" 301 162 "-" "-" "-"
52.163.91.199 - - [23/Dec/2024:05:52:24 +0900] "GET /wp_wrong_datlib.php HTTP/1.1" 403 199 "-" "-" "-"
52.163.91.199 - - [23/Dec/2024:05:52:25 +0900] "GET /wikindex.php HTTP/1.1" 301 162 "-" "-" "-"
52.163.91.199 - - [23/Dec/2024:05:52:25 +0900] "GET /wikindex.php HTTP/1.1" 403 199 "-" "-" "-"
52.163.91.199 - - [23/Dec/2024:05:52:25 +0900] "GET /wp-admin/setup-config.php HTTP/1.1" 301 162 "-" "-" "-"
52.163.91.199 - - [23/Dec/2024:05:52:25 +0900] "GET /wp-admin/setup-config.php HTTP/1.1" 403 199 "-" "-" "-"
52.163.91.199 - - [23/Dec/2024:05:52:25 +0900] "GET /wp-admin/xleet.php HTTP/1.1" 301 162 "-" "-" "-"
52.163.91.199 - - [23/Dec/2024:05:52:25 +0900] "GET /wp-admin/xleet.php HTTP/1.1" 403 199 "-" "-" "-"
52.163.91.199 - - [23/Dec/2024:05:52:25 +0900] "GET /wp-content/fw.php HTTP/1.1" 301 162 "-" "-" "-"
52.163.91.199 - - [23/Dec/2024:05:52:25 +0900] "GET /wp-content/fw.php HTTP/1.1" 403 199 "-" "-" "-"
52.163.91.199 - - [23/Dec/2024:05:52:25 +0900] "GET /wp-admin/fx.php HTTP/1.1" 301 162 "-" "-" "-"
52.163.91.199 - - [23/Dec/2024:05:52:25 +0900] "GET /wp-admin/fx.php HTTP/1.1" 403 199 "-" "-" "-"
52.163.91.199 - - [23/Dec/2024:05:52:25 +0900] "GET /4price.php HTTP/1.1" 301 162 "-" "-" "-"
52.163.91.199 - - [23/Dec/2024:05:52:25 +0900] "GET /4price.php HTTP/1.1" 403 199 "-" "-" "-"
52.163.91.199 - - [23/Dec/2024:05:52:25 +0900] "GET /utchiha.php HTTP/1.1" 301 162 "-" "-" "-"
52.163.91.199 - - [23/Dec/2024:05:52:25 +0900] "GET /utchiha.php HTTP/1.1" 403 199 "-" "-" "-"
52.163.91.199 - - [23/Dec/2024:05:52:26 +0900] "GET /wp-admin/priv8.php HTTP/1.1" 301 162 "-" "-" "-"
52.163.91.199 - - [23/Dec/2024:05:52:26 +0900] "GET /wp-admin/priv8.php HTTP/1.1" 403 199 "-" "-" "-"
52.163.91.199 - - [23/Dec/2024:05:52:26 +0900] "GET /wp-admin/rss.php HTTP/1.1" 301 162 "-" "-" "-"
52.163.91.199 - - [23/Dec/2024:05:52:26 +0900] "GET /wp-admin/rss.php HTTP/1.1" 403 199 "-" "-" "-"
52.163.91.199 - - [23/Dec/2024:05:52:26 +0900] "GET /uploads/xleet.php HTTP/1.1" 301 162 "-" "-" "-"
52.163.91.199 - - [23/Dec/2024:05:52:26 +0900] "GET /uploads/xleet.php HTTP/1.1" 200 0 "-" "-" "-"
52.163.91.199 - - [23/Dec/2024:05:52:26 +0900] "GET /.well-known/acme-challenge/mariju.php HTTP/1.1" 301 162 "-" "-" "-"
52.163.91.199 - - [23/Dec/2024:05:52:26 +0900] "GET /.well-known/acme-challenge/mariju.php HTTP/1.1" 503 428 "-" "-" "-"
52.163.91.199 - - [23/Dec/2024:05:52:26 +0900] "GET /plugin.php HTTP/1.1" 301 162 "-" "-" "-"
52.163.91.199 - - [23/Dec/2024:05:52:26 +0900] "GET /plugin.php HTTP/1.1" 403 199 "-" "-" "-"
52.163.91.199 - - [23/Dec/2024:05:52:26 +0900] "GET /wp-admin/includes/mar.php HTTP/1.1" 301 162 "-" "-" "-"
52.163.91.199 - - [23/Dec/2024:05:52:26 +0900] "GET /wp-admin/includes/mar.php HTTP/1.1" 403 199 "-" "-" "-"
52.163.91.199 - - [23/Dec/2024:05:52:27 +0900] "GET /wp-content/plugins/pwnd-1/as.php HTTP/1.1" 301 162 "-" "-" "-"
52.163.91.199 - - [23/Dec/2024:05:52:27 +0900] "GET /wp-content/plugins/pwnd-1/as.php HTTP/1.1" 200 0 "-" "-" "-"
52.163.91.199 - - [23/Dec/2024:05:52:27 +0900] "GET /cgi-bin/cgi-bin/about.php7 HTTP/1.1" 301 162 "-" "-" "-"
52.163.91.199 - - [23/Dec/2024:05:52:27 +0900] "GET /cgi-bin/cgi-bin/about.php7 HTTP/1.1" 200 0 "-" "-" "-"
52.163.91.199 - - [23/Dec/2024:05:52:27 +0900] "GET /wp-content/themes/travelscape/json.php HTTP/1.1" 301 162 "-" "-" "-"
52.163.91.199 - - [23/Dec/2024:05:52:27 +0900] "GET /wp-content/themes/travelscape/json.php HTTP/1.1" 200 0 "-" "-" "-"
52.163.91.199 - - [23/Dec/2024:05:52:28 +0900] "GET /wp-includes/css/core.php HTTP/1.1" 301 162 "-" "-" "-"
52.163.91.199 - - [23/Dec/2024:05:52:28 +0900] "GET /wp-includes/css/core.php HTTP/1.1" 403 199 "-" "-" "-"
52.163.91.199 - - [23/Dec/2024:05:52:28 +0900] "GET /db.php HTTP/1.1" 301 162 "-" "-" "-"
52.163.91.199 - - [23/Dec/2024:05:52:28 +0900] "GET /db.php HTTP/1.1" 403 199 "-" "-" "-"
52.163.91.199 - - [23/Dec/2024:05:52:28 +0900] "GET /wp-includes/ID3/install.php HTTP/1.1" 301 162 "-" "-" "-"
52.163.91.199 - - [23/Dec/2024:05:52:28 +0900] "GET /wp-includes/ID3/install.php HTTP/1.1" 403 199 "-" "-" "-"
52.163.91.199 - - [23/Dec/2024:05:52:28 +0900] "GET /wp-content/file.php HTTP/1.1" 301 162 "-" "-" "-"
52.163.91.199 - - [23/Dec/2024:05:52:28 +0900] "GET /wp-content/file.php HTTP/1.1" 200 0 "-" "-" "-"
52.163.91.199 - - [23/Dec/2024:05:52:28 +0900] "GET /.well-known/cong.php HTTP/1.1" 301 162 "-" "-" "-"
52.167.144.172 - - [23/Dec/2024:05:52:28 +0900] "GET /413724584.phtml HTTP/2.0" 403 175 "-" "Mozilla/5.0 AppleWebKit/537.36 (KHTML, like Gecko; compatible; bingbot/2.0; +http://www.bing.com/bingbot.htm) Chrome/116.0.1938.76 Safari/537.36" "-"
52.163.91.199 - - [23/Dec/2024:05:52:29 +0900] "GET /.well-known/cong.php HTTP/1.1" 200 0 "-" "-" "-"
52.163.91.199 - - [23/Dec/2024:05:52:29 +0900] "GET /.wp-cli/as.php HTTP/1.1" 301 162 "-" "-" "-"
52.163.91.199 - - [23/Dec/2024:05:52:29 +0900] "GET /.wp-cli/as.php HTTP/1.1" 503 428 "-" "-" "-"
52.163.91.199 - - [23/Dec/2024:05:52:29 +0900] "GET /xl2023.php HTTP/1.1" 301 162 "-" "-" "-"
52.163.91.199 - - [23/Dec/2024:05:52:29 +0900] "GET /xl2023.php HTTP/1.1" 403 199 "-" "-" "-"
52.163.91.199 - - [23/Dec/2024:05:52:29 +0900] "GET /wp-admin/css/colors/coffee/index.php HTTP/1.1" 301 162 "-" "-" "-"
52.163.91.199 - - [23/Dec/2024:05:52:29 +0900] "GET /wp-admin/css/colors/coffee/index.php HTTP/1.1" 403 199 "-" "-" "-"
52.163.91.199 - - [23/Dec/2024:05:52:29 +0900] "GET /vendor/composer/index.php HTTP/1.1" 301 162 "-" "-" "-"
52.167.144.172 - - [23/Dec/2024:05:52:29 +0900] "GET /4609081.phtml HTTP/2.0" 403 175 "-" "Mozilla/5.0 AppleWebKit/537.36 (KHTML, like Gecko; compatible; bingbot/2.0; +http://www.bing.com/bingbot.htm) Chrome/116.0.1938.76 Safari/537.36" "-"
52.163.91.199 - - [23/Dec/2024:05:52:29 +0900] "GET /vendor/composer/index.php HTTP/1.1" 200 0 "-" "-" "-"
52.163.91.199 - - [23/Dec/2024:05:52:29 +0900] "GET /wp-content/product.php HTTP/1.1" 301 162 "-" "-" "-"
52.163.91.199 - - [23/Dec/2024:05:52:29 +0900] "GET /wp-content/product.php HTTP/1.1" 403 199 "-" "-" "-"
52.163.91.199 - - [23/Dec/2024:05:52:29 +0900] "GET /.well-known/acme-challenge/atomlib.php HTTP/1.1" 301 162 "-" "-" "-"
52.167.144.172 - - [23/Dec/2024:05:52:30 +0900] "GET /249911277.phtml HTTP/2.0" 403 175 "-" "Mozilla/5.0 AppleWebKit/537.36 (KHTML, like Gecko; compatible; bingbot/2.0; +http://www.bing.com/bingbot.htm) Chrome/116.0.1938.76 Safari/537.36" "-"
52.163.91.199 - - [23/Dec/2024:05:52:30 +0900] "GET /.well-known/acme-challenge/atomlib.php HTTP/1.1" 200 0 "-" "-" "-"
52.163.91.199 - - [23/Dec/2024:05:52:30 +0900] "GET /wp-atom.php HTTP/1.1" 301 162 "-" "-" "-"
52.163.91.199 - - [23/Dec/2024:05:52:30 +0900] "GET /wp-atom.php HTTP/1.1" 403 199 "-" "-" "-"
52.163.91.199 - - [23/Dec/2024:05:52:30 +0900] "GET /wp-includes/rest-api/fields/radio.php HTTP/1.1" 301 162 "-" "-" "-"
52.163.91.199 - - [23/Dec/2024:05:52:30 +0900] "GET /wp-includes/rest-api/fields/radio.php HTTP/1.1" 403 199 "-" "-" "-"
52.167.144.172 - - [23/Dec/2024:05:52:30 +0900] "GET /271495892.phtml HTTP/2.0" 403 175 "-" "Mozilla/5.0 AppleWebKit/537.36 (KHTML, like Gecko; compatible; bingbot/2.0; +http://www.bing.com/bingbot.htm) Chrome/116.0.1938.76 Safari/537.36" "-"
52.163.91.199 - - [23/Dec/2024:05:52:30 +0900] "GET /wp-includes/images/media/rk2.php HTTP/1.1" 301 162 "-" "-" "-"
52.163.91.199 - - [23/Dec/2024:05:52:30 +0900] "GET /wp-includes/images/media/rk2.php HTTP/1.1" 403 199 "-" "-" "-"
52.163.91.199 - - [23/Dec/2024:05:52:30 +0900] "GET /wp-includes/ID3/options.php HTTP/1.1" 301 162 "-" "-" "-"
52.163.91.199 - - [23/Dec/2024:05:52:30 +0900] "GET /wp-includes/ID3/options.php HTTP/1.1" 403 199 "-" "-" "-"
52.163.91.199 - - [23/Dec/2024:05:52:31 +0900] "GET /wp-head.php HTTP/1.1" 301 162 "-" "-" "-"
52.167.144.172 - - [23/Dec/2024:05:52:31 +0900] "GET /30797793.phtml HTTP/2.0" 403 175 "-" "Mozilla/5.0 AppleWebKit/537.36 (KHTML, like Gecko; compatible; bingbot/2.0; +http://www.bing.com/bingbot.htm) Chrome/116.0.1938.76 Safari/537.36" "-"
52.163.91.199 - - [23/Dec/2024:05:52:31 +0900] "GET /wp-head.php HTTP/1.1" 503 428 "-" "-" "-"
52.163.91.199 - - [23/Dec/2024:05:52:31 +0900] "GET /.well-known/pki-validation/cifcxgxm.php HTTP/1.1" 301 162 "-" "-" "-"
52.163.91.199 - - [23/Dec/2024:05:52:31 +0900] "GET /.well-known/pki-validation/cifcxgxm.php HTTP/1.1" 200 0 "-" "-" "-"
52.163.91.199 - - [23/Dec/2024:05:52:31 +0900] "GET /wp-content/uploads/index.php HTTP/1.1" 301 162 "-" "-" "-"
52.167.144.172 - - [23/Dec/2024:05:52:31 +0900] "GET /131606153.phtml HTTP/2.0" 403 175 "-" "Mozilla/5.0 AppleWebKit/537.36 (KHTML, like Gecko; compatible; bingbot/2.0; +http://www.bing.com/bingbot.htm) Chrome/116.0.1938.76 Safari/537.36" "-"
52.167.144.172 - - [23/Dec/2024:05:52:31 +0900] "GET /49917382.phtml HTTP/2.0" 403 175 "-" "Mozilla/5.0 AppleWebKit/537.36 (KHTML, like Gecko; compatible; bingbot/2.0; +http://www.bing.com/bingbot.htm) Chrome/116.0.1938.76 Safari/537.36" "-"
52.163.91.199 - - [23/Dec/2024:05:52:31 +0900] "GET /wp-content/uploads/index.php HTTP/1.1" 200 0 "-" "-" "-"
52.163.91.199 - - [23/Dec/2024:05:52:32 +0900] "GET /wp-admin/users.php HTTP/1.1" 301 162 "-" "-" "-"
52.163.91.199 - - [23/Dec/2024:05:52:32 +0900] "GET /wp-admin/users.php HTTP/1.1" 403 199 "-" "-" "-"
52.163.91.199 - - [23/Dec/2024:05:52:32 +0900] "GET /.well-known/elp.php HTTP/1.1" 301 162 "-" "-" "-"
52.167.144.172 - - [23/Dec/2024:05:52:32 +0900] "GET /187714754.phtml HTTP/2.0" 403 175 "-" "Mozilla/5.0 AppleWebKit/537.36 (KHTML, like Gecko; compatible; bingbot/2.0; +http://www.bing.com/bingbot.htm) Chrome/116.0.1938.76 Safari/537.36" "-"
52.163.91.199 - - [23/Dec/2024:05:52:32 +0900] "GET /.well-known/elp.php HTTP/1.1" 200 0 "-" "-" "-"
52.163.91.199 - - [23/Dec/2024:05:52:32 +0900] "GET /wp-includes/fonts/index.php HTTP/1.1" 301 162 "-" "-" "-"
52.167.144.172 - - [23/Dec/2024:05:52:32 +0900] "GET /141425808.phtml HTTP/2.0" 403 175 "-" "Mozilla/5.0 AppleWebKit/537.36 (KHTML, like Gecko; compatible; bingbot/2.0; +http://www.bing.com/bingbot.htm) Chrome/116.0.1938.76 Safari/537.36" "-"
52.163.91.199 - - [23/Dec/2024:05:52:32 +0900] "GET /wp-includes/fonts/index.php HTTP/1.1" 200 0 "-" "-" "-"
52.163.91.199 - - [23/Dec/2024:05:52:32 +0900] "GET /wp-includes/certificates/wp-login.php HTTP/1.1" 301 162 "-" "-" "-"
52.163.91.199 - - [23/Dec/2024:05:52:32 +0900] "GET /wp-includes/certificates/wp-login.php HTTP/1.1" 403 199 "-" "-" "-"
52.163.91.199 - - [23/Dec/2024:05:52:32 +0900] "GET /wp-admin/radio.php HTTP/1.1" 301 162 "-" "-" "-"
52.163.91.199 - - [23/Dec/2024:05:52:33 +0900] "GET /wp-admin/radio.php HTTP/1.1" 403 199 "-" "-" "-"
52.163.91.199 - - [23/Dec/2024:05:52:33 +0900] "GET /cgi-bin/wp-2019.php HTTP/1.1" 301 162 "-" "-" "-"
52.163.91.199 - - [23/Dec/2024:05:52:33 +0900] "GET /cgi-bin/wp-2019.php HTTP/1.1" 200 0 "-" "-" "-"
52.163.91.199 - - [23/Dec/2024:05:52:33 +0900] "GET /wp-includes/item.php HTTP/1.1" 301 162 "-" "-" "-"
52.163.91.199 - - [23/Dec/2024:05:52:33 +0900] "GET /wp-includes/item.php HTTP/1.1" 403 199 "-" "-" "-"
52.163.91.199 - - [23/Dec/2024:05:52:33 +0900] "GET /wp-content/upgrade/about.php HTTP/1.1" 301 162 "-" "-" "-"
52.163.91.199 - - [23/Dec/2024:05:52:33 +0900] "GET /wp-content/upgrade/about.php HTTP/1.1" 403 199 "-" "-" "-"
52.163.91.199 - - [23/Dec/2024:05:52:33 +0900] "GET /0x.php HTTP/1.1" 301 162 "-" "-" "-"
52.163.91.199 - - [23/Dec/2024:05:52:33 +0900] "GET /0x.php HTTP/1.1" 403 199 "-" "-" "-"
52.163.91.199 - - [23/Dec/2024:05:52:33 +0900] "GET /uploads/autoload_classmap.php HTTP/1.1" 301 162 "-" "-" "-"
52.163.91.199 - - [23/Dec/2024:05:52:34 +0900] "GET /uploads/autoload_classmap.php HTTP/1.1" 200 0 "-" "-" "-"
52.163.91.199 - - [23/Dec/2024:05:52:34 +0900] "GET /wp-content/plugins/pwnd/pwnd.php HTTP/1.1" 301 162 "-" "-" "-"
52.167.144.172 - - [23/Dec/2024:05:52:34 +0900] "GET /158624834.phtml HTTP/2.0" 403 175 "-" "Mozilla/5.0 AppleWebKit/537.36 (KHTML, like Gecko; compatible; bingbot/2.0; +http://www.bing.com/bingbot.htm) Chrome/116.0.1938.76 Safari/537.36" "-"
52.163.91.199 - - [23/Dec/2024:05:52:34 +0900] "GET /wp-content/plugins/pwnd/pwnd.php HTTP/1.1" 200 0 "-" "-" "-"
52.163.91.199 - - [23/Dec/2024:05:52:34 +0900] "GET /class.php HTTP/1.1" 301 162 "-" "-" "-"
52.163.91.199 - - [23/Dec/2024:05:52:34 +0900] "GET /class.php HTTP/1.1" 403 199 "-" "-" "-"
52.163.91.199 - - [23/Dec/2024:05:52:34 +0900] "GET /wp-content/themes/hello-element/footer.php HTTP/1.1" 301 162 "-" "-" "-"
52.163.91.199 - - [23/Dec/2024:05:52:35 +0900] "GET /wp-content/themes/hello-element/footer.php HTTP/1.1" 200 0 "-" "-" "-"
52.163.91.199 - - [23/Dec/2024:05:52:35 +0900] "GET /wp-content/plugins/install.php HTTP/1.1" 301 162 "-" "-" "-"
52.163.91.199 - - [23/Dec/2024:05:52:35 +0900] "GET /wp-content/plugins/install.php HTTP/1.1" 403 199 "-" "-" "-"
52.163.91.199 - - [23/Dec/2024:05:52:35 +0900] "GET /wp-content/plugins/aioseoextensions/file.php HTTP/1.1" 301 162 "-" "-" "-"
52.163.91.199 - - [23/Dec/2024:05:52:35 +0900] "GET /wp-content/plugins/aioseoextensions/file.php HTTP/1.1" 200 0 "-" "-" "-"
52.163.91.199 - - [23/Dec/2024:05:52:35 +0900] "GET /wp-content/mah.php HTTP/1.1" 301 162 "-" "-" "-"
52.163.91.199 - - [23/Dec/2024:05:52:35 +0900] "GET /wp-content/mah.php HTTP/1.1" 403 199 "-" "-" "-"
52.163.91.199 - - [23/Dec/2024:05:52:35 +0900] "GET /wp-files.php?p= HTTP/1.1" 301 162 "-" "-" "-"
52.163.91.199 - - [23/Dec/2024:05:52:35 +0900] "GET /wp-files.php?p= HTTP/1.1" 403 199 "-" "-" "-"
52.163.91.199 - - [23/Dec/2024:05:52:35 +0900] "GET /wp-admin/cong.php HTTP/1.1" 301 162 "-" "-" "-"
52.163.91.199 - - [23/Dec/2024:05:52:35 +0900] "GET /wp-admin/cong.php HTTP/1.1" 403 199 "-" "-" "-"
52.163.91.199 - - [23/Dec/2024:05:52:36 +0900] "GET /alfanew.php7 HTTP/1.1" 301 162 "-" "-" "-"
52.163.91.199 - - [23/Dec/2024:05:52:36 +0900] "GET /alfanew.php7 HTTP/1.1" 503 428 "-" "-" "-"
52.163.91.199 - - [23/Dec/2024:05:52:36 +0900] "GET /wp-admin/images/wp-login.php HTTP/1.1" 301 162 "-" "-" "-"
52.163.91.199 - - [23/Dec/2024:05:52:36 +0900] "GET /wp-admin/images/wp-login.php HTTP/1.1" 403 199 "-" "-" "-"
52.163.91.199 - - [23/Dec/2024:05:52:36 +0900] "GET /wp-content/themes/sketch/404.php HTTP/1.1" 301 162 "-" "-" "-"
52.163.91.199 - - [23/Dec/2024:05:52:36 +0900] "GET /wp-content/themes/sketch/404.php HTTP/1.1" 503 428 "-" "-" "-"
52.163.91.199 - - [23/Dec/2024:05:52:36 +0900] "GET /wp-content/plugins/wp-help/admin/wp-fclass.php HTTP/1.1" 301 162 "-" "-" "-"
52.163.91.199 - - [23/Dec/2024:05:52:36 +0900] "GET /wp-content/plugins/wp-help/admin/wp-fclass.php HTTP/1.1" 200 0 "-" "-" "-"
52.163.91.199 - - [23/Dec/2024:05:52:36 +0900] "GET /.well-known/admin.php HTTP/1.1" 301 162 "-" "-" "-"
52.163.91.199 - - [23/Dec/2024:05:52:36 +0900] "GET /.well-known/admin.php HTTP/1.1" 200 0 "-" "-" "-"
52.163.91.199 - - [23/Dec/2024:05:52:37 +0900] "GET /upload.php HTTP/1.1" 301 162 "-" "-" "-"
52.163.91.199 - - [23/Dec/2024:05:52:37 +0900] "GET /upload.php HTTP/1.1" 200 0 "-" "-" "-"
52.163.91.199 - - [23/Dec/2024:05:52:37 +0900] "GET /.well-known/pki-validation/classwithtostring.php HTTP/1.1" 301 162 "-" "-" "-"
52.163.91.199 - - [23/Dec/2024:05:52:37 +0900] "GET /.well-known/pki-validation/classwithtostring.php HTTP/1.1" 200 0 "-" "-" "-"
40.77.167.33 - - [23/Dec/2024:05:52:37 +0900] "GET /246832288.phtml HTTP/2.0" 403 175 "-" "Mozilla/5.0 AppleWebKit/537.36 (KHTML, like Gecko; compatible; bingbot/2.0; +http://www.bing.com/bingbot.htm) Chrome/116.0.1938.76 Safari/537.36" "-"
52.163.91.199 - - [23/Dec/2024:05:52:37 +0900] "GET /bless.php HTTP/1.1" 301 162 "-" "-" "-"
52.163.91.199 - - [23/Dec/2024:05:52:37 +0900] "GET /bless.php HTTP/1.1" 200 0 "-" "-" "-"
40.77.167.33 - - [23/Dec/2024:05:52:38 +0900] "GET /119096292.phtml HTTP/2.0" 403 175 "-" "Mozilla/5.0 AppleWebKit/537.36 (KHTML, like Gecko; compatible; bingbot/2.0; +http://www.bing.com/bingbot.htm) Chrome/116.0.1938.76 Safari/537.36" "-"
52.163.91.199 - - [23/Dec/2024:05:52:38 +0900] "GET /about.php?p= HTTP/1.1" 301 162 "-" "-" "-"
52.163.91.199 - - [23/Dec/2024:05:52:38 +0900] "GET /about.php?p= HTTP/1.1" 200 0 "-" "-" "-"
40.77.167.33 - - [23/Dec/2024:05:52:38 +0900] "GET /277099260.phtml HTTP/2.0" 403 175 "-" "Mozilla/5.0 AppleWebKit/537.36 (KHTML, like Gecko; compatible; bingbot/2.0; +http://www.bing.com/bingbot.htm) Chrome/116.0.1938.76 Safari/537.36" "-"
52.163.91.199 - - [23/Dec/2024:05:52:38 +0900] "GET /wp-content/uploads/cache.php HTTP/1.1" 301 162 "-" "-" "-"
52.163.91.199 - - [23/Dec/2024:05:52:38 +0900] "GET /wp-content/uploads/cache.php HTTP/1.1" 403 199 "-" "-" "-"
40.77.167.33 - - [23/Dec/2024:05:52:38 +0900] "GET /331331222.phtml HTTP/2.0" 403 175 "-" "Mozilla/5.0 AppleWebKit/537.36 (KHTML, like Gecko; compatible; bingbot/2.0; +http://www.bing.com/bingbot.htm) Chrome/116.0.1938.76 Safari/537.36" "-"
52.163.91.199 - - [23/Dec/2024:05:52:38 +0900] "GET /options-discussion.php HTTP/1.1" 301 162 "-" "-" "-"
52.163.91.199 - - [23/Dec/2024:05:52:38 +0900] "GET /options-discussion.php HTTP/1.1" 403 199 "-" "-" "-"
52.163.91.199 - - [23/Dec/2024:05:52:38 +0900] "GET /tiny.php?p= HTTP/1.1" 301 162 "-" "-" "-"
52.163.91.199 - - [23/Dec/2024:05:52:38 +0900] "GET /tiny.php?p= HTTP/1.1" 403 199 "-" "-" "-"
40.77.167.33 - - [23/Dec/2024:05:52:38 +0900] "GET /355815099.phtml HTTP/2.0" 403 175 "-" "Mozilla/5.0 AppleWebKit/537.36 (KHTML, like Gecko; compatible; bingbot/2.0; +http://www.bing.com/bingbot.htm) Chrome/116.0.1938.76 Safari/537.36" "-"
52.163.91.199 - - [23/Dec/2024:05:52:38 +0900] "GET /wp-includes/class-wp-pages.php HTTP/1.1" 301 162 "-" "-" "-"
52.163.91.199 - - [23/Dec/2024:05:52:38 +0900] "GET /wp-includes/class-wp-pages.php HTTP/1.1" 403 199 "-" "-" "-"
52.163.91.199 - - [23/Dec/2024:05:52:38 +0900] "GET /wp-includes/theme-compat/wp-login.php HTTP/1.1" 301 162 "-" "-" "-"
40.77.167.33 - - [23/Dec/2024:05:52:38 +0900] "GET /112685751.phtml HTTP/2.0" 403 175 "-" "Mozilla/5.0 AppleWebKit/537.36 (KHTML, like Gecko; compatible; bingbot/2.0; +http://www.bing.com/bingbot.htm) Chrome/116.0.1938.76 Safari/537.36" "-"
52.163.91.199 - - [23/Dec/2024:05:52:38 +0900] "GET /wp-includes/theme-compat/wp-login.php HTTP/1.1" 403 199 "-" "-" "-"
52.163.91.199 - - [23/Dec/2024:05:52:39 +0900] "GET /wp-admin/user/wp-login.php HTTP/1.1" 301 162 "-" "-" "-"
52.163.91.199 - - [23/Dec/2024:05:52:39 +0900] "GET /wp-admin/user/wp-login.php HTTP/1.1" 403 199 "-" "-" "-"
52.163.91.199 - - [23/Dec/2024:05:52:39 +0900] "GET /wp-content/uploads/wp-login.php HTTP/1.1" 301 162 "-" "-" "-"
40.77.167.33 - - [23/Dec/2024:05:52:39 +0900] "GET /109164186.phtml HTTP/2.0" 403 175 "-" "Mozilla/5.0 AppleWebKit/537.36 (KHTML, like Gecko; compatible; bingbot/2.0; +http://www.bing.com/bingbot.htm) Chrome/116.0.1938.76 Safari/537.36" "-"
52.163.91.199 - - [23/Dec/2024:05:52:39 +0900] "GET /wp-content/uploads/wp-login.php HTTP/1.1" 403 199 "-" "-" "-"
52.163.91.199 - - [23/Dec/2024:05:52:39 +0900] "GET /wp-includes/admin.php HTTP/1.1" 301 162 "-" "-" "-"
40.77.167.33 - - [23/Dec/2024:05:52:39 +0900] "GET /408753944.phtml HTTP/2.0" 403 175 "-" "Mozilla/5.0 AppleWebKit/537.36 (KHTML, like Gecko; compatible; bingbot/2.0; +http://www.bing.com/bingbot.htm) Chrome/116.0.1938.76 Safari/537.36" "-"
52.163.91.199 - - [23/Dec/2024:05:52:39 +0900] "GET /wp-includes/admin.php HTTP/1.1" 403 199 "-" "-" "-"
52.163.91.199 - - [23/Dec/2024:05:52:39 +0900] "GET /wp-includes/product.php HTTP/1.1" 301 162 "-" "-" "-"
52.163.91.199 - - [23/Dec/2024:05:52:39 +0900] "GET /wp-includes/product.php HTTP/1.1" 403 199 "-" "-" "-"
52.163.91.199 - - [23/Dec/2024:05:52:39 +0900] "GET /wp-content/languages/ru_RU_lite.mo.php HTTP/1.1" 301 162 "-" "-" "-"
52.163.91.199 - - [23/Dec/2024:05:52:39 +0900] "GET /wp-content/languages/ru_RU_lite.mo.php HTTP/1.1" 403 199 "-" "-" "-"
52.163.91.199 - - [23/Dec/2024:05:52:39 +0900] "GET /gif.php HTTP/1.1" 301 162 "-" "-" "-"
40.77.167.33 - - [23/Dec/2024:05:52:39 +0900] "GET /340158834.phtml HTTP/2.0" 403 175 "-" "Mozilla/5.0 AppleWebKit/537.36 (KHTML, like Gecko; compatible; bingbot/2.0; +http://www.bing.com/bingbot.htm) Chrome/116.0.1938.76 Safari/537.36" "-"
52.163.91.199 - - [23/Dec/2024:05:52:39 +0900] "GET /gif.php HTTP/1.1" 403 199 "-" "-" "-"
52.163.91.199 - - [23/Dec/2024:05:52:39 +0900] "GET /wp-content/uploads/wp.php HTTP/1.1" 301 162 "-" "-" "-"
52.163.91.199 - - [23/Dec/2024:05:52:39 +0900] "GET /wp-content/uploads/wp.php HTTP/1.1" 403 199 "-" "-" "-"
52.163.91.199 - - [23/Dec/2024:05:52:40 +0900] "GET /license.php HTTP/1.1" 301 162 "-" "-" "-"
52.163.91.199 - - [23/Dec/2024:05:52:40 +0900] "GET /license.php HTTP/1.1" 403 199 "-" "-" "-"
52.163.91.199 - - [23/Dec/2024:05:52:40 +0900] "GET /test.php HTTP/1.1" 301 162 "-" "-" "-"
52.163.91.199 - - [23/Dec/2024:05:52:40 +0900] "GET /test.php HTTP/1.1" 403 199 "-" "-" "-"
40.77.167.33 - - [23/Dec/2024:05:52:40 +0900] "GET /255519371.phtml HTTP/2.0" 403 175 "-" "Mozilla/5.0 AppleWebKit/537.36 (KHTML, like Gecko; compatible; bingbot/2.0; +http://www.bing.com/bingbot.htm) Chrome/116.0.1938.76 Safari/537.36" "-"
52.163.91.199 - - [23/Dec/2024:05:52:40 +0900] "GET /wp-content/plugins/item.php HTTP/1.1" 301 162 "-" "-" "-"
52.163.91.199 - - [23/Dec/2024:05:52:40 +0900] "GET /wp-content/plugins/item.php HTTP/1.1" 403 199 "-" "-" "-"
52.163.91.199 - - [23/Dec/2024:05:52:40 +0900] "GET /ethan.php HTTP/1.1" 301 162 "-" "-" "-"
52.163.91.199 - - [23/Dec/2024:05:52:40 +0900] "GET /ethan.php HTTP/1.1" 403 199 "-" "-" "-"
52.163.91.199 - - [23/Dec/2024:05:52:40 +0900] "GET /wp-content/plugins/pwnd/a.php HTTP/1.1" 301 162 "-" "-" "-"
40.77.167.33 - - [23/Dec/2024:05:52:40 +0900] "GET /230445022.phtml HTTP/2.0" 403 175 "-" "Mozilla/5.0 AppleWebKit/537.36 (KHTML, like Gecko; compatible; bingbot/2.0; +http://www.bing.com/bingbot.htm) Chrome/116.0.1938.76 Safari/537.36" "-"
52.163.91.199 - - [23/Dec/2024:05:52:40 +0900] "GET /wp-content/plugins/pwnd/a.php HTTP/1.1" 200 0 "-" "-" "-"
52.163.91.199 - - [23/Dec/2024:05:52:40 +0900] "GET /defaults.php HTTP/1.1" 301 162 "-" "-" "-"
52.163.91.199 - - [23/Dec/2024:05:52:41 +0900] "GET /defaults.php HTTP/1.1" 403 199 "-" "-" "-"
40.77.167.33 - - [23/Dec/2024:05:52:41 +0900] "GET /185411107.phtml HTTP/2.0" 403 175 "-" "Mozilla/5.0 AppleWebKit/537.36 (KHTML, like Gecko; compatible; bingbot/2.0; +http://www.bing.com/bingbot.htm) Chrome/116.0.1938.76 Safari/537.36" "-"
52.163.91.199 - - [23/Dec/2024:05:52:41 +0900] "GET /network.php HTTP/1.1" 301 162 "-" "-" "-"
52.163.91.199 - - [23/Dec/2024:05:52:41 +0900] "GET /network.php HTTP/1.1" 403 199 "-" "-" "-"
52.163.91.199 - - [23/Dec/2024:05:52:41 +0900] "GET /wp-includes/SimplePie/Decode/lv.php HTTP/1.1" 301 162 "-" "-" "-"
52.163.91.199 - - [23/Dec/2024:05:52:41 +0900] "GET /wp-includes/SimplePie/Decode/lv.php HTTP/1.1" 403 199 "-" "-" "-"
52.163.91.199 - - [23/Dec/2024:05:52:41 +0900] "GET /.well-known/acme-challenge/install.php HTTP/1.1" 301 162 "-" "-" "-"
40.77.167.33 - - [23/Dec/2024:05:52:41 +0900] "GET /44679862.phtml HTTP/2.0" 403 175 "-" "Mozilla/5.0 AppleWebKit/537.36 (KHTML, like Gecko; compatible; bingbot/2.0; +http://www.bing.com/bingbot.htm) Chrome/116.0.1938.76 Safari/537.36" "-"
52.163.91.199 - - [23/Dec/2024:05:52:41 +0900] "GET /.well-known/acme-challenge/install.php HTTP/1.1" 200 0 "-" "-" "-"
52.163.91.199 - - [23/Dec/2024:05:52:41 +0900] "GET /mycommand.php HTTP/1.1" 301 162 "-" "-" "-"
52.163.91.199 - - [23/Dec/2024:05:52:41 +0900] "GET /mycommand.php HTTP/1.1" 403 199 "-" "-" "-"
52.163.91.199 - - [23/Dec/2024:05:52:42 +0900] "GET /.well-known/wp-2019.php HTTP/1.1" 301 162 "-" "-" "-"
40.77.167.33 - - [23/Dec/2024:05:52:42 +0900] "GET /173245966.phtml HTTP/2.0" 403 175 "-" "Mozilla/5.0 AppleWebKit/537.36 (KHTML, like Gecko; compatible; bingbot/2.0; +http://www.bing.com/bingbot.htm) Chrome/116.0.1938.76 Safari/537.36" "-"
52.163.91.199 - - [23/Dec/2024:05:52:42 +0900] "GET /.well-known/wp-2019.php HTTP/1.1" 200 0 "-" "-" "-"
52.163.91.199 - - [23/Dec/2024:05:52:42 +0900] "GET /wp-includes/theme-compat/chosen.php HTTP/1.1" 301 162 "-" "-" "-"
40.77.167.33 - - [23/Dec/2024:05:52:42 +0900] "GET /130367107.phtml HTTP/2.0" 403 175 "-" "Mozilla/5.0 AppleWebKit/537.36 (KHTML, like Gecko; compatible; bingbot/2.0; +http://www.bing.com/bingbot.htm) Chrome/116.0.1938.76 Safari/537.36" "-"
52.163.91.199 - - [23/Dec/2024:05:52:42 +0900] "GET /wp-includes/theme-compat/chosen.php HTTP/1.1" 403 199 "-" "-" "-"
52.163.91.199 - - [23/Dec/2024:05:52:42 +0900] "GET /web.php HTTP/1.1" 301 162 "-" "-" "-"
52.163.91.199 - - [23/Dec/2024:05:52:42 +0900] "GET /web.php HTTP/1.1" 403 199 "-" "-" "-"
52.163.91.199 - - [23/Dec/2024:05:52:42 +0900] "GET /wp-admin.php HTTP/1.1" 301 162 "-" "-" "-"
52.163.91.199 - - [23/Dec/2024:05:52:42 +0900] "GET /wp-admin.php HTTP/1.1" 403 199 "-" "-" "-"
52.163.91.199 - - [23/Dec/2024:05:52:42 +0900] "GET /update-core.php HTTP/1.1" 301 162 "-" "-" "-"
40.77.167.33 - - [23/Dec/2024:05:52:42 +0900] "GET /49401136.phtml HTTP/2.0" 403 175 "-" "Mozilla/5.0 AppleWebKit/537.36 (KHTML, like Gecko; compatible; bingbot/2.0; +http://www.bing.com/bingbot.htm) Chrome/116.0.1938.76 Safari/537.36" "-"
52.163.91.199 - - [23/Dec/2024:05:52:42 +0900] "GET /update-core.php HTTP/1.1" 403 199 "-" "-" "-"
52.163.91.199 - - [23/Dec/2024:05:52:42 +0900] "GET /wp-admin/user/plugins.php HTTP/1.1" 301 162 "-" "-" "-"
52.163.91.199 - - [23/Dec/2024:05:52:42 +0900] "GET /wp-admin/user/plugins.php HTTP/1.1" 403 199 "-" "-" "-"
52.163.91.199 - - [23/Dec/2024:05:52:43 +0900] "GET /wp/abe.php HTTP/1.1" 301 162 "-" "-" "-"
40.77.167.33 - - [23/Dec/2024:05:52:43 +0900] "GET /368973534.phtml HTTP/2.0" 403 175 "-" "Mozilla/5.0 AppleWebKit/537.36 (KHTML, like Gecko; compatible; bingbot/2.0; +http://www.bing.com/bingbot.htm) Chrome/116.0.1938.76 Safari/537.36" "-"
52.163.91.199 - - [23/Dec/2024:05:52:43 +0900] "GET /wp/abe.php HTTP/1.1" 200 0 "-" "-" "-"
52.163.91.199 - - [23/Dec/2024:05:52:43 +0900] "GET /bs1.php HTTP/1.1" 301 162 "-" "-" "-"
52.163.91.199 - - [23/Dec/2024:05:52:43 +0900] "GET /bs1.php HTTP/1.1" 403 199 "-" "-" "-"
52.163.91.199 - - [23/Dec/2024:05:52:43 +0900] "GET /wp-content/themes/aahana/json.php HTTP/1.1" 301 162 "-" "-" "-"
40.77.167.33 - - [23/Dec/2024:05:52:43 +0900] "GET /180313421.phtml HTTP/2.0" 403 175 "-" "Mozilla/5.0 AppleWebKit/537.36 (KHTML, like Gecko; compatible; bingbot/2.0; +http://www.bing.com/bingbot.htm) Chrome/116.0.1938.76 Safari/537.36" "-"
52.163.91.199 - - [23/Dec/2024:05:52:43 +0900] "GET /wp-content/themes/aahana/json.php HTTP/1.1" 200 0 "-" "-" "-"
40.77.167.33 - - [23/Dec/2024:05:52:43 +0900] "GET /400539183.phtml HTTP/2.0" 403 175 "-" "Mozilla/5.0 AppleWebKit/537.36 (KHTML, like Gecko; compatible; bingbot/2.0; +http://www.bing.com/bingbot.htm) Chrome/116.0.1938.76 Safari/537.36" "-"
52.163.91.199 - - [23/Dec/2024:05:52:43 +0900] "GET /berlin.php HTTP/1.1" 301 162 "-" "-" "-"
52.163.91.199 - - [23/Dec/2024:05:52:44 +0900] "GET /berlin.php HTTP/1.1" 403 199 "-" "-" "-"
52.163.91.199 - - [23/Dec/2024:05:52:44 +0900] "GET /wp-admin/network/index.php/.well-known/acme-challenge/admin.php HTTP/1.1" 301 162 "-" "-" "-"
52.163.91.199 - - [23/Dec/2024:05:52:44 +0900] "GET /wp-admin/network/index.php/.well-known/acme-challenge/admin.php HTTP/1.1" 403 199 "-" "-" "-"
52.163.91.199 - - [23/Dec/2024:05:52:44 +0900] "GET /.well-known/acme-challenge/autoload_classmap.php HTTP/1.1" 301 162 "-" "-" "-"
40.77.167.33 - - [23/Dec/2024:05:52:44 +0900] "GET /211541022.phtml HTTP/2.0" 403 175 "-" "Mozilla/5.0 AppleWebKit/537.36 (KHTML, like Gecko; compatible; bingbot/2.0; +http://www.bing.com/bingbot.htm) Chrome/116.0.1938.76 Safari/537.36" "-"
52.163.91.199 - - [23/Dec/2024:05:52:44 +0900] "GET /.well-known/acme-challenge/autoload_classmap.php HTTP/1.1" 200 0 "-" "-" "-"
52.163.91.199 - - [23/Dec/2024:05:52:44 +0900] "GET /.well-known/acme-challenge/cloud.php HTTP/1.1" 301 162 "-" "-" "-"
40.77.167.33 - - [23/Dec/2024:05:52:44 +0900] "GET /201171205.phtml HTTP/2.0" 403 175 "-" "Mozilla/5.0 AppleWebKit/537.36 (KHTML, like Gecko; compatible; bingbot/2.0; +http://www.bing.com/bingbot.htm) Chrome/116.0.1938.76 Safari/537.36" "-"
52.163.91.199 - - [23/Dec/2024:05:52:44 +0900] "GET /.well-known/acme-challenge/cloud.php HTTP/1.1" 200 0 "-" "-" "-"
52.163.91.199 - - [23/Dec/2024:05:52:44 +0900] "GET /.well-known/acme-challenge/makeasmtp.php HTTP/1.1" 301 162 "-" "-" "-"
40.77.167.33 - - [23/Dec/2024:05:52:44 +0900] "GET /227932041.phtml HTTP/2.0" 403 175 "-" "Mozilla/5.0 AppleWebKit/537.36 (KHTML, like Gecko; compatible; bingbot/2.0; +http://www.bing.com/bingbot.htm) Chrome/116.0.1938.76 Safari/537.36" "-"
52.163.91.199 - - [23/Dec/2024:05:52:45 +0900] "GET /.well-known/acme-challenge/makeasmtp.php HTTP/1.1" 200 0 "-" "-" "-"
52.163.91.199 - - [23/Dec/2024:05:52:45 +0900] "GET /.well-known/acme-challenge/plugins.php HTTP/1.1" 301 162 "-" "-" "-"
40.77.167.33 - - [23/Dec/2024:05:52:45 +0900] "GET /49274507.phtml HTTP/2.0" 403 175 "-" "Mozilla/5.0 AppleWebKit/537.36 (KHTML, like Gecko; compatible; bingbot/2.0; +http://www.bing.com/bingbot.htm) Chrome/116.0.1938.76 Safari/537.36" "-"
52.163.91.199 - - [23/Dec/2024:05:52:45 +0900] "GET /.well-known/acme-challenge/plugins.php HTTP/1.1" 200 0 "-" "-" "-"
52.163.91.199 - - [23/Dec/2024:05:52:45 +0900] "GET /.well-known/acme-challenge/radio.php HTTP/1.1" 301 162 "-" "-" "-"
40.77.167.33 - - [23/Dec/2024:05:52:45 +0900] "GET /126066308.phtml HTTP/2.0" 403 175 "-" "Mozilla/5.0 AppleWebKit/537.36 (KHTML, like Gecko; compatible; bingbot/2.0; +http://www.bing.com/bingbot.htm) Chrome/116.0.1938.76 Safari/537.36" "-"
52.163.91.199 - - [23/Dec/2024:05:52:45 +0900] "GET /.well-known/acme-challenge/radio.php HTTP/1.1" 200 0 "-" "-" "-"
52.163.91.199 - - [23/Dec/2024:05:52:45 +0900] "GET /.well-known/acme-challenge/xmrlpc.php?p= HTTP/1.1" 301 162 "-" "-" "-"
40.77.167.33 - - [23/Dec/2024:05:52:45 +0900] "GET /198020909.phtml HTTP/2.0" 403 175 "-" "Mozilla/5.0 AppleWebKit/537.36 (KHTML, like Gecko; compatible; bingbot/2.0; +http://www.bing.com/bingbot.htm) Chrome/116.0.1938.76 Safari/537.36" "-"
52.163.91.199 - - [23/Dec/2024:05:52:46 +0900] "GET /.well-known/acme-challenge/xmrlpc.php?p= HTTP/1.1" 200 0 "-" "-" "-"
40.77.167.33 - - [23/Dec/2024:05:52:46 +0900] "GET /278609495.phtml HTTP/2.0" 403 175 "-" "Mozilla/5.0 AppleWebKit/537.36 (KHTML, like Gecko; compatible; bingbot/2.0; +http://www.bing.com/bingbot.htm) Chrome/116.0.1938.76 Safari/537.36" "-"
52.163.91.199 - - [23/Dec/2024:05:52:46 +0900] "GET /.well-known/cloud.php HTTP/1.1" 301 162 "-" "-" "-"
52.163.91.199 - - [23/Dec/2024:05:52:46 +0900] "GET /.well-known/cloud.php HTTP/1.1" 503 428 "-" "-" "-"
52.163.91.199 - - [23/Dec/2024:05:52:46 +0900] "GET /.well-known/dropdown.php HTTP/1.1" 301 162 "-" "-" "-"
40.77.167.33 - - [23/Dec/2024:05:52:46 +0900] "GET /143243233.phtml HTTP/2.0" 403 175 "-" "Mozilla/5.0 AppleWebKit/537.36 (KHTML, like Gecko; compatible; bingbot/2.0; +http://www.bing.com/bingbot.htm) Chrome/116.0.1938.76 Safari/537.36" "-"
52.163.91.199 - - [23/Dec/2024:05:52:46 +0900] "GET /.well-known/dropdown.php HTTP/1.1" 503 428 "-" "-" "-"
52.163.91.199 - - [23/Dec/2024:05:52:46 +0900] "GET /.well-known/file.php HTTP/1.1" 301 162 "-" "-" "-"
40.77.167.33 - - [23/Dec/2024:05:52:46 +0900] "GET /239781096.phtml HTTP/2.0" 403 175 "-" "Mozilla/5.0 AppleWebKit/537.36 (KHTML, like Gecko; compatible; bingbot/2.0; +http://www.bing.com/bingbot.htm) Chrome/116.0.1938.76 Safari/537.36" "-"
52.163.91.199 - - [23/Dec/2024:05:52:47 +0900] "GET /.well-known/file.php HTTP/1.1" 200 0 "-" "-" "-"
52.163.91.199 - - [23/Dec/2024:05:52:47 +0900] "GET /.well-known/makeasmtp.php HTTP/1.1" 301 162 "-" "-" "-"
40.77.167.33 - - [23/Dec/2024:05:52:47 +0900] "GET /96282639.phtml HTTP/2.0" 403 175 "-" "Mozilla/5.0 AppleWebKit/537.36 (KHTML, like Gecko; compatible; bingbot/2.0; +http://www.bing.com/bingbot.htm) Chrome/116.0.1938.76 Safari/537.36" "-"
52.163.91.199 - - [23/Dec/2024:05:52:47 +0900] "GET /.well-known/makeasmtp.php HTTP/1.1" 200 0 "-" "-" "-"
52.163.91.199 - - [23/Dec/2024:05:52:47 +0900] "GET /.well-known/pki-validation/about.php HTTP/1.1" 301 162 "-" "-" "-"
52.163.91.199 - - [23/Dec/2024:05:52:47 +0900] "GET /.well-known/pki-validation/about.php HTTP/1.1" 200 0 "-" "-" "-"
52.163.91.199 - - [23/Dec/2024:05:52:47 +0900] "GET /.well-known/pki-validation/afnew.php HTTP/1.1" 301 162 "-" "-" "-"
40.77.167.33 - - [23/Dec/2024:05:52:47 +0900] "GET /81928109.phtml HTTP/2.0" 403 175 "-" "Mozilla/5.0 AppleWebKit/537.36 (KHTML, like Gecko; compatible; bingbot/2.0; +http://www.bing.com/bingbot.htm) Chrome/116.0.1938.76 Safari/537.36" "-"
52.163.91.199 - - [23/Dec/2024:05:52:48 +0900] "GET /.well-known/pki-validation/afnew.php HTTP/1.1" 200 0 "-" "-" "-"
52.163.91.199 - - [23/Dec/2024:05:52:48 +0900] "GET /.well-known/pki-validation/cloud.php HTTP/1.1" 301 162 "-" "-" "-"
52.163.91.199 - - [23/Dec/2024:05:52:48 +0900] "GET /.well-known/pki-validation/cloud.php HTTP/1.1" 200 0 "-" "-" "-"
52.163.91.199 - - [23/Dec/2024:05:52:48 +0900] "GET /.well-known/pki-validation/index.php HTTP/1.1" 301 162 "-" "-" "-"
52.163.91.199 - - [23/Dec/2024:05:52:49 +0900] "GET /.well-known/pki-validation/index.php HTTP/1.1" 200 0 "-" "-" "-"
52.163.91.199 - - [23/Dec/2024:05:52:49 +0900] "GET /.well-known/pki-validation/wp-config.php HTTP/1.1" 301 162 "-" "-" "-"
52.163.91.199 - - [23/Dec/2024:05:52:49 +0900] "GET /.well-known/pki-validation/wp-config.php HTTP/1.1" 200 0 "-" "-" "-"
52.163.91.199 - - [23/Dec/2024:05:52:49 +0900] "GET /.well-known/pki-validation/xmrlpc.php?p= HTTP/1.1" 301 162 "-" "-" "-"
52.163.91.199 - - [23/Dec/2024:05:52:49 +0900] "GET /.well-known/pki-validation/xmrlpc.php?p= HTTP/1.1" 503 428 "-" "-" "-"
52.163.91.199 - - [23/Dec/2024:05:52:49 +0900] "GET /.well-known/radio.php HTTP/1.1" 301 162 "-" "-" "-"
52.163.91.199 - - [23/Dec/2024:05:52:49 +0900] "GET /.well-known/radio.php HTTP/1.1" 200 0 "-" "-" "-"
52.163.91.199 - - [23/Dec/2024:05:52:50 +0900] "GET /.well-known/wp-load.php HTTP/1.1" 301 162 "-" "-" "-"
52.163.91.199 - - [23/Dec/2024:05:52:50 +0900] "GET /.well-known/wp-load.php HTTP/1.1" 200 0 "-" "-" "-"
52.163.91.199 - - [23/Dec/2024:05:52:50 +0900] "GET /.well-known/wp-login.php HTTP/1.1" 301 162 "-" "-" "-"
52.163.91.199 - - [23/Dec/2024:05:52:50 +0900] "GET /.well-known/wp-login.php HTTP/1.1" 403 199 "-" "-" "-"
52.163.91.199 - - [23/Dec/2024:05:52:50 +0900] "GET /about.php7 HTTP/1.1" 301 162 "-" "-" "-"
52.163.91.199 - - [23/Dec/2024:05:52:50 +0900] "GET /about.php7 HTTP/1.1" 200 0 "-" "-" "-"
52.163.91.199 - - [23/Dec/2024:05:52:50 +0900] "GET /admin-post.php HTTP/1.1" 301 162 "-" "-" "-"
52.163.91.199 - - [23/Dec/2024:05:52:51 +0900] "GET /admin-post.php HTTP/1.1" 403 199 "-" "-" "-"
52.163.91.199 - - [23/Dec/2024:05:52:51 +0900] "GET /admin/upload/css.php HTTP/1.1" 301 162 "-" "-" "-"
52.163.91.199 - - [23/Dec/2024:05:52:51 +0900] "GET /admin/upload/css.php HTTP/1.1" 200 0 "-" "-" "-"
52.163.91.199 - - [23/Dec/2024:05:52:51 +0900] "GET /adminfuns.php7 HTTP/1.1" 301 162 "-" "-" "-"
52.163.91.199 - - [23/Dec/2024:05:52:51 +0900] "GET /adminfuns.php7 HTTP/1.1" 200 0 "-" "-" "-"
52.163.91.199 - - [23/Dec/2024:05:52:51 +0900] "GET /ajax-actions.php HTTP/1.1" 301 162 "-" "-" "-"
52.163.91.199 - - [23/Dec/2024:05:52:51 +0900] "GET /ajax-actions.php HTTP/1.1" 403 199 "-" "-" "-"
52.163.91.199 - - [23/Dec/2024:05:52:51 +0900] "GET /alfa-rex.php7 HTTP/1.1" 301 162 "-" "-" "-"
52.163.91.199 - - [23/Dec/2024:05:52:52 +0900] "GET /alfa-rex.php7 HTTP/1.1" 200 0 "-" "-" "-"
52.163.91.199 - - [23/Dec/2024:05:52:52 +0900] "GET /alfa-rex2.php7 HTTP/1.1" 301 162 "-" "-" "-"
52.163.91.199 - - [23/Dec/2024:05:52:52 +0900] "GET /alfa-rex2.php7 HTTP/1.1" 200 0 "-" "-" "-"
52.163.91.199 - - [23/Dec/2024:05:52:52 +0900] "GET /alfanew2.php7 HTTP/1.1" 301 162 "-" "-" "-"
52.163.91.199 - - [23/Dec/2024:05:52:52 +0900] "GET /alfanew2.php7 HTTP/1.1" 503 428 "-" "-" "-"
52.163.91.199 - - [23/Dec/2024:05:52:52 +0900] "GET /avaa.php HTTP/1.1" 301 162 "-" "-" "-"
52.163.91.199 - - [23/Dec/2024:05:52:52 +0900] "GET /avaa.php HTTP/1.1" 403 199 "-" "-" "-"
52.163.91.199 - - [23/Dec/2024:05:52:52 +0900] "GET /cache-compat.php HTTP/1.1" 301 162 "-" "-" "-"
52.163.91.199 - - [23/Dec/2024:05:52:52 +0900] "GET /cache-compat.php HTTP/1.1" 403 199 "-" "-" "-"
52.163.91.199 - - [23/Dec/2024:05:52:52 +0900] "GET /cgi-bin/404.php HTTP/1.1" 301 162 "-" "-" "-"
52.163.91.199 - - [23/Dec/2024:05:52:53 +0900] "GET /cgi-bin/404.php HTTP/1.1" 200 0 "-" "-" "-"
52.163.91.199 - - [23/Dec/2024:05:52:53 +0900] "GET /cgi-bin/cloud.php HTTP/1.1" 301 162 "-" "-" "-"
52.163.91.199 - - [23/Dec/2024:05:52:53 +0900] "GET /cgi-bin/cloud.php HTTP/1.1" 200 0 "-" "-" "-"
52.163.91.199 - - [23/Dec/2024:05:52:53 +0900] "GET /cgi-bin/file.php HTTP/1.1" 301 162 "-" "-" "-"
52.163.91.199 - - [23/Dec/2024:05:52:54 +0900] "GET /cgi-bin/file.php HTTP/1.1" 200 0 "-" "-" "-"
52.163.91.199 - - [23/Dec/2024:05:52:54 +0900] "GET /cgi-bin/radio.php HTTP/1.1" 301 162 "-" "-" "-"
52.163.91.199 - - [23/Dec/2024:05:52:54 +0900] "GET /cgi-bin/radio.php HTTP/1.1" 200 0 "-" "-" "-"
52.163.91.199 - - [23/Dec/2024:05:52:54 +0900] "GET /cgi-bin/themes.php HTTP/1.1" 301 162 "-" "-" "-"
52.163.91.199 - - [23/Dec/2024:05:52:54 +0900] "GET /cgi-bin/themes.php HTTP/1.1" 503 428 "-" "-" "-"
52.163.91.199 - - [23/Dec/2024:05:52:54 +0900] "GET /cgi-bin/xmrlpc.php?p= HTTP/1.1" 301 162 "-" "-" "-"
52.163.91.199 - - [23/Dec/2024:05:52:54 +0900] "GET /cgi-bin/xmrlpc.php?p= HTTP/1.1" 200 0 "-" "-" "-"
52.163.91.199 - - [23/Dec/2024:05:52:55 +0900] "GET /cloud.php HTTP/1.1" 301 162 "-" "-" "-"
52.163.91.199 - - [23/Dec/2024:05:52:55 +0900] "GET /cloud.php HTTP/1.1" 503 428 "-" "-" "-"
52.163.91.199 - - [23/Dec/2024:05:52:55 +0900] "GET /contact.php HTTP/1.1" 301 162 "-" "-" "-"
52.163.91.199 - - [23/Dec/2024:05:52:55 +0900] "GET /contact.php HTTP/1.1" 403 199 "-" "-" "-"
52.163.91.199 - - [23/Dec/2024:05:52:55 +0900] "GET /css/cloud.php HTTP/1.1" 301 162 "-" "-" "-"
52.163.91.199 - - [23/Dec/2024:05:52:55 +0900] "GET /css/cloud.php HTTP/1.1" 200 0 "-" "-" "-"
52.163.91.199 - - [23/Dec/2024:05:52:55 +0900] "GET /css/xmrlpc.php?p= HTTP/1.1" 301 162 "-" "-" "-"
52.163.91.199 - - [23/Dec/2024:05:52:55 +0900] "GET /css/xmrlpc.php?p= HTTP/1.1" 200 0 "-" "-" "-"
52.163.91.199 - - [23/Dec/2024:05:52:55 +0900] "GET /ebs.php7 HTTP/1.1" 301 162 "-" "-" "-"
52.163.91.199 - - [23/Dec/2024:05:52:56 +0900] "GET /ebs.php7 HTTP/1.1" 503 428 "-" "-" "-"
52.163.91.199 - - [23/Dec/2024:05:52:56 +0900] "GET /filemanager/dialog.php HTTP/1.1" 301 162 "-" "-" "-"
52.163.91.199 - - [23/Dec/2024:05:52:56 +0900] "GET /filemanager/dialog.php HTTP/1.1" 200 0 "-" "-" "-"
52.163.91.199 - - [23/Dec/2024:05:52:56 +0900] "GET /files/index.php HTTP/1.1" 301 162 "-" "-" "-"
52.163.91.199 - - [23/Dec/2024:05:52:56 +0900] "GET /files/index.php HTTP/1.1" 200 0 "-" "-" "-"
52.163.91.199 - - [23/Dec/2024:05:52:56 +0900] "GET /images/about.php HTTP/1.1" 301 162 "-" "-" "-"
52.163.91.199 - - [23/Dec/2024:05:52:56 +0900] "GET /images/about.php HTTP/1.1" 503 428 "-" "-" "-"
52.163.91.199 - - [23/Dec/2024:05:52:56 +0900] "GET /images/cloud.php HTTP/1.1" 301 162 "-" "-" "-"
52.163.91.199 - - [23/Dec/2024:05:52:57 +0900] "GET /images/cloud.php HTTP/1.1" 200 0 "-" "-" "-"
52.163.91.199 - - [23/Dec/2024:05:52:57 +0900] "GET /images/xmrlpc.php?p= HTTP/1.1" 301 162 "-" "-" "-"
52.163.91.199 - - [23/Dec/2024:05:52:57 +0900] "GET /images/xmrlpc.php?p= HTTP/1.1" 200 0 "-" "-" "-"
52.163.91.199 - - [23/Dec/2024:05:52:57 +0900] "GET /img/about.php HTTP/1.1" 301 162 "-" "-" "-"
52.163.91.199 - - [23/Dec/2024:05:52:57 +0900] "GET /img/about.php HTTP/1.1" 200 0 "-" "-" "-"
52.163.91.199 - - [23/Dec/2024:05:52:57 +0900] "GET /img/cloud.php HTTP/1.1" 301 162 "-" "-" "-"
52.163.91.199 - - [23/Dec/2024:05:52:58 +0900] "GET /img/cloud.php HTTP/1.1" 200 0 "-" "-" "-"
52.163.91.199 - - [23/Dec/2024:05:52:58 +0900] "GET /img/xmrlpc.php?p= HTTP/1.1" 301 162 "-" "-" "-"
52.163.91.199 - - [23/Dec/2024:05:52:58 +0900] "GET /img/xmrlpc.php?p= HTTP/1.1" 200 0 "-" "-" "-"
52.163.91.199 - - [23/Dec/2024:05:52:58 +0900] "GET /libraries/legacy/updates.php HTTP/1.1" 301 162 "-" "-" "-"
52.163.91.199 - - [23/Dec/2024:05:52:58 +0900] "GET /libraries/legacy/updates.php HTTP/1.1" 200 0 "-" "-" "-"
52.163.91.199 - - [23/Dec/2024:05:52:58 +0900] "GET /libraries/phpmailer/updates.php HTTP/1.1" 301 162 "-" "-" "-"
52.163.91.199 - - [23/Dec/2024:05:52:59 +0900] "GET /libraries/phpmailer/updates.php HTTP/1.1" 200 0 "-" "-" "-"
52.163.91.199 - - [23/Dec/2024:05:52:59 +0900] "GET /libraries/vendor/updates.php HTTP/1.1" 301 162 "-" "-" "-"
52.163.91.199 - - [23/Dec/2024:05:52:59 +0900] "GET /libraries/vendor/updates.php HTTP/1.1" 200 0 "-" "-" "-"
52.163.91.199 - - [23/Dec/2024:05:52:59 +0900] "GET /lufix.php HTTP/1.1" 301 162 "-" "-" "-"
52.163.91.199 - - [23/Dec/2024:05:52:59 +0900] "GET /lufix.php HTTP/1.1" 403 199 "-" "-" "-"
52.163.91.199 - - [23/Dec/2024:05:52:59 +0900] "GET /media.php HTTP/1.1" 301 162 "-" "-" "-"
52.163.91.199 - - [23/Dec/2024:05:52:59 +0900] "GET /media.php HTTP/1.1" 403 199 "-" "-" "-"
52.163.91.199 - - [23/Dec/2024:05:52:59 +0900] "GET /readme.php HTTP/1.1" 301 162 "-" "-" "-"
52.163.91.199 - - [23/Dec/2024:05:52:59 +0900] "GET /readme.php HTTP/1.1" 403 199 "-" "-" "-"
52.163.91.199 - - [23/Dec/2024:05:52:59 +0900] "GET /repeater.php HTTP/1.1" 301 162 "-" "-" "-"
52.163.91.199 - - [23/Dec/2024:05:52:59 +0900] "GET /repeater.php HTTP/1.1" 403 199 "-" "-" "-"
52.163.91.199 - - [23/Dec/2024:05:53:00 +0900] "GET /wp-admin/404.php HTTP/1.1" 301 162 "-" "-" "-"
52.163.91.199 - - [23/Dec/2024:05:53:00 +0900] "GET /wp-admin/404.php HTTP/1.1" 403 199 "-" "-" "-"
52.163.91.199 - - [23/Dec/2024:05:53:00 +0900] "GET /wp-admin/about.php HTTP/1.1" 301 162 "-" "-" "-"
52.163.91.199 - - [23/Dec/2024:05:53:00 +0900] "GET /wp-admin/about.php HTTP/1.1" 403 199 "-" "-" "-"
52.163.91.199 - - [23/Dec/2024:05:53:00 +0900] "GET /wp-admin/ajax-actions.php HTTP/1.1" 301 162 "-" "-" "-"
52.163.91.199 - - [23/Dec/2024:05:53:00 +0900] "GET /wp-admin/ajax-actions.php HTTP/1.1" 403 199 "-" "-" "-"
52.163.91.199 - - [23/Dec/2024:05:53:00 +0900] "GET /wp-admin/autoload_classmap.php HTTP/1.1" 301 162 "-" "-" "-"
52.163.91.199 - - [23/Dec/2024:05:53:00 +0900] "GET /wp-admin/autoload_classmap.php HTTP/1.1" 403 199 "-" "-" "-"
52.163.91.199 - - [23/Dec/2024:05:53:00 +0900] "GET /wp-admin/cloud.php HTTP/1.1" 301 162 "-" "-" "-"
52.163.91.199 - - [23/Dec/2024:05:53:00 +0900] "GET /wp-admin/cloud.php HTTP/1.1" 403 199 "-" "-" "-"
52.163.91.199 - - [23/Dec/2024:05:53:00 +0900] "GET /wp-admin/css/colors/blue/cloud.php HTTP/1.1" 301 162 "-" "-" "-"
52.163.91.199 - - [23/Dec/2024:05:53:00 +0900] "GET /wp-admin/css/colors/blue/cloud.php HTTP/1.1" 403 199 "-" "-" "-"
52.163.91.199 - - [23/Dec/2024:05:53:00 +0900] "GET /wp-admin/css/colors/blue/xmrlpc.php?p= HTTP/1.1" 301 162 "-" "-" "-"
52.163.91.199 - - [23/Dec/2024:05:53:00 +0900] "GET /wp-admin/css/colors/blue/xmrlpc.php?p= HTTP/1.1" 403 199 "-" "-" "-"
52.163.91.199 - - [23/Dec/2024:05:53:00 +0900] "GET /wp-admin/css/colors/cloud.php HTTP/1.1" 301 162 "-" "-" "-"
52.163.91.199 - - [23/Dec/2024:05:53:01 +0900] "GET /wp-admin/css/colors/cloud.php HTTP/1.1" 403 199 "-" "-" "-"
52.163.91.199 - - [23/Dec/2024:05:53:01 +0900] "GET /wp-admin/css/colors/coffee/cloud.php HTTP/1.1" 301 162 "-" "-" "-"
52.163.91.199 - - [23/Dec/2024:05:53:01 +0900] "GET /wp-admin/css/colors/coffee/cloud.php HTTP/1.1" 403 199 "-" "-" "-"
52.163.91.199 - - [23/Dec/2024:05:53:01 +0900] "GET /wp-admin/css/colors/coffee/xmrlpc.php?p= HTTP/1.1" 301 162 "-" "-" "-"
52.163.91.199 - - [23/Dec/2024:05:53:01 +0900] "GET /wp-admin/css/colors/coffee/xmrlpc.php?p= HTTP/1.1" 403 199 "-" "-" "-"
52.163.91.199 - - [23/Dec/2024:05:53:01 +0900] "GET /wp-admin/css/colors/index.php HTTP/1.1" 301 162 "-" "-" "-"
52.163.91.199 - - [23/Dec/2024:05:53:01 +0900] "GET /wp-admin/css/colors/index.php HTTP/1.1" 403 199 "-" "-" "-"
52.163.91.199 - - [23/Dec/2024:05:53:01 +0900] "GET /wp-admin/css/colors/xmrlpc.php?p= HTTP/1.1" 301 162 "-" "-" "-"
52.163.91.199 - - [23/Dec/2024:05:53:01 +0900] "GET /wp-admin/css/colors/xmrlpc.php?p= HTTP/1.1" 403 199 "-" "-" "-"
52.163.91.199 - - [23/Dec/2024:05:53:01 +0900] "GET /wp-admin/css/license.php HTTP/1.1" 301 162 "-" "-" "-"
52.163.91.199 - - [23/Dec/2024:05:53:01 +0900] "GET /wp-admin/css/license.php HTTP/1.1" 403 199 "-" "-" "-"
52.163.91.199 - - [23/Dec/2024:05:53:01 +0900] "GET /wp-admin/css/wp-login.php HTTP/1.1" 301 162 "-" "-" "-"
52.163.91.199 - - [23/Dec/2024:05:53:01 +0900] "GET /wp-admin/css/wp-login.php HTTP/1.1" 403 199 "-" "-" "-"
52.163.91.199 - - [23/Dec/2024:05:53:01 +0900] "GET /wp-admin/dropdown.php HTTP/1.1" 301 162 "-" "-" "-"
52.163.91.199 - - [23/Dec/2024:05:53:02 +0900] "GET /wp-admin/dropdown.php HTTP/1.1" 403 199 "-" "-" "-"
52.163.91.199 - - [23/Dec/2024:05:53:02 +0900] "GET /wp-admin/file.php HTTP/1.1" 301 162 "-" "-" "-"
52.163.91.199 - - [23/Dec/2024:05:53:02 +0900] "GET /wp-admin/file.php HTTP/1.1" 403 199 "-" "-" "-"
52.163.91.199 - - [23/Dec/2024:05:53:02 +0900] "GET /wp-admin/images/cloud.php HTTP/1.1" 301 162 "-" "-" "-"
52.163.91.199 - - [23/Dec/2024:05:53:02 +0900] "GET /wp-admin/images/cloud.php HTTP/1.1" 403 199 "-" "-" "-"
52.163.91.199 - - [23/Dec/2024:05:53:02 +0900] "GET /wp-admin/images/file.php HTTP/1.1" 301 162 "-" "-" "-"
52.163.91.199 - - [23/Dec/2024:05:53:02 +0900] "GET /wp-admin/images/file.php HTTP/1.1" 403 199 "-" "-" "-"
52.163.91.199 - - [23/Dec/2024:05:53:02 +0900] "GET /wp-admin/includes/cloud.php HTTP/1.1" 301 162 "-" "-" "-"
52.163.91.199 - - [23/Dec/2024:05:53:02 +0900] "GET /wp-admin/includes/cloud.php HTTP/1.1" 403 199 "-" "-" "-"
52.163.91.199 - - [23/Dec/2024:05:53:02 +0900] "GET /wp-admin/includes/xmrlpc.php?p= HTTP/1.1" 301 162 "-" "-" "-"
52.163.91.199 - - [23/Dec/2024:05:53:02 +0900] "GET /wp-admin/includes/xmrlpc.php?p= HTTP/1.1" 403 199 "-" "-" "-"
52.163.91.199 - - [23/Dec/2024:05:53:02 +0900] "GET /wp-admin/js/about.php HTTP/1.1" 301 162 "-" "-" "-"
52.163.91.199 - - [23/Dec/2024:05:53:02 +0900] "GET /wp-admin/js/about.php HTTP/1.1" 403 199 "-" "-" "-"
52.163.91.199 - - [23/Dec/2024:05:53:02 +0900] "GET /wp-admin/js/widgets/about.php7 HTTP/1.1" 301 162 "-" "-" "-"
52.163.91.199 - - [23/Dec/2024:05:53:03 +0900] "GET /wp-admin/js/widgets/about.php7 HTTP/1.1" 403 199 "-" "-" "-"
