52.163.91.199 - - [23/Dec/2024:05:53:03 +0900] "GET /wp-admin/js/widgets/cloud.php HTTP/1.1" 301 162 "-" "-" "-"
52.163.91.199 - - [23/Dec/2024:05:53:03 +0900] "GET /wp-admin/js/widgets/cloud.php HTTP/1.1" 403 199 "-" "-" "-"
52.163.91.199 - - [23/Dec/2024:05:53:03 +0900] "GET /wp-admin/js/widgets/xmrlpc.php?p= HTTP/1.1" 301 162 "-" "-" "-"
52.163.91.199 - - [23/Dec/2024:05:53:03 +0900] "GET /wp-admin/js/widgets/xmrlpc.php?p= HTTP/1.1" 403 199 "-" "-" "-"
52.163.91.199 - - [23/Dec/2024:05:53:03 +0900] "GET /wp-admin/license.php HTTP/1.1" 301 162 "-" "-" "-"
52.163.91.199 - - [23/Dec/2024:05:53:03 +0900] "GET /wp-admin/license.php HTTP/1.1" 403 199 "-" "-" "-"
52.163.91.199 - - [23/Dec/2024:05:53:03 +0900] "GET /wp-admin/maint/maint/ajax-actions.php HTTP/1.1" 301 162 "-" "-" "-"
52.163.91.199 - - [23/Dec/2024:05:53:03 +0900] "GET /wp-admin/maint/maint/ajax-actions.php HTTP/1.1" 403 199 "-" "-" "-"
52.163.91.199 - - [23/Dec/2024:05:53:03 +0900] "GET /wp-admin/network/cloud.php HTTP/1.1" 301 162 "-" "-" "-"
52.163.91.199 - - [23/Dec/2024:05:53:03 +0900] "GET /wp-admin/network/cloud.php HTTP/1.1" 403 199 "-" "-" "-"
52.163.91.199 - - [23/Dec/2024:05:53:03 +0900] "GET /wp-admin/network/xmrlpc.php?p= HTTP/1.1" 301 162 "-" "-" "-"
52.163.91.199 - - [23/Dec/2024:05:53:03 +0900] "GET /wp-admin/network/xmrlpc.php?p= HTTP/1.1" 403 199 "-" "-" "-"
52.163.91.199 - - [23/Dec/2024:05:53:03 +0900] "GET /wp-admin/repeater.php HTTP/1.1" 301 162 "-" "-" "-"
52.163.91.199 - - [23/Dec/2024:05:53:03 +0900] "GET /wp-admin/repeater.php HTTP/1.1" 403 199 "-" "-" "-"
52.163.91.199 - - [23/Dec/2024:05:53:04 +0900] "GET /wp-admin/themes.php HTTP/1.1" 301 162 "-" "-" "-"
52.163.91.199 - - [23/Dec/2024:05:53:04 +0900] "GET /wp-admin/themes.php HTTP/1.1" 403 199 "-" "-" "-"
52.163.91.199 - - [23/Dec/2024:05:53:04 +0900] "GET /wp-admin/user/index.php HTTP/1.1" 301 162 "-" "-" "-"
52.163.91.199 - - [23/Dec/2024:05:53:04 +0900] "GET /wp-admin/user/index.php HTTP/1.1" 403 199 "-" "-" "-"
52.163.91.199 - - [23/Dec/2024:05:53:04 +0900] "GET /wp-admin/user/themes.php HTTP/1.1" 301 162 "-" "-" "-"
52.163.91.199 - - [23/Dec/2024:05:53:04 +0900] "GET /wp-admin/user/themes.php HTTP/1.1" 403 199 "-" "-" "-"
52.163.91.199 - - [23/Dec/2024:05:53:04 +0900] "GET /wp-admin/user/xmrlpc.php?p= HTTP/1.1" 301 162 "-" "-" "-"
52.163.91.199 - - [23/Dec/2024:05:53:04 +0900] "GET /wp-admin/user/xmrlpc.php?p= HTTP/1.1" 403 199 "-" "-" "-"
52.163.91.199 - - [23/Dec/2024:05:53:04 +0900] "GET /wp-admin/wp-login.php HTTP/1.1" 301 162 "-" "-" "-"
52.163.91.199 - - [23/Dec/2024:05:53:04 +0900] "GET /wp-admin/wp-login.php HTTP/1.1" 403 199 "-" "-" "-"
52.163.91.199 - - [23/Dec/2024:05:53:04 +0900] "GET /wp-admin/wp-signup.php HTTP/1.1" 301 162 "-" "-" "-"
52.163.91.199 - - [23/Dec/2024:05:53:05 +0900] "GET /wp-admin/wp-signup.php HTTP/1.1" 403 199 "-" "-" "-"
52.163.91.199 - - [23/Dec/2024:05:53:05 +0900] "GET /wp-admin/xmrlpc.php?p= HTTP/1.1" 301 162 "-" "-" "-"
52.163.91.199 - - [23/Dec/2024:05:53:05 +0900] "GET /wp-admin/xmrlpc.php?p= HTTP/1.1" 403 199 "-" "-" "-"
52.163.91.199 - - [23/Dec/2024:05:53:05 +0900] "GET /wp-configs.php HTTP/1.1" 301 162 "-" "-" "-"
52.163.91.199 - - [23/Dec/2024:05:53:05 +0900] "GET /wp-configs.php HTTP/1.1" 403 199 "-" "-" "-"
52.163.91.199 - - [23/Dec/2024:05:53:05 +0900] "GET /wp-consar.php HTTP/1.1" 301 162 "-" "-" "-"
52.163.91.199 - - [23/Dec/2024:05:53:05 +0900] "GET /wp-consar.php HTTP/1.1" 403 199 "-" "-" "-"
52.163.91.199 - - [23/Dec/2024:05:53:05 +0900] "GET /wp-content/about.php HTTP/1.1" 301 162 "-" "-" "-"
52.163.91.199 - - [23/Dec/2024:05:53:05 +0900] "GET /wp-content/about.php HTTP/1.1" 403 199 "-" "-" "-"
52.163.91.199 - - [23/Dec/2024:05:53:05 +0900] "GET /wp-content/banners/about.php HTTP/1.1" 301 162 "-" "-" "-"
52.163.91.199 - - [23/Dec/2024:05:53:05 +0900] "GET /wp-content/banners/about.php HTTP/1.1" 503 428 "-" "-" "-"
52.163.91.199 - - [23/Dec/2024:05:53:05 +0900] "GET /wp-content/blogs.dir/about.php HTTP/1.1" 301 162 "-" "-" "-"
52.163.91.199 - - [23/Dec/2024:05:53:06 +0900] "GET /wp-content/blogs.dir/about.php HTTP/1.1" 200 0 "-" "-" "-"
52.163.91.199 - - [23/Dec/2024:05:53:06 +0900] "GET /wp-content/cloud.php HTTP/1.1" 301 162 "-" "-" "-"
52.163.91.199 - - [23/Dec/2024:05:53:06 +0900] "GET /wp-content/cloud.php HTTP/1.1" 200 0 "-" "-" "-"
52.163.91.199 - - [23/Dec/2024:05:53:06 +0900] "GET /wp-content/dropdown.php HTTP/1.1" 301 162 "-" "-" "-"
52.163.91.199 - - [23/Dec/2024:05:53:06 +0900] "GET /wp-content/dropdown.php HTTP/1.1" 403 199 "-" "-" "-"
52.163.91.199 - - [23/Dec/2024:05:53:06 +0900] "GET /wp-content/gallery/about.php HTTP/1.1" 301 162 "-" "-" "-"
52.163.91.199 - - [23/Dec/2024:05:53:06 +0900] "GET /wp-content/gallery/about.php HTTP/1.1" 200 0 "-" "-" "-"
52.163.91.199 - - [23/Dec/2024:05:53:06 +0900] "GET /wp-content/plugins/Cache/Cache.php HTTP/1.1" 301 162 "-" "-" "-"
52.163.91.199 - - [23/Dec/2024:05:53:07 +0900] "GET /wp-content/plugins/Cache/Cache.php HTTP/1.1" 200 0 "-" "-" "-"
52.163.91.199 - - [23/Dec/2024:05:53:07 +0900] "GET /wp-content/plugins/awesome-coming-soon/come.php HTTP/1.1" 301 162 "-" "-" "-"
52.167.144.222 - - [23/Dec/2024:05:53:07 +0900] "GET /311246834.phtml HTTP/2.0" 403 175 "-" "Mozilla/5.0 AppleWebKit/537.36 (KHTML, like Gecko; compatible; bingbot/2.0; +http://www.bing.com/bingbot.htm) Chrome/116.0.1938.76 Safari/537.36" "-"
52.163.91.199 - - [23/Dec/2024:05:53:07 +0900] "GET /wp-content/plugins/awesome-coming-soon/come.php HTTP/1.1" 200 0 "-" "-" "-"
52.163.91.199 - - [23/Dec/2024:05:53:07 +0900] "GET /wp-content/plugins/dropdown.php HTTP/1.1" 301 162 "-" "-" "-"
52.163.91.199 - - [23/Dec/2024:05:53:07 +0900] "GET /wp-content/plugins/dropdown.php HTTP/1.1" 403 199 "-" "-" "-"
52.163.91.199 - - [23/Dec/2024:05:53:07 +0900] "GET /wp-content/plugins/linkpreview/db.php?u HTTP/1.1" 301 162 "-" "-" "-"
52.163.91.199 - - [23/Dec/2024:05:53:07 +0900] "GET /wp-content/plugins/linkpreview/db.php?u HTTP/1.1" 503 428 "-" "-" "-"
52.167.144.222 - - [23/Dec/2024:05:53:07 +0900] "GET /397167738.phtml HTTP/2.0" 403 175 "-" "Mozilla/5.0 AppleWebKit/537.36 (KHTML, like Gecko; compatible; bingbot/2.0; +http://www.bing.com/bingbot.htm) Chrome/116.0.1938.76 Safari/537.36" "-"
52.163.91.199 - - [23/Dec/2024:05:53:07 +0900] "GET /wp-content/plugins/not/includes/about.php HTTP/1.1" 301 162 "-" "-" "-"
52.163.91.199 - - [23/Dec/2024:05:53:07 +0900] "GET /wp-content/plugins/not/includes/about.php HTTP/1.1" 503 428 "-" "-" "-"
52.163.91.199 - - [23/Dec/2024:05:53:07 +0900] "GET /wp-content/plugins/seoo/wsoyanz.php HTTP/1.1" 301 162 "-" "-" "-"
52.167.144.222 - - [23/Dec/2024:05:53:08 +0900] "GET /325369095.phtml HTTP/2.0" 403 175 "-" "Mozilla/5.0 AppleWebKit/537.36 (KHTML, like Gecko; compatible; bingbot/2.0; +http://www.bing.com/bingbot.htm) Chrome/116.0.1938.76 Safari/537.36" "-"
52.163.91.199 - - [23/Dec/2024:05:53:08 +0900] "GET /wp-content/plugins/seoo/wsoyanz.php HTTP/1.1" 200 0 "-" "-" "-"
52.163.91.199 - - [23/Dec/2024:05:53:08 +0900] "GET /wp-content/plugins/seoo/wsoyanz1.php HTTP/1.1" 301 162 "-" "-" "-"
52.167.144.222 - - [23/Dec/2024:05:53:08 +0900] "GET /329085538.phtml HTTP/2.0" 403 175 "-" "Mozilla/5.0 AppleWebKit/537.36 (KHTML, like Gecko; compatible; bingbot/2.0; +http://www.bing.com/bingbot.htm) Chrome/116.0.1938.76 Safari/537.36" "-"
52.163.91.199 - - [23/Dec/2024:05:53:08 +0900] "GET /wp-content/plugins/seoo/wsoyanz1.php HTTP/1.1" 200 0 "-" "-" "-"
52.167.144.222 - - [23/Dec/2024:05:53:08 +0900] "GET /99494929.phtml HTTP/2.0" 403 175 "-" "Mozilla/5.0 AppleWebKit/537.36 (KHTML, like Gecko; compatible; bingbot/2.0; +http://www.bing.com/bingbot.htm) Chrome/116.0.1938.76 Safari/537.36" "-"
52.163.91.199 - - [23/Dec/2024:05:53:08 +0900] "GET /wp-content/plugins/seoplugins/db.php?u HTTP/1.1" 301 162 "-" "-" "-"
52.167.144.222 - - [23/Dec/2024:05:53:08 +0900] "GET /110711256.phtml HTTP/2.0" 403 175 "-" "Mozilla/5.0 AppleWebKit/537.36 (KHTML, like Gecko; compatible; bingbot/2.0; +http://www.bing.com/bingbot.htm) Chrome/116.0.1938.76 Safari/537.36" "-"
52.163.91.199 - - [23/Dec/2024:05:53:09 +0900] "GET /wp-content/plugins/seoplugins/db.php?u HTTP/1.1" 200 0 "-" "-" "-"
52.163.91.199 - - [23/Dec/2024:05:53:09 +0900] "GET /wp-content/plugins/seoplugins/mar.php HTTP/1.1" 301 162 "-" "-" "-"
52.163.91.199 - - [23/Dec/2024:05:53:09 +0900] "GET /wp-content/plugins/seoplugins/mar.php HTTP/1.1" 503 428 "-" "-" "-"
52.167.144.222 - - [23/Dec/2024:05:53:09 +0900] "GET /34240545.phtml HTTP/2.0" 403 175 "-" "Mozilla/5.0 AppleWebKit/537.36 (KHTML, like Gecko; compatible; bingbot/2.0; +http://www.bing.com/bingbot.htm) Chrome/116.0.1938.76 Safari/537.36" "-"
52.163.91.199 - - [23/Dec/2024:05:53:09 +0900] "GET /wp-content/plugins/simple/simple.php HTTP/1.1" 301 162 "-" "-" "-"
52.167.144.222 - - [23/Dec/2024:05:53:09 +0900] "GET /325699081.phtml HTTP/2.0" 403 175 "-" "Mozilla/5.0 AppleWebKit/537.36 (KHTML, like Gecko; compatible; bingbot/2.0; +http://www.bing.com/bingbot.htm) Chrome/116.0.1938.76 Safari/537.36" "-"
52.163.91.199 - - [23/Dec/2024:05:53:09 +0900] "GET /wp-content/plugins/simple/simple.php HTTP/1.1" 200 0 "-" "-" "-"
52.163.91.199 - - [23/Dec/2024:05:53:09 +0900] "GET /wp-content/plugins/wp-conflg.php HTTP/1.1" 301 162 "-" "-" "-"
52.163.91.199 - - [23/Dec/2024:05:53:09 +0900] "GET /wp-content/plugins/wp-conflg.php HTTP/1.1" 403 199 "-" "-" "-"
52.167.144.222 - - [23/Dec/2024:05:53:09 +0900] "GET /373786965.phtml HTTP/2.0" 403 175 "-" "Mozilla/5.0 AppleWebKit/537.36 (KHTML, like Gecko; compatible; bingbot/2.0; +http://www.bing.com/bingbot.htm) Chrome/116.0.1938.76 Safari/537.36" "-"
52.163.91.199 - - [23/Dec/2024:05:53:09 +0900] "GET /wp-content/plugins/wp-theme-editor/include.php HTTP/1.1" 301 162 "-" "-" "-"
52.163.91.199 - - [23/Dec/2024:05:53:09 +0900] "GET /wp-content/plugins/wp-theme-editor/include.php HTTP/1.1" 503 428 "-" "-" "-"
52.163.91.199 - - [23/Dec/2024:05:53:09 +0900] "GET /wp-content/repeater.php HTTP/1.1" 301 162 "-" "-" "-"
52.163.91.199 - - [23/Dec/2024:05:53:09 +0900] "GET /wp-content/repeater.php HTTP/1.1" 403 199 "-" "-" "-"
52.163.91.199 - - [23/Dec/2024:05:53:09 +0900] "GET /wp-content/themes.php HTTP/1.1" 301 162 "-" "-" "-"
52.163.91.199 - - [23/Dec/2024:05:53:10 +0900] "GET /wp-content/themes.php HTTP/1.1" 403 199 "-" "-" "-"
52.167.144.222 - - [23/Dec/2024:05:53:10 +0900] "GET /3599941.phtml HTTP/2.0" 403 175 "-" "Mozilla/5.0 AppleWebKit/537.36 (KHTML, like Gecko; compatible; bingbot/2.0; +http://www.bing.com/bingbot.htm) Chrome/116.0.1938.76 Safari/537.36" "-"
52.163.91.199 - - [23/Dec/2024:05:53:10 +0900] "GET /wp-content/themes/404.php HTTP/1.1" 301 162 "-" "-" "-"
52.163.91.199 - - [23/Dec/2024:05:53:10 +0900] "GET /wp-content/themes/404.php HTTP/1.1" 403 199 "-" "-" "-"
52.163.91.199 - - [23/Dec/2024:05:53:10 +0900] "GET /wp-content/themes/admin.php HTTP/1.1" 301 162 "-" "-" "-"
52.163.91.199 - - [23/Dec/2024:05:53:10 +0900] "GET /wp-content/themes/admin.php HTTP/1.1" 403 199 "-" "-" "-"
52.163.91.199 - - [23/Dec/2024:05:53:10 +0900] "GET /wp-content/themes/pridmag/db.php?u HTTP/1.1" 301 162 "-" "-" "-"
52.167.144.222 - - [23/Dec/2024:05:53:10 +0900] "GET /323486062.phtml HTTP/2.0" 403 175 "-" "Mozilla/5.0 AppleWebKit/537.36 (KHTML, like Gecko; compatible; bingbot/2.0; +http://www.bing.com/bingbot.htm) Chrome/116.0.1938.76 Safari/537.36" "-"
52.163.91.199 - - [23/Dec/2024:05:53:10 +0900] "GET /wp-content/themes/pridmag/db.php?u HTTP/1.1" 200 0 "-" "-" "-"
52.163.91.199 - - [23/Dec/2024:05:53:10 +0900] "GET /wp-content/themes/seotheme/db.php?u HTTP/1.1" 301 162 "-" "-" "-"
52.167.144.222 - - [23/Dec/2024:05:53:10 +0900] "GET /6282919.phtml HTTP/2.0" 403 175 "-" "Mozilla/5.0 AppleWebKit/537.36 (KHTML, like Gecko; compatible; bingbot/2.0; +http://www.bing.com/bingbot.htm) Chrome/116.0.1938.76 Safari/537.36" "-"
52.163.91.199 - - [23/Dec/2024:05:53:10 +0900] "GET /wp-content/themes/seotheme/db.php?u HTTP/1.1" 200 0 "-" "-" "-"
52.163.91.199 - - [23/Dec/2024:05:53:11 +0900] "GET /wp-content/themes/seotheme/mar.php HTTP/1.1" 301 162 "-" "-" "-"
52.163.91.199 - - [23/Dec/2024:05:53:11 +0900] "GET /wp-content/themes/seotheme/mar.php HTTP/1.1" 503 428 "-" "-" "-"
52.167.144.222 - - [23/Dec/2024:05:53:11 +0900] "GET /123726104.phtml HTTP/2.0" 403 175 "-" "Mozilla/5.0 AppleWebKit/537.36 (KHTML, like Gecko; compatible; bingbot/2.0; +http://www.bing.com/bingbot.htm) Chrome/116.0.1938.76 Safari/537.36" "-"
52.163.91.199 - - [23/Dec/2024:05:53:11 +0900] "GET /wp-content/themes/themes.php HTTP/1.1" 301 162 "-" "-" "-"
52.163.91.199 - - [23/Dec/2024:05:53:11 +0900] "GET /wp-content/themes/themes.php HTTP/1.1" 403 199 "-" "-" "-"
52.163.91.199 - - [23/Dec/2024:05:53:11 +0900] "GET /wp-content/updates.php HTTP/1.1" 301 162 "-" "-" "-"
52.163.91.199 - - [23/Dec/2024:05:53:11 +0900] "GET /wp-content/updates.php HTTP/1.1" 403 199 "-" "-" "-"
52.163.91.199 - - [23/Dec/2024:05:53:11 +0900] "GET /wp-content/updraft/about.php HTTP/1.1" 301 162 "-" "-" "-"
52.163.91.199 - - [23/Dec/2024:05:53:11 +0900] "GET /wp-content/updraft/about.php HTTP/1.1" 503 428 "-" "-" "-"
52.163.91.199 - - [23/Dec/2024:05:53:11 +0900] "GET /wp-content/upgrade-temp-backup/about.php HTTP/1.1" 301 162 "-" "-" "-"
52.167.144.222 - - [23/Dec/2024:05:53:11 +0900] "GET /367948131.phtml HTTP/2.0" 403 175 "-" "Mozilla/5.0 AppleWebKit/537.36 (KHTML, like Gecko; compatible; bingbot/2.0; +http://www.bing.com/bingbot.htm) Chrome/116.0.1938.76 Safari/537.36" "-"
52.163.91.199 - - [23/Dec/2024:05:53:11 +0900] "GET /wp-content/upgrade-temp-backup/about.php HTTP/1.1" 200 0 "-" "-" "-"
52.163.91.199 - - [23/Dec/2024:05:53:11 +0900] "GET /wp-content/upgrade/function.php HTTP/1.1" 301 162 "-" "-" "-"
52.163.91.199 - - [23/Dec/2024:05:53:12 +0900] "GET /wp-content/upgrade/function.php HTTP/1.1" 403 199 "-" "-" "-"
52.163.91.199 - - [23/Dec/2024:05:53:12 +0900] "GET /wp-content/upgrade/index.php HTTP/1.1" 301 162 "-" "-" "-"
52.167.144.222 - - [23/Dec/2024:05:53:12 +0900] "GET /110270487.phtml HTTP/2.0" 403 175 "-" "Mozilla/5.0 AppleWebKit/537.36 (KHTML, like Gecko; compatible; bingbot/2.0; +http://www.bing.com/bingbot.htm) Chrome/116.0.1938.76 Safari/537.36" "-"
52.163.91.199 - - [23/Dec/2024:05:53:12 +0900] "GET /wp-content/upgrade/index.php HTTP/1.1" 200 0 "-" "-" "-"
52.163.91.199 - - [23/Dec/2024:05:53:12 +0900] "GET /wp-includes.bak/html-api/about.php HTTP/1.1" 301 162 "-" "-" "-"
52.167.144.222 - - [23/Dec/2024:05:53:12 +0900] "GET /368609771.phtml HTTP/2.0" 403 175 "-" "Mozilla/5.0 AppleWebKit/537.36 (KHTML, like Gecko; compatible; bingbot/2.0; +http://www.bing.com/bingbot.htm) Chrome/116.0.1938.76 Safari/537.36" "-"
52.163.91.199 - - [23/Dec/2024:05:53:12 +0900] "GET /wp-includes.bak/html-api/about.php HTTP/1.1" 200 0 "-" "-" "-"
52.163.91.199 - - [23/Dec/2024:05:53:12 +0900] "GET /wp-includes/404.php HTTP/1.1" 301 162 "-" "-" "-"
52.163.91.199 - - [23/Dec/2024:05:53:12 +0900] "GET /wp-includes/404.php HTTP/1.1" 403 199 "-" "-" "-"
52.163.91.199 - - [23/Dec/2024:05:53:12 +0900] "GET /wp-includes/ID3/about.php HTTP/1.1" 301 162 "-" "-" "-"
52.163.91.199 - - [23/Dec/2024:05:53:12 +0900] "GET /wp-includes/ID3/about.php HTTP/1.1" 403 199 "-" "-" "-"
52.167.144.222 - - [23/Dec/2024:05:53:13 +0900] "GET /301690028.phtml HTTP/2.0" 403 175 "-" "Mozilla/5.0 AppleWebKit/537.36 (KHTML, like Gecko; compatible; bingbot/2.0; +http://www.bing.com/bingbot.htm) Chrome/116.0.1938.76 Safari/537.36" "-"
52.163.91.199 - - [23/Dec/2024:05:53:13 +0900] "GET /wp-includes/SimplePie/wp-login.php HTTP/1.1" 301 162 "-" "-" "-"
52.163.91.199 - - [23/Dec/2024:05:53:13 +0900] "GET /wp-includes/SimplePie/wp-login.php HTTP/1.1" 403 199 "-" "-" "-"
52.163.91.199 - - [23/Dec/2024:05:53:13 +0900] "GET /wp-includes/Text/about.php HTTP/1.1" 301 162 "-" "-" "-"
52.163.91.199 - - [23/Dec/2024:05:53:13 +0900] "GET /wp-includes/Text/about.php HTTP/1.1" 403 199 "-" "-" "-"
52.163.91.199 - - [23/Dec/2024:05:53:13 +0900] "GET /wp-includes/bak.php HTTP/1.1" 301 162 "-" "-" "-"
52.163.91.199 - - [23/Dec/2024:05:53:13 +0900] "GET /wp-includes/bak.php HTTP/1.1" 403 199 "-" "-" "-"
52.163.91.199 - - [23/Dec/2024:05:53:13 +0900] "GET /wp-includes/block-patterns/about.php HTTP/1.1" 301 162 "-" "-" "-"
52.163.91.199 - - [23/Dec/2024:05:53:13 +0900] "GET /wp-includes/block-patterns/about.php HTTP/1.1" 403 199 "-" "-" "-"
52.163.91.199 - - [23/Dec/2024:05:53:13 +0900] "GET /wp-includes/cloud.php HTTP/1.1" 301 162 "-" "-" "-"
52.167.144.222 - - [23/Dec/2024:05:53:13 +0900] "GET /277233534.phtml HTTP/2.0" 403 175 "-" "Mozilla/5.0 AppleWebKit/537.36 (KHTML, like Gecko; compatible; bingbot/2.0; +http://www.bing.com/bingbot.htm) Chrome/116.0.1938.76 Safari/537.36" "-"
52.163.91.199 - - [23/Dec/2024:05:53:13 +0900] "GET /wp-includes/cloud.php HTTP/1.1" 503 428 "-" "-" "-"
52.163.91.199 - - [23/Dec/2024:05:53:13 +0900] "GET /wp-includes/customize/about.php HTTP/1.1" 301 162 "-" "-" "-"
52.163.91.199 - - [23/Dec/2024:05:53:13 +0900] "GET /wp-includes/customize/about.php HTTP/1.1" 403 199 "-" "-" "-"
52.163.91.199 - - [23/Dec/2024:05:53:13 +0900] "GET /wp-includes/function.php HTTP/1.1" 301 162 "-" "-" "-"
52.163.91.199 - - [23/Dec/2024:05:53:13 +0900] "GET /wp-includes/function.php HTTP/1.1" 403 199 "-" "-" "-"
52.163.91.199 - - [23/Dec/2024:05:53:14 +0900] "GET /wp-includes/images/css.php HTTP/1.1" 301 162 "-" "-" "-"
52.163.91.199 - - [23/Dec/2024:05:53:14 +0900] "GET /wp-includes/images/css.php HTTP/1.1" 403 199 "-" "-" "-"
52.163.91.199 - - [23/Dec/2024:05:53:14 +0900] "GET /wp-includes/pomo/about.php HTTP/1.1" 301 162 "-" "-" "-"
52.163.91.199 - - [23/Dec/2024:05:53:14 +0900] "GET /wp-includes/pomo/about.php HTTP/1.1" 403 199 "-" "-" "-"
52.163.91.199 - - [23/Dec/2024:05:53:14 +0900] "GET /wp-includes/repeater.php HTTP/1.1" 301 162 "-" "-" "-"
52.163.91.199 - - [23/Dec/2024:05:53:14 +0900] "GET /wp-includes/repeater.php HTTP/1.1" 403 199 "-" "-" "-"
52.163.91.199 - - [23/Dec/2024:05:53:14 +0900] "GET /wp-includes/rest-api/about.php HTTP/1.1" 301 162 "-" "-" "-"
52.163.91.199 - - [23/Dec/2024:05:53:14 +0900] "GET /wp-includes/rest-api/about.php HTTP/1.1" 403 199 "-" "-" "-"
52.167.144.222 - - [23/Dec/2024:05:53:14 +0900] "GET /138510144.phtml HTTP/2.0" 403 175 "-" "Mozilla/5.0 AppleWebKit/537.36 (KHTML, like Gecko; compatible; bingbot/2.0; +http://www.bing.com/bingbot.htm) Chrome/116.0.1938.76 Safari/537.36" "-"
52.163.91.199 - - [23/Dec/2024:05:53:14 +0900] "GET /wp-includes/system_log.php?p= HTTP/1.1" 301 162 "-" "-" "-"
52.163.91.199 - - [23/Dec/2024:05:53:14 +0900] "GET /wp-includes/system_log.php?p= HTTP/1.1" 403 199 "-" "-" "-"
52.163.91.199 - - [23/Dec/2024:05:53:14 +0900] "GET /wp-includes/themes.php HTTP/1.1" 301 162 "-" "-" "-"
52.163.91.199 - - [23/Dec/2024:05:53:14 +0900] "GET /wp-includes/themes.php HTTP/1.1" 403 199 "-" "-" "-"
52.163.91.199 - - [23/Dec/2024:05:53:14 +0900] "GET /wp-includes/widgets/about.php HTTP/1.1" 301 162 "-" "-" "-"
52.163.91.199 - - [23/Dec/2024:05:53:14 +0900] "GET /wp-includes/widgets/about.php HTTP/1.1" 403 199 "-" "-" "-"
52.163.91.199 - - [23/Dec/2024:05:53:14 +0900] "GET /wp-includes/wp-activate.php HTTP/1.1" 301 162 "-" "-" "-"
52.163.91.199 - - [23/Dec/2024:05:53:15 +0900] "GET /wp-includes/wp-activate.php HTTP/1.1" 403 199 "-" "-" "-"
52.167.144.222 - - [23/Dec/2024:05:53:15 +0900] "GET /222751928.phtml HTTP/2.0" 403 175 "-" "Mozilla/5.0 AppleWebKit/537.36 (KHTML, like Gecko; compatible; bingbot/2.0; +http://www.bing.com/bingbot.htm) Chrome/116.0.1938.76 Safari/537.36" "-"
52.163.91.199 - - [23/Dec/2024:05:53:15 +0900] "GET /wp-includes/wp-login.php HTTP/1.1" 301 162 "-" "-" "-"
52.163.91.199 - - [23/Dec/2024:05:53:15 +0900] "GET /wp-includes/wp-login.php HTTP/1.1" 403 199 "-" "-" "-"
52.163.91.199 - - [23/Dec/2024:05:53:15 +0900] "GET /wp-links-opml.php HTTP/1.1" 301 162 "-" "-" "-"
52.163.91.199 - - [23/Dec/2024:05:53:15 +0900] "GET /wp-links-opml.php HTTP/1.1" 403 199 "-" "-" "-"
52.163.91.199 - - [23/Dec/2024:05:53:15 +0900] "GET /wp-p.php7 HTTP/1.1" 301 162 "-" "-" "-"
52.167.144.222 - - [23/Dec/2024:05:53:15 +0900] "GET /14250955.phtml HTTP/2.0" 403 175 "-" "Mozilla/5.0 AppleWebKit/537.36 (KHTML, like Gecko; compatible; bingbot/2.0; +http://www.bing.com/bingbot.htm) Chrome/116.0.1938.76 Safari/537.36" "-"
52.163.91.199 - - [23/Dec/2024:05:53:15 +0900] "GET /wp-p.php7 HTTP/1.1" 200 0 "-" "-" "-"
52.163.91.199 - - [23/Dec/2024:05:53:15 +0900] "GET /ws.php7 HTTP/1.1" 301 162 "-" "-" "-"
52.167.144.222 - - [23/Dec/2024:05:53:15 +0900] "GET /143139678.phtml HTTP/2.0" 403 175 "-" "Mozilla/5.0 AppleWebKit/537.36 (KHTML, like Gecko; compatible; bingbot/2.0; +http://www.bing.com/bingbot.htm) Chrome/116.0.1938.76 Safari/537.36" "-"
52.163.91.199 - - [23/Dec/2024:05:53:16 +0900] "GET /ws.php7 HTTP/1.1" 200 0 "-" "-" "-"
52.163.91.199 - - [23/Dec/2024:05:53:16 +0900] "GET /wsoyanz.php HTTP/1.1" 301 162 "-" "-" "-"
52.167.144.222 - - [23/Dec/2024:05:53:16 +0900] "GET /44987886.phtml HTTP/2.0" 403 175 "-" "Mozilla/5.0 AppleWebKit/537.36 (KHTML, like Gecko; compatible; bingbot/2.0; +http://www.bing.com/bingbot.htm) Chrome/116.0.1938.76 Safari/537.36" "-"
52.163.91.199 - - [23/Dec/2024:05:53:16 +0900] "GET /wsoyanz.php HTTP/1.1" 403 199 "-" "-" "-"
52.163.91.199 - - [23/Dec/2024:05:53:16 +0900] "GET /xmrlpc.php?p= HTTP/1.1" 301 162 "-" "-" "-"
52.167.144.222 - - [23/Dec/2024:05:53:16 +0900] "GET /62609889.phtml HTTP/2.0" 403 175 "-" "Mozilla/5.0 AppleWebKit/537.36 (KHTML, like Gecko; compatible; bingbot/2.0; +http://www.bing.com/bingbot.htm) Chrome/116.0.1938.76 Safari/537.36" "-"
52.163.91.199 - - [23/Dec/2024:05:53:16 +0900] "GET /xmrlpc.php?p= HTTP/1.1" 200 0 "-" "-" "-"
52.167.144.222 - - [23/Dec/2024:05:53:17 +0900] "GET /188221548.phtml HTTP/2.0" 403 175 "-" "Mozilla/5.0 AppleWebKit/537.36 (KHTML, like Gecko; compatible; bingbot/2.0; +http://www.bing.com/bingbot.htm) Chrome/116.0.1938.76 Safari/537.36" "-"
52.167.144.222 - - [23/Dec/2024:05:53:17 +0900] "GET /245964511.phtml HTTP/2.0" 403 175 "-" "Mozilla/5.0 AppleWebKit/537.36 (KHTML, like Gecko; compatible; bingbot/2.0; +http://www.bing.com/bingbot.htm) Chrome/116.0.1938.76 Safari/537.36" "-"
52.167.144.222 - - [23/Dec/2024:05:53:17 +0900] "GET /176832027.phtml HTTP/2.0" 403 175 "-" "Mozilla/5.0 AppleWebKit/537.36 (KHTML, like Gecko; compatible; bingbot/2.0; +http://www.bing.com/bingbot.htm) Chrome/116.0.1938.76 Safari/537.36" "-"
52.167.144.222 - - [23/Dec/2024:05:53:18 +0900] "GET /359755332.phtml HTTP/2.0" 403 175 "-" "Mozilla/5.0 AppleWebKit/537.36 (KHTML, like Gecko; compatible; bingbot/2.0; +http://www.bing.com/bingbot.htm) Chrome/116.0.1938.76 Safari/537.36" "-"
52.167.144.222 - - [23/Dec/2024:05:53:18 +0900] "GET /340495075.phtml HTTP/2.0" 403 175 "-" "Mozilla/5.0 AppleWebKit/537.36 (KHTML, like Gecko; compatible; bingbot/2.0; +http://www.bing.com/bingbot.htm) Chrome/116.0.1938.76 Safari/537.36" "-"
52.167.144.222 - - [23/Dec/2024:05:53:18 +0900] "GET /96641398.phtml HTTP/2.0" 403 175 "-" "Mozilla/5.0 AppleWebKit/537.36 (KHTML, like Gecko; compatible; bingbot/2.0; +http://www.bing.com/bingbot.htm) Chrome/116.0.1938.76 Safari/537.36" "-"
40.77.167.33 - - [23/Dec/2024:05:53:38 +0900] "GET /203482080.phtml HTTP/2.0" 403 175 "-" "Mozilla/5.0 AppleWebKit/537.36 (KHTML, like Gecko; compatible; bingbot/2.0; +http://www.bing.com/bingbot.htm) Chrome/116.0.1938.76 Safari/537.36" "-"
40.77.167.33 - - [23/Dec/2024:05:53:38 +0900] "GET /67761785.phtml HTTP/2.0" 403 175 "-" "Mozilla/5.0 AppleWebKit/537.36 (KHTML, like Gecko; compatible; bingbot/2.0; +http://www.bing.com/bingbot.htm) Chrome/116.0.1938.76 Safari/537.36" "-"
40.77.167.33 - - [23/Dec/2024:05:53:38 +0900] "GET /80910768.phtml HTTP/2.0" 403 175 "-" "Mozilla/5.0 AppleWebKit/537.36 (KHTML, like Gecko; compatible; bingbot/2.0; +http://www.bing.com/bingbot.htm) Chrome/116.0.1938.76 Safari/537.36" "-"
40.77.167.33 - - [23/Dec/2024:05:53:39 +0900] "GET /237374311.phtml HTTP/2.0" 403 175 "-" "Mozilla/5.0 AppleWebKit/537.36 (KHTML, like Gecko; compatible; bingbot/2.0; +http://www.bing.com/bingbot.htm) Chrome/116.0.1938.76 Safari/537.36" "-"
40.77.167.33 - - [23/Dec/2024:05:53:39 +0900] "GET /230475602.phtml HTTP/2.0" 403 175 "-" "Mozilla/5.0 AppleWebKit/537.36 (KHTML, like Gecko; compatible; bingbot/2.0; +http://www.bing.com/bingbot.htm) Chrome/116.0.1938.76 Safari/537.36" "-"
40.77.167.33 - - [23/Dec/2024:05:53:39 +0900] "GET /53004016.phtml HTTP/2.0" 403 175 "-" "Mozilla/5.0 AppleWebKit/537.36 (KHTML, like Gecko; compatible; bingbot/2.0; +http://www.bing.com/bingbot.htm) Chrome/116.0.1938.76 Safari/537.36" "-"
40.77.167.33 - - [23/Dec/2024:05:53:40 +0900] "GET /337876593.phtml HTTP/2.0" 403 175 "-" "Mozilla/5.0 AppleWebKit/537.36 (KHTML, like Gecko; compatible; bingbot/2.0; +http://www.bing.com/bingbot.htm) Chrome/116.0.1938.76 Safari/537.36" "-"
40.77.167.33 - - [23/Dec/2024:05:53:40 +0900] "GET /298506928.phtml HTTP/2.0" 403 175 "-" "Mozilla/5.0 AppleWebKit/537.36 (KHTML, like Gecko; compatible; bingbot/2.0; +http://www.bing.com/bingbot.htm) Chrome/116.0.1938.76 Safari/537.36" "-"
40.77.167.33 - - [23/Dec/2024:05:53:40 +0900] "GET /266434485.phtml HTTP/2.0" 403 175 "-" "Mozilla/5.0 AppleWebKit/537.36 (KHTML, like Gecko; compatible; bingbot/2.0; +http://www.bing.com/bingbot.htm) Chrome/116.0.1938.76 Safari/537.36" "-"
40.77.167.33 - - [23/Dec/2024:05:53:41 +0900] "GET /217079477.phtml HTTP/2.0" 403 175 "-" "Mozilla/5.0 AppleWebKit/537.36 (KHTML, like Gecko; compatible; bingbot/2.0; +http://www.bing.com/bingbot.htm) Chrome/116.0.1938.76 Safari/537.36" "-"
40.77.167.33 - - [23/Dec/2024:05:53:41 +0900] "GET /230172582.phtml HTTP/2.0" 403 175 "-" "Mozilla/5.0 AppleWebKit/537.36 (KHTML, like Gecko; compatible; bingbot/2.0; +http://www.bing.com/bingbot.htm) Chrome/116.0.1938.76 Safari/537.36" "-"
40.77.167.33 - - [23/Dec/2024:05:53:42 +0900] "GET /321768717.phtml HTTP/2.0" 403 175 "-" "Mozilla/5.0 AppleWebKit/537.36 (KHTML, like Gecko; compatible; bingbot/2.0; +http://www.bing.com/bingbot.htm) Chrome/116.0.1938.76 Safari/537.36" "-"
40.77.167.33 - - [23/Dec/2024:05:53:43 +0900] "GET /249082698.phtml HTTP/2.0" 403 175 "-" "Mozilla/5.0 AppleWebKit/537.36 (KHTML, like Gecko; compatible; bingbot/2.0; +http://www.bing.com/bingbot.htm) Chrome/116.0.1938.76 Safari/537.36" "-"
40.77.167.33 - - [23/Dec/2024:05:53:43 +0900] "GET /44196976.phtml HTTP/2.0" 403 175 "-" "Mozilla/5.0 AppleWebKit/537.36 (KHTML, like Gecko; compatible; bingbot/2.0; +http://www.bing.com/bingbot.htm) Chrome/116.0.1938.76 Safari/537.36" "-"
40.77.167.33 - - [23/Dec/2024:05:53:44 +0900] "GET /276464169.phtml HTTP/2.0" 403 175 "-" "Mozilla/5.0 AppleWebKit/537.36 (KHTML, like Gecko; compatible; bingbot/2.0; +http://www.bing.com/bingbot.htm) Chrome/116.0.1938.76 Safari/537.36" "-"
40.77.167.33 - - [23/Dec/2024:05:53:44 +0900] "GET /137547430.phtml HTTP/2.0" 403 175 "-" "Mozilla/5.0 AppleWebKit/537.36 (KHTML, like Gecko; compatible; bingbot/2.0; +http://www.bing.com/bingbot.htm) Chrome/116.0.1938.76 Safari/537.36" "-"
40.77.167.33 - - [23/Dec/2024:05:53:45 +0900] "GET /68282340.phtml HTTP/2.0" 403 175 "-" "Mozilla/5.0 AppleWebKit/537.36 (KHTML, like Gecko; compatible; bingbot/2.0; +http://www.bing.com/bingbot.htm) Chrome/116.0.1938.76 Safari/537.36" "-"
40.77.167.33 - - [23/Dec/2024:05:53:45 +0900] "GET /194589277.phtml HTTP/2.0" 403 175 "-" "Mozilla/5.0 AppleWebKit/537.36 (KHTML, like Gecko; compatible; bingbot/2.0; +http://www.bing.com/bingbot.htm) Chrome/116.0.1938.76 Safari/537.36" "-"
40.77.167.33 - - [23/Dec/2024:05:53:46 +0900] "GET /5617804.phtml HTTP/2.0" 403 175 "-" "Mozilla/5.0 AppleWebKit/537.36 (KHTML, like Gecko; compatible; bingbot/2.0; +http://www.bing.com/bingbot.htm) Chrome/116.0.1938.76 Safari/537.36" "-"
40.77.167.33 - - [23/Dec/2024:05:53:46 +0900] "GET /65045725.phtml HTTP/2.0" 403 175 "-" "Mozilla/5.0 AppleWebKit/537.36 (KHTML, like Gecko; compatible; bingbot/2.0; +http://www.bing.com/bingbot.htm) Chrome/116.0.1938.76 Safari/537.36" "-"
40.77.167.33 - - [23/Dec/2024:05:53:46 +0900] "GET /148496738.phtml HTTP/2.0" 403 175 "-" "Mozilla/5.0 AppleWebKit/537.36 (KHTML, like Gecko; compatible; bingbot/2.0; +http://www.bing.com/bingbot.htm) Chrome/116.0.1938.76 Safari/537.36" "-"
40.77.167.33 - - [23/Dec/2024:05:53:47 +0900] "GET /66591961.phtml HTTP/2.0" 403 175 "-" "Mozilla/5.0 AppleWebKit/537.36 (KHTML, like Gecko; compatible; bingbot/2.0; +http://www.bing.com/bingbot.htm) Chrome/116.0.1938.76 Safari/537.36" "-"
40.77.167.33 - - [23/Dec/2024:05:53:47 +0900] "GET /283053464.phtml HTTP/2.0" 403 175 "-" "Mozilla/5.0 AppleWebKit/537.36 (KHTML, like Gecko; compatible; bingbot/2.0; +http://www.bing.com/bingbot.htm) Chrome/116.0.1938.76 Safari/537.36" "-"
40.77.167.33 - - [23/Dec/2024:05:53:47 +0900] "GET /3185999.phtml HTTP/2.0" 403 175 "-" "Mozilla/5.0 AppleWebKit/537.36 (KHTML, like Gecko; compatible; bingbot/2.0; +http://www.bing.com/bingbot.htm) Chrome/116.0.1938.76 Safari/537.36" "-"
40.77.167.33 - - [23/Dec/2024:05:53:48 +0900] "GET /64122626.phtml HTTP/2.0" 403 175 "-" "Mozilla/5.0 AppleWebKit/537.36 (KHTML, like Gecko; compatible; bingbot/2.0; +http://www.bing.com/bingbot.htm) Chrome/116.0.1938.76 Safari/537.36" "-"
40.77.167.33 - - [23/Dec/2024:05:53:48 +0900] "GET /321617068.phtml HTTP/2.0" 403 175 "-" "Mozilla/5.0 AppleWebKit/537.36 (KHTML, like Gecko; compatible; bingbot/2.0; +http://www.bing.com/bingbot.htm) Chrome/116.0.1938.76 Safari/537.36" "-"
40.77.167.33 - - [23/Dec/2024:05:53:48 +0900] "GET /145363678.phtml HTTP/2.0" 403 175 "-" "Mozilla/5.0 AppleWebKit/537.36 (KHTML, like Gecko; compatible; bingbot/2.0; +http://www.bing.com/bingbot.htm) Chrome/116.0.1938.76 Safari/537.36" "-"
40.77.167.33 - - [23/Dec/2024:05:53:48 +0900] "GET /125456376.phtml HTTP/2.0" 403 175 "-" "Mozilla/5.0 AppleWebKit/537.36 (KHTML, like Gecko; compatible; bingbot/2.0; +http://www.bing.com/bingbot.htm) Chrome/116.0.1938.76 Safari/537.36" "-"
40.77.167.33 - - [23/Dec/2024:05:53:48 +0900] "GET /340495770.phtml HTTP/2.0" 403 175 "-" "Mozilla/5.0 AppleWebKit/537.36 (KHTML, like Gecko; compatible; bingbot/2.0; +http://www.bing.com/bingbot.htm) Chrome/116.0.1938.76 Safari/537.36" "-"
40.77.167.33 - - [23/Dec/2024:05:53:49 +0900] "GET /143989802.phtml HTTP/2.0" 403 175 "-" "Mozilla/5.0 AppleWebKit/537.36 (KHTML, like Gecko; compatible; bingbot/2.0; +http://www.bing.com/bingbot.htm) Chrome/116.0.1938.76 Safari/537.36" "-"
52.167.144.222 - - [23/Dec/2024:05:54:07 +0900] "GET /225994381.phtml HTTP/2.0" 403 175 "-" "Mozilla/5.0 AppleWebKit/537.36 (KHTML, like Gecko; compatible; bingbot/2.0; +http://www.bing.com/bingbot.htm) Chrome/116.0.1938.76 Safari/537.36" "-"
52.167.144.222 - - [23/Dec/2024:05:54:08 +0900] "GET /73558224.phtml HTTP/2.0" 403 175 "-" "Mozilla/5.0 AppleWebKit/537.36 (KHTML, like Gecko; compatible; bingbot/2.0; +http://www.bing.com/bingbot.htm) Chrome/116.0.1938.76 Safari/537.36" "-"
52.167.144.222 - - [23/Dec/2024:05:54:08 +0900] "GET /164519963.phtml HTTP/2.0" 403 175 "-" "Mozilla/5.0 AppleWebKit/537.36 (KHTML, like Gecko; compatible; bingbot/2.0; +http://www.bing.com/bingbot.htm) Chrome/116.0.1938.76 Safari/537.36" "-"
52.167.144.222 - - [23/Dec/2024:05:54:08 +0900] "GET /101630247.phtml HTTP/2.0" 403 175 "-" "Mozilla/5.0 AppleWebKit/537.36 (KHTML, like Gecko; compatible; bingbot/2.0; +http://www.bing.com/bingbot.htm) Chrome/116.0.1938.76 Safari/537.36" "-"
52.167.144.222 - - [23/Dec/2024:05:54:09 +0900] "GET /280981113.phtml HTTP/2.0" 403 175 "-" "Mozilla/5.0 AppleWebKit/537.36 (KHTML, like Gecko; compatible; bingbot/2.0; +http://www.bing.com/bingbot.htm) Chrome/116.0.1938.76 Safari/537.36" "-"
52.167.144.222 - - [23/Dec/2024:05:54:09 +0900] "GET /396053375.phtml HTTP/2.0" 403 175 "-" "Mozilla/5.0 AppleWebKit/537.36 (KHTML, like Gecko; compatible; bingbot/2.0; +http://www.bing.com/bingbot.htm) Chrome/116.0.1938.76 Safari/537.36" "-"
52.167.144.222 - - [23/Dec/2024:05:54:09 +0900] "GET /264336419.phtml HTTP/2.0" 403 175 "-" "Mozilla/5.0 AppleWebKit/537.36 (KHTML, like Gecko; compatible; bingbot/2.0; +http://www.bing.com/bingbot.htm) Chrome/116.0.1938.76 Safari/537.36" "-"
52.167.144.222 - - [23/Dec/2024:05:54:10 +0900] "GET /285145553.phtml HTTP/2.0" 403 175 "-" "Mozilla/5.0 AppleWebKit/537.36 (KHTML, like Gecko; compatible; bingbot/2.0; +http://www.bing.com/bingbot.htm) Chrome/116.0.1938.76 Safari/537.36" "-"
52.167.144.222 - - [23/Dec/2024:05:54:10 +0900] "GET /9154381.phtml HTTP/2.0" 403 175 "-" "Mozilla/5.0 AppleWebKit/537.36 (KHTML, like Gecko; compatible; bingbot/2.0; +http://www.bing.com/bingbot.htm) Chrome/116.0.1938.76 Safari/537.36" "-"
52.167.144.222 - - [23/Dec/2024:05:54:11 +0900] "GET /222491303.phtml HTTP/2.0" 403 175 "-" "Mozilla/5.0 AppleWebKit/537.36 (KHTML, like Gecko; compatible; bingbot/2.0; +http://www.bing.com/bingbot.htm) Chrome/116.0.1938.76 Safari/537.36" "-"
52.167.144.222 - - [23/Dec/2024:05:54:11 +0900] "GET /81133863.phtml HTTP/2.0" 403 175 "-" "Mozilla/5.0 AppleWebKit/537.36 (KHTML, like Gecko; compatible; bingbot/2.0; +http://www.bing.com/bingbot.htm) Chrome/116.0.1938.76 Safari/537.36" "-"
52.167.144.222 - - [23/Dec/2024:05:54:12 +0900] "GET /183114827.phtml HTTP/2.0" 403 175 "-" "Mozilla/5.0 AppleWebKit/537.36 (KHTML, like Gecko; compatible; bingbot/2.0; +http://www.bing.com/bingbot.htm) Chrome/116.0.1938.76 Safari/537.36" "-"
52.167.144.222 - - [23/Dec/2024:05:54:12 +0900] "GET /399922162.phtml HTTP/2.0" 403 175 "-" "Mozilla/5.0 AppleWebKit/537.36 (KHTML, like Gecko; compatible; bingbot/2.0; +http://www.bing.com/bingbot.htm) Chrome/116.0.1938.76 Safari/537.36" "-"
52.167.144.222 - - [23/Dec/2024:05:54:13 +0900] "GET /324137972.phtml HTTP/2.0" 403 175 "-" "Mozilla/5.0 AppleWebKit/537.36 (KHTML, like Gecko; compatible; bingbot/2.0; +http://www.bing.com/bingbot.htm) Chrome/116.0.1938.76 Safari/537.36" "-"
52.167.144.222 - - [23/Dec/2024:05:54:13 +0900] "GET /191514458.phtml HTTP/2.0" 403 175 "-" "Mozilla/5.0 AppleWebKit/537.36 (KHTML, like Gecko; compatible; bingbot/2.0; +http://www.bing.com/bingbot.htm) Chrome/116.0.1938.76 Safari/537.36" "-"
52.167.144.222 - - [23/Dec/2024:05:54:13 +0900] "GET /327883327.phtml HTTP/2.0" 403 175 "-" "Mozilla/5.0 AppleWebKit/537.36 (KHTML, like Gecko; compatible; bingbot/2.0; +http://www.bing.com/bingbot.htm) Chrome/116.0.1938.76 Safari/537.36" "-"
52.167.144.222 - - [23/Dec/2024:05:54:14 +0900] "GET /290303009.phtml HTTP/2.0" 403 175 "-" "Mozilla/5.0 AppleWebKit/537.36 (KHTML, like Gecko; compatible; bingbot/2.0; +http://www.bing.com/bingbot.htm) Chrome/116.0.1938.76 Safari/537.36" "-"
52.167.144.222 - - [23/Dec/2024:05:54:14 +0900] "GET /311712901.phtml HTTP/2.0" 403 175 "-" "Mozilla/5.0 AppleWebKit/537.36 (KHTML, like Gecko; compatible; bingbot/2.0; +http://www.bing.com/bingbot.htm) Chrome/116.0.1938.76 Safari/537.36" "-"
52.167.144.222 - - [23/Dec/2024:05:54:15 +0900] "GET /264093030.phtml HTTP/2.0" 403 175 "-" "Mozilla/5.0 AppleWebKit/537.36 (KHTML, like Gecko; compatible; bingbot/2.0; +http://www.bing.com/bingbot.htm) Chrome/116.0.1938.76 Safari/537.36" "-"
52.167.144.222 - - [23/Dec/2024:05:54:15 +0900] "GET /382946926.phtml HTTP/2.0" 403 175 "-" "Mozilla/5.0 AppleWebKit/537.36 (KHTML, like Gecko; compatible; bingbot/2.0; +http://www.bing.com/bingbot.htm) Chrome/116.0.1938.76 Safari/537.36" "-"
52.167.144.222 - - [23/Dec/2024:05:54:16 +0900] "GET /99494929.phtml HTTP/2.0" 403 175 "-" "Mozilla/5.0 AppleWebKit/537.36 (KHTML, like Gecko; compatible; bingbot/2.0; +http://www.bing.com/bingbot.htm) Chrome/116.0.1938.76 Safari/537.36" "-"
52.167.144.222 - - [23/Dec/2024:05:54:16 +0900] "GET /311246834.phtml HTTP/2.0" 403 175 "-" "Mozilla/5.0 AppleWebKit/537.36 (KHTML, like Gecko; compatible; bingbot/2.0; +http://www.bing.com/bingbot.htm) Chrome/116.0.1938.76 Safari/537.36" "-"
52.167.144.222 - - [23/Dec/2024:05:54:16 +0900] "GET /373786965.phtml HTTP/2.0" 403 175 "-" "Mozilla/5.0 AppleWebKit/537.36 (KHTML, like Gecko; compatible; bingbot/2.0; +http://www.bing.com/bingbot.htm) Chrome/116.0.1938.76 Safari/537.36" "-"
52.167.144.222 - - [23/Dec/2024:05:54:17 +0900] "GET /110711256.phtml HTTP/2.0" 403 175 "-" "Mozilla/5.0 AppleWebKit/537.36 (KHTML, like Gecko; compatible; bingbot/2.0; +http://www.bing.com/bingbot.htm) Chrome/116.0.1938.76 Safari/537.36" "-"
52.167.144.222 - - [23/Dec/2024:05:54:17 +0900] "GET /329085538.phtml HTTP/2.0" 403 175 "-" "Mozilla/5.0 AppleWebKit/537.36 (KHTML, like Gecko; compatible; bingbot/2.0; +http://www.bing.com/bingbot.htm) Chrome/116.0.1938.76 Safari/537.36" "-"
52.167.144.222 - - [23/Dec/2024:05:54:18 +0900] "GET /325699081.phtml HTTP/2.0" 403 175 "-" "Mozilla/5.0 AppleWebKit/537.36 (KHTML, like Gecko; compatible; bingbot/2.0; +http://www.bing.com/bingbot.htm) Chrome/116.0.1938.76 Safari/537.36" "-"
52.167.144.222 - - [23/Dec/2024:05:54:18 +0900] "GET /367948131.phtml HTTP/2.0" 403 175 "-" "Mozilla/5.0 AppleWebKit/537.36 (KHTML, like Gecko; compatible; bingbot/2.0; +http://www.bing.com/bingbot.htm) Chrome/116.0.1938.76 Safari/537.36" "-"
52.167.144.222 - - [23/Dec/2024:05:54:19 +0900] "GET /319237944.phtml HTTP/2.0" 403 175 "-" "Mozilla/5.0 AppleWebKit/537.36 (KHTML, like Gecko; compatible; bingbot/2.0; +http://www.bing.com/bingbot.htm) Chrome/116.0.1938.76 Safari/537.36" "-"
52.167.144.222 - - [23/Dec/2024:05:54:19 +0900] "GET /270167608.phtml HTTP/2.0" 403 175 "-" "Mozilla/5.0 AppleWebKit/537.36 (KHTML, like Gecko; compatible; bingbot/2.0; +http://www.bing.com/bingbot.htm) Chrome/116.0.1938.76 Safari/537.36" "-"
52.167.144.222 - - [23/Dec/2024:05:54:19 +0900] "GET /123726104.phtml HTTP/2.0" 403 175 "-" "Mozilla/5.0 AppleWebKit/537.36 (KHTML, like Gecko; compatible; bingbot/2.0; +http://www.bing.com/bingbot.htm) Chrome/116.0.1938.76 Safari/537.36" "-"
52.167.144.222 - - [23/Dec/2024:05:54:37 +0900] "GET /34240545.phtml HTTP/2.0" 403 175 "-" "Mozilla/5.0 AppleWebKit/537.36 (KHTML, like Gecko; compatible; bingbot/2.0; +http://www.bing.com/bingbot.htm) Chrome/116.0.1938.76 Safari/537.36" "-"
52.167.144.222 - - [23/Dec/2024:05:54:38 +0900] "GET /110270487.phtml HTTP/2.0" 403 175 "-" "Mozilla/5.0 AppleWebKit/537.36 (KHTML, like Gecko; compatible; bingbot/2.0; +http://www.bing.com/bingbot.htm) Chrome/116.0.1938.76 Safari/537.36" "-"
52.167.144.222 - - [23/Dec/2024:05:54:38 +0900] "GET /138510144.phtml HTTP/2.0" 403 175 "-" "Mozilla/5.0 AppleWebKit/537.36 (KHTML, like Gecko; compatible; bingbot/2.0; +http://www.bing.com/bingbot.htm) Chrome/116.0.1938.76 Safari/537.36" "-"
52.167.144.222 - - [23/Dec/2024:05:54:38 +0900] "GET /157366328.phtml HTTP/2.0" 403 175 "-" "Mozilla/5.0 AppleWebKit/537.36 (KHTML, like Gecko; compatible; bingbot/2.0; +http://www.bing.com/bingbot.htm) Chrome/116.0.1938.76 Safari/537.36" "-"
52.167.144.222 - - [23/Dec/2024:05:54:39 +0900] "GET /277233534.phtml HTTP/2.0" 403 175 "-" "Mozilla/5.0 AppleWebKit/537.36 (KHTML, like Gecko; compatible; bingbot/2.0; +http://www.bing.com/bingbot.htm) Chrome/116.0.1938.76 Safari/537.36" "-"
52.167.144.222 - - [23/Dec/2024:05:54:39 +0900] "GET /44987886.phtml HTTP/2.0" 403 175 "-" "Mozilla/5.0 AppleWebKit/537.36 (KHTML, like Gecko; compatible; bingbot/2.0; +http://www.bing.com/bingbot.htm) Chrome/116.0.1938.76 Safari/537.36" "-"
52.167.144.222 - - [23/Dec/2024:05:54:39 +0900] "GET /188221548.phtml HTTP/2.0" 403 175 "-" "Mozilla/5.0 AppleWebKit/537.36 (KHTML, like Gecko; compatible; bingbot/2.0; +http://www.bing.com/bingbot.htm) Chrome/116.0.1938.76 Safari/537.36" "-"
52.167.144.222 - - [23/Dec/2024:05:54:40 +0900] "GET /96641398.phtml HTTP/2.0" 403 175 "-" "Mozilla/5.0 AppleWebKit/537.36 (KHTML, like Gecko; compatible; bingbot/2.0; +http://www.bing.com/bingbot.htm) Chrome/116.0.1938.76 Safari/537.36" "-"
52.167.144.222 - - [23/Dec/2024:05:54:40 +0900] "GET /293345580.phtml HTTP/2.0" 403 175 "-" "Mozilla/5.0 AppleWebKit/537.36 (KHTML, like Gecko; compatible; bingbot/2.0; +http://www.bing.com/bingbot.htm) Chrome/116.0.1938.76 Safari/537.36" "-"
52.167.144.222 - - [23/Dec/2024:05:54:42 +0900] "GET /368609771.phtml HTTP/2.0" 403 175 "-" "Mozilla/5.0 AppleWebKit/537.36 (KHTML, like Gecko; compatible; bingbot/2.0; +http://www.bing.com/bingbot.htm) Chrome/116.0.1938.76 Safari/537.36" "-"
52.167.144.222 - - [23/Dec/2024:05:54:42 +0900] "GET /245964511.phtml HTTP/2.0" 403 175 "-" "Mozilla/5.0 AppleWebKit/537.36 (KHTML, like Gecko; compatible; bingbot/2.0; +http://www.bing.com/bingbot.htm) Chrome/116.0.1938.76 Safari/537.36" "-"
52.167.144.222 - - [23/Dec/2024:05:54:43 +0900] "GET /143139678.phtml HTTP/2.0" 403 175 "-" "Mozilla/5.0 AppleWebKit/537.36 (KHTML, like Gecko; compatible; bingbot/2.0; +http://www.bing.com/bingbot.htm) Chrome/116.0.1938.76 Safari/537.36" "-"
52.167.144.222 - - [23/Dec/2024:05:54:43 +0900] "GET /359755332.phtml HTTP/2.0" 403 175 "-" "Mozilla/5.0 AppleWebKit/537.36 (KHTML, like Gecko; compatible; bingbot/2.0; +http://www.bing.com/bingbot.htm) Chrome/116.0.1938.76 Safari/537.36" "-"
52.167.144.222 - - [23/Dec/2024:05:54:44 +0900] "GET /62609889.phtml HTTP/2.0" 403 175 "-" "Mozilla/5.0 AppleWebKit/537.36 (KHTML, like Gecko; compatible; bingbot/2.0; +http://www.bing.com/bingbot.htm) Chrome/116.0.1938.76 Safari/537.36" "-"
52.167.144.222 - - [23/Dec/2024:05:54:44 +0900] "GET /340495075.phtml HTTP/2.0" 403 175 "-" "Mozilla/5.0 AppleWebKit/537.36 (KHTML, like Gecko; compatible; bingbot/2.0; +http://www.bing.com/bingbot.htm) Chrome/116.0.1938.76 Safari/537.36" "-"
52.167.144.222 - - [23/Dec/2024:05:54:45 +0900] "GET /61445903.phtml HTTP/2.0" 403 175 "-" "Mozilla/5.0 AppleWebKit/537.36 (KHTML, like Gecko; compatible; bingbot/2.0; +http://www.bing.com/bingbot.htm) Chrome/116.0.1938.76 Safari/537.36" "-"
52.167.144.222 - - [23/Dec/2024:05:54:45 +0900] "GET /144356345.phtml HTTP/2.0" 403 175 "-" "Mozilla/5.0 AppleWebKit/537.36 (KHTML, like Gecko; compatible; bingbot/2.0; +http://www.bing.com/bingbot.htm) Chrome/116.0.1938.76 Safari/537.36" "-"
52.167.144.222 - - [23/Dec/2024:05:54:45 +0900] "GET /371393941.phtml HTTP/2.0" 403 175 "-" "Mozilla/5.0 AppleWebKit/537.36 (KHTML, like Gecko; compatible; bingbot/2.0; +http://www.bing.com/bingbot.htm) Chrome/116.0.1938.76 Safari/537.36" "-"
52.167.144.222 - - [23/Dec/2024:05:54:46 +0900] "GET /62841046.phtml HTTP/2.0" 403 175 "-" "Mozilla/5.0 AppleWebKit/537.36 (KHTML, like Gecko; compatible; bingbot/2.0; +http://www.bing.com/bingbot.htm) Chrome/116.0.1938.76 Safari/537.36" "-"
52.167.144.222 - - [23/Dec/2024:05:54:46 +0900] "GET /44051443.phtml HTTP/2.0" 403 175 "-" "Mozilla/5.0 AppleWebKit/537.36 (KHTML, like Gecko; compatible; bingbot/2.0; +http://www.bing.com/bingbot.htm) Chrome/116.0.1938.76 Safari/537.36" "-"
52.167.144.222 - - [23/Dec/2024:05:54:46 +0900] "GET /416158752.phtml HTTP/2.0" 403 175 "-" "Mozilla/5.0 AppleWebKit/537.36 (KHTML, like Gecko; compatible; bingbot/2.0; +http://www.bing.com/bingbot.htm) Chrome/116.0.1938.76 Safari/537.36" "-"
52.167.144.222 - - [23/Dec/2024:05:54:47 +0900] "GET /405363734.phtml HTTP/2.0" 403 175 "-" "Mozilla/5.0 AppleWebKit/537.36 (KHTML, like Gecko; compatible; bingbot/2.0; +http://www.bing.com/bingbot.htm) Chrome/116.0.1938.76 Safari/537.36" "-"
52.167.144.222 - - [23/Dec/2024:05:54:47 +0900] "GET /130218238.phtml HTTP/2.0" 403 175 "-" "Mozilla/5.0 AppleWebKit/537.36 (KHTML, like Gecko; compatible; bingbot/2.0; +http://www.bing.com/bingbot.htm) Chrome/116.0.1938.76 Safari/537.36" "-"
40.77.167.16 - - [23/Dec/2024:05:55:00 +0900] "GET /35253438.phtml HTTP/2.0" 403 175 "-" "Mozilla/5.0 AppleWebKit/537.36 (KHTML, like Gecko; compatible; bingbot/2.0; +http://www.bing.com/bingbot.htm) Chrome/116.0.1938.76 Safari/537.36" "-"
40.77.167.16 - - [23/Dec/2024:05:55:01 +0900] "GET /284975417.phtml HTTP/2.0" 403 175 "-" "Mozilla/5.0 AppleWebKit/537.36 (KHTML, like Gecko; compatible; bingbot/2.0; +http://www.bing.com/bingbot.htm) Chrome/116.0.1938.76 Safari/537.36" "-"
40.77.167.16 - - [23/Dec/2024:05:55:01 +0900] "GET /158281504.phtml HTTP/2.0" 403 175 "-" "Mozilla/5.0 AppleWebKit/537.36 (KHTML, like Gecko; compatible; bingbot/2.0; +http://www.bing.com/bingbot.htm) Chrome/116.0.1938.76 Safari/537.36" "-"
40.77.167.16 - - [23/Dec/2024:05:55:02 +0900] "GET /63046627.phtml HTTP/2.0" 403 175 "-" "Mozilla/5.0 AppleWebKit/537.36 (KHTML, like Gecko; compatible; bingbot/2.0; +http://www.bing.com/bingbot.htm) Chrome/116.0.1938.76 Safari/537.36" "-"
40.77.167.16 - - [23/Dec/2024:05:55:02 +0900] "GET /90670236.phtml HTTP/2.0" 403 175 "-" "Mozilla/5.0 AppleWebKit/537.36 (KHTML, like Gecko; compatible; bingbot/2.0; +http://www.bing.com/bingbot.htm) Chrome/116.0.1938.76 Safari/537.36" "-"
40.77.167.16 - - [23/Dec/2024:05:55:03 +0900] "GET /369185231.phtml HTTP/2.0" 403 175 "-" "Mozilla/5.0 AppleWebKit/537.36 (KHTML, like Gecko; compatible; bingbot/2.0; +http://www.bing.com/bingbot.htm) Chrome/116.0.1938.76 Safari/537.36" "-"
40.77.167.16 - - [23/Dec/2024:05:55:03 +0900] "GET /294404760.phtml HTTP/2.0" 403 175 "-" "Mozilla/5.0 AppleWebKit/537.36 (KHTML, like Gecko; compatible; bingbot/2.0; +http://www.bing.com/bingbot.htm) Chrome/116.0.1938.76 Safari/537.36" "-"
40.77.167.16 - - [23/Dec/2024:05:55:04 +0900] "GET /285543927.phtml HTTP/2.0" 403 175 "-" "Mozilla/5.0 AppleWebKit/537.36 (KHTML, like Gecko; compatible; bingbot/2.0; +http://www.bing.com/bingbot.htm) Chrome/116.0.1938.76 Safari/537.36" "-"
40.77.167.16 - - [23/Dec/2024:05:55:05 +0900] "GET /170194221.phtml HTTP/2.0" 403 175 "-" "Mozilla/5.0 AppleWebKit/537.36 (KHTML, like Gecko; compatible; bingbot/2.0; +http://www.bing.com/bingbot.htm) Chrome/116.0.1938.76 Safari/537.36" "-"
40.77.167.16 - - [23/Dec/2024:05:55:05 +0900] "GET /91638232.phtml HTTP/2.0" 403 175 "-" "Mozilla/5.0 AppleWebKit/537.36 (KHTML, like Gecko; compatible; bingbot/2.0; +http://www.bing.com/bingbot.htm) Chrome/116.0.1938.76 Safari/537.36" "-"
40.77.167.16 - - [23/Dec/2024:05:55:06 +0900] "GET /214785282.phtml HTTP/2.0" 403 175 "-" "Mozilla/5.0 AppleWebKit/537.36 (KHTML, like Gecko; compatible; bingbot/2.0; +http://www.bing.com/bingbot.htm) Chrome/116.0.1938.76 Safari/537.36" "-"
40.77.167.16 - - [23/Dec/2024:05:55:07 +0900] "GET /321002410.phtml HTTP/2.0" 403 175 "-" "Mozilla/5.0 AppleWebKit/537.36 (KHTML, like Gecko; compatible; bingbot/2.0; +http://www.bing.com/bingbot.htm) Chrome/116.0.1938.76 Safari/537.36" "-"
40.77.167.16 - - [23/Dec/2024:05:55:07 +0900] "GET /281701967.phtml HTTP/2.0" 403 175 "-" "Mozilla/5.0 AppleWebKit/537.36 (KHTML, like Gecko; compatible; bingbot/2.0; +http://www.bing.com/bingbot.htm) Chrome/116.0.1938.76 Safari/537.36" "-"
40.77.167.16 - - [23/Dec/2024:05:55:08 +0900] "GET /249911277.phtml HTTP/2.0" 403 175 "-" "Mozilla/5.0 AppleWebKit/537.36 (KHTML, like Gecko; compatible; bingbot/2.0; +http://www.bing.com/bingbot.htm) Chrome/116.0.1938.76 Safari/537.36" "-"
40.77.167.16 - - [23/Dec/2024:05:55:08 +0900] "GET /4609081.phtml HTTP/2.0" 403 175 "-" "Mozilla/5.0 AppleWebKit/537.36 (KHTML, like Gecko; compatible; bingbot/2.0; +http://www.bing.com/bingbot.htm) Chrome/116.0.1938.76 Safari/537.36" "-"
40.77.167.16 - - [23/Dec/2024:05:55:08 +0900] "GET /92453050.phtml HTTP/2.0" 403 175 "-" "Mozilla/5.0 AppleWebKit/537.36 (KHTML, like Gecko; compatible; bingbot/2.0; +http://www.bing.com/bingbot.htm) Chrome/116.0.1938.76 Safari/537.36" "-"
40.77.167.16 - - [23/Dec/2024:05:55:09 +0900] "GET /145090265.phtml HTTP/2.0" 403 175 "-" "Mozilla/5.0 AppleWebKit/537.36 (KHTML, like Gecko; compatible; bingbot/2.0; +http://www.bing.com/bingbot.htm) Chrome/116.0.1938.76 Safari/537.36" "-"
40.77.167.16 - - [23/Dec/2024:05:55:09 +0900] "GET /273204341.phtml HTTP/2.0" 403 175 "-" "Mozilla/5.0 AppleWebKit/537.36 (KHTML, like Gecko; compatible; bingbot/2.0; +http://www.bing.com/bingbot.htm) Chrome/116.0.1938.76 Safari/537.36" "-"
40.77.167.16 - - [23/Dec/2024:05:55:10 +0900] "GET /53256996.phtml HTTP/2.0" 403 175 "-" "Mozilla/5.0 AppleWebKit/537.36 (KHTML, like Gecko; compatible; bingbot/2.0; +http://www.bing.com/bingbot.htm) Chrome/116.0.1938.76 Safari/537.36" "-"
40.77.167.16 - - [23/Dec/2024:05:55:10 +0900] "GET /16019313.phtml HTTP/2.0" 403 175 "-" "Mozilla/5.0 AppleWebKit/537.36 (KHTML, like Gecko; compatible; bingbot/2.0; +http://www.bing.com/bingbot.htm) Chrome/116.0.1938.76 Safari/537.36" "-"
40.77.167.16 - - [23/Dec/2024:05:55:11 +0900] "GET /9217209.phtml HTTP/2.0" 403 175 "-" "Mozilla/5.0 AppleWebKit/537.36 (KHTML, like Gecko; compatible; bingbot/2.0; +http://www.bing.com/bingbot.htm) Chrome/116.0.1938.76 Safari/537.36" "-"
40.77.167.16 - - [23/Dec/2024:05:55:11 +0900] "GET /251386067.phtml HTTP/2.0" 403 175 "-" "Mozilla/5.0 AppleWebKit/537.36 (KHTML, like Gecko; compatible; bingbot/2.0; +http://www.bing.com/bingbot.htm) Chrome/116.0.1938.76 Safari/537.36" "-"
40.77.167.16 - - [23/Dec/2024:05:55:11 +0900] "GET /94325519.phtml HTTP/2.0" 403 175 "-" "Mozilla/5.0 AppleWebKit/537.36 (KHTML, like Gecko; compatible; bingbot/2.0; +http://www.bing.com/bingbot.htm) Chrome/116.0.1938.76 Safari/537.36" "-"
40.77.167.16 - - [23/Dec/2024:05:55:12 +0900] "GET /165054140.phtml HTTP/2.0" 403 175 "-" "Mozilla/5.0 AppleWebKit/537.36 (KHTML, like Gecko; compatible; bingbot/2.0; +http://www.bing.com/bingbot.htm) Chrome/116.0.1938.76 Safari/537.36" "-"
40.77.167.16 - - [23/Dec/2024:05:55:12 +0900] "GET /135498848.phtml HTTP/2.0" 403 175 "-" "Mozilla/5.0 AppleWebKit/537.36 (KHTML, like Gecko; compatible; bingbot/2.0; +http://www.bing.com/bingbot.htm) Chrome/116.0.1938.76 Safari/537.36" "-"
40.77.167.16 - - [23/Dec/2024:05:55:13 +0900] "GET /283448919.phtml HTTP/2.0" 403 175 "-" "Mozilla/5.0 AppleWebKit/537.36 (KHTML, like Gecko; compatible; bingbot/2.0; +http://www.bing.com/bingbot.htm) Chrome/116.0.1938.76 Safari/537.36" "-"
40.77.167.16 - - [23/Dec/2024:05:55:13 +0900] "GET /30797793.phtml HTTP/2.0" 403 175 "-" "Mozilla/5.0 AppleWebKit/537.36 (KHTML, like Gecko; compatible; bingbot/2.0; +http://www.bing.com/bingbot.htm) Chrome/116.0.1938.76 Safari/537.36" "-"
40.77.167.16 - - [23/Dec/2024:05:55:14 +0900] "GET /184033617.phtml HTTP/2.0" 403 175 "-" "Mozilla/5.0 AppleWebKit/537.36 (KHTML, like Gecko; compatible; bingbot/2.0; +http://www.bing.com/bingbot.htm) Chrome/116.0.1938.76 Safari/537.36" "-"
