183.180.141.123 - - [23/Dec/2024:13:58:30 +0900] "GET /wp-content/themes/re8home/images/common/fixed_contact.png HTTP/2.0" 200 749 "https://re8-home.com/" "Mozilla/5.0 (Linux; Android 10; K) AppleWebKit/537.36 (KHTML, like Gecko) Chrome/131.0.0.0 Mobile Safari/537.36" "-"
183.180.141.123 - - [23/Dec/2024:13:58:30 +0900] "GET /wp-content/themes/re8home/images/common/fixed_line.png HTTP/2.0" 200 802 "https://re8-home.com/" "Mozilla/5.0 (Linux; Android 10; K) AppleWebKit/537.36 (KHTML, like Gecko) Chrome/131.0.0.0 Mobile Safari/537.36" "-"
183.180.141.123 - - [23/Dec/2024:13:58:32 +0900] "GET /wp-content/themes/re8home/images/common/foot_line.png HTTP/2.0" 200 525 "https://re8-home.com/" "Mozilla/5.0 (Linux; Android 10; K) AppleWebKit/537.36 (KHTML, like Gecko) Chrome/131.0.0.0 Mobile Safari/537.36" "-"
183.180.141.123 - - [23/Dec/2024:13:58:32 +0900] "GET /wp-content/themes/re8home/images/common/logo_white.svg HTTP/2.0" 200 4563 "https://re8-home.com/" "Mozilla/5.0 (Linux; Android 10; K) AppleWebKit/537.36 (KHTML, like Gecko) Chrome/131.0.0.0 Mobile Safari/537.36" "-"
183.180.141.123 - - [23/Dec/2024:13:58:32 +0900] "GET /wp-content/themes/re8home/images/common/ee.png HTTP/2.0" 200 7502 "https://re8-home.com/" "Mozilla/5.0 (Linux; Android 10; K) AppleWebKit/537.36 (KHTML, like Gecko) Chrome/131.0.0.0 Mobile Safari/537.36" "-"
183.180.141.123 - - [23/Dec/2024:13:58:32 +0900] "GET /wp-content/themes/re8home/images/common/ama.png HTTP/2.0" 200 9042 "https://re8-home.com/" "Mozilla/5.0 (Linux; Android 10; K) AppleWebKit/537.36 (KHTML, like Gecko) Chrome/131.0.0.0 Mobile Safari/537.36" "-"
183.180.141.123 - - [23/Dec/2024:13:58:32 +0900] "GET /wp-content/themes/re8home/images/common/takumi.jpg HTTP/2.0" 200 21394 "https://re8-home.com/" "Mozilla/5.0 (Linux; Android 10; K) AppleWebKit/537.36 (KHTML, like Gecko) Chrome/131.0.0.0 Mobile Safari/537.36" "-"
52.167.144.196 - - [23/Dec/2024:13:58:35 +0900] "GET /hpvqi/o2158165.html HTTP/2.0" 404 172 "-" "Mozilla/5.0 AppleWebKit/537.36 (KHTML, like Gecko; compatible; bingbot/2.0; +http://www.bing.com/bingbot.htm) Chrome/116.0.1938.76 Safari/537.36" "-"
52.167.144.167 - - [23/Dec/2024:13:58:41 +0900] "GET /ptncw/z1500402.html HTTP/2.0" 404 172 "-" "Mozilla/5.0 AppleWebKit/537.36 (KHTML, like Gecko; compatible; bingbot/2.0; +http://www.bing.com/bingbot.htm) Chrome/116.0.1938.76 Safari/537.36" "-"
52.167.144.167 - - [23/Dec/2024:13:59:02 +0900] "GET /ptncw/z1500402.html HTTP/2.0" 404 172 "-" "Mozilla/5.0 AppleWebKit/537.36 (KHTML, like Gecko; compatible; bingbot/2.0; +http://www.bing.com/bingbot.htm) Chrome/116.0.1938.76 Safari/537.36" "-"
40.77.167.25 - - [23/Dec/2024:14:00:02 +0900] "GET /vbizk/x2032984.html HTTP/2.0" 404 172 "-" "Mozilla/5.0 AppleWebKit/537.36 (KHTML, like Gecko; compatible; bingbot/2.0; +http://www.bing.com/bingbot.htm) Chrome/116.0.1938.76 Safari/537.36" "-"
157.55.39.52 - - [23/Dec/2024:14:00:30 +0900] "GET /ndstt/n1835608.html HTTP/2.0" 404 172 "-" "Mozilla/5.0 AppleWebKit/537.36 (KHTML, like Gecko; compatible; bingbot/2.0; +http://www.bing.com/bingbot.htm) Chrome/116.0.1938.76 Safari/537.36" "-"
157.55.39.52 - - [23/Dec/2024:14:01:40 +0900] "GET /othxf/m1733817.html HTTP/2.0" 404 172 "-" "Mozilla/5.0 AppleWebKit/537.36 (KHTML, like Gecko; compatible; bingbot/2.0; +http://www.bing.com/bingbot.htm) Chrome/116.0.1938.76 Safari/537.36" "-"
210.136.52.122 - - [23/Dec/2024:14:02:23 +0900] "GET /wp-admin/ HTTP/2.0" 200 462 "-" "Mozilla/5.0 (Windows NT 10.0; Win64; x64) AppleWebKit/537.36 (KHTML, like Gecko) Chrome/131.0.0.0 Safari/537.36" "-"
210.136.52.122 - - [23/Dec/2024:14:02:26 +0900] "GET /wp-admin/ HTTP/2.0" 200 462 "-" "Mozilla/5.0 (Windows NT 10.0; Win64; x64) AppleWebKit/537.36 (KHTML, like Gecko) Chrome/131.0.0.0 Safari/537.36" "-"
210.136.52.122 - - [23/Dec/2024:14:02:27 +0900] "GET /wp-admin/ HTTP/2.0" 200 462 "-" "Mozilla/5.0 (Windows NT 10.0; Win64; x64) AppleWebKit/537.36 (KHTML, like Gecko) Chrome/131.0.0.0 Safari/537.36" "-"
52.167.144.196 - - [23/Dec/2024:14:02:56 +0900] "GET /lfgmd/l216898.html HTTP/2.0" 404 172 "-" "Mozilla/5.0 AppleWebKit/537.36 (KHTML, like Gecko; compatible; bingbot/2.0; +http://www.bing.com/bingbot.htm) Chrome/116.0.1938.76 Safari/537.36" "-"
52.167.144.167 - - [23/Dec/2024:14:03:01 +0900] "GET /wqctl/u1790713.html HTTP/2.0" 404 172 "-" "Mozilla/5.0 AppleWebKit/537.36 (KHTML, like Gecko; compatible; bingbot/2.0; +http://www.bing.com/bingbot.htm) Chrome/116.0.1938.76 Safari/537.36" "-"
52.167.144.196 - - [23/Dec/2024:14:03:15 +0900] "GET /lfgmd/l216898.html HTTP/2.0" 404 172 "-" "Mozilla/5.0 AppleWebKit/537.36 (KHTML, like Gecko; compatible; bingbot/2.0; +http://www.bing.com/bingbot.htm) Chrome/116.0.1938.76 Safari/537.36" "-"
157.55.39.52 - - [23/Dec/2024:14:03:30 +0900] "GET /ixsur/k1359493.html HTTP/2.0" 404 172 "-" "Mozilla/5.0 AppleWebKit/537.36 (KHTML, like Gecko; compatible; bingbot/2.0; +http://www.bing.com/bingbot.htm) Chrome/116.0.1938.76 Safari/537.36" "-"
52.167.144.167 - - [23/Dec/2024:14:03:52 +0900] "GET /dobyv/e1690805.html HTTP/2.0" 404 172 "-" "Mozilla/5.0 AppleWebKit/537.36 (KHTML, like Gecko; compatible; bingbot/2.0; +http://www.bing.com/bingbot.htm) Chrome/116.0.1938.76 Safari/537.36" "-"
52.167.144.167 - - [23/Dec/2024:14:04:11 +0900] "GET /dobyv/e1690805.html HTTP/2.0" 404 172 "-" "Mozilla/5.0 AppleWebKit/537.36 (KHTML, like Gecko; compatible; bingbot/2.0; +http://www.bing.com/bingbot.htm) Chrome/116.0.1938.76 Safari/537.36" "-"
157.55.39.52 - - [23/Dec/2024:14:04:50 +0900] "GET /vecry/k1384427.html HTTP/2.0" 404 172 "-" "Mozilla/5.0 AppleWebKit/537.36 (KHTML, like Gecko; compatible; bingbot/2.0; +http://www.bing.com/bingbot.htm) Chrome/116.0.1938.76 Safari/537.36" "-"
52.167.144.167 - - [23/Dec/2024:14:04:54 +0900] "GET /category/A1UHBwe HTTP/2.0" 404 172 "-" "Mozilla/5.0 AppleWebKit/537.36 (KHTML, like Gecko; compatible; bingbot/2.0; +http://www.bing.com/bingbot.htm) Chrome/116.0.1938.76 Safari/537.36" "-"
52.167.144.167 - - [23/Dec/2024:14:05:22 +0900] "GET /category/A1UHBwe HTTP/2.0" 404 172 "-" "Mozilla/5.0 AppleWebKit/537.36 (KHTML, like Gecko; compatible; bingbot/2.0; +http://www.bing.com/bingbot.htm) Chrome/116.0.1938.76 Safari/537.36" "-"
52.167.144.167 - - [23/Dec/2024:14:05:42 +0900] "GET /aqygz/t2410630.html HTTP/2.0" 404 172 "-" "Mozilla/5.0 AppleWebKit/537.36 (KHTML, like Gecko; compatible; bingbot/2.0; +http://www.bing.com/bingbot.htm) Chrome/116.0.1938.76 Safari/537.36" "-"
52.167.144.167 - - [23/Dec/2024:14:05:42 +0900] "GET /ekpta/m2470579.html HTTP/2.0" 404 172 "-" "Mozilla/5.0 AppleWebKit/537.36 (KHTML, like Gecko; compatible; bingbot/2.0; +http://www.bing.com/bingbot.htm) Chrome/116.0.1938.76 Safari/537.36" "-"
52.167.144.167 - - [23/Dec/2024:14:05:43 +0900] "GET /swuax/x303932.html HTTP/2.0" 404 172 "-" "Mozilla/5.0 AppleWebKit/537.36 (KHTML, like Gecko; compatible; bingbot/2.0; +http://www.bing.com/bingbot.htm) Chrome/116.0.1938.76 Safari/537.36" "-"
52.167.144.167 - - [23/Dec/2024:14:05:43 +0900] "GET /pyfpw/h2287456.html HTTP/2.0" 404 172 "-" "Mozilla/5.0 AppleWebKit/537.36 (KHTML, like Gecko; compatible; bingbot/2.0; +http://www.bing.com/bingbot.htm) Chrome/116.0.1938.76 Safari/537.36" "-"
52.167.144.196 - - [23/Dec/2024:14:05:56 +0900] "GET /nayfx/d2939896.html HTTP/2.0" 404 172 "-" "Mozilla/5.0 AppleWebKit/537.36 (KHTML, like Gecko; compatible; bingbot/2.0; +http://www.bing.com/bingbot.htm) Chrome/116.0.1938.76 Safari/537.36" "-"
52.167.144.167 - - [23/Dec/2024:14:06:02 +0900] "GET /aqygz/t2410630.html HTTP/2.0" 404 172 "-" "Mozilla/5.0 AppleWebKit/537.36 (KHTML, like Gecko; compatible; bingbot/2.0; +http://www.bing.com/bingbot.htm) Chrome/116.0.1938.76 Safari/537.36" "-"
52.167.144.167 - - [23/Dec/2024:14:06:03 +0900] "GET /ekpta/m2470579.html HTTP/2.0" 404 172 "-" "Mozilla/5.0 AppleWebKit/537.36 (KHTML, like Gecko; compatible; bingbot/2.0; +http://www.bing.com/bingbot.htm) Chrome/116.0.1938.76 Safari/537.36" "-"
40.77.167.15 - - [23/Dec/2024:14:06:07 +0900] "GET /ztnus/k468239.html HTTP/2.0" 404 172 "-" "Mozilla/5.0 AppleWebKit/537.36 (KHTML, like Gecko; compatible; bingbot/2.0; +http://www.bing.com/bingbot.htm) Chrome/116.0.1938.76 Safari/537.36" "-"
52.167.144.196 - - [23/Dec/2024:14:06:16 +0900] "GET /nayfx/d2939896.html HTTP/2.0" 404 172 "-" "Mozilla/5.0 AppleWebKit/537.36 (KHTML, like Gecko; compatible; bingbot/2.0; +http://www.bing.com/bingbot.htm) Chrome/116.0.1938.76 Safari/537.36" "-"
207.46.13.7 - - [23/Dec/2024:14:06:20 +0900] "GET /ymkmh/k2526607.html HTTP/2.0" 404 172 "-" "Mozilla/5.0 AppleWebKit/537.36 (KHTML, like Gecko; compatible; bingbot/2.0; +http://www.bing.com/bingbot.htm) Chrome/116.0.1938.76 Safari/537.36" "-"
52.167.144.199 - - [23/Dec/2024:14:07:02 +0900] "GET /vbizk/x2032984.html HTTP/2.0" 404 172 "-" "Mozilla/5.0 AppleWebKit/537.36 (KHTML, like Gecko; compatible; bingbot/2.0; +http://www.bing.com/bingbot.htm) Chrome/116.0.1938.76 Safari/537.36" "-"
52.167.144.199 - - [23/Dec/2024:14:07:03 +0900] "GET /cqjeb/v2931438.html HTTP/2.0" 404 172 "-" "Mozilla/5.0 AppleWebKit/537.36 (KHTML, like Gecko; compatible; bingbot/2.0; +http://www.bing.com/bingbot.htm) Chrome/116.0.1938.76 Safari/537.36" "-"
52.167.144.199 - - [23/Dec/2024:14:07:22 +0900] "GET /jddcv/f1951742.html HTTP/2.0" 404 172 "-" "Mozilla/5.0 AppleWebKit/537.36 (KHTML, like Gecko; compatible; bingbot/2.0; +http://www.bing.com/bingbot.htm) Chrome/116.0.1938.76 Safari/537.36" "-"
52.167.144.199 - - [23/Dec/2024:14:07:23 +0900] "GET /cqjeb/v2931438.html HTTP/2.0" 404 172 "-" "Mozilla/5.0 AppleWebKit/537.36 (KHTML, like Gecko; compatible; bingbot/2.0; +http://www.bing.com/bingbot.htm) Chrome/116.0.1938.76 Safari/537.36" "-"
52.167.144.199 - - [23/Dec/2024:14:07:43 +0900] "GET /jddcv/f1951742.html HTTP/2.0" 404 172 "-" "Mozilla/5.0 AppleWebKit/537.36 (KHTML, like Gecko; compatible; bingbot/2.0; +http://www.bing.com/bingbot.htm) Chrome/116.0.1938.76 Safari/537.36" "-"
40.77.167.15 - - [23/Dec/2024:14:07:46 +0900] "GET /lmchx/j1550800.html HTTP/2.0" 404 172 "-" "Mozilla/5.0 AppleWebKit/537.36 (KHTML, like Gecko; compatible; bingbot/2.0; +http://www.bing.com/bingbot.htm) Chrome/116.0.1938.76 Safari/537.36" "-"
40.77.167.15 - - [23/Dec/2024:14:07:47 +0900] "GET /fvuhr/x1601670.html HTTP/2.0" 404 172 "-" "Mozilla/5.0 AppleWebKit/537.36 (KHTML, like Gecko; compatible; bingbot/2.0; +http://www.bing.com/bingbot.htm) Chrome/116.0.1938.76 Safari/537.36" "-"
207.46.13.130 - - [23/Dec/2024:14:08:20 +0900] "GET /yrvlg/e2179137.html HTTP/2.0" 404 172 "-" "Mozilla/5.0 AppleWebKit/537.36 (KHTML, like Gecko; compatible; bingbot/2.0; +http://www.bing.com/bingbot.htm) Chrome/116.0.1938.76 Safari/537.36" "-"
207.46.13.130 - - [23/Dec/2024:14:08:51 +0900] "GET /jakhm/u2572689.html HTTP/2.0" 404 172 "-" "Mozilla/5.0 AppleWebKit/537.36 (KHTML, like Gecko; compatible; bingbot/2.0; +http://www.bing.com/bingbot.htm) Chrome/116.0.1938.76 Safari/537.36" "-"
207.46.13.130 - - [23/Dec/2024:14:08:51 +0900] "GET /yrvlg/e2179137.html HTTP/2.0" 404 172 "-" "Mozilla/5.0 AppleWebKit/537.36 (KHTML, like Gecko; compatible; bingbot/2.0; +http://www.bing.com/bingbot.htm) Chrome/116.0.1938.76 Safari/537.36" "-"
185.191.171.5 - - [23/Dec/2024:14:08:58 +0900] "GET /4150/ HTTP/1.1" 404 183 "-" "Mozilla/5.0 (compatible; SemrushBot/7~bl; +http://www.semrush.com/bot.html)" "-"
207.46.13.7 - - [23/Dec/2024:14:09:11 +0900] "GET /pkciq/h1624742.html HTTP/2.0" 404 172 "-" "Mozilla/5.0 AppleWebKit/537.36 (KHTML, like Gecko; compatible; bingbot/2.0; +http://www.bing.com/bingbot.htm) Chrome/116.0.1938.76 Safari/537.36" "-"
207.46.13.130 - - [23/Dec/2024:14:09:20 +0900] "GET /jakhm/u2572689.html HTTP/2.0" 404 172 "-" "Mozilla/5.0 AppleWebKit/537.36 (KHTML, like Gecko; compatible; bingbot/2.0; +http://www.bing.com/bingbot.htm) Chrome/116.0.1938.76 Safari/537.36" "-"
40.77.167.5 - - [23/Dec/2024:14:09:43 +0900] "GET /hlehk/e545323.html HTTP/2.0" 404 172 "-" "Mozilla/5.0 AppleWebKit/537.36 (KHTML, like Gecko; compatible; bingbot/2.0; +http://www.bing.com/bingbot.htm) Chrome/116.0.1938.76 Safari/537.36" "-"
40.77.167.5 - - [23/Dec/2024:14:09:52 +0900] "GET /lrgzx/m811701.html HTTP/2.0" 404 172 "-" "Mozilla/5.0 AppleWebKit/537.36 (KHTML, like Gecko; compatible; bingbot/2.0; +http://www.bing.com/bingbot.htm) Chrome/116.0.1938.76 Safari/537.36" "-"
40.77.167.15 - - [23/Dec/2024:14:09:57 +0900] "GET /category/BwRTBgI HTTP/2.0" 404 172 "-" "Mozilla/5.0 AppleWebKit/537.36 (KHTML, like Gecko; compatible; bingbot/2.0; +http://www.bing.com/bingbot.htm) Chrome/116.0.1938.76 Safari/537.36" "-"
40.77.167.5 - - [23/Dec/2024:14:10:12 +0900] "GET /hlehk/e545323.html HTTP/2.0" 404 172 "-" "Mozilla/5.0 AppleWebKit/537.36 (KHTML, like Gecko; compatible; bingbot/2.0; +http://www.bing.com/bingbot.htm) Chrome/116.0.1938.76 Safari/537.36" "-"
40.77.167.5 - - [23/Dec/2024:14:10:13 +0900] "GET /lrgzx/m811701.html HTTP/2.0" 404 172 "-" "Mozilla/5.0 AppleWebKit/537.36 (KHTML, like Gecko; compatible; bingbot/2.0; +http://www.bing.com/bingbot.htm) Chrome/116.0.1938.76 Safari/537.36" "-"
207.46.13.7 - - [23/Dec/2024:14:10:21 +0900] "GET /qeaox/v341162.html HTTP/2.0" 404 172 "-" "Mozilla/5.0 AppleWebKit/537.36 (KHTML, like Gecko; compatible; bingbot/2.0; +http://www.bing.com/bingbot.htm) Chrome/116.0.1938.76 Safari/537.36" "-"
52.167.144.162 - - [23/Dec/2024:14:10:46 +0900] "GET /jycgl/v886174.html HTTP/2.0" 404 172 "-" "Mozilla/5.0 AppleWebKit/537.36 (KHTML, like Gecko; compatible; bingbot/2.0; +http://www.bing.com/bingbot.htm) Chrome/116.0.1938.76 Safari/537.36" "-"
210.136.52.122 - - [23/Dec/2024:14:11:22 +0900] "GET / HTTP/2.0" 403 175 "-" "Mozilla/5.0 (Windows NT 10.0; Win64; x64) AppleWebKit/537.36 (KHTML, like Gecko) Chrome/131.0.0.0 Safari/537.36" "-"
210.136.52.122 - - [23/Dec/2024:14:11:22 +0900] "GET /favicon.ico HTTP/2.0" 404 172 "https://re8-home.com/" "Mozilla/5.0 (Windows NT 10.0; Win64; x64) AppleWebKit/537.36 (KHTML, like Gecko) Chrome/131.0.0.0 Safari/537.36" "-"
183.180.141.123 - - [23/Dec/2024:14:11:50 +0900] "GET /service/index.php HTTP/2.0" 404 172 "https://re8-home.com/" "Mozilla/5.0 (Linux; Android 10; K) AppleWebKit/537.36 (KHTML, like Gecko) Chrome/131.0.0.0 Mobile Safari/537.36" "-"
183.180.141.123 - - [23/Dec/2024:14:11:50 +0900] "GET /favicon.ico HTTP/2.0" 404 172 "https://re8-home.com/service/index.php" "Mozilla/5.0 (Linux; Android 10; K) AppleWebKit/537.36 (KHTML, like Gecko) Chrome/131.0.0.0 Mobile Safari/537.36" "-"
183.180.141.123 - - [23/Dec/2024:14:11:57 +0900] "GET /category/cover/ HTTP/2.0" 404 172 "https://re8-home.com/" "Mozilla/5.0 (Linux; Android 10; K) AppleWebKit/537.36 (KHTML, like Gecko) Chrome/131.0.0.0 Mobile Safari/537.36" "-"
74.125.212.193 - - [23/Dec/2024:14:12:00 +0900] "GET /category/cover/ HTTP/1.1" 404 183 "-" "Mozilla/5.0 (Linux; Android 7.0; SM-G930V Build/NRD90M) AppleWebKit/537.36 (KHTML, like Gecko) Chrome/59.0.3071.125 Mobile Safari/537.36 (compatible; Google-Read-Aloud; +https://support.google.com/webmasters/answer/1061943)" "-"
74.125.212.194 - - [23/Dec/2024:14:12:00 +0900] "GET /category/cover/ HTTP/1.1" 404 183 "-" "Mozilla/5.0 (Linux; Android 7.0; SM-G930V Build/NRD90M) AppleWebKit/537.36 (KHTML, like Gecko) Chrome/59.0.3071.125 Mobile Safari/537.36 (compatible; Google-Read-Aloud; +https://support.google.com/webmasters/answer/1061943)" "-"
15.235.15.135 - - [23/Dec/2024:14:12:00 +0900] "GET / HTTP/1.1" 403 199 "-" "-" "-"
40.77.167.15 - - [23/Dec/2024:14:12:06 +0900] "GET /mjdqw/h784552.html HTTP/2.0" 404 172 "-" "Mozilla/5.0 AppleWebKit/537.36 (KHTML, like Gecko; compatible; bingbot/2.0; +http://www.bing.com/bingbot.htm) Chrome/116.0.1938.76 Safari/537.36" "-"
52.167.144.199 - - [23/Dec/2024:14:12:33 +0900] "GET /gcjsm/r389284.html HTTP/2.0" 404 172 "-" "Mozilla/5.0 AppleWebKit/537.36 (KHTML, like Gecko; compatible; bingbot/2.0; +http://www.bing.com/bingbot.htm) Chrome/116.0.1938.76 Safari/537.36" "-"
52.167.144.199 - - [23/Dec/2024:14:12:34 +0900] "GET /yhjty/d294500.html HTTP/2.0" 404 172 "-" "Mozilla/5.0 AppleWebKit/537.36 (KHTML, like Gecko; compatible; bingbot/2.0; +http://www.bing.com/bingbot.htm) Chrome/116.0.1938.76 Safari/537.36" "-"
40.77.167.15 - - [23/Dec/2024:14:12:36 +0900] "GET /xapgx/t744628.html HTTP/2.0" 404 172 "-" "Mozilla/5.0 AppleWebKit/537.36 (KHTML, like Gecko; compatible; bingbot/2.0; +http://www.bing.com/bingbot.htm) Chrome/116.0.1938.76 Safari/537.36" "-"
183.180.141.123 - - [23/Dec/2024:14:12:44 +0900] "GET /works/ HTTP/2.0" 404 172 "https://re8-home.com/" "Mozilla/5.0 (Linux; Android 10; K) AppleWebKit/537.36 (KHTML, like Gecko) Chrome/131.0.0.0 Mobile Safari/537.36" "-"
52.167.144.209 - - [23/Dec/2024:14:13:03 +0900] "GET /yhjty/d294500.html HTTP/2.0" 404 172 "-" "Mozilla/5.0 AppleWebKit/537.36 (KHTML, like Gecko; compatible; bingbot/2.0; +http://www.bing.com/bingbot.htm) Chrome/116.0.1938.76 Safari/537.36" "-"
52.167.144.209 - - [23/Dec/2024:14:13:03 +0900] "GET /gcjsm/r389284.html HTTP/2.0" 404 172 "-" "Mozilla/5.0 AppleWebKit/537.36 (KHTML, like Gecko; compatible; bingbot/2.0; +http://www.bing.com/bingbot.htm) Chrome/116.0.1938.76 Safari/537.36" "-"
207.46.13.130 - - [23/Dec/2024:14:13:21 +0900] "GET /zqlvw/y1524269.html HTTP/2.0" 404 172 "-" "Mozilla/5.0 AppleWebKit/537.36 (KHTML, like Gecko; compatible; bingbot/2.0; +http://www.bing.com/bingbot.htm) Chrome/116.0.1938.76 Safari/537.36" "-"
207.46.13.7 - - [23/Dec/2024:14:13:51 +0900] "GET /fedby/c1393987.html HTTP/2.0" 404 172 "-" "Mozilla/5.0 AppleWebKit/537.36 (KHTML, like Gecko; compatible; bingbot/2.0; +http://www.bing.com/bingbot.htm) Chrome/116.0.1938.76 Safari/537.36" "-"
52.167.144.162 - - [23/Dec/2024:14:14:06 +0900] "GET /jycgl/v886174.html HTTP/2.0" 404 172 "-" "Mozilla/5.0 AppleWebKit/537.36 (KHTML, like Gecko; compatible; bingbot/2.0; +http://www.bing.com/bingbot.htm) Chrome/116.0.1938.76 Safari/537.36" "-"
52.167.144.162 - - [23/Dec/2024:14:14:06 +0900] "GET /urihm/v108176.html HTTP/2.0" 404 172 "-" "Mozilla/5.0 AppleWebKit/537.36 (KHTML, like Gecko; compatible; bingbot/2.0; +http://www.bing.com/bingbot.htm) Chrome/116.0.1938.76 Safari/537.36" "-"
40.77.167.5 - - [23/Dec/2024:14:14:23 +0900] "GET /vchto/a1961591.html HTTP/2.0" 404 172 "-" "Mozilla/5.0 AppleWebKit/537.36 (KHTML, like Gecko; compatible; bingbot/2.0; +http://www.bing.com/bingbot.htm) Chrome/116.0.1938.76 Safari/537.36" "-"
52.167.144.162 - - [23/Dec/2024:14:14:37 +0900] "GET /urihm/v108176.html HTTP/2.0" 404 172 "-" "Mozilla/5.0 AppleWebKit/537.36 (KHTML, like Gecko; compatible; bingbot/2.0; +http://www.bing.com/bingbot.htm) Chrome/116.0.1938.76 Safari/537.36" "-"
207.46.13.7 - - [23/Dec/2024:14:14:51 +0900] "GET /fnhbs/m516263.html HTTP/2.0" 404 172 "-" "Mozilla/5.0 AppleWebKit/537.36 (KHTML, like Gecko; compatible; bingbot/2.0; +http://www.bing.com/bingbot.htm) Chrome/116.0.1938.76 Safari/537.36" "-"
207.46.13.7 - - [23/Dec/2024:14:15:22 +0900] "GET /kddrq/p2521126.html HTTP/2.0" 404 172 "-" "Mozilla/5.0 AppleWebKit/537.36 (KHTML, like Gecko; compatible; bingbot/2.0; +http://www.bing.com/bingbot.htm) Chrome/116.0.1938.76 Safari/537.36" "-"
40.77.167.5 - - [23/Dec/2024:14:15:33 +0900] "GET /pyget/k2931817.html HTTP/2.0" 404 172 "-" "Mozilla/5.0 AppleWebKit/537.36 (KHTML, like Gecko; compatible; bingbot/2.0; +http://www.bing.com/bingbot.htm) Chrome/116.0.1938.76 Safari/537.36" "-"
52.167.144.209 - - [23/Dec/2024:14:15:33 +0900] "GET /dwkqq/k2771553.html HTTP/2.0" 404 172 "-" "Mozilla/5.0 AppleWebKit/537.36 (KHTML, like Gecko; compatible; bingbot/2.0; +http://www.bing.com/bingbot.htm) Chrome/116.0.1938.76 Safari/537.36" "-"
210.136.52.122 - - [23/Dec/2024:14:15:59 +0900] "GET / HTTP/2.0" 403 175 "-" "Mozilla/5.0 (Windows NT 10.0; Win64; x64) AppleWebKit/537.36 (KHTML, like Gecko) Chrome/131.0.0.0 Safari/537.36" "-"
210.136.52.122 - - [23/Dec/2024:14:15:59 +0900] "GET /favicon.ico HTTP/2.0" 404 172 "https://re8-home.com/" "Mozilla/5.0 (Windows NT 10.0; Win64; x64) AppleWebKit/537.36 (KHTML, like Gecko) Chrome/131.0.0.0 Safari/537.36" "-"
52.167.144.209 - - [23/Dec/2024:14:16:33 +0900] "GET /dwkqq/k2771553.html HTTP/2.0" 404 172 "-" "Mozilla/5.0 AppleWebKit/537.36 (KHTML, like Gecko; compatible; bingbot/2.0; +http://www.bing.com/bingbot.htm) Chrome/116.0.1938.76 Safari/537.36" "-"
52.167.144.209 - - [23/Dec/2024:14:16:34 +0900] "GET /csbje/u2113555.html HTTP/2.0" 404 172 "-" "Mozilla/5.0 AppleWebKit/537.36 (KHTML, like Gecko; compatible; bingbot/2.0; +http://www.bing.com/bingbot.htm) Chrome/116.0.1938.76 Safari/537.36" "-"
207.46.13.157 - - [23/Dec/2024:14:16:51 +0900] "GET /zqlvw/y1524269.html HTTP/2.0" 404 172 "-" "Mozilla/5.0 AppleWebKit/537.36 (KHTML, like Gecko; compatible; bingbot/2.0; +http://www.bing.com/bingbot.htm) Chrome/116.0.1938.76 Safari/537.36" "-"
207.46.13.157 - - [23/Dec/2024:14:16:54 +0900] "GET /eitgl/e710423.html HTTP/2.0" 404 172 "-" "Mozilla/5.0 AppleWebKit/537.36 (KHTML, like Gecko; compatible; bingbot/2.0; +http://www.bing.com/bingbot.htm) Chrome/116.0.1938.76 Safari/537.36" "-"
210.136.52.122 - - [23/Dec/2024:14:17:00 +0900] "GET / HTTP/2.0" 403 175 "-" "Mozilla/5.0 (Windows NT 10.0; Win64; x64) AppleWebKit/537.36 (KHTML, like Gecko) Chrome/131.0.0.0 Safari/537.36" "-"
210.136.52.122 - - [23/Dec/2024:14:17:00 +0900] "GET /favicon.ico HTTP/2.0" 404 172 "https://re8-home.com/" "Mozilla/5.0 (Windows NT 10.0; Win64; x64) AppleWebKit/537.36 (KHTML, like Gecko) Chrome/131.0.0.0 Safari/537.36" "-"
207.46.13.130 - - [23/Dec/2024:14:17:01 +0900] "GET /category/BARRAgIZ HTTP/2.0" 404 172 "-" "Mozilla/5.0 AppleWebKit/537.36 (KHTML, like Gecko; compatible; bingbot/2.0; +http://www.bing.com/bingbot.htm) Chrome/116.0.1938.76 Safari/537.36" "-"
52.167.144.209 - - [23/Dec/2024:14:17:03 +0900] "GET /csbje/u2113555.html HTTP/2.0" 404 172 "-" "Mozilla/5.0 AppleWebKit/537.36 (KHTML, like Gecko; compatible; bingbot/2.0; +http://www.bing.com/bingbot.htm) Chrome/116.0.1938.76 Safari/537.36" "-"
52.167.144.209 - - [23/Dec/2024:14:17:05 +0900] "GET /safht/x2210928.html HTTP/2.0" 404 172 "-" "Mozilla/5.0 AppleWebKit/537.36 (KHTML, like Gecko; compatible; bingbot/2.0; +http://www.bing.com/bingbot.htm) Chrome/116.0.1938.76 Safari/537.36" "-"
185.191.171.8 - - [23/Dec/2024:14:17:06 +0900] "GET /4019/ HTTP/1.1" 404 183 "-" "Mozilla/5.0 (compatible; SemrushBot/7~bl; +http://www.semrush.com/bot.html)" "-"
207.46.13.157 - - [23/Dec/2024:14:17:22 +0900] "GET /eitgl/e710423.html HTTP/2.0" 404 172 "-" "Mozilla/5.0 AppleWebKit/537.36 (KHTML, like Gecko; compatible; bingbot/2.0; +http://www.bing.com/bingbot.htm) Chrome/116.0.1938.76 Safari/537.36" "-"
52.167.144.209 - - [23/Dec/2024:14:17:33 +0900] "GET /safht/x2210928.html HTTP/2.0" 404 172 "-" "Mozilla/5.0 AppleWebKit/537.36 (KHTML, like Gecko; compatible; bingbot/2.0; +http://www.bing.com/bingbot.htm) Chrome/116.0.1938.76 Safari/537.36" "-"
207.46.13.130 - - [23/Dec/2024:14:17:54 +0900] "GET /sydzk/e1471053.html HTTP/2.0" 404 172 "-" "Mozilla/5.0 AppleWebKit/537.36 (KHTML, like Gecko; compatible; bingbot/2.0; +http://www.bing.com/bingbot.htm) Chrome/116.0.1938.76 Safari/537.36" "-"
210.136.52.122 - - [23/Dec/2024:14:18:15 +0900] "GET / HTTP/2.0" 403 175 "-" "Mozilla/5.0 (Windows NT 10.0; Win64; x64) AppleWebKit/537.36 (KHTML, like Gecko) Chrome/131.0.0.0 Safari/537.36" "-"
207.46.13.157 - - [23/Dec/2024:14:18:32 +0900] "GET /xkjpp/q2727463.html HTTP/2.0" 404 172 "-" "Mozilla/5.0 AppleWebKit/537.36 (KHTML, like Gecko; compatible; bingbot/2.0; +http://www.bing.com/bingbot.htm) Chrome/116.0.1938.76 Safari/537.36" "-"
52.167.144.209 - - [23/Dec/2024:14:18:36 +0900] "GET /knzlq/d65284.html HTTP/2.0" 404 172 "-" "Mozilla/5.0 AppleWebKit/537.36 (KHTML, like Gecko; compatible; bingbot/2.0; +http://www.bing.com/bingbot.htm) Chrome/116.0.1938.76 Safari/537.36" "-"
52.167.144.171 - - [23/Dec/2024:14:18:46 +0900] "GET /cazag/m1077811.html HTTP/2.0" 404 172 "-" "Mozilla/5.0 AppleWebKit/537.36 (KHTML, like Gecko; compatible; bingbot/2.0; +http://www.bing.com/bingbot.htm) Chrome/116.0.1938.76 Safari/537.36" "-"
207.46.13.157 - - [23/Dec/2024:14:19:01 +0900] "GET /xkjpp/q2727463.html HTTP/2.0" 404 172 "-" "Mozilla/5.0 AppleWebKit/537.36 (KHTML, like Gecko; compatible; bingbot/2.0; +http://www.bing.com/bingbot.htm) Chrome/116.0.1938.76 Safari/537.36" "-"
52.167.144.209 - - [23/Dec/2024:14:19:06 +0900] "GET /knzlq/d65284.html HTTP/2.0" 404 172 "-" "Mozilla/5.0 AppleWebKit/537.36 (KHTML, like Gecko; compatible; bingbot/2.0; +http://www.bing.com/bingbot.htm) Chrome/116.0.1938.76 Safari/537.36" "-"
52.167.144.171 - - [23/Dec/2024:14:19:11 +0900] "GET /cazag/m1077811.html HTTP/2.0" 404 172 "-" "Mozilla/5.0 AppleWebKit/537.36 (KHTML, like Gecko; compatible; bingbot/2.0; +http://www.bing.com/bingbot.htm) Chrome/116.0.1938.76 Safari/537.36" "-"
207.46.13.157 - - [23/Dec/2024:14:20:42 +0900] "GET /wcodl/p1133974.html HTTP/2.0" 404 172 "-" "Mozilla/5.0 AppleWebKit/537.36 (KHTML, like Gecko; compatible; bingbot/2.0; +http://www.bing.com/bingbot.htm) Chrome/116.0.1938.76 Safari/537.36" "-"
207.46.13.157 - - [23/Dec/2024:14:20:42 +0900] "GET /qyywc/t2904864.html HTTP/2.0" 404 172 "-" "Mozilla/5.0 AppleWebKit/537.36 (KHTML, like Gecko; compatible; bingbot/2.0; +http://www.bing.com/bingbot.htm) Chrome/116.0.1938.76 Safari/537.36" "-"
207.46.13.157 - - [23/Dec/2024:14:21:12 +0900] "GET /wcodl/p1133974.html HTTP/2.0" 404 172 "-" "Mozilla/5.0 AppleWebKit/537.36 (KHTML, like Gecko; compatible; bingbot/2.0; +http://www.bing.com/bingbot.htm) Chrome/116.0.1938.76 Safari/537.36" "-"
207.46.13.130 - - [23/Dec/2024:14:21:12 +0900] "GET /pdzry/z892938.html HTTP/2.0" 404 172 "-" "Mozilla/5.0 AppleWebKit/537.36 (KHTML, like Gecko; compatible; bingbot/2.0; +http://www.bing.com/bingbot.htm) Chrome/116.0.1938.76 Safari/537.36" "-"
207.46.13.157 - - [23/Dec/2024:14:21:13 +0900] "GET /qyywc/t2904864.html HTTP/2.0" 404 172 "-" "Mozilla/5.0 AppleWebKit/537.36 (KHTML, like Gecko; compatible; bingbot/2.0; +http://www.bing.com/bingbot.htm) Chrome/116.0.1938.76 Safari/537.36" "-"
52.167.144.23 - - [23/Dec/2024:14:21:17 +0900] "GET /csmnf/g845339.html HTTP/2.0" 404 172 "-" "Mozilla/5.0 AppleWebKit/537.36 (KHTML, like Gecko; compatible; bingbot/2.0; +http://www.bing.com/bingbot.htm) Chrome/116.0.1938.76 Safari/537.36" "-"
207.46.13.157 - - [23/Dec/2024:14:21:42 +0900] "GET /zncnh/n2836322.html HTTP/2.0" 404 172 "-" "Mozilla/5.0 AppleWebKit/537.36 (KHTML, like Gecko; compatible; bingbot/2.0; +http://www.bing.com/bingbot.htm) Chrome/116.0.1938.76 Safari/537.36" "-"
207.46.13.157 - - [23/Dec/2024:14:21:42 +0900] "GET /obach/d75528.html HTTP/2.0" 404 172 "-" "Mozilla/5.0 AppleWebKit/537.36 (KHTML, like Gecko; compatible; bingbot/2.0; +http://www.bing.com/bingbot.htm) Chrome/116.0.1938.76 Safari/537.36" "-"
52.167.144.171 - - [23/Dec/2024:14:21:57 +0900] "GET /cazqt/r62698.html HTTP/2.0" 404 172 "-" "Mozilla/5.0 AppleWebKit/537.36 (KHTML, like Gecko; compatible; bingbot/2.0; +http://www.bing.com/bingbot.htm) Chrome/116.0.1938.76 Safari/537.36" "-"
207.46.13.130 - - [23/Dec/2024:14:22:02 +0900] "GET /jgqsb/z234176.html HTTP/2.0" 404 172 "-" "Mozilla/5.0 AppleWebKit/537.36 (KHTML, like Gecko; compatible; bingbot/2.0; +http://www.bing.com/bingbot.htm) Chrome/116.0.1938.76 Safari/537.36" "-"
207.46.13.157 - - [23/Dec/2024:14:22:12 +0900] "GET /zncnh/n2836322.html HTTP/2.0" 404 172 "-" "Mozilla/5.0 AppleWebKit/537.36 (KHTML, like Gecko; compatible; bingbot/2.0; +http://www.bing.com/bingbot.htm) Chrome/116.0.1938.76 Safari/537.36" "-"
207.46.13.157 - - [23/Dec/2024:14:22:12 +0900] "GET /obach/d75528.html HTTP/2.0" 404 172 "-" "Mozilla/5.0 AppleWebKit/537.36 (KHTML, like Gecko; compatible; bingbot/2.0; +http://www.bing.com/bingbot.htm) Chrome/116.0.1938.76 Safari/537.36" "-"
207.46.13.157 - - [23/Dec/2024:14:22:14 +0900] "GET /jtwsz/o1558137.html HTTP/2.0" 404 172 "-" "Mozilla/5.0 AppleWebKit/537.36 (KHTML, like Gecko; compatible; bingbot/2.0; +http://www.bing.com/bingbot.htm) Chrome/116.0.1938.76 Safari/537.36" "-"
52.167.144.209 - - [23/Dec/2024:14:22:23 +0900] "GET /kbzjr/h2298506.html HTTP/2.0" 404 172 "-" "Mozilla/5.0 AppleWebKit/537.36 (KHTML, like Gecko; compatible; bingbot/2.0; +http://www.bing.com/bingbot.htm) Chrome/116.0.1938.76 Safari/537.36" "-"
52.167.144.209 - - [23/Dec/2024:14:22:24 +0900] "GET /tertu/b2879912.html HTTP/2.0" 404 172 "-" "Mozilla/5.0 AppleWebKit/537.36 (KHTML, like Gecko; compatible; bingbot/2.0; +http://www.bing.com/bingbot.htm) Chrome/116.0.1938.76 Safari/537.36" "-"
52.167.144.171 - - [23/Dec/2024:14:22:27 +0900] "GET /cazqt/r62698.html HTTP/2.0" 404 172 "-" "Mozilla/5.0 AppleWebKit/537.36 (KHTML, like Gecko; compatible; bingbot/2.0; +http://www.bing.com/bingbot.htm) Chrome/116.0.1938.76 Safari/537.36" "-"
207.46.13.157 - - [23/Dec/2024:14:22:41 +0900] "GET /jtwsz/o1558137.html HTTP/2.0" 404 172 "-" "Mozilla/5.0 AppleWebKit/537.36 (KHTML, like Gecko; compatible; bingbot/2.0; +http://www.bing.com/bingbot.htm) Chrome/116.0.1938.76 Safari/537.36" "-"
52.167.144.209 - - [23/Dec/2024:14:22:46 +0900] "GET /kbzjr/h2298506.html HTTP/2.0" 404 172 "-" "Mozilla/5.0 AppleWebKit/537.36 (KHTML, like Gecko; compatible; bingbot/2.0; +http://www.bing.com/bingbot.htm) Chrome/116.0.1938.76 Safari/537.36" "-"
52.167.144.209 - - [23/Dec/2024:14:22:47 +0900] "GET /nkayn/v2481404.html HTTP/2.0" 404 172 "-" "Mozilla/5.0 AppleWebKit/537.36 (KHTML, like Gecko; compatible; bingbot/2.0; +http://www.bing.com/bingbot.htm) Chrome/116.0.1938.76 Safari/537.36" "-"
52.167.144.209 - - [23/Dec/2024:14:22:47 +0900] "GET /tertu/b2879912.html HTTP/2.0" 404 172 "-" "Mozilla/5.0 AppleWebKit/537.36 (KHTML, like Gecko; compatible; bingbot/2.0; +http://www.bing.com/bingbot.htm) Chrome/116.0.1938.76 Safari/537.36" "-"
52.167.144.209 - - [23/Dec/2024:14:22:48 +0900] "GET /kjxwo/h125764.html HTTP/2.0" 404 172 "-" "Mozilla/5.0 AppleWebKit/537.36 (KHTML, like Gecko; compatible; bingbot/2.0; +http://www.bing.com/bingbot.htm) Chrome/116.0.1938.76 Safari/537.36" "-"
207.46.13.157 - - [23/Dec/2024:14:22:51 +0900] "GET /ffgzi/w2254867.html HTTP/2.0" 404 172 "-" "Mozilla/5.0 AppleWebKit/537.36 (KHTML, like Gecko; compatible; bingbot/2.0; +http://www.bing.com/bingbot.htm) Chrome/116.0.1938.76 Safari/537.36" "-"
52.167.144.209 - - [23/Dec/2024:14:23:14 +0900] "GET /nkayn/v2481404.html HTTP/2.0" 404 172 "-" "Mozilla/5.0 AppleWebKit/537.36 (KHTML, like Gecko; compatible; bingbot/2.0; +http://www.bing.com/bingbot.htm) Chrome/116.0.1938.76 Safari/537.36" "-"
52.167.144.209 - - [23/Dec/2024:14:23:15 +0900] "GET /kjxwo/h125764.html HTTP/2.0" 404 172 "-" "Mozilla/5.0 AppleWebKit/537.36 (KHTML, like Gecko; compatible; bingbot/2.0; +http://www.bing.com/bingbot.htm) Chrome/116.0.1938.76 Safari/537.36" "-"
52.167.144.171 - - [23/Dec/2024:14:23:19 +0900] "GET /nmbnk/b177836.html HTTP/2.0" 404 172 "-" "Mozilla/5.0 AppleWebKit/537.36 (KHTML, like Gecko; compatible; bingbot/2.0; +http://www.bing.com/bingbot.htm) Chrome/116.0.1938.76 Safari/537.36" "-"
185.191.171.11 - - [23/Dec/2024:14:23:44 +0900] "GET /column/column-1555/ HTTP/1.1" 404 183 "-" "Mozilla/5.0 (compatible; SemrushBot/7~bl; +http://www.semrush.com/bot.html)" "-"
52.167.144.171 - - [23/Dec/2024:14:23:47 +0900] "GET /nmbnk/b177836.html HTTP/2.0" 404 172 "-" "Mozilla/5.0 AppleWebKit/537.36 (KHTML, like Gecko; compatible; bingbot/2.0; +http://www.bing.com/bingbot.htm) Chrome/116.0.1938.76 Safari/537.36" "-"
207.46.13.157 - - [23/Dec/2024:14:24:12 +0900] "GET /ffgzi/w2254867.html HTTP/2.0" 404 172 "-" "Mozilla/5.0 AppleWebKit/537.36 (KHTML, like Gecko; compatible; bingbot/2.0; +http://www.bing.com/bingbot.htm) Chrome/116.0.1938.76 Safari/537.36" "-"
207.46.13.157 - - [23/Dec/2024:14:24:13 +0900] "GET /wuody/z1609706.html HTTP/2.0" 404 172 "-" "Mozilla/5.0 AppleWebKit/537.36 (KHTML, like Gecko; compatible; bingbot/2.0; +http://www.bing.com/bingbot.htm) Chrome/116.0.1938.76 Safari/537.36" "-"
40.77.167.65 - - [23/Dec/2024:14:24:24 +0900] "GET /wyipp/w1059101.html HTTP/2.0" 404 172 "-" "Mozilla/5.0 AppleWebKit/537.36 (KHTML, like Gecko; compatible; bingbot/2.0; +http://www.bing.com/bingbot.htm) Chrome/116.0.1938.76 Safari/537.36" "-"
52.167.144.171 - - [23/Dec/2024:14:24:28 +0900] "GET /rrjkr/h2694616.html HTTP/2.0" 404 172 "-" "Mozilla/5.0 AppleWebKit/537.36 (KHTML, like Gecko; compatible; bingbot/2.0; +http://www.bing.com/bingbot.htm) Chrome/116.0.1938.76 Safari/537.36" "-"
207.46.13.157 - - [23/Dec/2024:14:24:42 +0900] "GET /rqjke/l140406.html HTTP/2.0" 404 172 "-" "Mozilla/5.0 AppleWebKit/537.36 (KHTML, like Gecko; compatible; bingbot/2.0; +http://www.bing.com/bingbot.htm) Chrome/116.0.1938.76 Safari/537.36" "-"
207.46.13.157 - - [23/Dec/2024:14:24:43 +0900] "GET /wuody/z1609706.html HTTP/2.0" 404 172 "-" "Mozilla/5.0 AppleWebKit/537.36 (KHTML, like Gecko; compatible; bingbot/2.0; +http://www.bing.com/bingbot.htm) Chrome/116.0.1938.76 Safari/537.36" "-"
207.46.13.157 - - [23/Dec/2024:14:24:43 +0900] "GET /yqcgc/y513649.html HTTP/2.0" 404 172 "-" "Mozilla/5.0 AppleWebKit/537.36 (KHTML, like Gecko; compatible; bingbot/2.0; +http://www.bing.com/bingbot.htm) Chrome/116.0.1938.76 Safari/537.36" "-"
40.77.167.65 - - [23/Dec/2024:14:24:54 +0900] "GET /wyipp/w1059101.html HTTP/2.0" 404 172 "-" "Mozilla/5.0 AppleWebKit/537.36 (KHTML, like Gecko; compatible; bingbot/2.0; +http://www.bing.com/bingbot.htm) Chrome/116.0.1938.76 Safari/537.36" "-"
52.167.144.171 - - [23/Dec/2024:14:24:59 +0900] "GET /rrjkr/h2694616.html HTTP/2.0" 404 172 "-" "Mozilla/5.0 AppleWebKit/537.36 (KHTML, like Gecko; compatible; bingbot/2.0; +http://www.bing.com/bingbot.htm) Chrome/116.0.1938.76 Safari/537.36" "-"
207.46.13.157 - - [23/Dec/2024:14:25:03 +0900] "GET /zphjy/d1599804.html HTTP/2.0" 404 172 "-" "Mozilla/5.0 AppleWebKit/537.36 (KHTML, like Gecko; compatible; bingbot/2.0; +http://www.bing.com/bingbot.htm) Chrome/116.0.1938.76 Safari/537.36" "-"
207.46.13.157 - - [23/Dec/2024:14:25:03 +0900] "GET /rqjke/l140406.html HTTP/2.0" 404 172 "-" "Mozilla/5.0 AppleWebKit/537.36 (KHTML, like Gecko; compatible; bingbot/2.0; +http://www.bing.com/bingbot.htm) Chrome/116.0.1938.76 Safari/537.36" "-"
207.46.13.157 - - [23/Dec/2024:14:25:04 +0900] "GET /yqcgc/y513649.html HTTP/2.0" 404 172 "-" "Mozilla/5.0 AppleWebKit/537.36 (KHTML, like Gecko; compatible; bingbot/2.0; +http://www.bing.com/bingbot.htm) Chrome/116.0.1938.76 Safari/537.36" "-"
62.182.81.27 - - [23/Dec/2024:14:25:16 +0900] "GET //index.php?params HTTP/1.1" 301 162 "-" "Mozilla/5.0 (compatible; Googlebot/2.1; +http://www.google.com/bot.html)" "-"
62.182.81.27 - - [23/Dec/2024:14:25:17 +0900] "GET //index.php?params HTTP/1.1" 404 196 "-" "Mozilla/5.0 (compatible; Googlebot/2.1; +http://www.google.com/bot.html)" "-"
62.182.81.27 - - [23/Dec/2024:14:25:18 +0900] "GET /19a35df9/about.php?ac=p&api=&path=&t=37e1403701d4eedb529ce4179866ff73 HTTP/1.1" 301 162 "-" "Mozilla/5.0 (Windows NT 10.0; Win64; x64) AppleWebKit/537.36 (KHTML, like Gecko) Chrome/113.0.0.0 Safari/537.36" "-"
62.182.81.27 - - [23/Dec/2024:14:25:19 +0900] "GET /19a35df9/about.php?ac=p&api=&path=&t=37e1403701d4eedb529ce4179866ff73 HTTP/1.1" 200 58 "-" "Mozilla/5.0 (Windows NT 10.0; Win64; x64) AppleWebKit/537.36 (KHTML, like Gecko) Chrome/113.0.0.0 Safari/537.36" "-"
62.182.81.27 - - [23/Dec/2024:14:25:19 +0900] "GET /19a35df9/about.php?ac=kill&api=&path=&t=37e1403701d4eedb529ce4179866ff73 HTTP/1.1" 301 162 "-" "Mozilla/5.0 (Windows NT 10.0; Win64; x64) AppleWebKit/537.36 (KHTML, like Gecko) Chrome/113.0.0.0 Safari/537.36" "-"
62.182.81.27 - - [23/Dec/2024:14:25:20 +0900] "GET /19a35df9/about.php?ac=kill&api=&path=&t=37e1403701d4eedb529ce4179866ff73 HTTP/1.1" 503 299 "-" "Mozilla/5.0 (Windows NT 10.0; Win64; x64) AppleWebKit/537.36 (KHTML, like Gecko) Chrome/113.0.0.0 Safari/537.36" "-"
62.182.81.27 - - [23/Dec/2024:14:25:21 +0900] "GET /19a35df9/about.php?ac=unlink&api=&path=/home/r6536736/public_html/re8-home.com/.htaccess&t=37e1403701d4eedb529ce4179866ff73 HTTP/1.1" 301 162 "-" "Mozilla/5.0 (Windows NT 10.0; Win64; x64) AppleWebKit/537.36 (KHTML, like Gecko) Chrome/113.0.0.0 Safari/537.36" "-"
207.46.13.130 - - [23/Dec/2024:14:25:22 +0900] "GET /fscis/l1930038.html HTTP/2.0" 404 172 "-" "Mozilla/5.0 AppleWebKit/537.36 (KHTML, like Gecko; compatible; bingbot/2.0; +http://www.bing.com/bingbot.htm) Chrome/116.0.1938.76 Safari/537.36" "-"
62.182.81.27 - - [23/Dec/2024:14:25:23 +0900] "GET /19a35df9/about.php?ac=unlink&api=&path=/home/r6536736/public_html/re8-home.com/.htaccess&t=37e1403701d4eedb529ce4179866ff73 HTTP/1.1" 200 24 "-" "Mozilla/5.0 (Windows NT 10.0; Win64; x64) AppleWebKit/537.36 (KHTML, like Gecko) Chrome/113.0.0.0 Safari/537.36" "-"
62.182.81.27 - - [23/Dec/2024:14:25:24 +0900] "GET /19a35df9/about.php?ac=clear_index-code&api=&path=/home/r6536736/public_html/re8-home.com/index.php&t=37e1403701d4eedb529ce4179866ff73 HTTP/1.1" 301 162 "-" "Mozilla/5.0 (Windows NT 10.0; Win64; x64) AppleWebKit/537.36 (KHTML, like Gecko) Chrome/113.0.0.0 Safari/537.36" "-"
62.182.81.27 - - [23/Dec/2024:14:25:25 +0900] "GET /19a35df9/about.php?ac=clear_index-code&api=&path=/home/r6536736/public_html/re8-home.com/index.php&t=37e1403701d4eedb529ce4179866ff73 HTTP/1.1" 200 25 "-" "Mozilla/5.0 (Windows NT 10.0; Win64; x64) AppleWebKit/537.36 (KHTML, like Gecko) Chrome/113.0.0.0 Safari/537.36" "-"
62.182.81.27 - - [23/Dec/2024:14:25:25 +0900] "GET /19a35df9/about.php?ac=cl&api=&path=/home/r6536736/public_html/re8-home.com&t=37e1403701d4eedb529ce4179866ff73 HTTP/1.1" 301 162 "http://re8-home.com/19a35df9/about.php?ac=cl&api=&path=/home/r6536736/public_html/re8-home.com&t=37e1403701d4eedb529ce4179866ff73" "Mozilla/5.0 (Windows NT 10.0; Win64; x64) AppleWebKit/537.36 (KHTML, like Gecko) Chrome/113.0.0.0 Safari/537.36" "-"
40.77.167.42 - - [23/Dec/2024:14:25:26 +0900] "GET /epmdu/h1724166.html HTTP/2.0" 503 428 "-" "Mozilla/5.0 AppleWebKit/537.36 (KHTML, like Gecko; compatible; bingbot/2.0; +http://www.bing.com/bingbot.htm) Chrome/116.0.1938.76 Safari/537.36" "-"
40.77.167.42 - - [23/Dec/2024:14:25:28 +0900] "GET /sibdr/x1989200.html HTTP/2.0" 200 0 "-" "Mozilla/5.0 AppleWebKit/537.36 (KHTML, like Gecko; compatible; bingbot/2.0; +http://www.bing.com/bingbot.htm) Chrome/116.0.1938.76 Safari/537.36" "-"
62.182.81.27 - - [23/Dec/2024:14:25:28 +0900] "GET /19a35df9/about.php?ac=cl&api=&path=/home/r6536736/public_html/re8-home.com&t=37e1403701d4eedb529ce4179866ff73 HTTP/1.1" 503 299 "http://re8-home.com/19a35df9/about.php?ac=cl&api=&path=/home/r6536736/public_html/re8-home.com&t=37e1403701d4eedb529ce4179866ff73" "Mozilla/5.0 (Windows NT 10.0; Win64; x64) AppleWebKit/537.36 (KHTML, like Gecko) Chrome/113.0.0.0 Safari/537.36" "-"
62.182.81.27 - - [23/Dec/2024:14:25:29 +0900] "POST /19a35df9/about.php?520 HTTP/1.1" 301 162 "-" "Mozilla/5.0 (Windows NT 10.0; Win64; x64) AppleWebKit/537.36 (KHTML, like Gecko) Chrome/113.0.0.0 Safari/537.36" "-"
62.182.81.27 - - [23/Dec/2024:14:25:29 +0900] "GET /19a35df9/about.php?520 HTTP/1.1" 200 122 "-" "Mozilla/5.0 (Windows NT 10.0; Win64; x64) AppleWebKit/537.36 (KHTML, like Gecko) Chrome/113.0.0.0 Safari/537.36" "-"
207.46.13.157 - - [23/Dec/2024:14:25:32 +0900] "GET /zphjy/d1599804.html HTTP/2.0" 200 0 "-" "Mozilla/5.0 AppleWebKit/537.36 (KHTML, like Gecko; compatible; bingbot/2.0; +http://www.bing.com/bingbot.htm) Chrome/116.0.1938.76 Safari/537.36" "-"
52.167.144.23 - - [23/Dec/2024:14:25:38 +0900] "GET /tcsrz/j954048.html HTTP/2.0" 200 0 "-" "Mozilla/5.0 AppleWebKit/537.36 (KHTML, like Gecko; compatible; bingbot/2.0; +http://www.bing.com/bingbot.htm) Chrome/116.0.1938.76 Safari/537.36" "-"
52.167.144.171 - - [23/Dec/2024:14:25:38 +0900] "GET /dlmpv/f986388.html HTTP/2.0" 200 0 "-" "Mozilla/5.0 AppleWebKit/537.36 (KHTML, like Gecko; compatible; bingbot/2.0; +http://www.bing.com/bingbot.htm) Chrome/116.0.1938.76 Safari/537.36" "-"
207.46.13.130 - - [23/Dec/2024:14:25:42 +0900] "GET /xwnvh/m1400133.html HTTP/2.0" 200 0 "-" "Mozilla/5.0 AppleWebKit/537.36 (KHTML, like Gecko; compatible; bingbot/2.0; +http://www.bing.com/bingbot.htm) Chrome/116.0.1938.76 Safari/537.36" "-"
52.167.144.171 - - [23/Dec/2024:14:25:57 +0900] "GET /ewsxt/s1295151.html HTTP/2.0" 503 428 "-" "Mozilla/5.0 AppleWebKit/537.36 (KHTML, like Gecko; compatible; bingbot/2.0; +http://www.bing.com/bingbot.htm) Chrome/116.0.1938.76 Safari/537.36" "-"
52.167.144.171 - - [23/Dec/2024:14:25:57 +0900] "GET /ofmgm/c494439.html HTTP/2.0" 200 0 "-" "Mozilla/5.0 AppleWebKit/537.36 (KHTML, like Gecko; compatible; bingbot/2.0; +http://www.bing.com/bingbot.htm) Chrome/116.0.1938.76 Safari/537.36" "-"
207.46.13.157 - - [23/Dec/2024:14:26:42 +0900] "GET /ydxif/t1826566.html HTTP/2.0" 200 0 "-" "Mozilla/5.0 AppleWebKit/537.36 (KHTML, like Gecko; compatible; bingbot/2.0; +http://www.bing.com/bingbot.htm) Chrome/116.0.1938.76 Safari/537.36" "-"
40.77.167.65 - - [23/Dec/2024:14:26:55 +0900] "GET /sbipw/s3023319.html HTTP/2.0" 200 0 "-" "Mozilla/5.0 AppleWebKit/537.36 (KHTML, like Gecko; compatible; bingbot/2.0; +http://www.bing.com/bingbot.htm) Chrome/116.0.1938.76 Safari/537.36" "-"
40.77.167.65 - - [23/Dec/2024:14:26:55 +0900] "GET /bwbgk/f2905708.html HTTP/2.0" 200 0 "-" "Mozilla/5.0 AppleWebKit/537.36 (KHTML, like Gecko; compatible; bingbot/2.0; +http://www.bing.com/bingbot.htm) Chrome/116.0.1938.76 Safari/537.36" "-"
52.167.144.23 - - [23/Dec/2024:14:26:58 +0900] "GET /kjsip/j2158108.html HTTP/2.0" 200 0 "-" "Mozilla/5.0 AppleWebKit/537.36 (KHTML, like Gecko; compatible; bingbot/2.0; +http://www.bing.com/bingbot.htm) Chrome/116.0.1938.76 Safari/537.36" "-"
157.55.39.6 - - [23/Dec/2024:14:28:03 +0900] "GET /hdcyb/n2740382.html HTTP/2.0" 200 0 "-" "Mozilla/5.0 AppleWebKit/537.36 (KHTML, like Gecko; compatible; bingbot/2.0; +http://www.bing.com/bingbot.htm) Chrome/116.0.1938.76 Safari/537.36" "-"
40.77.167.42 - - [23/Dec/2024:14:28:04 +0900] "GET /eazow/o726683.html HTTP/2.0" 200 0 "-" "Mozilla/5.0 AppleWebKit/537.36 (KHTML, like Gecko; compatible; bingbot/2.0; +http://www.bing.com/bingbot.htm) Chrome/116.0.1938.76 Safari/537.36" "-"
207.46.13.151 - - [23/Dec/2024:14:28:23 +0900] "GET /lszlx/q190695.html HTTP/2.0" 200 0 "-" "Mozilla/5.0 AppleWebKit/537.36 (KHTML, like Gecko; compatible; bingbot/2.0; +http://www.bing.com/bingbot.htm) Chrome/116.0.1938.76 Safari/537.36" "-"
207.46.13.151 - - [23/Dec/2024:14:28:23 +0900] "GET /vyvqq/r497002.html HTTP/2.0" 200 0 "-" "Mozilla/5.0 AppleWebKit/537.36 (KHTML, like Gecko; compatible; bingbot/2.0; +http://www.bing.com/bingbot.htm) Chrome/116.0.1938.76 Safari/537.36" "-"
40.77.167.230 - - [23/Dec/2024:14:28:37 +0900] "GET /rsyli/w856509.html HTTP/2.0" 200 0 "-" "Mozilla/5.0 AppleWebKit/537.36 (KHTML, like Gecko; compatible; bingbot/2.0; +http://www.bing.com/bingbot.htm) Chrome/116.0.1938.76 Safari/537.36" "-"
40.77.167.230 - - [23/Dec/2024:14:28:38 +0900] "GET /column/column-264/ HTTP/2.0" 200 0 "-" "Mozilla/5.0 AppleWebKit/537.36 (KHTML, like Gecko; compatible; bingbot/2.0; +http://www.bing.com/bingbot.htm) Chrome/116.0.1938.76 Safari/537.36" "-"
52.167.144.171 - - [23/Dec/2024:14:28:48 +0900] "GET /ewsxt/s1295151.html HTTP/2.0" 200 0 "-" "Mozilla/5.0 AppleWebKit/537.36 (KHTML, like Gecko; compatible; bingbot/2.0; +http://www.bing.com/bingbot.htm) Chrome/116.0.1938.76 Safari/537.36" "-"
52.167.144.171 - - [23/Dec/2024:14:28:48 +0900] "GET /cquuc/r973738.html HTTP/2.0" 200 0 "-" "Mozilla/5.0 AppleWebKit/537.36 (KHTML, like Gecko; compatible; bingbot/2.0; +http://www.bing.com/bingbot.htm) Chrome/116.0.1938.76 Safari/537.36" "-"
157.55.39.6 - - [23/Dec/2024:14:28:55 +0900] "GET /lrgtx/a2164833.html HTTP/2.0" 200 0 "-" "Mozilla/5.0 AppleWebKit/537.36 (KHTML, like Gecko; compatible; bingbot/2.0; +http://www.bing.com/bingbot.htm) Chrome/116.0.1938.76 Safari/537.36" "-"
40.77.167.230 - - [23/Dec/2024:14:29:37 +0900] "GET /fxhob/j3036752.html HTTP/2.0" 503 428 "-" "Mozilla/5.0 AppleWebKit/537.36 (KHTML, like Gecko; compatible; bingbot/2.0; +http://www.bing.com/bingbot.htm) Chrome/116.0.1938.76 Safari/537.36" "-"
40.77.167.230 - - [23/Dec/2024:14:29:47 +0900] "GET /nwoqe/v2543674.html HTTP/2.0" 200 0 "-" "Mozilla/5.0 AppleWebKit/537.36 (KHTML, like Gecko; compatible; bingbot/2.0; +http://www.bing.com/bingbot.htm) Chrome/116.0.1938.76 Safari/537.36" "-"
157.55.39.6 - - [23/Dec/2024:14:30:02 +0900] "GET /jbkav/w2104769.html HTTP/2.0" 200 0 "-" "Mozilla/5.0 AppleWebKit/537.36 (KHTML, like Gecko; compatible; bingbot/2.0; +http://www.bing.com/bingbot.htm) Chrome/116.0.1938.76 Safari/537.36" "-"
157.55.39.6 - - [23/Dec/2024:14:30:03 +0900] "GET /fseaq/h391770.html HTTP/2.0" 200 0 "-" "Mozilla/5.0 AppleWebKit/537.36 (KHTML, like Gecko; compatible; bingbot/2.0; +http://www.bing.com/bingbot.htm) Chrome/116.0.1938.76 Safari/537.36" "-"
40.77.167.76 - - [23/Dec/2024:14:30:08 +0900] "GET /wenhq/f275990.html HTTP/2.0" 200 0 "-" "Mozilla/5.0 AppleWebKit/537.36 (KHTML, like Gecko; compatible; bingbot/2.0; +http://www.bing.com/bingbot.htm) Chrome/116.0.1938.76 Safari/537.36" "-"
207.46.13.151 - - [23/Dec/2024:14:30:23 +0900] "GET /ztvfe/j2789414.html HTTP/2.0" 200 0 "-" "Mozilla/5.0 AppleWebKit/537.36 (KHTML, like Gecko; compatible; bingbot/2.0; +http://www.bing.com/bingbot.htm) Chrome/116.0.1938.76 Safari/537.36" "-"
40.77.167.42 - - [23/Dec/2024:14:30:28 +0900] "GET /pismn/r1487290.html HTTP/2.0" 200 0 "-" "Mozilla/5.0 AppleWebKit/537.36 (KHTML, like Gecko; compatible; bingbot/2.0; +http://www.bing.com/bingbot.htm) Chrome/116.0.1938.76 Safari/537.36" "-"
207.46.13.151 - - [23/Dec/2024:14:30:33 +0900] "GET /isrcq/v2818156.html HTTP/2.0" 200 0 "-" "Mozilla/5.0 AppleWebKit/537.36 (KHTML, like Gecko; compatible; bingbot/2.0; +http://www.bing.com/bingbot.htm) Chrome/116.0.1938.76 Safari/537.36" "-"
40.77.167.77 - - [23/Dec/2024:14:31:25 +0900] "GET /rxlye/n1459596.html HTTP/2.0" 200 0 "-" "Mozilla/5.0 AppleWebKit/537.36 (KHTML, like Gecko; compatible; bingbot/2.0; +http://www.bing.com/bingbot.htm) Chrome/116.0.1938.76 Safari/537.36" "-"
40.77.167.77 - - [23/Dec/2024:14:31:25 +0900] "GET /gmugn/o916977.html HTTP/2.0" 200 0 "-" "Mozilla/5.0 AppleWebKit/537.36 (KHTML, like Gecko; compatible; bingbot/2.0; +http://www.bing.com/bingbot.htm) Chrome/116.0.1938.76 Safari/537.36" "-"
40.77.167.77 - - [23/Dec/2024:14:31:26 +0900] "GET /ngeio/i1467339.html HTTP/2.0" 200 0 "-" "Mozilla/5.0 AppleWebKit/537.36 (KHTML, like Gecko; compatible; bingbot/2.0; +http://www.bing.com/bingbot.htm) Chrome/116.0.1938.76 Safari/537.36" "-"
207.46.13.151 - - [23/Dec/2024:14:31:43 +0900] "GET /xinkc/x2957882.html HTTP/2.0" 200 0 "-" "Mozilla/5.0 AppleWebKit/537.36 (KHTML, like Gecko; compatible; bingbot/2.0; +http://www.bing.com/bingbot.htm) Chrome/116.0.1938.76 Safari/537.36" "-"
40.77.167.230 - - [23/Dec/2024:14:31:48 +0900] "GET /rryro/t324312.html HTTP/2.0" 200 0 "-" "Mozilla/5.0 AppleWebKit/537.36 (KHTML, like Gecko; compatible; bingbot/2.0; +http://www.bing.com/bingbot.htm) Chrome/116.0.1938.76 Safari/537.36" "-"
40.77.167.76 - - [23/Dec/2024:14:32:08 +0900] "GET /vgqzw/q1440541.html HTTP/2.0" 200 0 "-" "Mozilla/5.0 AppleWebKit/537.36 (KHTML, like Gecko; compatible; bingbot/2.0; +http://www.bing.com/bingbot.htm) Chrome/116.0.1938.76 Safari/537.36" "-"
157.55.39.6 - - [23/Dec/2024:14:32:13 +0900] "GET /mmqqj/f368888.html HTTP/2.0" 200 0 "-" "Mozilla/5.0 AppleWebKit/537.36 (KHTML, like Gecko; compatible; bingbot/2.0; +http://www.bing.com/bingbot.htm) Chrome/116.0.1938.76 Safari/537.36" "-"
40.77.167.77 - - [23/Dec/2024:14:32:25 +0900] "GET /fkvnx/n2401134.html HTTP/2.0" 503 428 "-" "Mozilla/5.0 AppleWebKit/537.36 (KHTML, like Gecko; compatible; bingbot/2.0; +http://www.bing.com/bingbot.htm) Chrome/116.0.1938.76 Safari/537.36" "-"
157.55.39.6 - - [23/Dec/2024:14:32:33 +0900] "GET /unlvx/h1653810.html HTTP/2.0" 200 0 "-" "Mozilla/5.0 AppleWebKit/537.36 (KHTML, like Gecko; compatible; bingbot/2.0; +http://www.bing.com/bingbot.htm) Chrome/116.0.1938.76 Safari/537.36" "-"
157.55.39.6 - - [23/Dec/2024:14:32:55 +0900] "GET /pctsq/a1975631.html HTTP/2.0" 200 0 "-" "Mozilla/5.0 AppleWebKit/537.36 (KHTML, like Gecko; compatible; bingbot/2.0; +http://www.bing.com/bingbot.htm) Chrome/116.0.1938.76 Safari/537.36" "-"
40.77.167.230 - - [23/Dec/2024:14:32:58 +0900] "GET /nwbtc/c239925.html HTTP/2.0" 200 0 "-" "Mozilla/5.0 AppleWebKit/537.36 (KHTML, like Gecko; compatible; bingbot/2.0; +http://www.bing.com/bingbot.htm) Chrome/116.0.1938.76 Safari/537.36" "-"
40.77.167.77 - - [23/Dec/2024:14:33:05 +0900] "GET /oexiq/d1548610.html HTTP/2.0" 200 0 "-" "Mozilla/5.0 AppleWebKit/537.36 (KHTML, like Gecko; compatible; bingbot/2.0; +http://www.bing.com/bingbot.htm) Chrome/116.0.1938.76 Safari/537.36" "-"
157.55.39.6 - - [23/Dec/2024:14:33:43 +0900] "GET /wukja/s351975.html HTTP/2.0" 200 0 "-" "Mozilla/5.0 AppleWebKit/537.36 (KHTML, like Gecko; compatible; bingbot/2.0; +http://www.bing.com/bingbot.htm) Chrome/116.0.1938.76 Safari/537.36" "-"
157.55.39.6 - - [23/Dec/2024:14:33:43 +0900] "GET /ypcmo/o1810389.html HTTP/2.0" 200 0 "-" "Mozilla/5.0 AppleWebKit/537.36 (KHTML, like Gecko; compatible; bingbot/2.0; +http://www.bing.com/bingbot.htm) Chrome/116.0.1938.76 Safari/537.36" "-"
133.201.34.33 - - [23/Dec/2024:14:34:03 +0900] "GET /column/column-3494/ HTTP/2.0" 200 0 "https://search.yahoo.co.jp/" "Mozilla/5.0 (iPhone; CPU iPhone OS 17_6_1 like Mac OS X) AppleWebKit/605.1.15 (KHTML, like Gecko) Mobile/15E148 YJApp-IOS jp.co.yahoo.ipn.appli/4.127.0" "-"
133.201.34.33 - - [23/Dec/2024:14:34:10 +0900] "GET /column/column-3494/ HTTP/2.0" 200 0 "https://search.yahoo.co.jp/" "Mozilla/5.0 (iPhone; CPU iPhone OS 17_6_1 like Mac OS X) AppleWebKit/605.1.15 (KHTML, like Gecko) Mobile/15E148 YJApp-IOS jp.co.yahoo.ipn.appli/4.127.0" "-"
40.77.167.76 - - [23/Dec/2024:14:34:58 +0900] "GET /fbpwc/x2779678.html HTTP/2.0" 503 428 "-" "Mozilla/5.0 AppleWebKit/537.36 (KHTML, like Gecko; compatible; bingbot/2.0; +http://www.bing.com/bingbot.htm) Chrome/116.0.1938.76 Safari/537.36" "-"
157.55.39.6 - - [23/Dec/2024:14:35:03 +0900] "GET /ztsrs/a561179.html HTTP/2.0" 200 0 "-" "Mozilla/5.0 AppleWebKit/537.36 (KHTML, like Gecko; compatible; bingbot/2.0; +http://www.bing.com/bingbot.htm) Chrome/116.0.1938.76 Safari/537.36" "-"
