150.136.112.62 - - [23/Dec/2024:07:44:35 +0900] "GET /wp-admin/dropdown.php HTTP/1.1" 403 199 "-" "-" "-"
150.136.112.62 - - [23/Dec/2024:07:44:35 +0900] "GET /wp-admin/css/index.php HTTP/1.1" 301 162 "-" "-" "-"
150.136.112.62 - - [23/Dec/2024:07:44:35 +0900] "GET /wp-admin/css/index.php HTTP/1.1" 403 199 "-" "-" "-"
150.136.112.62 - - [23/Dec/2024:07:44:36 +0900] "GET /dropdown.php HTTP/1.1" 301 162 "-" "-" "-"
185.191.171.14 - - [23/Dec/2024:07:44:37 +0900] "GET /15408898 HTTP/1.1" 301 162 "-" "Mozilla/5.0 (compatible; SemrushBot/7~bl; +http://www.semrush.com/bot.html)" "-"
150.136.112.62 - - [23/Dec/2024:07:44:37 +0900] "GET /dropdown.php HTTP/1.1" 404 27669 "-" "-" "-"
150.136.112.62 - - [23/Dec/2024:07:44:37 +0900] "GET /about.php HTTP/1.1" 301 162 "-" "-" "-"
150.136.112.62 - - [23/Dec/2024:07:44:38 +0900] "GET /about.php HTTP/1.1" 404 27642 "-" "-" "-"
185.191.171.10 - - [23/Dec/2024:07:44:38 +0900] "GET /15408898 HTTP/1.1" 503 428 "-" "Mozilla/5.0 (compatible; SemrushBot/7~bl; +http://www.semrush.com/bot.html)" "-"
150.136.112.62 - - [23/Dec/2024:07:44:39 +0900] "GET /admin.php HTTP/1.1" 301 162 "-" "-" "-"
150.136.112.62 - - [23/Dec/2024:07:44:39 +0900] "GET /admin.php HTTP/1.1" 404 22 "-" "-" "-"
150.136.112.62 - - [23/Dec/2024:07:44:39 +0900] "GET /about.php7 HTTP/1.1" 301 162 "-" "-" "-"
150.136.112.62 - - [23/Dec/2024:07:44:40 +0900] "GET /about.php7 HTTP/1.1" 404 27651 "-" "-" "-"
150.136.112.62 - - [23/Dec/2024:07:44:41 +0900] "GET /alfanew.php7 HTTP/1.1" 301 162 "-" "-" "-"
150.136.112.62 - - [23/Dec/2024:07:44:42 +0900] "GET /alfanew.php7 HTTP/1.1" 404 27669 "-" "-" "-"
150.136.112.62 - - [23/Dec/2024:07:44:42 +0900] "GET /adminfuns.php7 HTTP/1.1" 301 162 "-" "-" "-"
150.136.112.62 - - [23/Dec/2024:07:44:43 +0900] "GET /adminfuns.php7 HTTP/1.1" 404 27687 "-" "-" "-"
150.136.112.62 - - [23/Dec/2024:07:44:44 +0900] "GET /ebs.php7 HTTP/1.1" 301 162 "-" "-" "-"
150.136.112.62 - - [23/Dec/2024:07:44:44 +0900] "GET /ebs.php7 HTTP/1.1" 503 428 "-" "-" "-"
150.136.112.62 - - [23/Dec/2024:07:44:44 +0900] "GET /ws.php7 HTTP/1.1" 301 162 "-" "-" "-"
150.136.112.62 - - [23/Dec/2024:07:44:45 +0900] "GET /ws.php7 HTTP/1.1" 404 27624 "-" "-" "-"
150.136.112.62 - - [23/Dec/2024:07:44:45 +0900] "GET /alfanew2.php7 HTTP/1.1" 301 162 "-" "-" "-"
150.136.112.62 - - [23/Dec/2024:07:44:46 +0900] "GET /alfanew2.php7 HTTP/1.1" 503 428 "-" "-" "-"
150.136.112.62 - - [23/Dec/2024:07:44:46 +0900] "GET /alfa-rex2.php7 HTTP/1.1" 301 162 "-" "-" "-"
150.136.112.62 - - [23/Dec/2024:07:44:47 +0900] "GET /alfa-rex2.php7 HTTP/1.1" 404 27687 "-" "-" "-"
185.191.171.10 - - [23/Dec/2024:07:44:47 +0900] "GET /37597234 HTTP/1.1" 301 162 "-" "Mozilla/5.0 (compatible; SemrushBot/7~bl; +http://www.semrush.com/bot.html)" "-"
150.136.112.62 - - [23/Dec/2024:07:44:47 +0900] "GET /.well-known/acme-challenge/cloud.php HTTP/1.1" 301 162 "-" "-" "-"
150.136.112.62 - - [23/Dec/2024:07:44:48 +0900] "GET /.well-known/acme-challenge/cloud.php HTTP/1.1" 404 27901 "-" "-" "-"
150.136.112.62 - - [23/Dec/2024:07:44:49 +0900] "GET /wp-admin/images/index.php HTTP/1.1" 301 162 "-" "-" "-"
150.136.112.62 - - [23/Dec/2024:07:44:49 +0900] "GET /wp-admin/images/index.php HTTP/1.1" 403 199 "-" "-" "-"
150.136.112.62 - - [23/Dec/2024:07:44:49 +0900] "GET /wp-admin/css/colors/index.php HTTP/1.1" 301 162 "-" "-" "-"
150.136.112.62 - - [23/Dec/2024:07:44:49 +0900] "GET /wp-admin/css/colors/index.php HTTP/1.1" 403 199 "-" "-" "-"
150.136.112.62 - - [23/Dec/2024:07:44:49 +0900] "GET /wp-content/themes/pridmag/db.php?u HTTP/1.1" 301 162 "-" "-" "-"
150.136.112.62 - - [23/Dec/2024:07:44:50 +0900] "GET /wp-content/themes/pridmag/db.php?u HTTP/1.1" 503 428 "-" "-" "-"
150.136.112.62 - - [23/Dec/2024:07:44:50 +0900] "GET /wp-content/themes/seotheme/mar.php HTTP/1.1" 301 162 "-" "-" "-"
185.191.171.18 - - [23/Dec/2024:07:44:50 +0900] "GET /37597234 HTTP/1.1" 404 9045 "-" "Mozilla/5.0 (compatible; SemrushBot/7~bl; +http://www.semrush.com/bot.html)" "-"
150.136.112.62 - - [23/Dec/2024:07:44:51 +0900] "GET /wp-content/themes/seotheme/mar.php HTTP/1.1" 404 27891 "-" "-" "-"
150.136.112.62 - - [23/Dec/2024:07:44:51 +0900] "GET /wp-content/plugins/linkpreview/db.php?u HTTP/1.1" 301 162 "-" "-" "-"
85.208.96.195 - - [23/Dec/2024:07:44:52 +0900] "GET /65905234 HTTP/1.1" 301 162 "-" "Mozilla/5.0 (compatible; SemrushBot/7~bl; +http://www.semrush.com/bot.html)" "-"
150.136.112.62 - - [23/Dec/2024:07:44:52 +0900] "GET /wp-content/plugins/linkpreview/db.php?u HTTP/1.1" 404 27920 "-" "-" "-"
150.136.112.62 - - [23/Dec/2024:07:44:53 +0900] "GET /wp-content/themes/seotheme/db.php?u HTTP/1.1" 301 162 "-" "-" "-"
52.167.144.145 - - [23/Dec/2024:07:44:53 +0900] "GET /69478978 HTTP/2.0" 200 28323 "-" "Mozilla/5.0 AppleWebKit/537.36 (KHTML, like Gecko; compatible; bingbot/2.0; +http://www.bing.com/bingbot.htm) Chrome/116.0.1938.76 Safari/537.36" "-"
85.208.96.196 - - [23/Dec/2024:07:44:54 +0900] "GET /65905234 HTTP/1.1" 503 428 "-" "Mozilla/5.0 (compatible; SemrushBot/7~bl; +http://www.semrush.com/bot.html)" "-"
150.136.112.62 - - [23/Dec/2024:07:44:54 +0900] "GET /wp-content/themes/seotheme/db.php?u HTTP/1.1" 404 27884 "-" "-" "-"
52.167.144.145 - - [23/Dec/2024:07:44:54 +0900] "GET /66415642 HTTP/2.0" 200 24047 "-" "Mozilla/5.0 AppleWebKit/537.36 (KHTML, like Gecko; compatible; bingbot/2.0; +http://www.bing.com/bingbot.htm) Chrome/116.0.1938.76 Safari/537.36" "-"
150.136.112.62 - - [23/Dec/2024:07:44:54 +0900] "GET /wp-content/plugins/seoplugins/db.php?u HTTP/1.1" 301 162 "-" "-" "-"
150.136.112.62 - - [23/Dec/2024:07:44:54 +0900] "GET /wp-content/plugins/seoplugins/db.php?u HTTP/1.1" 503 428 "-" "-" "-"
150.136.112.62 - - [23/Dec/2024:07:44:55 +0900] "GET /wp-content/plugins/seoplugins/mar.php HTTP/1.1" 301 162 "-" "-" "-"
150.136.112.62 - - [23/Dec/2024:07:44:56 +0900] "GET /wp-content/plugins/seoplugins/mar.php HTTP/1.1" 404 27918 "-" "-" "-"
150.136.112.62 - - [23/Dec/2024:07:44:56 +0900] "GET /.well-known/pki-validation/xmrlpc.php?p= HTTP/1.1" 301 162 "-" "-" "-"
150.136.112.62 - - [23/Dec/2024:07:44:57 +0900] "GET /.well-known/pki-validation/xmrlpc.php?p= HTTP/1.1" 404 27912 "-" "-" "-"
150.136.112.62 - - [23/Dec/2024:07:44:58 +0900] "GET /.well-known/acme-challenge/xmrlpc.php?p= HTTP/1.1" 301 162 "-" "-" "-"
150.136.112.62 - - [23/Dec/2024:07:44:59 +0900] "GET /.well-known/acme-challenge/xmrlpc.php?p= HTTP/1.1" 404 27912 "-" "-" "-"
150.136.112.62 - - [23/Dec/2024:07:44:59 +0900] "GET /wp-admin/network/xmrlpc.php?p= HTTP/1.1" 301 162 "-" "-" "-"
150.136.112.62 - - [23/Dec/2024:07:44:59 +0900] "GET /wp-admin/network/xmrlpc.php?p= HTTP/1.1" 403 199 "-" "-" "-"
150.136.112.62 - - [23/Dec/2024:07:45:00 +0900] "GET /xmrlpc.php?p= HTTP/1.1" 301 162 "-" "-" "-"
150.136.112.62 - - [23/Dec/2024:07:45:00 +0900] "GET /xmrlpc.php?p= HTTP/1.1" 503 428 "-" "-" "-"
40.77.189.230 - - [23/Dec/2024:07:45:00 +0900] "POST /product/detail/offer_stock HTTP/2.0" 503 428 "-" "Mozilla/5.0 AppleWebKit/537.36 (KHTML, like Gecko; compatible; bingbot/2.0; +http://www.bing.com/bingbot.htm) Chrome/100.0.4896.127 Safari/537.36" "-"
150.136.112.62 - - [23/Dec/2024:07:45:00 +0900] "GET /cgi-bin/xmrlpc.php?p= HTTP/1.1" 301 162 "-" "-" "-"
40.77.189.139 - - [23/Dec/2024:07:45:00 +0900] "POST /product/detail/history_order HTTP/2.0" 200 141201 "-" "Mozilla/5.0 AppleWebKit/537.36 (KHTML, like Gecko; compatible; bingbot/2.0; +http://www.bing.com/bingbot.htm) Chrome/100.0.4896.127 Safari/537.36" "-"
150.136.112.62 - - [23/Dec/2024:07:45:01 +0900] "GET /cgi-bin/xmrlpc.php?p= HTTP/1.1" 404 27733 "-" "-" "-"
150.136.112.62 - - [23/Dec/2024:07:45:01 +0900] "GET /css/xmrlpc.php?p= HTTP/1.1" 301 162 "-" "-" "-"
150.136.112.62 - - [23/Dec/2024:07:45:03 +0900] "GET /css/xmrlpc.php?p= HTTP/1.1" 404 27697 "-" "-" "-"
150.136.112.62 - - [23/Dec/2024:07:45:04 +0900] "GET /wp-admin/user/xmrlpc.php?p= HTTP/1.1" 301 162 "-" "-" "-"
150.136.112.62 - - [23/Dec/2024:07:45:04 +0900] "GET /wp-admin/user/xmrlpc.php?p= HTTP/1.1" 403 199 "-" "-" "-"
150.136.112.62 - - [23/Dec/2024:07:45:04 +0900] "GET /img/xmrlpc.php?p= HTTP/1.1" 301 162 "-" "-" "-"
150.136.112.62 - - [23/Dec/2024:07:45:05 +0900] "GET /img/xmrlpc.php?p= HTTP/1.1" 404 27697 "-" "-" "-"
150.136.112.62 - - [23/Dec/2024:07:45:05 +0900] "GET /wp-admin/css/colors/coffee/xmrlpc.php?p= HTTP/1.1" 301 162 "-" "-" "-"
150.136.112.62 - - [23/Dec/2024:07:45:06 +0900] "GET /wp-admin/css/colors/coffee/xmrlpc.php?p= HTTP/1.1" 403 199 "-" "-" "-"
150.136.112.62 - - [23/Dec/2024:07:45:06 +0900] "GET /wp-admin/images/xmrlpc.php?p= HTTP/1.1" 301 162 "-" "-" "-"
150.136.112.62 - - [23/Dec/2024:07:45:06 +0900] "GET /wp-admin/images/xmrlpc.php?p= HTTP/1.1" 403 199 "-" "-" "-"
150.136.112.62 - - [23/Dec/2024:07:45:06 +0900] "GET /images/xmrlpc.php?p= HTTP/1.1" 301 162 "-" "-" "-"
150.136.112.62 - - [23/Dec/2024:07:45:07 +0900] "GET /images/xmrlpc.php?p= HTTP/1.1" 404 27708 "-" "-" "-"
150.136.112.62 - - [23/Dec/2024:07:45:07 +0900] "GET /wp-admin/js/widgets/xmrlpc.php?p= HTTP/1.1" 301 162 "-" "-" "-"
150.136.112.62 - - [23/Dec/2024:07:45:08 +0900] "GET /wp-admin/js/widgets/xmrlpc.php?p= HTTP/1.1" 403 199 "-" "-" "-"
150.136.112.62 - - [23/Dec/2024:07:45:08 +0900] "GET /wp-admin/css/colors/xmrlpc.php?p= HTTP/1.1" 301 162 "-" "-" "-"
150.136.112.62 - - [23/Dec/2024:07:45:08 +0900] "GET /wp-admin/css/colors/xmrlpc.php?p= HTTP/1.1" 403 199 "-" "-" "-"
150.136.112.62 - - [23/Dec/2024:07:45:08 +0900] "GET /wp-admin/includes/xmrlpc.php?p= HTTP/1.1" 301 162 "-" "-" "-"
150.136.112.62 - - [23/Dec/2024:07:45:08 +0900] "GET /wp-admin/includes/xmrlpc.php?p= HTTP/1.1" 403 199 "-" "-" "-"
150.136.112.62 - - [23/Dec/2024:07:45:08 +0900] "GET /wp-admin/css/colors/blue/xmrlpc.php?p= HTTP/1.1" 301 162 "-" "-" "-"
150.136.112.62 - - [23/Dec/2024:07:45:09 +0900] "GET /wp-admin/css/colors/blue/xmrlpc.php?p= HTTP/1.1" 403 199 "-" "-" "-"
150.136.112.62 - - [23/Dec/2024:07:45:09 +0900] "GET /wp-admin/xmrlpc.php?p= HTTP/1.1" 301 162 "-" "-" "-"
150.136.112.62 - - [23/Dec/2024:07:45:09 +0900] "GET /wp-admin/xmrlpc.php?p= HTTP/1.1" 403 199 "-" "-" "-"
40.77.167.72 - - [23/Dec/2024:07:45:14 +0900] "GET /37793722 HTTP/2.0" 200 22306 "-" "Mozilla/5.0 AppleWebKit/537.36 (KHTML, like Gecko; compatible; bingbot/2.0; +http://www.bing.com/bingbot.htm) Chrome/116.0.1938.76 Safari/537.36" "-"
40.77.188.234 - - [23/Dec/2024:07:45:15 +0900] "POST /product/detail/offer_stock HTTP/2.0" 200 23470 "https://kyoto-bankin.com/27401578" "Mozilla/5.0 AppleWebKit/537.36 (KHTML, like Gecko; compatible; bingbot/2.0; +http://www.bing.com/bingbot.htm) Chrome/112.0.0.0 Safari/537.36" "-"
40.77.188.234 - - [23/Dec/2024:07:45:15 +0900] "POST /product/detail/history_order HTTP/2.0" 200 24694 "https://kyoto-bankin.com/27401578" "Mozilla/5.0 AppleWebKit/537.36 (KHTML, like Gecko; compatible; bingbot/2.0; +http://www.bing.com/bingbot.htm) Chrome/112.0.0.0 Safari/537.36" "-"
85.208.96.206 - - [23/Dec/2024:07:45:20 +0900] "GET /15393514 HTTP/1.1" 301 162 "-" "Mozilla/5.0 (compatible; SemrushBot/7~bl; +http://www.semrush.com/bot.html)" "-"
185.191.171.11 - - [23/Dec/2024:07:45:22 +0900] "GET /41290042 HTTP/1.1" 301 162 "-" "Mozilla/5.0 (compatible; SemrushBot/7~bl; +http://www.semrush.com/bot.html)" "-"
118.27.99.84 - - [23/Dec/2024:07:45:25 +0900] "POST /wp-cron.php?doing_wp_cron=1734907524.9569299221038818359375 HTTP/1.1" 200 118 "-" "WordPress/6.7.1; https://kyoto-bankin.com" "-"
85.208.96.209 - - [23/Dec/2024:07:45:25 +0900] "GET /41290042 HTTP/1.1" 404 9045 "-" "Mozilla/5.0 (compatible; SemrushBot/7~bl; +http://www.semrush.com/bot.html)" "-"
185.191.171.9 - - [23/Dec/2024:07:45:28 +0900] "GET /15393514 HTTP/1.1" 404 9043 "-" "Mozilla/5.0 (compatible; SemrushBot/7~bl; +http://www.semrush.com/bot.html)" "-"
85.208.96.201 - - [23/Dec/2024:07:45:39 +0900] "GET /28834330 HTTP/1.1" 301 162 "-" "Mozilla/5.0 (compatible; SemrushBot/7~bl; +http://www.semrush.com/bot.html)" "-"
85.208.96.194 - - [23/Dec/2024:07:45:41 +0900] "GET /28834330 HTTP/1.1" 503 428 "-" "Mozilla/5.0 (compatible; SemrushBot/7~bl; +http://www.semrush.com/bot.html)" "-"
40.77.189.195 - - [23/Dec/2024:07:45:43 +0900] "POST /product/detail/history_order HTTP/2.0" 200 24694 "https://kyoto-bankin.com/66415642" "Mozilla/5.0 AppleWebKit/537.36 (KHTML, like Gecko; compatible; bingbot/2.0; +http://www.bing.com/bingbot.htm) Chrome/112.0.0.0 Safari/537.36" "-"
40.77.189.195 - - [23/Dec/2024:07:45:43 +0900] "POST /product/detail/offer_stock HTTP/2.0" 200 23470 "https://kyoto-bankin.com/66415642" "Mozilla/5.0 AppleWebKit/537.36 (KHTML, like Gecko; compatible; bingbot/2.0; +http://www.bing.com/bingbot.htm) Chrome/112.0.0.0 Safari/537.36" "-"
52.167.144.157 - - [23/Dec/2024:07:45:44 +0900] "GET /sitemap-2.xml HTTP/1.1" 301 162 "-" "Mozilla/5.0 AppleWebKit/537.36 (KHTML, like Gecko; compatible; bingbot/2.0; +http://www.bing.com/bingbot.htm) Chrome/116.0.1938.76 Safari/537.36" "-"
52.167.144.157 - - [23/Dec/2024:07:45:45 +0900] "GET /sitemap-2.xml HTTP/2.0" 200 12790 "-" "Mozilla/5.0 AppleWebKit/537.36 (KHTML, like Gecko; compatible; bingbot/2.0; +http://www.bing.com/bingbot.htm) Chrome/116.0.1938.76 Safari/537.36" "-"
52.167.144.157 - - [23/Dec/2024:07:45:46 +0900] "GET /search?restrict[]=person_id(int)=OZPM HTTP/1.1" 301 162 "-" "Mozilla/5.0 AppleWebKit/537.36 (KHTML, like Gecko; compatible; bingbot/2.0; +http://www.bing.com/bingbot.htm) Chrome/116.0.1938.76 Safari/537.36" "-"
85.208.96.204 - - [23/Dec/2024:07:45:53 +0900] "GET /44677738 HTTP/1.1" 301 162 "-" "Mozilla/5.0 (compatible; SemrushBot/7~bl; +http://www.semrush.com/bot.html)" "-"
52.167.144.157 - - [23/Dec/2024:07:45:55 +0900] "GET /sitemap-14.xml HTTP/1.1" 301 162 "-" "Mozilla/5.0 AppleWebKit/537.36 (KHTML, like Gecko; compatible; bingbot/2.0; +http://www.bing.com/bingbot.htm) Chrome/116.0.1938.76 Safari/537.36" "-"
52.167.144.157 - - [23/Dec/2024:07:45:55 +0900] "GET /sitemap-14.xml HTTP/2.0" 200 12338 "-" "Mozilla/5.0 AppleWebKit/537.36 (KHTML, like Gecko; compatible; bingbot/2.0; +http://www.bing.com/bingbot.htm) Chrome/116.0.1938.76 Safari/537.36" "-"
85.208.96.198 - - [23/Dec/2024:07:45:56 +0900] "GET /44677738 HTTP/1.1" 404 9046 "-" "Mozilla/5.0 (compatible; SemrushBot/7~bl; +http://www.semrush.com/bot.html)" "-"
52.167.144.145 - - [23/Dec/2024:07:46:03 +0900] "GET /sitemap-1.xml HTTP/1.1" 301 162 "-" "Mozilla/5.0 AppleWebKit/537.36 (KHTML, like Gecko; compatible; bingbot/2.0; +http://www.bing.com/bingbot.htm) Chrome/116.0.1938.76 Safari/537.36" "-"
40.77.189.46 - - [23/Dec/2024:07:46:03 +0900] "POST /product/detail/offer_stock HTTP/2.0" 200 23470 "https://kyoto-bankin.com/69478978" "Mozilla/5.0 AppleWebKit/537.36 (KHTML, like Gecko; compatible; bingbot/2.0; +http://www.bing.com/bingbot.htm) Chrome/112.0.0.0 Safari/537.36" "-"
40.77.189.46 - - [23/Dec/2024:07:46:03 +0900] "POST /product/detail/history_order HTTP/2.0" 200 24694 "https://kyoto-bankin.com/69478978" "Mozilla/5.0 AppleWebKit/537.36 (KHTML, like Gecko; compatible; bingbot/2.0; +http://www.bing.com/bingbot.htm) Chrome/112.0.0.0 Safari/537.36" "-"
52.167.144.145 - - [23/Dec/2024:07:46:04 +0900] "GET /sitemap-1.xml HTTP/2.0" 200 12631 "-" "Mozilla/5.0 AppleWebKit/537.36 (KHTML, like Gecko; compatible; bingbot/2.0; +http://www.bing.com/bingbot.htm) Chrome/116.0.1938.76 Safari/537.36" "-"
52.167.144.157 - - [23/Dec/2024:07:46:07 +0900] "GET /66398722 HTTP/1.1" 301 162 "-" "Mozilla/5.0 AppleWebKit/537.36 (KHTML, like Gecko; compatible; bingbot/2.0; +http://www.bing.com/bingbot.htm) Chrome/116.0.1938.76 Safari/537.36" "-"
52.167.144.157 - - [23/Dec/2024:07:46:08 +0900] "GET /20458210 HTTP/1.1" 301 162 "-" "Mozilla/5.0 AppleWebKit/537.36 (KHTML, like Gecko; compatible; bingbot/2.0; +http://www.bing.com/bingbot.htm) Chrome/116.0.1938.76 Safari/537.36" "-"
185.191.171.3 - - [23/Dec/2024:07:46:10 +0900] "GET /31065034 HTTP/1.1" 301 162 "-" "Mozilla/5.0 (compatible; SemrushBot/7~bl; +http://www.semrush.com/bot.html)" "-"
185.191.171.3 - - [23/Dec/2024:07:46:13 +0900] "GET /31065034 HTTP/1.1" 404 9044 "-" "Mozilla/5.0 (compatible; SemrushBot/7~bl; +http://www.semrush.com/bot.html)" "-"
40.77.167.72 - - [23/Dec/2024:07:46:14 +0900] "GET /sitemap-11.xml HTTP/1.1" 301 162 "-" "Mozilla/5.0 AppleWebKit/537.36 (KHTML, like Gecko; compatible; bingbot/2.0; +http://www.bing.com/bingbot.htm) Chrome/116.0.1938.76 Safari/537.36" "-"
40.77.167.72 - - [23/Dec/2024:07:46:15 +0900] "GET /sitemap-11.xml HTTP/2.0" 200 12113 "-" "Mozilla/5.0 AppleWebKit/537.36 (KHTML, like Gecko; compatible; bingbot/2.0; +http://www.bing.com/bingbot.htm) Chrome/116.0.1938.76 Safari/537.36" "-"
40.77.167.72 - - [23/Dec/2024:07:46:16 +0900] "GET /27852298 HTTP/1.1" 301 162 "-" "Mozilla/5.0 AppleWebKit/537.36 (KHTML, like Gecko; compatible; bingbot/2.0; +http://www.bing.com/bingbot.htm) Chrome/116.0.1938.76 Safari/537.36" "-"
185.191.171.18 - - [23/Dec/2024:07:46:17 +0900] "GET /65291674 HTTP/1.1" 301 162 "-" "Mozilla/5.0 (compatible; SemrushBot/7~bl; +http://www.semrush.com/bot.html)" "-"
118.27.99.84 - - [23/Dec/2024:07:46:21 +0900] "POST /wp-cron.php?doing_wp_cron=1734907580.7673990726470947265625 HTTP/1.1" 200 118 "-" "WordPress/6.7.1; https://kyoto-bankin.com" "-"
85.208.96.211 - - [23/Dec/2024:07:46:21 +0900] "GET /65291674 HTTP/1.1" 404 9045 "-" "Mozilla/5.0 (compatible; SemrushBot/7~bl; +http://www.semrush.com/bot.html)" "-"
52.167.144.145 - - [23/Dec/2024:07:46:23 +0900] "GET /sitemap-9.xml HTTP/1.1" 301 162 "-" "Mozilla/5.0 AppleWebKit/537.36 (KHTML, like Gecko; compatible; bingbot/2.0; +http://www.bing.com/bingbot.htm) Chrome/116.0.1938.76 Safari/537.36" "-"
52.167.144.145 - - [23/Dec/2024:07:46:25 +0900] "GET /sitemap-9.xml HTTP/2.0" 200 13691 "-" "Mozilla/5.0 AppleWebKit/537.36 (KHTML, like Gecko; compatible; bingbot/2.0; +http://www.bing.com/bingbot.htm) Chrome/116.0.1938.76 Safari/537.36" "-"
52.167.144.145 - - [23/Dec/2024:07:46:26 +0900] "GET /20458210 HTTP/2.0" 200 23370 "-" "Mozilla/5.0 AppleWebKit/537.36 (KHTML, like Gecko; compatible; bingbot/2.0; +http://www.bing.com/bingbot.htm) Chrome/116.0.1938.76 Safari/537.36" "-"
52.167.144.145 - - [23/Dec/2024:07:46:26 +0900] "GET /sitemap-12.xml HTTP/1.1" 301 162 "-" "Mozilla/5.0 AppleWebKit/537.36 (KHTML, like Gecko; compatible; bingbot/2.0; +http://www.bing.com/bingbot.htm) Chrome/116.0.1938.76 Safari/537.36" "-"
52.167.144.145 - - [23/Dec/2024:07:46:26 +0900] "GET /sitemap-12.xml HTTP/2.0" 503 428 "-" "Mozilla/5.0 AppleWebKit/537.36 (KHTML, like Gecko; compatible; bingbot/2.0; +http://www.bing.com/bingbot.htm) Chrome/116.0.1938.76 Safari/537.36" "-"
85.208.96.202 - - [23/Dec/2024:07:46:26 +0900] "GET /19451410 HTTP/1.1" 301 162 "-" "Mozilla/5.0 (compatible; SemrushBot/7~bl; +http://www.semrush.com/bot.html)" "-"
185.191.171.14 - - [23/Dec/2024:07:46:30 +0900] "GET /19451410 HTTP/1.1" 404 9045 "-" "Mozilla/5.0 (compatible; SemrushBot/7~bl; +http://www.semrush.com/bot.html)" "-"
40.77.167.72 - - [23/Dec/2024:07:46:33 +0900] "GET /sitemap-4.xml HTTP/1.1" 301 162 "-" "Mozilla/5.0 AppleWebKit/537.36 (KHTML, like Gecko; compatible; bingbot/2.0; +http://www.bing.com/bingbot.htm) Chrome/116.0.1938.76 Safari/537.36" "-"
40.77.167.72 - - [23/Dec/2024:07:46:34 +0900] "GET /sitemap-4.xml HTTP/2.0" 200 12098 "-" "Mozilla/5.0 AppleWebKit/537.36 (KHTML, like Gecko; compatible; bingbot/2.0; +http://www.bing.com/bingbot.htm) Chrome/116.0.1938.76 Safari/537.36" "-"
40.77.167.72 - - [23/Dec/2024:07:46:35 +0900] "GET /68336266 HTTP/1.1" 301 162 "-" "Mozilla/5.0 AppleWebKit/537.36 (KHTML, like Gecko; compatible; bingbot/2.0; +http://www.bing.com/bingbot.htm) Chrome/116.0.1938.76 Safari/537.36" "-"
52.167.144.157 - - [23/Dec/2024:07:46:38 +0900] "GET /27852298 HTTP/2.0" 200 23294 "-" "Mozilla/5.0 AppleWebKit/537.36 (KHTML, like Gecko; compatible; bingbot/2.0; +http://www.bing.com/bingbot.htm) Chrome/116.0.1938.76 Safari/537.36" "-"
52.167.144.157 - - [23/Dec/2024:07:46:39 +0900] "GET /search?restrict[]=person_id(int)=NESBZ HTTP/1.1" 301 162 "-" "Mozilla/5.0 AppleWebKit/537.36 (KHTML, like Gecko; compatible; bingbot/2.0; +http://www.bing.com/bingbot.htm) Chrome/116.0.1938.76 Safari/537.36" "-"
52.167.144.145 - - [23/Dec/2024:07:46:42 +0900] "GET /sitemap-7.xml HTTP/1.1" 301 162 "-" "Mozilla/5.0 AppleWebKit/537.36 (KHTML, like Gecko; compatible; bingbot/2.0; +http://www.bing.com/bingbot.htm) Chrome/116.0.1938.76 Safari/537.36" "-"
52.167.144.145 - - [23/Dec/2024:07:46:43 +0900] "GET /sitemap-7.xml HTTP/2.0" 200 13703 "-" "Mozilla/5.0 AppleWebKit/537.36 (KHTML, like Gecko; compatible; bingbot/2.0; +http://www.bing.com/bingbot.htm) Chrome/116.0.1938.76 Safari/537.36" "-"
40.77.167.72 - - [23/Dec/2024:07:46:43 +0900] "GET /19262386 HTTP/1.1" 301 162 "-" "Mozilla/5.0 AppleWebKit/537.36 (KHTML, like Gecko; compatible; bingbot/2.0; +http://www.bing.com/bingbot.htm) Chrome/116.0.1938.76 Safari/537.36" "-"
52.167.144.145 - - [23/Dec/2024:07:46:43 +0900] "GET /sitemap-3.xml HTTP/1.1" 301 162 "-" "Mozilla/5.0 AppleWebKit/537.36 (KHTML, like Gecko; compatible; bingbot/2.0; +http://www.bing.com/bingbot.htm) Chrome/116.0.1938.76 Safari/537.36" "-"
52.167.144.145 - - [23/Dec/2024:07:46:45 +0900] "GET /sitemap-3.xml HTTP/2.0" 200 12718 "-" "Mozilla/5.0 AppleWebKit/537.36 (KHTML, like Gecko; compatible; bingbot/2.0; +http://www.bing.com/bingbot.htm) Chrome/116.0.1938.76 Safari/537.36" "-"
52.167.144.145 - - [23/Dec/2024:07:46:45 +0900] "GET /search?restrict[]=person_id(int)=NQTOU HTTP/1.1" 301 162 "-" "Mozilla/5.0 AppleWebKit/537.36 (KHTML, like Gecko; compatible; bingbot/2.0; +http://www.bing.com/bingbot.htm) Chrome/116.0.1938.76 Safari/537.36" "-"
85.208.96.200 - - [23/Dec/2024:07:46:50 +0900] "GET /57614746 HTTP/1.1" 301 162 "-" "Mozilla/5.0 (compatible; SemrushBot/7~bl; +http://www.semrush.com/bot.html)" "-"
52.167.144.145 - - [23/Dec/2024:07:46:52 +0900] "GET /34182802 HTTP/1.1" 301 162 "-" "Mozilla/5.0 AppleWebKit/537.36 (KHTML, like Gecko; compatible; bingbot/2.0; +http://www.bing.com/bingbot.htm) Chrome/116.0.1938.76 Safari/537.36" "-"
85.208.96.207 - - [23/Dec/2024:07:46:53 +0900] "GET /57614746 HTTP/1.1" 503 428 "-" "Mozilla/5.0 (compatible; SemrushBot/7~bl; +http://www.semrush.com/bot.html)" "-"
52.167.144.157 - - [23/Dec/2024:07:46:59 +0900] "GET /19262386 HTTP/2.0" 200 22947 "-" "Mozilla/5.0 AppleWebKit/537.36 (KHTML, like Gecko; compatible; bingbot/2.0; +http://www.bing.com/bingbot.htm) Chrome/116.0.1938.76 Safari/537.36" "-"
52.167.144.157 - - [23/Dec/2024:07:46:59 +0900] "GET /63184378 HTTP/1.1" 301 162 "-" "Mozilla/5.0 AppleWebKit/537.36 (KHTML, like Gecko; compatible; bingbot/2.0; +http://www.bing.com/bingbot.htm) Chrome/116.0.1938.76 Safari/537.36" "-"
52.167.144.157 - - [23/Dec/2024:07:47:00 +0900] "GET /55223746 HTTP/1.1" 301 162 "-" "Mozilla/5.0 AppleWebKit/537.36 (KHTML, like Gecko; compatible; bingbot/2.0; +http://www.bing.com/bingbot.htm) Chrome/116.0.1938.76 Safari/537.36" "-"
185.191.171.8 - - [23/Dec/2024:07:47:05 +0900] "GET /9159010 HTTP/1.1" 301 162 "-" "Mozilla/5.0 (compatible; SemrushBot/7~bl; +http://www.semrush.com/bot.html)" "-"
185.191.171.8 - - [23/Dec/2024:07:47:08 +0900] "GET /9159010 HTTP/1.1" 404 9043 "-" "Mozilla/5.0 (compatible; SemrushBot/7~bl; +http://www.semrush.com/bot.html)" "-"
85.208.96.200 - - [23/Dec/2024:07:47:11 +0900] "GET /30447106 HTTP/1.1" 301 162 "-" "Mozilla/5.0 (compatible; SemrushBot/7~bl; +http://www.semrush.com/bot.html)" "-"
85.208.96.212 - - [23/Dec/2024:07:47:13 +0900] "GET /30447106 HTTP/1.1" 503 428 "-" "Mozilla/5.0 (compatible; SemrushBot/7~bl; +http://www.semrush.com/bot.html)" "-"
52.167.144.145 - - [23/Dec/2024:07:47:13 +0900] "GET /sitemap-15.xml HTTP/1.1" 301 162 "-" "Mozilla/5.0 AppleWebKit/537.36 (KHTML, like Gecko; compatible; bingbot/2.0; +http://www.bing.com/bingbot.htm) Chrome/116.0.1938.76 Safari/537.36" "-"
52.167.144.145 - - [23/Dec/2024:07:47:14 +0900] "GET /sitemap-15.xml HTTP/2.0" 503 428 "-" "Mozilla/5.0 AppleWebKit/537.36 (KHTML, like Gecko; compatible; bingbot/2.0; +http://www.bing.com/bingbot.htm) Chrome/116.0.1938.76 Safari/537.36" "-"
40.77.189.140 - - [23/Dec/2024:07:47:18 +0900] "POST /product/detail/history_order HTTP/2.0" 200 141201 "-" "Mozilla/5.0 AppleWebKit/537.36 (KHTML, like Gecko; compatible; bingbot/2.0; +http://www.bing.com/bingbot.htm) Chrome/100.0.4896.127 Safari/537.36" "-"
40.77.189.194 - - [23/Dec/2024:07:47:18 +0900] "POST /product/detail/offer_stock HTTP/2.0" 200 130365 "-" "Mozilla/5.0 AppleWebKit/537.36 (KHTML, like Gecko; compatible; bingbot/2.0; +http://www.bing.com/bingbot.htm) Chrome/100.0.4896.127 Safari/537.36" "-"
40.77.167.72 - - [23/Dec/2024:07:47:24 +0900] "GET /sitemap-5.xml HTTP/1.1" 301 162 "-" "Mozilla/5.0 AppleWebKit/537.36 (KHTML, like Gecko; compatible; bingbot/2.0; +http://www.bing.com/bingbot.htm) Chrome/116.0.1938.76 Safari/537.36" "-"
40.77.167.72 - - [23/Dec/2024:07:47:25 +0900] "GET /sitemap-5.xml HTTP/2.0" 503 428 "-" "Mozilla/5.0 AppleWebKit/537.36 (KHTML, like Gecko; compatible; bingbot/2.0; +http://www.bing.com/bingbot.htm) Chrome/116.0.1938.76 Safari/537.36" "-"
185.191.171.14 - - [23/Dec/2024:07:47:25 +0900] "GET /49203586 HTTP/1.1" 301 162 "-" "Mozilla/5.0 (compatible; SemrushBot/7~bl; +http://www.semrush.com/bot.html)" "-"
40.77.167.72 - - [23/Dec/2024:07:47:26 +0900] "GET /46123546 HTTP/1.1" 301 162 "-" "Mozilla/5.0 AppleWebKit/537.36 (KHTML, like Gecko; compatible; bingbot/2.0; +http://www.bing.com/bingbot.htm) Chrome/116.0.1938.76 Safari/537.36" "-"
40.77.190.148 - - [23/Dec/2024:07:47:27 +0900] "POST /product/detail/history_order HTTP/2.0" 200 24694 "https://kyoto-bankin.com/20458210" "Mozilla/5.0 AppleWebKit/537.36 (KHTML, like Gecko; compatible; bingbot/2.0; +http://www.bing.com/bingbot.htm) Chrome/112.0.0.0 Safari/537.36" "-"
40.77.190.148 - - [23/Dec/2024:07:47:27 +0900] "POST /product/detail/offer_stock HTTP/2.0" 200 23470 "https://kyoto-bankin.com/20458210" "Mozilla/5.0 AppleWebKit/537.36 (KHTML, like Gecko; compatible; bingbot/2.0; +http://www.bing.com/bingbot.htm) Chrome/112.0.0.0 Safari/537.36" "-"
118.27.99.84 - - [23/Dec/2024:07:47:28 +0900] "POST /wp-cron.php?doing_wp_cron=1734907648.7199881076812744140625 HTTP/1.1" 503 299 "-" "WordPress/6.7.1; https://kyoto-bankin.com" "-"
185.191.171.11 - - [23/Dec/2024:07:47:28 +0900] "GET /49203586 HTTP/1.1" 404 9046 "-" "Mozilla/5.0 (compatible; SemrushBot/7~bl; +http://www.semrush.com/bot.html)" "-"
52.167.144.157 - - [23/Dec/2024:07:47:29 +0900] "GET /sitemap-8.xml HTTP/1.1" 301 162 "-" "Mozilla/5.0 AppleWebKit/537.36 (KHTML, like Gecko; compatible; bingbot/2.0; +http://www.bing.com/bingbot.htm) Chrome/116.0.1938.76 Safari/537.36" "-"
52.167.144.157 - - [23/Dec/2024:07:47:30 +0900] "GET /sitemap-8.xml HTTP/2.0" 200 14358 "-" "Mozilla/5.0 AppleWebKit/537.36 (KHTML, like Gecko; compatible; bingbot/2.0; +http://www.bing.com/bingbot.htm) Chrome/116.0.1938.76 Safari/537.36" "-"
52.167.144.157 - - [23/Dec/2024:07:47:32 +0900] "GET /55223746 HTTP/2.0" 200 27521 "-" "Mozilla/5.0 AppleWebKit/537.36 (KHTML, like Gecko; compatible; bingbot/2.0; +http://www.bing.com/bingbot.htm) Chrome/116.0.1938.76 Safari/537.36" "-"
52.167.144.157 - - [23/Dec/2024:07:47:33 +0900] "GET /63184378 HTTP/2.0" 200 23549 "-" "Mozilla/5.0 AppleWebKit/537.36 (KHTML, like Gecko; compatible; bingbot/2.0; +http://www.bing.com/bingbot.htm) Chrome/116.0.1938.76 Safari/537.36" "-"
40.77.167.72 - - [23/Dec/2024:07:47:33 +0900] "GET /sitemap-10.xml HTTP/1.1" 301 162 "-" "Mozilla/5.0 AppleWebKit/537.36 (KHTML, like Gecko; compatible; bingbot/2.0; +http://www.bing.com/bingbot.htm) Chrome/116.0.1938.76 Safari/537.36" "-"
40.77.167.72 - - [23/Dec/2024:07:47:33 +0900] "GET /sitemap-10.xml HTTP/2.0" 503 428 "-" "Mozilla/5.0 AppleWebKit/537.36 (KHTML, like Gecko; compatible; bingbot/2.0; +http://www.bing.com/bingbot.htm) Chrome/116.0.1938.76 Safari/537.36" "-"
52.167.144.157 - - [23/Dec/2024:07:47:34 +0900] "GET /15033778 HTTP/1.1" 301 162 "-" "Mozilla/5.0 AppleWebKit/537.36 (KHTML, like Gecko; compatible; bingbot/2.0; +http://www.bing.com/bingbot.htm) Chrome/116.0.1938.76 Safari/537.36" "-"
40.77.190.195 - - [23/Dec/2024:07:47:34 +0900] "POST /product/detail/history_order HTTP/2.0" 503 428 "https://kyoto-bankin.com/19262386" "Mozilla/5.0 AppleWebKit/537.36 (KHTML, like Gecko; compatible; bingbot/2.0; +http://www.bing.com/bingbot.htm) Chrome/112.0.0.0 Safari/537.36" "-"
40.77.190.195 - - [23/Dec/2024:07:47:34 +0900] "POST /product/detail/offer_stock HTTP/2.0" 200 23470 "https://kyoto-bankin.com/19262386" "Mozilla/5.0 AppleWebKit/537.36 (KHTML, like Gecko; compatible; bingbot/2.0; +http://www.bing.com/bingbot.htm) Chrome/112.0.0.0 Safari/537.36" "-"
40.77.167.72 - - [23/Dec/2024:07:47:43 +0900] "GET /sitemap-6.xml HTTP/1.1" 301 162 "-" "Mozilla/5.0 AppleWebKit/537.36 (KHTML, like Gecko; compatible; bingbot/2.0; +http://www.bing.com/bingbot.htm) Chrome/116.0.1938.76 Safari/537.36" "-"
40.77.167.72 - - [23/Dec/2024:07:47:44 +0900] "GET /sitemap-6.xml HTTP/2.0" 200 13213 "-" "Mozilla/5.0 AppleWebKit/537.36 (KHTML, like Gecko; compatible; bingbot/2.0; +http://www.bing.com/bingbot.htm) Chrome/116.0.1938.76 Safari/537.36" "-"
172.203.190.139 - - [23/Dec/2024:07:47:49 +0900] "GET /robots.txt HTTP/2.0" 200 129 "-" "Mozilla/5.0 AppleWebKit/537.36 (KHTML, like Gecko); compatible; OAI-SearchBot/1.0; +https://openai.com/searchbot" "-"
52.167.144.157 - - [23/Dec/2024:07:47:49 +0900] "GET /46123546 HTTP/2.0" 200 23664 "-" "Mozilla/5.0 AppleWebKit/537.36 (KHTML, like Gecko; compatible; bingbot/2.0; +http://www.bing.com/bingbot.htm) Chrome/116.0.1938.76 Safari/537.36" "-"
52.167.144.157 - - [23/Dec/2024:07:47:51 +0900] "GET /sitemap-13.xml HTTP/1.1" 301 162 "-" "Mozilla/5.0 AppleWebKit/537.36 (KHTML, like Gecko; compatible; bingbot/2.0; +http://www.bing.com/bingbot.htm) Chrome/116.0.1938.76 Safari/537.36" "-"
40.77.190.138 - - [23/Dec/2024:07:47:51 +0900] "POST /product/detail/offer_stock HTTP/2.0" 200 130365 "-" "Mozilla/5.0 AppleWebKit/537.36 (KHTML, like Gecko; compatible; bingbot/2.0; +http://www.bing.com/bingbot.htm) Chrome/100.0.4896.127 Safari/537.36" "-"
85.208.96.207 - - [23/Dec/2024:07:47:51 +0900] "GET /17757826 HTTP/1.1" 301 162 "-" "Mozilla/5.0 (compatible; SemrushBot/7~bl; +http://www.semrush.com/bot.html)" "-"
40.77.190.25 - - [23/Dec/2024:07:47:51 +0900] "POST /product/detail/history_order HTTP/2.0" 200 141201 "-" "Mozilla/5.0 AppleWebKit/537.36 (KHTML, like Gecko; compatible; bingbot/2.0; +http://www.bing.com/bingbot.htm) Chrome/100.0.4896.127 Safari/537.36" "-"
52.167.144.157 - - [23/Dec/2024:07:47:51 +0900] "GET /sitemap-13.xml HTTP/2.0" 503 428 "-" "Mozilla/5.0 AppleWebKit/537.36 (KHTML, like Gecko; compatible; bingbot/2.0; +http://www.bing.com/bingbot.htm) Chrome/116.0.1938.76 Safari/537.36" "-"
52.167.144.157 - - [23/Dec/2024:07:47:52 +0900] "GET /search?restrict[]=person_id(int)=XYF HTTP/1.1" 301 162 "-" "Mozilla/5.0 AppleWebKit/537.36 (KHTML, like Gecko; compatible; bingbot/2.0; +http://www.bing.com/bingbot.htm) Chrome/116.0.1938.76 Safari/537.36" "-"
52.167.144.145 - - [23/Dec/2024:07:47:54 +0900] "GET /15033778 HTTP/2.0" 200 22793 "-" "Mozilla/5.0 AppleWebKit/537.36 (KHTML, like Gecko; compatible; bingbot/2.0; +http://www.bing.com/bingbot.htm) Chrome/116.0.1938.76 Safari/537.36" "-"
185.191.171.7 - - [23/Dec/2024:07:47:54 +0900] "GET /17757826 HTTP/1.1" 404 9044 "-" "Mozilla/5.0 (compatible; SemrushBot/7~bl; +http://www.semrush.com/bot.html)" "-"
185.191.171.12 - - [23/Dec/2024:07:47:57 +0900] "GET /73586290 HTTP/1.1" 301 162 "-" "Mozilla/5.0 (compatible; SemrushBot/7~bl; +http://www.semrush.com/bot.html)" "-"
85.208.96.210 - - [23/Dec/2024:07:47:59 +0900] "GET /73586290 HTTP/1.1" 503 428 "-" "Mozilla/5.0 (compatible; SemrushBot/7~bl; +http://www.semrush.com/bot.html)" "-"
185.191.171.8 - - [23/Dec/2024:07:48:03 +0900] "GET /3413434 HTTP/1.1" 301 162 "-" "Mozilla/5.0 (compatible; SemrushBot/7~bl; +http://www.semrush.com/bot.html)" "-"
185.191.171.3 - - [23/Dec/2024:07:48:05 +0900] "GET /54038242 HTTP/1.1" 301 162 "-" "Mozilla/5.0 (compatible; SemrushBot/7~bl; +http://www.semrush.com/bot.html)" "-"
40.77.188.68 - - [23/Dec/2024:07:48:07 +0900] "POST /product/detail/history_order HTTP/2.0" 200 141201 "-" "Mozilla/5.0 AppleWebKit/537.36 (KHTML, like Gecko; compatible; bingbot/2.0; +http://www.bing.com/bingbot.htm) Chrome/100.0.4896.127 Safari/537.36" "-"
40.77.188.240 - - [23/Dec/2024:07:48:07 +0900] "POST /product/detail/offer_stock HTTP/2.0" 200 130365 "-" "Mozilla/5.0 AppleWebKit/537.36 (KHTML, like Gecko; compatible; bingbot/2.0; +http://www.bing.com/bingbot.htm) Chrome/100.0.4896.127 Safari/537.36" "-"
85.208.96.194 - - [23/Dec/2024:07:48:08 +0900] "GET /54038242 HTTP/1.1" 404 9045 "-" "Mozilla/5.0 (compatible; SemrushBot/7~bl; +http://www.semrush.com/bot.html)" "-"
185.191.171.15 - - [23/Dec/2024:07:48:12 +0900] "GET /3413434 HTTP/1.1" 404 9042 "-" "Mozilla/5.0 (compatible; SemrushBot/7~bl; +http://www.semrush.com/bot.html)" "-"
52.167.144.230 - - [23/Dec/2024:07:48:15 +0900] "GET /63116866 HTTP/1.1" 301 162 "-" "Mozilla/5.0 AppleWebKit/537.36 (KHTML, like Gecko; compatible; bingbot/2.0; +http://www.bing.com/bingbot.htm) Chrome/116.0.1938.76 Safari/537.36" "-"
52.167.144.230 - - [23/Dec/2024:07:48:15 +0900] "GET /23645794 HTTP/1.1" 301 162 "-" "Mozilla/5.0 AppleWebKit/537.36 (KHTML, like Gecko; compatible; bingbot/2.0; +http://www.bing.com/bingbot.htm) Chrome/116.0.1938.76 Safari/537.36" "-"
185.191.171.2 - - [23/Dec/2024:07:48:17 +0900] "GET /55488634 HTTP/1.1" 301 162 "-" "Mozilla/5.0 (compatible; SemrushBot/7~bl; +http://www.semrush.com/bot.html)" "-"
85.208.96.209 - - [23/Dec/2024:07:48:20 +0900] "GET /55488634 HTTP/1.1" 404 9045 "-" "Mozilla/5.0 (compatible; SemrushBot/7~bl; +http://www.semrush.com/bot.html)" "-"
85.208.96.208 - - [23/Dec/2024:07:48:21 +0900] "GET /5135410 HTTP/1.1" 301 162 "-" "Mozilla/5.0 (compatible; SemrushBot/7~bl; +http://www.semrush.com/bot.html)" "-"
85.208.96.208 - - [23/Dec/2024:07:48:23 +0900] "GET /5135410 HTTP/1.1" 503 428 "-" "Mozilla/5.0 (compatible; SemrushBot/7~bl; +http://www.semrush.com/bot.html)" "-"
52.167.144.145 - - [23/Dec/2024:07:48:34 +0900] "GET /23645794 HTTP/2.0" 200 24240 "-" "Mozilla/5.0 AppleWebKit/537.36 (KHTML, like Gecko; compatible; bingbot/2.0; +http://www.bing.com/bingbot.htm) Chrome/116.0.1938.76 Safari/537.36" "-"
85.208.96.202 - - [23/Dec/2024:07:48:36 +0900] "GET /robots.txt HTTP/1.1" 301 162 "-" "Mozilla/5.0 (compatible; SemrushBot/7~bl; +http://www.semrush.com/bot.html)" "-"
85.208.96.204 - - [23/Dec/2024:07:48:36 +0900] "GET /robots.txt HTTP/1.1" 200 140 "-" "Mozilla/5.0 (compatible; SemrushBot/7~bl; +http://www.semrush.com/bot.html)" "-"
85.208.96.206 - - [23/Dec/2024:07:48:37 +0900] "GET /71773066 HTTP/1.1" 301 162 "-" "Mozilla/5.0 (compatible; SemrushBot/7~bl; +http://www.semrush.com/bot.html)" "-"
52.167.144.230 - - [23/Dec/2024:07:48:38 +0900] "GET /51019402 HTTP/1.1" 301 162 "-" "Mozilla/5.0 AppleWebKit/537.36 (KHTML, like Gecko; compatible; bingbot/2.0; +http://www.bing.com/bingbot.htm) Chrome/116.0.1938.76 Safari/537.36" "-"
118.27.99.84 - - [23/Dec/2024:07:48:41 +0900] "POST /wp-cron.php?doing_wp_cron=1734907720.3075709342956542968750 HTTP/1.1" 200 118 "-" "WordPress/6.7.1; https://kyoto-bankin.com" "-"
85.208.96.208 - - [23/Dec/2024:07:48:41 +0900] "GET /71773066 HTTP/1.1" 404 9044 "-" "Mozilla/5.0 (compatible; SemrushBot/7~bl; +http://www.semrush.com/bot.html)" "-"
40.77.190.235 - - [23/Dec/2024:07:48:46 +0900] "POST /product/detail/history_order HTTP/2.0" 200 24694 "https://kyoto-bankin.com/46123546" "Mozilla/5.0 AppleWebKit/537.36 (KHTML, like Gecko; compatible; bingbot/2.0; +http://www.bing.com/bingbot.htm) Chrome/112.0.0.0 Safari/537.36" "-"
40.77.190.235 - - [23/Dec/2024:07:48:47 +0900] "POST /product/detail/offer_stock HTTP/2.0" 200 23470 "https://kyoto-bankin.com/46123546" "Mozilla/5.0 AppleWebKit/537.36 (KHTML, like Gecko; compatible; bingbot/2.0; +http://www.bing.com/bingbot.htm) Chrome/112.0.0.0 Safari/537.36" "-"
40.77.188.17 - - [23/Dec/2024:07:48:54 +0900] "POST /product/detail/history_order HTTP/2.0" 200 24694 "https://kyoto-bankin.com/15033778" "Mozilla/5.0 AppleWebKit/537.36 (KHTML, like Gecko; compatible; bingbot/2.0; +http://www.bing.com/bingbot.htm) Chrome/112.0.0.0 Safari/537.36" "-"
40.77.188.17 - - [23/Dec/2024:07:48:54 +0900] "POST /product/detail/offer_stock HTTP/2.0" 200 23470 "https://kyoto-bankin.com/15033778" "Mozilla/5.0 AppleWebKit/537.36 (KHTML, like Gecko; compatible; bingbot/2.0; +http://www.bing.com/bingbot.htm) Chrome/112.0.0.0 Safari/537.36" "-"
85.208.96.205 - - [23/Dec/2024:07:48:57 +0900] "GET /23954962 HTTP/1.1" 301 162 "-" "Mozilla/5.0 (compatible; SemrushBot/7~bl; +http://www.semrush.com/bot.html)" "-"
185.191.171.14 - - [23/Dec/2024:07:49:00 +0900] "GET /23954962 HTTP/1.1" 503 428 "-" "Mozilla/5.0 (compatible; SemrushBot/7~bl; +http://www.semrush.com/bot.html)" "-"
85.208.96.209 - - [23/Dec/2024:07:49:04 +0900] "GET /2826106 HTTP/1.1" 301 162 "-" "Mozilla/5.0 (compatible; SemrushBot/7~bl; +http://www.semrush.com/bot.html)" "-"
52.167.144.230 - - [23/Dec/2024:07:49:05 +0900] "GET /69730378 HTTP/1.1" 301 162 "-" "Mozilla/5.0 AppleWebKit/537.36 (KHTML, like Gecko; compatible; bingbot/2.0; +http://www.bing.com/bingbot.htm) Chrome/116.0.1938.76 Safari/537.36" "-"
85.208.96.212 - - [23/Dec/2024:07:49:06 +0900] "GET /2826106 HTTP/1.1" 404 9041 "-" "Mozilla/5.0 (compatible; SemrushBot/7~bl; +http://www.semrush.com/bot.html)" "-"
52.167.144.230 - - [23/Dec/2024:07:49:14 +0900] "GET /search?restrict[]=person_id(int)=TQV HTTP/1.1" 301 162 "-" "Mozilla/5.0 AppleWebKit/537.36 (KHTML, like Gecko; compatible; bingbot/2.0; +http://www.bing.com/bingbot.htm) Chrome/116.0.1938.76 Safari/537.36" "-"
52.167.144.230 - - [23/Dec/2024:07:49:15 +0900] "GET /3058018 HTTP/1.1" 301 162 "-" "Mozilla/5.0 AppleWebKit/537.36 (KHTML, like Gecko; compatible; bingbot/2.0; +http://www.bing.com/bingbot.htm) Chrome/116.0.1938.76 Safari/537.36" "-"
185.191.171.3 - - [23/Dec/2024:07:49:17 +0900] "GET /31255306 HTTP/1.1" 301 162 "-" "Mozilla/5.0 (compatible; SemrushBot/7~bl; +http://www.semrush.com/bot.html)" "-"
40.77.188.95 - - [23/Dec/2024:07:49:18 +0900] "POST /product/detail/offer_stock HTTP/2.0" 200 23470 "https://kyoto-bankin.com/23645794" "Mozilla/5.0 AppleWebKit/537.36 (KHTML, like Gecko; compatible; bingbot/2.0; +http://www.bing.com/bingbot.htm) Chrome/112.0.0.0 Safari/537.36" "-"
40.77.188.95 - - [23/Dec/2024:07:49:18 +0900] "POST /product/detail/history_order HTTP/2.0" 200 24694 "https://kyoto-bankin.com/23645794" "Mozilla/5.0 AppleWebKit/537.36 (KHTML, like Gecko; compatible; bingbot/2.0; +http://www.bing.com/bingbot.htm) Chrome/112.0.0.0 Safari/537.36" "-"
118.27.99.84 - - [23/Dec/2024:07:49:20 +0900] "POST /wp-cron.php?doing_wp_cron=1734907760.5013339519500732421875 HTTP/1.1" 503 299 "-" "WordPress/6.7.1; https://kyoto-bankin.com" "-"
185.191.171.4 - - [23/Dec/2024:07:49:20 +0900] "GET /31255306 HTTP/1.1" 404 9043 "-" "Mozilla/5.0 (compatible; SemrushBot/7~bl; +http://www.semrush.com/bot.html)" "-"
52.167.144.145 - - [23/Dec/2024:07:49:23 +0900] "GET /31652266 HTTP/1.1" 301 162 "-" "Mozilla/5.0 AppleWebKit/537.36 (KHTML, like Gecko; compatible; bingbot/2.0; +http://www.bing.com/bingbot.htm) Chrome/116.0.1938.76 Safari/537.36" "-"
52.167.144.230 - - [23/Dec/2024:07:49:25 +0900] "GET /69730378 HTTP/2.0" 200 24790 "-" "Mozilla/5.0 AppleWebKit/537.36 (KHTML, like Gecko; compatible; bingbot/2.0; +http://www.bing.com/bingbot.htm) Chrome/116.0.1938.76 Safari/537.36" "-"
40.77.167.72 - - [23/Dec/2024:07:49:28 +0900] "GET /3058018 HTTP/2.0" 200 23082 "-" "Mozilla/5.0 AppleWebKit/537.36 (KHTML, like Gecko; compatible; bingbot/2.0; +http://www.bing.com/bingbot.htm) Chrome/116.0.1938.76 Safari/537.36" "-"
40.77.188.185 - - [23/Dec/2024:07:49:29 +0900] "POST /product/detail/offer_stock HTTP/2.0" 200 130365 "-" "Mozilla/5.0 AppleWebKit/537.36 (KHTML, like Gecko; compatible; bingbot/2.0; +http://www.bing.com/bingbot.htm) Chrome/100.0.4896.127 Safari/537.36" "-"
40.77.188.98 - - [23/Dec/2024:07:49:29 +0900] "POST /product/detail/history_order HTTP/2.0" 200 141201 "-" "Mozilla/5.0 AppleWebKit/537.36 (KHTML, like Gecko; compatible; bingbot/2.0; +http://www.bing.com/bingbot.htm) Chrome/100.0.4896.127 Safari/537.36" "-"
40.77.167.72 - - [23/Dec/2024:07:49:29 +0900] "GET /13404946 HTTP/1.1" 301 162 "-" "Mozilla/5.0 AppleWebKit/537.36 (KHTML, like Gecko; compatible; bingbot/2.0; +http://www.bing.com/bingbot.htm) Chrome/116.0.1938.76 Safari/537.36" "-"
85.208.96.194 - - [23/Dec/2024:07:49:38 +0900] "GET /43283482 HTTP/1.1" 301 162 "-" "Mozilla/5.0 (compatible; SemrushBot/7~bl; +http://www.semrush.com/bot.html)" "-"
85.208.96.211 - - [23/Dec/2024:07:49:39 +0900] "GET /7004266 HTTP/1.1" 301 162 "-" "Mozilla/5.0 (compatible; SemrushBot/7~bl; +http://www.semrush.com/bot.html)" "-"
185.191.171.10 - - [23/Dec/2024:07:49:43 +0900] "GET /7004266 HTTP/1.1" 404 9042 "-" "Mozilla/5.0 (compatible; SemrushBot/7~bl; +http://www.semrush.com/bot.html)" "-"
40.77.167.77 - - [23/Dec/2024:07:49:44 +0900] "GET /18499162 HTTP/1.1" 301 162 "-" "Mozilla/5.0 AppleWebKit/537.36 (KHTML, like Gecko; compatible; bingbot/2.0; +http://www.bing.com/bingbot.htm) Chrome/116.0.1938.76 Safari/537.36" "-"
40.77.167.77 - - [23/Dec/2024:07:49:45 +0900] "GET /49433002 HTTP/1.1" 301 162 "-" "Mozilla/5.0 AppleWebKit/537.36 (KHTML, like Gecko; compatible; bingbot/2.0; +http://www.bing.com/bingbot.htm) Chrome/116.0.1938.76 Safari/537.36" "-"
185.191.171.12 - - [23/Dec/2024:07:49:46 +0900] "GET /43283482 HTTP/1.1" 404 9045 "-" "Mozilla/5.0 (compatible; SemrushBot/7~bl; +http://www.semrush.com/bot.html)" "-"
52.167.144.230 - - [23/Dec/2024:07:49:49 +0900] "GET /43052482 HTTP/1.1" 301 162 "-" "Mozilla/5.0 AppleWebKit/537.36 (KHTML, like Gecko; compatible; bingbot/2.0; +http://www.bing.com/bingbot.htm) Chrome/116.0.1938.76 Safari/537.36" "-"
52.167.144.230 - - [23/Dec/2024:07:49:50 +0900] "GET /search?restrict[]=person_id(int)=DPYNV HTTP/1.1" 301 162 "-" "Mozilla/5.0 AppleWebKit/537.36 (KHTML, like Gecko; compatible; bingbot/2.0; +http://www.bing.com/bingbot.htm) Chrome/116.0.1938.76 Safari/537.36" "-"
52.167.144.230 - - [23/Dec/2024:07:49:51 +0900] "GET /69721018 HTTP/1.1" 301 162 "-" "Mozilla/5.0 AppleWebKit/537.36 (KHTML, like Gecko; compatible; bingbot/2.0; +http://www.bing.com/bingbot.htm) Chrome/116.0.1938.76 Safari/537.36" "-"
85.208.96.205 - - [23/Dec/2024:07:49:53 +0900] "GET /70589338 HTTP/1.1" 301 162 "-" "Mozilla/5.0 (compatible; SemrushBot/7~bl; +http://www.semrush.com/bot.html)" "-"
52.167.144.145 - - [23/Dec/2024:07:49:53 +0900] "GET /search?restrict[]=person_id(int)=MTV HTTP/1.1" 301 162 "-" "Mozilla/5.0 AppleWebKit/537.36 (KHTML, like Gecko; compatible; bingbot/2.0; +http://www.bing.com/bingbot.htm) Chrome/116.0.1938.76 Safari/537.36" "-"
185.191.171.18 - - [23/Dec/2024:07:49:56 +0900] "GET /70589338 HTTP/1.1" 404 9045 "-" "Mozilla/5.0 (compatible; SemrushBot/7~bl; +http://www.semrush.com/bot.html)" "-"
40.77.167.77 - - [23/Dec/2024:07:49:58 +0900] "GET /32196538 HTTP/1.1" 301 162 "-" "Mozilla/5.0 AppleWebKit/537.36 (KHTML, like Gecko; compatible; bingbot/2.0; +http://www.bing.com/bingbot.htm) Chrome/116.0.1938.76 Safari/537.36" "-"
40.77.167.77 - - [23/Dec/2024:07:49:59 +0900] "GET /69614650 HTTP/1.1" 301 162 "-" "Mozilla/5.0 AppleWebKit/537.36 (KHTML, like Gecko; compatible; bingbot/2.0; +http://www.bing.com/bingbot.htm) Chrome/116.0.1938.76 Safari/537.36" "-"
40.77.167.77 - - [23/Dec/2024:07:49:59 +0900] "GET /2364826 HTTP/1.1" 301 162 "-" "Mozilla/5.0 AppleWebKit/537.36 (KHTML, like Gecko; compatible; bingbot/2.0; +http://www.bing.com/bingbot.htm) Chrome/116.0.1938.76 Safari/537.36" "-"
40.77.189.86 - - [23/Dec/2024:07:49:59 +0900] "POST /product/detail/history_order HTTP/2.0" 200 141201 "-" "Mozilla/5.0 AppleWebKit/537.36 (KHTML, like Gecko; compatible; bingbot/2.0; +http://www.bing.com/bingbot.htm) Chrome/100.0.4896.127 Safari/537.36" "-"
40.77.190.68 - - [23/Dec/2024:07:50:00 +0900] "POST /product/detail/offer_stock HTTP/2.0" 200 130365 "-" "Mozilla/5.0 AppleWebKit/537.36 (KHTML, like Gecko; compatible; bingbot/2.0; +http://www.bing.com/bingbot.htm) Chrome/100.0.4896.127 Safari/537.36" "-"
85.208.96.204 - - [23/Dec/2024:07:50:11 +0900] "GET /65103274 HTTP/1.1" 301 162 "-" "Mozilla/5.0 (compatible; SemrushBot/7~bl; +http://www.semrush.com/bot.html)" "-"
185.191.171.6 - - [23/Dec/2024:07:50:14 +0900] "GET /65103274 HTTP/1.1" 404 9045 "-" "Mozilla/5.0 (compatible; SemrushBot/7~bl; +http://www.semrush.com/bot.html)" "-"
85.208.96.198 - - [23/Dec/2024:07:50:19 +0900] "GET /50772778 HTTP/1.1" 301 162 "-" "Mozilla/5.0 (compatible; SemrushBot/7~bl; +http://www.semrush.com/bot.html)" "-"
118.27.99.84 - - [23/Dec/2024:07:50:23 +0900] "POST /wp-cron.php?doing_wp_cron=1734907822.4237821102142333984375 HTTP/1.1" 200 118 "-" "WordPress/6.7.1; https://kyoto-bankin.com" "-"
85.208.96.211 - - [23/Dec/2024:07:50:23 +0900] "GET /50772778 HTTP/1.1" 404 9046 "-" "Mozilla/5.0 (compatible; SemrushBot/7~bl; +http://www.semrush.com/bot.html)" "-"
52.167.144.145 - - [23/Dec/2024:07:50:23 +0900] "GET /49433002 HTTP/2.0" 503 428 "-" "Mozilla/5.0 AppleWebKit/537.36 (KHTML, like Gecko; compatible; bingbot/2.0; +http://www.bing.com/bingbot.htm) Chrome/116.0.1938.76 Safari/537.36" "-"
52.167.144.145 - - [23/Dec/2024:07:50:23 +0900] "GET /search?restrict[]=person_id(int)=MGZDW HTTP/1.1" 301 162 "-" "Mozilla/5.0 AppleWebKit/537.36 (KHTML, like Gecko; compatible; bingbot/2.0; +http://www.bing.com/bingbot.htm) Chrome/116.0.1938.76 Safari/537.36" "-"
52.167.144.145 - - [23/Dec/2024:07:50:25 +0900] "GET /search?restrict[]=person_id(int)=FGJCA HTTP/1.1" 301 162 "-" "Mozilla/5.0 AppleWebKit/537.36 (KHTML, like Gecko; compatible; bingbot/2.0; +http://www.bing.com/bingbot.htm) Chrome/116.0.1938.76 Safari/537.36" "-"
52.167.144.145 - - [23/Dec/2024:07:50:26 +0900] "GET /20670466 HTTP/1.1" 301 162 "-" "Mozilla/5.0 AppleWebKit/537.36 (KHTML, like Gecko; compatible; bingbot/2.0; +http://www.bing.com/bingbot.htm) Chrome/116.0.1938.76 Safari/537.36" "-"
52.167.144.145 - - [23/Dec/2024:07:50:26 +0900] "GET /53404018 HTTP/1.1" 301 162 "-" "Mozilla/5.0 AppleWebKit/537.36 (KHTML, like Gecko; compatible; bingbot/2.0; +http://www.bing.com/bingbot.htm) Chrome/116.0.1938.76 Safari/537.36" "-"
52.167.144.230 - - [23/Dec/2024:07:50:27 +0900] "GET /4556674 HTTP/1.1" 301 162 "-" "Mozilla/5.0 AppleWebKit/537.36 (KHTML, like Gecko; compatible; bingbot/2.0; +http://www.bing.com/bingbot.htm) Chrome/116.0.1938.76 Safari/537.36" "-"
52.167.144.230 - - [23/Dec/2024:07:50:35 +0900] "GET /search?restrict[]=person_id(int)=ASVP HTTP/1.1" 301 162 "-" "Mozilla/5.0 AppleWebKit/537.36 (KHTML, like Gecko; compatible; bingbot/2.0; +http://www.bing.com/bingbot.htm) Chrome/116.0.1938.76 Safari/537.36" "-"
185.191.171.18 - - [23/Dec/2024:07:50:38 +0900] "GET /42663562 HTTP/1.1" 301 162 "-" "Mozilla/5.0 (compatible; SemrushBot/7~bl; +http://www.semrush.com/bot.html)" "-"
85.208.96.199 - - [23/Dec/2024:07:50:41 +0900] "GET /42663562 HTTP/1.1" 404 9045 "-" "Mozilla/5.0 (compatible; SemrushBot/7~bl; +http://www.semrush.com/bot.html)" "-"
52.167.144.145 - - [23/Dec/2024:07:50:44 +0900] "GET /49433002 HTTP/2.0" 200 27466 "-" "Mozilla/5.0 AppleWebKit/537.36 (KHTML, like Gecko; compatible; bingbot/2.0; +http://www.bing.com/bingbot.htm) Chrome/116.0.1938.76 Safari/537.36" "-"
52.167.144.145 - - [23/Dec/2024:07:50:44 +0900] "GET /search?restrict[]=person_id(int)=MQHY HTTP/1.1" 301 162 "-" "Mozilla/5.0 AppleWebKit/537.36 (KHTML, like Gecko; compatible; bingbot/2.0; +http://www.bing.com/bingbot.htm) Chrome/116.0.1938.76 Safari/537.36" "-"
52.167.144.145 - - [23/Dec/2024:07:50:45 +0900] "GET /29578786 HTTP/1.1" 301 162 "-" "Mozilla/5.0 AppleWebKit/537.36 (KHTML, like Gecko; compatible; bingbot/2.0; +http://www.bing.com/bingbot.htm) Chrome/116.0.1938.76 Safari/537.36" "-"
52.167.144.145 - - [23/Dec/2024:07:50:45 +0900] "GET /43676074 HTTP/1.1" 301 162 "-" "Mozilla/5.0 AppleWebKit/537.36 (KHTML, like Gecko; compatible; bingbot/2.0; +http://www.bing.com/bingbot.htm) Chrome/116.0.1938.76 Safari/537.36" "-"
52.167.144.230 - - [23/Dec/2024:07:50:45 +0900] "GET /29834290 HTTP/1.1" 301 162 "-" "Mozilla/5.0 AppleWebKit/537.36 (KHTML, like Gecko; compatible; bingbot/2.0; +http://www.bing.com/bingbot.htm) Chrome/116.0.1938.76 Safari/537.36" "-"
40.77.167.77 - - [23/Dec/2024:07:50:48 +0900] "GET /38061154 HTTP/1.1" 301 162 "-" "Mozilla/5.0 AppleWebKit/537.36 (KHTML, like Gecko; compatible; bingbot/2.0; +http://www.bing.com/bingbot.htm) Chrome/116.0.1938.76 Safari/537.36" "-"
40.77.167.77 - - [23/Dec/2024:07:50:48 +0900] "GET /search?restrict[]=person_id(int)=ZAVLQ HTTP/1.1" 301 162 "-" "Mozilla/5.0 AppleWebKit/537.36 (KHTML, like Gecko; compatible; bingbot/2.0; +http://www.bing.com/bingbot.htm) Chrome/116.0.1938.76 Safari/537.36" "-"
40.77.167.77 - - [23/Dec/2024:07:50:49 +0900] "GET /39908842 HTTP/1.1" 301 162 "-" "Mozilla/5.0 AppleWebKit/537.36 (KHTML, like Gecko; compatible; bingbot/2.0; +http://www.bing.com/bingbot.htm) Chrome/116.0.1938.76 Safari/537.36" "-"
40.77.190.46 - - [23/Dec/2024:07:50:51 +0900] "POST /product/detail/history_order HTTP/2.0" 503 428 "-" "Mozilla/5.0 AppleWebKit/537.36 (KHTML, like Gecko; compatible; bingbot/2.0; +http://www.bing.com/bingbot.htm) Chrome/100.0.4896.127 Safari/537.36" "-"
40.77.188.96 - - [23/Dec/2024:07:50:51 +0900] "POST /product/detail/offer_stock HTTP/2.0" 503 428 "-" "Mozilla/5.0 AppleWebKit/537.36 (KHTML, like Gecko; compatible; bingbot/2.0; +http://www.bing.com/bingbot.htm) Chrome/100.0.4896.127 Safari/537.36" "-"
185.191.171.10 - - [23/Dec/2024:07:51:04 +0900] "GET /23046706 HTTP/1.1" 301 162 "-" "Mozilla/5.0 (compatible; SemrushBot/7~bl; +http://www.semrush.com/bot.html)" "-"
52.167.144.230 - - [23/Dec/2024:07:51:05 +0900] "GET /39908842 HTTP/2.0" 503 428 "-" "Mozilla/5.0 AppleWebKit/537.36 (KHTML, like Gecko; compatible; bingbot/2.0; +http://www.bing.com/bingbot.htm) Chrome/116.0.1938.76 Safari/537.36" "-"
185.191.171.1 - - [23/Dec/2024:07:51:06 +0900] "GET /23046706 HTTP/1.1" 503 428 "-" "Mozilla/5.0 (compatible; SemrushBot/7~bl; +http://www.semrush.com/bot.html)" "-"
