85.208.96.201 - - [23/Dec/2024:07:33:38 +0900] "GET /6894058 HTTP/1.1" 404 9043 "-" "Mozilla/5.0 (compatible; SemrushBot/7~bl; +http://www.semrush.com/bot.html)" "-"
52.167.144.190 - - [23/Dec/2024:07:33:43 +0900] "GET /sitemap-13.xml HTTP/1.1" 301 162 "-" "Mozilla/5.0 AppleWebKit/537.36 (KHTML, like Gecko; compatible; bingbot/2.0; +http://www.bing.com/bingbot.htm) Chrome/116.0.1938.76 Safari/537.36" "-"
52.167.144.190 - - [23/Dec/2024:07:33:45 +0900] "GET /sitemap-13.xml HTTP/2.0" 200 13628 "-" "Mozilla/5.0 AppleWebKit/537.36 (KHTML, like Gecko; compatible; bingbot/2.0; +http://www.bing.com/bingbot.htm) Chrome/116.0.1938.76 Safari/537.36" "-"
40.77.167.14 - - [23/Dec/2024:07:33:53 +0900] "GET /40638370 HTTP/2.0" 200 25054 "-" "Mozilla/5.0 AppleWebKit/537.36 (KHTML, like Gecko; compatible; bingbot/2.0; +http://www.bing.com/bingbot.htm) Chrome/116.0.1938.76 Safari/537.36" "-"
85.208.96.210 - - [23/Dec/2024:07:33:55 +0900] "GET /15004882 HTTP/1.1" 301 162 "-" "Mozilla/5.0 (compatible; SemrushBot/7~bl; +http://www.semrush.com/bot.html)" "-"
85.208.96.210 - - [23/Dec/2024:07:34:00 +0900] "GET /15004882 HTTP/1.1" 404 9041 "-" "Mozilla/5.0 (compatible; SemrushBot/7~bl; +http://www.semrush.com/bot.html)" "-"
52.167.144.190 - - [23/Dec/2024:07:34:03 +0900] "GET /47363818 HTTP/1.1" 301 162 "-" "Mozilla/5.0 AppleWebKit/537.36 (KHTML, like Gecko; compatible; bingbot/2.0; +http://www.bing.com/bingbot.htm) Chrome/116.0.1938.76 Safari/537.36" "-"
85.208.96.198 - - [23/Dec/2024:07:34:16 +0900] "GET /10951210 HTTP/1.1" 301 162 "-" "Mozilla/5.0 (compatible; SemrushBot/7~bl; +http://www.semrush.com/bot.html)" "-"
118.27.99.84 - - [23/Dec/2024:07:34:21 +0900] "POST /wp-cron.php?doing_wp_cron=1734906861.0574309825897216796875 HTTP/1.1" 200 118 "-" "WordPress/6.7.1; https://kyoto-bankin.com" "-"
85.208.96.210 - - [23/Dec/2024:07:34:21 +0900] "GET /10951210 HTTP/1.1" 404 9045 "-" "Mozilla/5.0 (compatible; SemrushBot/7~bl; +http://www.semrush.com/bot.html)" "-"
185.191.171.7 - - [23/Dec/2024:07:34:24 +0900] "GET /6702322 HTTP/1.1" 301 162 "-" "Mozilla/5.0 (compatible; SemrushBot/7~bl; +http://www.semrush.com/bot.html)" "-"
185.191.171.15 - - [23/Dec/2024:07:34:27 +0900] "GET /6702322 HTTP/1.1" 404 9041 "-" "Mozilla/5.0 (compatible; SemrushBot/7~bl; +http://www.semrush.com/bot.html)" "-"
185.191.171.7 - - [23/Dec/2024:07:34:29 +0900] "GET /23216746 HTTP/1.1" 301 162 "-" "Mozilla/5.0 (compatible; SemrushBot/7~bl; +http://www.semrush.com/bot.html)" "-"
185.191.171.7 - - [23/Dec/2024:07:34:31 +0900] "GET /23216746 HTTP/1.1" 503 428 "-" "Mozilla/5.0 (compatible; SemrushBot/7~bl; +http://www.semrush.com/bot.html)" "-"
52.167.144.190 - - [23/Dec/2024:07:34:34 +0900] "GET /47363818 HTTP/2.0" 200 23810 "-" "Mozilla/5.0 AppleWebKit/537.36 (KHTML, like Gecko; compatible; bingbot/2.0; +http://www.bing.com/bingbot.htm) Chrome/116.0.1938.76 Safari/537.36" "-"
52.167.144.190 - - [23/Dec/2024:07:34:35 +0900] "GET /32667058 HTTP/1.1" 301 162 "-" "Mozilla/5.0 AppleWebKit/537.36 (KHTML, like Gecko; compatible; bingbot/2.0; +http://www.bing.com/bingbot.htm) Chrome/116.0.1938.76 Safari/537.36" "-"
40.77.190.116 - - [23/Dec/2024:07:34:39 +0900] "POST /product/detail/history_order HTTP/2.0" 200 24694 "https://kyoto-bankin.com/40638370" "Mozilla/5.0 AppleWebKit/537.36 (KHTML, like Gecko; compatible; bingbot/2.0; +http://www.bing.com/bingbot.htm) Chrome/112.0.0.0 Safari/537.36" "-"
40.77.190.116 - - [23/Dec/2024:07:34:39 +0900] "POST /product/detail/offer_stock HTTP/2.0" 200 23470 "https://kyoto-bankin.com/40638370" "Mozilla/5.0 AppleWebKit/537.36 (KHTML, like Gecko; compatible; bingbot/2.0; +http://www.bing.com/bingbot.htm) Chrome/112.0.0.0 Safari/537.36" "-"
40.77.167.14 - - [23/Dec/2024:07:34:42 +0900] "GET /16870930 HTTP/1.1" 301 162 "-" "Mozilla/5.0 AppleWebKit/537.36 (KHTML, like Gecko; compatible; bingbot/2.0; +http://www.bing.com/bingbot.htm) Chrome/116.0.1938.76 Safari/537.36" "-"
185.191.171.19 - - [23/Dec/2024:07:34:47 +0900] "GET /55638178 HTTP/1.1" 301 162 "-" "Mozilla/5.0 (compatible; SemrushBot/7~bl; +http://www.semrush.com/bot.html)" "-"
52.149.22.84 - - [23/Dec/2024:07:34:49 +0900] "GET /4635058 HTTP/1.1" 503 428 "-" "Mozilla/5.0 (Windows NT 10.0; Win64; x64) AppleWebKit/537.36 (KHTML, like Gecko) Chrome/131.0.0.0 Safari/537.36 Edg/131.0.0.0" "-"
185.191.171.7 - - [23/Dec/2024:07:34:50 +0900] "GET /55638178 HTTP/1.1" 404 9046 "-" "Mozilla/5.0 (compatible; SemrushBot/7~bl; +http://www.semrush.com/bot.html)" "-"
40.77.167.14 - - [23/Dec/2024:07:35:03 +0900] "GET /16870930 HTTP/2.0" 503 428 "-" "Mozilla/5.0 AppleWebKit/537.36 (KHTML, like Gecko; compatible; bingbot/2.0; +http://www.bing.com/bingbot.htm) Chrome/116.0.1938.76 Safari/537.36" "-"
185.191.171.15 - - [23/Dec/2024:07:35:08 +0900] "GET /28606234 HTTP/1.1" 301 162 "-" "Mozilla/5.0 (compatible; SemrushBot/7~bl; +http://www.semrush.com/bot.html)" "-"
185.191.171.11 - - [23/Dec/2024:07:35:11 +0900] "GET /28606234 HTTP/1.1" 404 9044 "-" "Mozilla/5.0 (compatible; SemrushBot/7~bl; +http://www.semrush.com/bot.html)" "-"
40.77.167.14 - - [23/Dec/2024:07:35:13 +0900] "GET /25058146 HTTP/1.1" 301 162 "-" "Mozilla/5.0 AppleWebKit/537.36 (KHTML, like Gecko; compatible; bingbot/2.0; +http://www.bing.com/bingbot.htm) Chrome/116.0.1938.76 Safari/537.36" "-"
40.77.167.14 - - [23/Dec/2024:07:35:13 +0900] "GET /35249170 HTTP/1.1" 301 162 "-" "Mozilla/5.0 AppleWebKit/537.36 (KHTML, like Gecko; compatible; bingbot/2.0; +http://www.bing.com/bingbot.htm) Chrome/116.0.1938.76 Safari/537.36" "-"
185.191.171.17 - - [23/Dec/2024:07:35:18 +0900] "GET /16190050 HTTP/1.1" 301 162 "-" "Mozilla/5.0 (compatible; SemrushBot/7~bl; +http://www.semrush.com/bot.html)" "-"
118.27.99.84 - - [23/Dec/2024:07:35:22 +0900] "POST /wp-cron.php?doing_wp_cron=1734906921.2672049999237060546875 HTTP/1.1" 200 118 "-" "WordPress/6.7.1; https://kyoto-bankin.com" "-"
185.191.171.9 - - [23/Dec/2024:07:35:22 +0900] "GET /16190050 HTTP/1.1" 404 9044 "-" "Mozilla/5.0 (compatible; SemrushBot/7~bl; +http://www.semrush.com/bot.html)" "-"
40.77.167.14 - - [23/Dec/2024:07:35:33 +0900] "GET /16870930 HTTP/2.0" 200 23398 "-" "Mozilla/5.0 AppleWebKit/537.36 (KHTML, like Gecko; compatible; bingbot/2.0; +http://www.bing.com/bingbot.htm) Chrome/116.0.1938.76 Safari/537.36" "-"
40.77.167.14 - - [23/Dec/2024:07:35:34 +0900] "GET /25058146 HTTP/2.0" 200 23133 "-" "Mozilla/5.0 AppleWebKit/537.36 (KHTML, like Gecko; compatible; bingbot/2.0; +http://www.bing.com/bingbot.htm) Chrome/116.0.1938.76 Safari/537.36" "-"
40.77.167.14 - - [23/Dec/2024:07:35:36 +0900] "GET /45779794 HTTP/1.1" 301 162 "-" "Mozilla/5.0 AppleWebKit/537.36 (KHTML, like Gecko; compatible; bingbot/2.0; +http://www.bing.com/bingbot.htm) Chrome/116.0.1938.76 Safari/537.36" "-"
52.167.144.190 - - [23/Dec/2024:07:35:38 +0900] "GET /32667058 HTTP/2.0" 200 22172 "-" "Mozilla/5.0 AppleWebKit/537.36 (KHTML, like Gecko; compatible; bingbot/2.0; +http://www.bing.com/bingbot.htm) Chrome/116.0.1938.76 Safari/537.36" "-"
185.191.171.2 - - [23/Dec/2024:07:35:38 +0900] "GET /47942002 HTTP/1.1" 301 162 "-" "Mozilla/5.0 (compatible; SemrushBot/7~bl; +http://www.semrush.com/bot.html)" "-"
52.167.144.190 - - [23/Dec/2024:07:35:39 +0900] "GET /35249170 HTTP/2.0" 200 25467 "-" "Mozilla/5.0 AppleWebKit/537.36 (KHTML, like Gecko; compatible; bingbot/2.0; +http://www.bing.com/bingbot.htm) Chrome/116.0.1938.76 Safari/537.36" "-"
52.167.144.190 - - [23/Dec/2024:07:35:40 +0900] "GET /search?restrict[]=person_id(int)=GEMK HTTP/1.1" 301 162 "-" "Mozilla/5.0 AppleWebKit/537.36 (KHTML, like Gecko; compatible; bingbot/2.0; +http://www.bing.com/bingbot.htm) Chrome/116.0.1938.76 Safari/537.36" "-"
20.120.134.44 - - [23/Dec/2024:07:35:40 +0900] "GET /54320434 HTTP/1.1" 404 29311 "-" "Mozilla/5.0 (Windows NT 10.0; Win64; x64) AppleWebKit/537.36 (KHTML, like Gecko) Chrome/131.0.0.0 Safari/537.36 Edg/131.0.0.0" "-"
85.208.96.197 - - [23/Dec/2024:07:35:41 +0900] "GET /47942002 HTTP/1.1" 404 9045 "-" "Mozilla/5.0 (compatible; SemrushBot/7~bl; +http://www.semrush.com/bot.html)" "-"
40.77.188.54 - - [23/Dec/2024:07:35:41 +0900] "POST /product/detail/offer_stock HTTP/2.0" 503 428 "https://kyoto-bankin.com/47363818" "Mozilla/5.0 AppleWebKit/537.36 (KHTML, like Gecko; compatible; bingbot/2.0; +http://www.bing.com/bingbot.htm) Chrome/112.0.0.0 Safari/537.36" "-"
40.77.188.54 - - [23/Dec/2024:07:35:42 +0900] "POST /product/detail/history_order HTTP/2.0" 200 24694 "https://kyoto-bankin.com/47363818" "Mozilla/5.0 AppleWebKit/537.36 (KHTML, like Gecko; compatible; bingbot/2.0; +http://www.bing.com/bingbot.htm) Chrome/112.0.0.0 Safari/537.36" "-"
185.191.171.18 - - [23/Dec/2024:07:35:42 +0900] "GET /72196570 HTTP/1.1" 301 162 "-" "Mozilla/5.0 (compatible; SemrushBot/7~bl; +http://www.semrush.com/bot.html)" "-"
185.191.171.4 - - [23/Dec/2024:07:35:45 +0900] "GET /72196570 HTTP/1.1" 404 9043 "-" "Mozilla/5.0 (compatible; SemrushBot/7~bl; +http://www.semrush.com/bot.html)" "-"
40.77.188.93 - - [23/Dec/2024:07:35:50 +0900] "POST /product/detail/history_order HTTP/2.0" 200 141201 "-" "Mozilla/5.0 AppleWebKit/537.36 (KHTML, like Gecko; compatible; bingbot/2.0; +http://www.bing.com/bingbot.htm) Chrome/100.0.4896.127 Safari/537.36" "-"
40.77.190.81 - - [23/Dec/2024:07:35:50 +0900] "POST /product/detail/offer_stock HTTP/2.0" 200 130365 "-" "Mozilla/5.0 AppleWebKit/537.36 (KHTML, like Gecko; compatible; bingbot/2.0; +http://www.bing.com/bingbot.htm) Chrome/100.0.4896.127 Safari/537.36" "-"
185.191.171.15 - - [23/Dec/2024:07:35:50 +0900] "GET /62579626 HTTP/1.1" 301 162 "-" "Mozilla/5.0 (compatible; SemrushBot/7~bl; +http://www.semrush.com/bot.html)" "-"
52.167.144.190 - - [23/Dec/2024:07:35:53 +0900] "GET /42295258 HTTP/1.1" 301 162 "-" "Mozilla/5.0 AppleWebKit/537.36 (KHTML, like Gecko; compatible; bingbot/2.0; +http://www.bing.com/bingbot.htm) Chrome/116.0.1938.76 Safari/537.36" "-"
52.167.144.190 - - [23/Dec/2024:07:35:54 +0900] "GET /search?restrict[]=person_id(int)=RDKJW HTTP/1.1" 301 162 "-" "Mozilla/5.0 AppleWebKit/537.36 (KHTML, like Gecko; compatible; bingbot/2.0; +http://www.bing.com/bingbot.htm) Chrome/116.0.1938.76 Safari/537.36" "-"
185.191.171.16 - - [23/Dec/2024:07:35:54 +0900] "GET /62579626 HTTP/1.1" 404 9045 "-" "Mozilla/5.0 (compatible; SemrushBot/7~bl; +http://www.semrush.com/bot.html)" "-"
52.167.144.190 - - [23/Dec/2024:07:35:55 +0900] "GET /search?restrict[]=person_id(int)=BDYZW HTTP/1.1" 301 162 "-" "Mozilla/5.0 AppleWebKit/537.36 (KHTML, like Gecko; compatible; bingbot/2.0; +http://www.bing.com/bingbot.htm) Chrome/116.0.1938.76 Safari/537.36" "-"
85.208.96.199 - - [23/Dec/2024:07:35:55 +0900] "GET /58787842 HTTP/1.1" 301 162 "-" "Mozilla/5.0 (compatible; SemrushBot/7~bl; +http://www.semrush.com/bot.html)" "-"
52.167.144.190 - - [23/Dec/2024:07:35:56 +0900] "GET /pcmypage?callback=product/review/BDYZW105087120 HTTP/1.1" 301 162 "-" "Mozilla/5.0 AppleWebKit/537.36 (KHTML, like Gecko; compatible; bingbot/2.0; +http://www.bing.com/bingbot.htm) Chrome/116.0.1938.76 Safari/537.36" "-"
185.191.171.16 - - [23/Dec/2024:07:35:57 +0900] "GET /44305882 HTTP/1.1" 301 162 "-" "Mozilla/5.0 (compatible; SemrushBot/7~bl; +http://www.semrush.com/bot.html)" "-"
85.208.96.201 - - [23/Dec/2024:07:35:59 +0900] "GET /44305882 HTTP/1.1" 503 428 "-" "Mozilla/5.0 (compatible; SemrushBot/7~bl; +http://www.semrush.com/bot.html)" "-"
52.167.144.19 - - [23/Dec/2024:07:36:02 +0900] "GET /10241002 HTTP/1.1" 301 162 "-" "Mozilla/5.0 AppleWebKit/537.36 (KHTML, like Gecko; compatible; bingbot/2.0; +http://www.bing.com/bingbot.htm) Chrome/116.0.1938.76 Safari/537.36" "-"
52.167.144.19 - - [23/Dec/2024:07:36:02 +0900] "GET /search?restrict[]=person_id(int)=TXRDV HTTP/1.1" 301 162 "-" "Mozilla/5.0 AppleWebKit/537.36 (KHTML, like Gecko; compatible; bingbot/2.0; +http://www.bing.com/bingbot.htm) Chrome/116.0.1938.76 Safari/537.36" "-"
52.167.144.19 - - [23/Dec/2024:07:36:02 +0900] "GET /19285210 HTTP/1.1" 301 162 "-" "Mozilla/5.0 AppleWebKit/537.36 (KHTML, like Gecko; compatible; bingbot/2.0; +http://www.bing.com/bingbot.htm) Chrome/116.0.1938.76 Safari/537.36" "-"
185.191.171.14 - - [23/Dec/2024:07:36:02 +0900] "GET /58787842 HTTP/1.1" 503 428 "-" "Mozilla/5.0 (compatible; SemrushBot/7~bl; +http://www.semrush.com/bot.html)" "-"
52.167.144.19 - - [23/Dec/2024:07:36:02 +0900] "GET /search?restrict[]=person_id(int)=UKDPH HTTP/1.1" 301 162 "-" "Mozilla/5.0 AppleWebKit/537.36 (KHTML, like Gecko; compatible; bingbot/2.0; +http://www.bing.com/bingbot.htm) Chrome/116.0.1938.76 Safari/537.36" "-"
40.77.188.202 - - [23/Dec/2024:07:36:03 +0900] "POST /product/detail/history_order HTTP/2.0" 200 141201 "-" "Mozilla/5.0 AppleWebKit/537.36 (KHTML, like Gecko; compatible; bingbot/2.0; +http://www.bing.com/bingbot.htm) Chrome/100.0.4896.127 Safari/537.36" "-"
40.77.190.5 - - [23/Dec/2024:07:36:03 +0900] "POST /product/detail/offer_stock HTTP/2.0" 200 130365 "-" "Mozilla/5.0 AppleWebKit/537.36 (KHTML, like Gecko; compatible; bingbot/2.0; +http://www.bing.com/bingbot.htm) Chrome/100.0.4896.127 Safari/537.36" "-"
52.167.144.19 - - [23/Dec/2024:07:36:03 +0900] "GET /30312082 HTTP/1.1" 301 162 "-" "Mozilla/5.0 AppleWebKit/537.36 (KHTML, like Gecko; compatible; bingbot/2.0; +http://www.bing.com/bingbot.htm) Chrome/116.0.1938.76 Safari/537.36" "-"
40.77.167.14 - - [23/Dec/2024:07:36:06 +0900] "GET /search?restrict[]=person_id(int)=PGVW HTTP/1.1" 301 162 "-" "Mozilla/5.0 AppleWebKit/537.36 (KHTML, like Gecko; compatible; bingbot/2.0; +http://www.bing.com/bingbot.htm) Chrome/116.0.1938.76 Safari/537.36" "-"
40.77.188.11 - - [23/Dec/2024:07:36:09 +0900] "POST /product/detail/history_order HTTP/2.0" 503 428 "-" "Mozilla/5.0 AppleWebKit/537.36 (KHTML, like Gecko; compatible; bingbot/2.0; +http://www.bing.com/bingbot.htm) Chrome/100.0.4896.127 Safari/537.36" "-"
40.77.189.147 - - [23/Dec/2024:07:36:10 +0900] "POST /product/detail/offer_stock HTTP/2.0" 200 130365 "-" "Mozilla/5.0 AppleWebKit/537.36 (KHTML, like Gecko; compatible; bingbot/2.0; +http://www.bing.com/bingbot.htm) Chrome/100.0.4896.127 Safari/537.36" "-"
85.208.96.198 - - [23/Dec/2024:07:36:11 +0900] "GET /68972170 HTTP/1.1" 301 162 "-" "Mozilla/5.0 (compatible; SemrushBot/7~bl; +http://www.semrush.com/bot.html)" "-"
52.167.144.19 - - [23/Dec/2024:07:36:11 +0900] "GET /search?restrict[]=person_id(int)=ZCL HTTP/1.1" 301 162 "-" "Mozilla/5.0 AppleWebKit/537.36 (KHTML, like Gecko; compatible; bingbot/2.0; +http://www.bing.com/bingbot.htm) Chrome/116.0.1938.76 Safari/537.36" "-"
185.191.171.4 - - [23/Dec/2024:07:36:14 +0900] "GET /68972170 HTTP/1.1" 404 9046 "-" "Mozilla/5.0 (compatible; SemrushBot/7~bl; +http://www.semrush.com/bot.html)" "-"
52.149.22.81 - - [23/Dec/2024:07:36:14 +0900] "GET /69799714 HTTP/1.1" 404 29311 "-" "Mozilla/5.0 (Windows NT 10.0; Win64; x64) AppleWebKit/537.36 (KHTML, like Gecko) Chrome/131.0.0.0 Safari/537.36 Edg/131.0.0.0" "-"
52.167.144.190 - - [23/Dec/2024:07:36:16 +0900] "GET /60950890 HTTP/1.1" 301 162 "-" "Mozilla/5.0 AppleWebKit/537.36 (KHTML, like Gecko; compatible; bingbot/2.0; +http://www.bing.com/bingbot.htm) Chrome/116.0.1938.76 Safari/537.36" "-"
52.167.144.190 - - [23/Dec/2024:07:36:17 +0900] "GET /search?restrict[]=person_id(int)=XQOGE HTTP/1.1" 301 162 "-" "Mozilla/5.0 AppleWebKit/537.36 (KHTML, like Gecko; compatible; bingbot/2.0; +http://www.bing.com/bingbot.htm) Chrome/116.0.1938.76 Safari/537.36" "-"
52.167.144.190 - - [23/Dec/2024:07:36:18 +0900] "GET /search?restrict[]=person_id(int)=DZHV HTTP/1.1" 301 162 "-" "Mozilla/5.0 AppleWebKit/537.36 (KHTML, like Gecko; compatible; bingbot/2.0; +http://www.bing.com/bingbot.htm) Chrome/116.0.1938.76 Safari/537.36" "-"
40.77.188.228 - - [23/Dec/2024:07:36:18 +0900] "POST /product/detail/history_order HTTP/2.0" 200 141201 "-" "Mozilla/5.0 AppleWebKit/537.36 (KHTML, like Gecko; compatible; bingbot/2.0; +http://www.bing.com/bingbot.htm) Chrome/100.0.4896.127 Safari/537.36" "-"
40.77.190.1 - - [23/Dec/2024:07:36:18 +0900] "POST /product/detail/offer_stock HTTP/2.0" 200 130365 "-" "Mozilla/5.0 AppleWebKit/537.36 (KHTML, like Gecko; compatible; bingbot/2.0; +http://www.bing.com/bingbot.htm) Chrome/100.0.4896.127 Safari/537.36" "-"
40.77.167.14 - - [23/Dec/2024:07:36:23 +0900] "GET /1766026 HTTP/1.1" 301 162 "-" "Mozilla/5.0 AppleWebKit/537.36 (KHTML, like Gecko; compatible; bingbot/2.0; +http://www.bing.com/bingbot.htm) Chrome/116.0.1938.76 Safari/537.36" "-"
40.77.167.14 - - [23/Dec/2024:07:36:23 +0900] "GET /73792258 HTTP/1.1" 301 162 "-" "Mozilla/5.0 AppleWebKit/537.36 (KHTML, like Gecko; compatible; bingbot/2.0; +http://www.bing.com/bingbot.htm) Chrome/116.0.1938.76 Safari/537.36" "-"
85.208.96.204 - - [23/Dec/2024:07:36:35 +0900] "GET /17713186 HTTP/1.1" 301 162 "-" "Mozilla/5.0 (compatible; SemrushBot/7~bl; +http://www.semrush.com/bot.html)" "-"
118.27.99.84 - - [23/Dec/2024:07:36:39 +0900] "POST /wp-cron.php?doing_wp_cron=1734906998.3454909324645996093750 HTTP/1.1" 200 118 "-" "WordPress/6.7.1; https://kyoto-bankin.com" "-"
85.208.96.212 - - [23/Dec/2024:07:36:39 +0900] "GET /17713186 HTTP/1.1" 404 9045 "-" "Mozilla/5.0 (compatible; SemrushBot/7~bl; +http://www.semrush.com/bot.html)" "-"
52.167.144.19 - - [23/Dec/2024:07:36:42 +0900] "GET /search?restrict[]=person_id(int)=QXUPK HTTP/1.1" 301 162 "-" "Mozilla/5.0 AppleWebKit/537.36 (KHTML, like Gecko; compatible; bingbot/2.0; +http://www.bing.com/bingbot.htm) Chrome/116.0.1938.76 Safari/537.36" "-"
40.77.167.14 - - [23/Dec/2024:07:36:47 +0900] "GET /73792258 HTTP/2.0" 200 24159 "-" "Mozilla/5.0 AppleWebKit/537.36 (KHTML, like Gecko; compatible; bingbot/2.0; +http://www.bing.com/bingbot.htm) Chrome/116.0.1938.76 Safari/537.36" "-"
40.77.167.14 - - [23/Dec/2024:07:36:47 +0900] "GET /20095354 HTTP/1.1" 301 162 "-" "Mozilla/5.0 AppleWebKit/537.36 (KHTML, like Gecko; compatible; bingbot/2.0; +http://www.bing.com/bingbot.htm) Chrome/116.0.1938.76 Safari/537.36" "-"
40.77.167.14 - - [23/Dec/2024:07:36:48 +0900] "GET /20432458 HTTP/1.1" 301 162 "-" "Mozilla/5.0 AppleWebKit/537.36 (KHTML, like Gecko; compatible; bingbot/2.0; +http://www.bing.com/bingbot.htm) Chrome/116.0.1938.76 Safari/537.36" "-"
52.167.144.190 - - [23/Dec/2024:07:36:56 +0900] "GET /1766026 HTTP/2.0" 200 22248 "-" "Mozilla/5.0 AppleWebKit/537.36 (KHTML, like Gecko; compatible; bingbot/2.0; +http://www.bing.com/bingbot.htm) Chrome/116.0.1938.76 Safari/537.36" "-"
185.191.171.2 - - [23/Dec/2024:07:36:56 +0900] "GET /44406754 HTTP/1.1" 301 162 "-" "Mozilla/5.0 (compatible; SemrushBot/7~bl; +http://www.semrush.com/bot.html)" "-"
185.191.171.14 - - [23/Dec/2024:07:36:58 +0900] "GET /39353338 HTTP/1.1" 301 162 "-" "Mozilla/5.0 (compatible; SemrushBot/7~bl; +http://www.semrush.com/bot.html)" "-"
85.208.96.198 - - [23/Dec/2024:07:37:01 +0900] "GET /39353338 HTTP/1.1" 404 9045 "-" "Mozilla/5.0 (compatible; SemrushBot/7~bl; +http://www.semrush.com/bot.html)" "-"
85.208.96.204 - - [23/Dec/2024:07:37:04 +0900] "GET /44406754 HTTP/1.1" 404 9043 "-" "Mozilla/5.0 (compatible; SemrushBot/7~bl; +http://www.semrush.com/bot.html)" "-"
40.77.167.14 - - [23/Dec/2024:07:37:13 +0900] "GET /search?restrict[]=person_id(int)=XCOMT HTTP/1.1" 301 162 "-" "Mozilla/5.0 AppleWebKit/537.36 (KHTML, like Gecko; compatible; bingbot/2.0; +http://www.bing.com/bingbot.htm) Chrome/116.0.1938.76 Safari/537.36" "-"
40.77.167.14 - - [23/Dec/2024:07:37:14 +0900] "GET /46494274 HTTP/1.1" 301 162 "-" "Mozilla/5.0 AppleWebKit/537.36 (KHTML, like Gecko; compatible; bingbot/2.0; +http://www.bing.com/bingbot.htm) Chrome/116.0.1938.76 Safari/537.36" "-"
185.191.171.11 - - [23/Dec/2024:07:37:17 +0900] "GET /17756194 HTTP/1.1" 301 162 "-" "Mozilla/5.0 (compatible; SemrushBot/7~bl; +http://www.semrush.com/bot.html)" "-"
52.167.144.157 - - [23/Dec/2024:07:37:18 +0900] "GET /17292226 HTTP/1.1" 301 162 "-" "Mozilla/5.0 AppleWebKit/537.36 (KHTML, like Gecko; compatible; bingbot/2.0; +http://www.bing.com/bingbot.htm) Chrome/116.0.1938.76 Safari/537.36" "-"
52.167.144.157 - - [23/Dec/2024:07:37:18 +0900] "GET /17784418 HTTP/1.1" 301 162 "-" "Mozilla/5.0 AppleWebKit/537.36 (KHTML, like Gecko; compatible; bingbot/2.0; +http://www.bing.com/bingbot.htm) Chrome/116.0.1938.76 Safari/537.36" "-"
40.77.188.171 - - [23/Dec/2024:07:37:19 +0900] "POST /product/detail/offer_stock HTTP/2.0" 200 130365 "-" "Mozilla/5.0 AppleWebKit/537.36 (KHTML, like Gecko; compatible; bingbot/2.0; +http://www.bing.com/bingbot.htm) Chrome/100.0.4896.127 Safari/537.36" "-"
40.77.189.200 - - [23/Dec/2024:07:37:19 +0900] "POST /product/detail/history_order HTTP/2.0" 200 141201 "-" "Mozilla/5.0 AppleWebKit/537.36 (KHTML, like Gecko; compatible; bingbot/2.0; +http://www.bing.com/bingbot.htm) Chrome/100.0.4896.127 Safari/537.36" "-"
52.167.144.157 - - [23/Dec/2024:07:37:19 +0900] "GET /60681994 HTTP/1.1" 301 162 "-" "Mozilla/5.0 AppleWebKit/537.36 (KHTML, like Gecko; compatible; bingbot/2.0; +http://www.bing.com/bingbot.htm) Chrome/116.0.1938.76 Safari/537.36" "-"
52.167.144.157 - - [23/Dec/2024:07:37:20 +0900] "GET /pcmypage?callback=product/review/HMSI45425429 HTTP/1.1" 301 162 "-" "Mozilla/5.0 AppleWebKit/537.36 (KHTML, like Gecko; compatible; bingbot/2.0; +http://www.bing.com/bingbot.htm) Chrome/116.0.1938.76 Safari/537.36" "-"
52.167.144.157 - - [23/Dec/2024:07:37:20 +0900] "GET /22290514 HTTP/1.1" 301 162 "-" "Mozilla/5.0 AppleWebKit/537.36 (KHTML, like Gecko; compatible; bingbot/2.0; +http://www.bing.com/bingbot.htm) Chrome/116.0.1938.76 Safari/537.36" "-"
118.27.99.84 - - [23/Dec/2024:07:37:21 +0900] "POST /wp-cron.php?doing_wp_cron=1734907040.7629630565643310546875 HTTP/1.1" 200 118 "-" "WordPress/6.7.1; https://kyoto-bankin.com" "-"
85.208.96.194 - - [23/Dec/2024:07:37:21 +0900] "GET /17756194 HTTP/1.1" 404 9044 "-" "Mozilla/5.0 (compatible; SemrushBot/7~bl; +http://www.semrush.com/bot.html)" "-"
52.167.144.19 - - [23/Dec/2024:07:37:23 +0900] "GET /20432458 HTTP/2.0" 200 23103 "-" "Mozilla/5.0 AppleWebKit/537.36 (KHTML, like Gecko; compatible; bingbot/2.0; +http://www.bing.com/bingbot.htm) Chrome/116.0.1938.76 Safari/537.36" "-"
185.191.171.12 - - [23/Dec/2024:07:37:23 +0900] "GET /40411810 HTTP/1.1" 301 162 "-" "Mozilla/5.0 (compatible; SemrushBot/7~bl; +http://www.semrush.com/bot.html)" "-"
52.167.144.19 - - [23/Dec/2024:07:37:24 +0900] "GET /59692690 HTTP/1.1" 301 162 "-" "Mozilla/5.0 AppleWebKit/537.36 (KHTML, like Gecko; compatible; bingbot/2.0; +http://www.bing.com/bingbot.htm) Chrome/116.0.1938.76 Safari/537.36" "-"
52.167.144.19 - - [23/Dec/2024:07:37:25 +0900] "GET /search?restrict[]=person_id(int)=HMSI HTTP/1.1" 301 162 "-" "Mozilla/5.0 AppleWebKit/537.36 (KHTML, like Gecko; compatible; bingbot/2.0; +http://www.bing.com/bingbot.htm) Chrome/116.0.1938.76 Safari/537.36" "-"
85.208.96.201 - - [23/Dec/2024:07:37:27 +0900] "GET /40411810 HTTP/1.1" 404 9045 "-" "Mozilla/5.0 (compatible; SemrushBot/7~bl; +http://www.semrush.com/bot.html)" "-"
40.77.167.14 - - [23/Dec/2024:07:37:27 +0900] "GET /27870946 HTTP/1.1" 301 162 "-" "Mozilla/5.0 AppleWebKit/537.36 (KHTML, like Gecko; compatible; bingbot/2.0; +http://www.bing.com/bingbot.htm) Chrome/116.0.1938.76 Safari/537.36" "-"
85.208.96.198 - - [23/Dec/2024:07:37:36 +0900] "GET /31957354 HTTP/1.1" 301 162 "-" "Mozilla/5.0 (compatible; SemrushBot/7~bl; +http://www.semrush.com/bot.html)" "-"
185.191.171.12 - - [23/Dec/2024:07:37:39 +0900] "GET /24065914 HTTP/1.1" 301 162 "-" "Mozilla/5.0 (compatible; SemrushBot/7~bl; +http://www.semrush.com/bot.html)" "-"
52.167.144.19 - - [23/Dec/2024:07:37:42 +0900] "GET /pcmypage?callback=product%2Fdetail%2FUSGH179189661 HTTP/1.1" 301 162 "-" "Mozilla/5.0 AppleWebKit/537.36 (KHTML, like Gecko; compatible; bingbot/2.0; +http://www.bing.com/bingbot.htm) Chrome/116.0.1938.76 Safari/537.36" "-"
85.208.96.198 - - [23/Dec/2024:07:37:42 +0900] "GET /24065914 HTTP/1.1" 404 9041 "-" "Mozilla/5.0 (compatible; SemrushBot/7~bl; +http://www.semrush.com/bot.html)" "-"
52.167.144.19 - - [23/Dec/2024:07:37:43 +0900] "GET /10697050 HTTP/1.1" 301 162 "-" "Mozilla/5.0 AppleWebKit/537.36 (KHTML, like Gecko; compatible; bingbot/2.0; +http://www.bing.com/bingbot.htm) Chrome/116.0.1938.76 Safari/537.36" "-"
52.167.144.19 - - [23/Dec/2024:07:37:43 +0900] "GET /20231482 HTTP/1.1" 301 162 "-" "Mozilla/5.0 AppleWebKit/537.36 (KHTML, like Gecko; compatible; bingbot/2.0; +http://www.bing.com/bingbot.htm) Chrome/116.0.1938.76 Safari/537.36" "-"
52.167.144.157 - - [23/Dec/2024:07:37:44 +0900] "GET /14740138 HTTP/1.1" 301 162 "-" "Mozilla/5.0 AppleWebKit/537.36 (KHTML, like Gecko; compatible; bingbot/2.0; +http://www.bing.com/bingbot.htm) Chrome/116.0.1938.76 Safari/537.36" "-"
185.191.171.16 - - [23/Dec/2024:07:37:44 +0900] "GET /31957354 HTTP/1.1" 503 428 "-" "Mozilla/5.0 (compatible; SemrushBot/7~bl; +http://www.semrush.com/bot.html)" "-"
40.77.167.14 - - [23/Dec/2024:07:37:48 +0900] "GET /22290514 HTTP/2.0" 200 23981 "-" "Mozilla/5.0 AppleWebKit/537.36 (KHTML, like Gecko; compatible; bingbot/2.0; +http://www.bing.com/bingbot.htm) Chrome/116.0.1938.76 Safari/537.36" "-"
40.77.167.14 - - [23/Dec/2024:07:37:48 +0900] "GET /27870946 HTTP/2.0" 503 428 "-" "Mozilla/5.0 AppleWebKit/537.36 (KHTML, like Gecko; compatible; bingbot/2.0; +http://www.bing.com/bingbot.htm) Chrome/116.0.1938.76 Safari/537.36" "-"
40.77.167.14 - - [23/Dec/2024:07:37:49 +0900] "GET /search?restrict[]=person_id(int)=USGH HTTP/1.1" 301 162 "-" "Mozilla/5.0 AppleWebKit/537.36 (KHTML, like Gecko; compatible; bingbot/2.0; +http://www.bing.com/bingbot.htm) Chrome/116.0.1938.76 Safari/537.36" "-"
40.77.189.89 - - [23/Dec/2024:07:37:51 +0900] "POST /product/detail/offer_stock HTTP/2.0" 200 130365 "-" "Mozilla/5.0 AppleWebKit/537.36 (KHTML, like Gecko; compatible; bingbot/2.0; +http://www.bing.com/bingbot.htm) Chrome/100.0.4896.127 Safari/537.36" "-"
40.77.189.183 - - [23/Dec/2024:07:37:51 +0900] "POST /product/detail/history_order HTTP/2.0" 200 141201 "-" "Mozilla/5.0 AppleWebKit/537.36 (KHTML, like Gecko; compatible; bingbot/2.0; +http://www.bing.com/bingbot.htm) Chrome/100.0.4896.127 Safari/537.36" "-"
40.77.188.195 - - [23/Dec/2024:07:37:54 +0900] "POST /product/detail/history_order HTTP/2.0" 200 24694 "https://kyoto-bankin.com/1766026" "Mozilla/5.0 AppleWebKit/537.36 (KHTML, like Gecko; compatible; bingbot/2.0; +http://www.bing.com/bingbot.htm) Chrome/112.0.0.0 Safari/537.36" "-"
52.167.144.157 - - [23/Dec/2024:07:37:54 +0900] "GET /pcmypage?callback=/product%2Fdetail%2FUSGH179189661 HTTP/1.1" 301 162 "-" "Mozilla/5.0 AppleWebKit/537.36 (KHTML, like Gecko; compatible; bingbot/2.0; +http://www.bing.com/bingbot.htm) Chrome/116.0.1938.76 Safari/537.36" "-"
40.77.188.195 - - [23/Dec/2024:07:37:54 +0900] "POST /product/detail/offer_stock HTTP/2.0" 200 23470 "https://kyoto-bankin.com/1766026" "Mozilla/5.0 AppleWebKit/537.36 (KHTML, like Gecko; compatible; bingbot/2.0; +http://www.bing.com/bingbot.htm) Chrome/112.0.0.0 Safari/537.36" "-"
52.167.144.157 - - [23/Dec/2024:07:37:55 +0900] "GET /25151554 HTTP/1.1" 301 162 "-" "Mozilla/5.0 AppleWebKit/537.36 (KHTML, like Gecko; compatible; bingbot/2.0; +http://www.bing.com/bingbot.htm) Chrome/116.0.1938.76 Safari/537.36" "-"
185.191.171.14 - - [23/Dec/2024:07:38:08 +0900] "GET /48168490 HTTP/1.1" 301 162 "-" "Mozilla/5.0 (compatible; SemrushBot/7~bl; +http://www.semrush.com/bot.html)" "-"
85.208.96.198 - - [23/Dec/2024:07:38:10 +0900] "GET /48168490 HTTP/1.1" 503 428 "-" "Mozilla/5.0 (compatible; SemrushBot/7~bl; +http://www.semrush.com/bot.html)" "-"
40.77.167.14 - - [23/Dec/2024:07:38:13 +0900] "GET /27870946 HTTP/2.0" 200 25409 "-" "Mozilla/5.0 AppleWebKit/537.36 (KHTML, like Gecko; compatible; bingbot/2.0; +http://www.bing.com/bingbot.htm) Chrome/116.0.1938.76 Safari/537.36" "-"
85.208.96.202 - - [23/Dec/2024:07:38:16 +0900] "GET /robots.txt HTTP/1.1" 301 162 "-" "Mozilla/5.0 (compatible; SemrushBot/7~bl; +http://www.semrush.com/bot.html)" "-"
85.208.96.212 - - [23/Dec/2024:07:38:16 +0900] "GET /robots.txt HTTP/1.1" 200 140 "-" "Mozilla/5.0 (compatible; SemrushBot/7~bl; +http://www.semrush.com/bot.html)" "-"
85.208.96.207 - - [23/Dec/2024:07:38:17 +0900] "GET /47635234 HTTP/1.1" 301 162 "-" "Mozilla/5.0 (compatible; SemrushBot/7~bl; +http://www.semrush.com/bot.html)" "-"
118.27.99.84 - - [23/Dec/2024:07:38:21 +0900] "POST /wp-cron.php?doing_wp_cron=1734907100.1562540531158447265625 HTTP/1.1" 200 118 "-" "WordPress/6.7.1; https://kyoto-bankin.com" "-"
85.208.96.201 - - [23/Dec/2024:07:38:21 +0900] "GET /47635234 HTTP/1.1" 404 9045 "-" "Mozilla/5.0 (compatible; SemrushBot/7~bl; +http://www.semrush.com/bot.html)" "-"
52.167.144.19 - - [23/Dec/2024:07:38:22 +0900] "GET /search?restrict[]=person_id(int)=LKYQM HTTP/1.1" 301 162 "-" "Mozilla/5.0 AppleWebKit/537.36 (KHTML, like Gecko; compatible; bingbot/2.0; +http://www.bing.com/bingbot.htm) Chrome/116.0.1938.76 Safari/537.36" "-"
185.191.171.8 - - [23/Dec/2024:07:38:24 +0900] "GET /52319482 HTTP/1.1" 301 162 "-" "Mozilla/5.0 (compatible; SemrushBot/7~bl; +http://www.semrush.com/bot.html)" "-"
85.208.96.198 - - [23/Dec/2024:07:38:26 +0900] "GET /52319482 HTTP/1.1" 404 9045 "-" "Mozilla/5.0 (compatible; SemrushBot/7~bl; +http://www.semrush.com/bot.html)" "-"
40.77.188.216 - - [23/Dec/2024:07:38:30 +0900] "POST /product/detail/history_order HTTP/2.0" 503 428 "https://kyoto-bankin.com/22290514" "Mozilla/5.0 AppleWebKit/537.36 (KHTML, like Gecko; compatible; bingbot/2.0; +http://www.bing.com/bingbot.htm) Chrome/112.0.0.0 Safari/537.36" "-"
40.77.188.216 - - [23/Dec/2024:07:38:30 +0900] "POST /product/detail/offer_stock HTTP/2.0" 200 23470 "https://kyoto-bankin.com/22290514" "Mozilla/5.0 AppleWebKit/537.36 (KHTML, like Gecko; compatible; bingbot/2.0; +http://www.bing.com/bingbot.htm) Chrome/112.0.0.0 Safari/537.36" "-"
40.77.189.64 - - [23/Dec/2024:07:38:40 +0900] "POST /product/detail/history_order HTTP/2.0" 200 141201 "-" "Mozilla/5.0 AppleWebKit/537.36 (KHTML, like Gecko; compatible; bingbot/2.0; +http://www.bing.com/bingbot.htm) Chrome/100.0.4896.127 Safari/537.36" "-"
40.77.189.52 - - [23/Dec/2024:07:38:41 +0900] "POST /product/detail/offer_stock HTTP/2.0" 200 130365 "-" "Mozilla/5.0 AppleWebKit/537.36 (KHTML, like Gecko; compatible; bingbot/2.0; +http://www.bing.com/bingbot.htm) Chrome/100.0.4896.127 Safari/537.36" "-"
185.191.171.17 - - [23/Dec/2024:07:38:51 +0900] "GET /71553634 HTTP/1.1" 301 162 "-" "Mozilla/5.0 (compatible; SemrushBot/7~bl; +http://www.semrush.com/bot.html)" "-"
85.208.96.193 - - [23/Dec/2024:07:38:52 +0900] "GET /71553634 HTTP/1.1" 503 428 "-" "Mozilla/5.0 (compatible; SemrushBot/7~bl; +http://www.semrush.com/bot.html)" "-"
40.77.167.72 - - [23/Dec/2024:07:38:53 +0900] "GET /41779426 HTTP/1.1" 301 162 "-" "Mozilla/5.0 AppleWebKit/537.36 (KHTML, like Gecko; compatible; bingbot/2.0; +http://www.bing.com/bingbot.htm) Chrome/116.0.1938.76 Safari/537.36" "-"
40.77.167.72 - - [23/Dec/2024:07:38:54 +0900] "GET /1782298 HTTP/1.1" 301 162 "-" "Mozilla/5.0 AppleWebKit/537.36 (KHTML, like Gecko; compatible; bingbot/2.0; +http://www.bing.com/bingbot.htm) Chrome/116.0.1938.76 Safari/537.36" "-"
85.208.96.211 - - [23/Dec/2024:07:39:03 +0900] "GET /53147050 HTTP/1.1" 301 162 "-" "Mozilla/5.0 (compatible; SemrushBot/7~bl; +http://www.semrush.com/bot.html)" "-"
52.167.144.157 - - [23/Dec/2024:07:39:04 +0900] "GET /search?restrict[]=person_id(int)=PSOK HTTP/1.1" 301 162 "-" "Mozilla/5.0 AppleWebKit/537.36 (KHTML, like Gecko; compatible; bingbot/2.0; +http://www.bing.com/bingbot.htm) Chrome/116.0.1938.76 Safari/537.36" "-"
85.208.96.204 - - [23/Dec/2024:07:39:06 +0900] "GET /53147050 HTTP/1.1" 404 9045 "-" "Mozilla/5.0 (compatible; SemrushBot/7~bl; +http://www.semrush.com/bot.html)" "-"
185.191.171.11 - - [23/Dec/2024:07:39:10 +0900] "GET /56309866 HTTP/1.1" 301 162 "-" "Mozilla/5.0 (compatible; SemrushBot/7~bl; +http://www.semrush.com/bot.html)" "-"
185.191.171.16 - - [23/Dec/2024:07:39:14 +0900] "GET /56309866 HTTP/1.1" 404 9044 "-" "Mozilla/5.0 (compatible; SemrushBot/7~bl; +http://www.semrush.com/bot.html)" "-"
52.167.144.157 - - [23/Dec/2024:07:39:15 +0900] "GET /1782298 HTTP/2.0" 200 23557 "-" "Mozilla/5.0 AppleWebKit/537.36 (KHTML, like Gecko; compatible; bingbot/2.0; +http://www.bing.com/bingbot.htm) Chrome/116.0.1938.76 Safari/537.36" "-"
52.167.144.157 - - [23/Dec/2024:07:39:16 +0900] "GET /41779426 HTTP/2.0" 200 23358 "-" "Mozilla/5.0 AppleWebKit/537.36 (KHTML, like Gecko; compatible; bingbot/2.0; +http://www.bing.com/bingbot.htm) Chrome/116.0.1938.76 Safari/537.36" "-"
185.191.171.17 - - [23/Dec/2024:07:39:17 +0900] "GET /50704738 HTTP/1.1" 301 162 "-" "Mozilla/5.0 (compatible; SemrushBot/7~bl; +http://www.semrush.com/bot.html)" "-"
40.77.188.9 - - [23/Dec/2024:07:39:19 +0900] "POST /product/detail/history_order HTTP/2.0" 200 141201 "-" "Mozilla/5.0 AppleWebKit/537.36 (KHTML, like Gecko; compatible; bingbot/2.0; +http://www.bing.com/bingbot.htm) Chrome/100.0.4896.127 Safari/537.36" "-"
40.77.190.23 - - [23/Dec/2024:07:39:19 +0900] "POST /product/detail/offer_stock HTTP/2.0" 200 130365 "-" "Mozilla/5.0 AppleWebKit/537.36 (KHTML, like Gecko; compatible; bingbot/2.0; +http://www.bing.com/bingbot.htm) Chrome/100.0.4896.127 Safari/537.36" "-"
118.27.99.84 - - [23/Dec/2024:07:39:20 +0900] "POST /wp-cron.php?doing_wp_cron=1734907160.0373580455780029296875 HTTP/1.1" 503 299 "-" "WordPress/6.7.1; https://kyoto-bankin.com" "-"
85.208.96.204 - - [23/Dec/2024:07:39:20 +0900] "GET /50704738 HTTP/1.1" 404 9046 "-" "Mozilla/5.0 (compatible; SemrushBot/7~bl; +http://www.semrush.com/bot.html)" "-"
185.147.125.18 - - [23/Dec/2024:07:39:24 +0900] "GET / HTTP/1.0" 301 162 "http://kyoto-bankin.com/" "Mozilla/5.0 (Windows NT 10.0.0; Win64; x64; ) AppleWebKit/537.36 (KHTML, like Gecko) Chrome/124.0.6367.78 Chrome/124.0.6367.78 Not-A.Brand/99 Safari/537.36" "-"
185.147.125.18 - - [23/Dec/2024:07:39:26 +0900] "GET / HTTP/1.0" 200 86344 "https://kyoto-bankin.com/" "Mozilla/5.0 (Windows NT 10.0.0; Win64; x64; ) AppleWebKit/537.36 (KHTML, like Gecko) Chrome/124.0.6367.78 Chrome/124.0.6367.78 Not-A.Brand/99 Safari/537.36" "-"
185.147.125.18 - - [23/Dec/2024:07:39:29 +0900] "GET /contact/ HTTP/1.0" 200 53718 "https://kyoto-bankin.com/contact/" "Mozilla/5.0 (Windows NT 10.0.0; Win64; x64; ) AppleWebKit/537.36 (KHTML, like Gecko) Chrome/124.0.6367.78 Chrome/124.0.6367.78 Not-A.Brand/99 Safari/537.36" "-"
185.147.125.18 - - [23/Dec/2024:07:39:32 +0900] "POST /contact/ HTTP/1.0" 302 146 "https://kyoto-bankin.com/contact/" "Mozilla/5.0 (Windows NT 10.0.0; Win64; x64; ) AppleWebKit/537.36 (KHTML, like Gecko) Chrome/124.0.6367.78 Chrome/124.0.6367.78 Not-A.Brand/99 Safari/537.36" "-"
185.147.125.18 - - [23/Dec/2024:07:39:33 +0900] "GET /contact/ HTTP/1.0" 200 53929 "https://kyoto-bankin.com/contact/" "Mozilla/5.0 (Windows NT 10.0.0; Win64; x64; ) AppleWebKit/537.36 (KHTML, like Gecko) Chrome/124.0.6367.78 Chrome/124.0.6367.78 Not-A.Brand/99 Safari/537.36" "-"
52.167.144.157 - - [23/Dec/2024:07:39:34 +0900] "GET /24142234 HTTP/1.1" 301 162 "-" "Mozilla/5.0 AppleWebKit/537.36 (KHTML, like Gecko; compatible; bingbot/2.0; +http://www.bing.com/bingbot.htm) Chrome/116.0.1938.76 Safari/537.36" "-"
40.77.188.86 - - [23/Dec/2024:07:39:36 +0900] "POST /product/detail/history_order HTTP/2.0" 200 141201 "-" "Mozilla/5.0 AppleWebKit/537.36 (KHTML, like Gecko; compatible; bingbot/2.0; +http://www.bing.com/bingbot.htm) Chrome/100.0.4896.127 Safari/537.36" "-"
40.77.189.10 - - [23/Dec/2024:07:39:36 +0900] "POST /product/detail/offer_stock HTTP/2.0" 200 130365 "-" "Mozilla/5.0 AppleWebKit/537.36 (KHTML, like Gecko; compatible; bingbot/2.0; +http://www.bing.com/bingbot.htm) Chrome/100.0.4896.127 Safari/537.36" "-"
185.191.171.16 - - [23/Dec/2024:07:39:39 +0900] "GET /65672890 HTTP/1.1" 301 162 "-" "Mozilla/5.0 (compatible; SemrushBot/7~bl; +http://www.semrush.com/bot.html)" "-"
185.191.171.2 - - [23/Dec/2024:07:39:41 +0900] "GET /65672890 HTTP/1.1" 503 428 "-" "Mozilla/5.0 (compatible; SemrushBot/7~bl; +http://www.semrush.com/bot.html)" "-"
52.167.144.19 - - [23/Dec/2024:07:39:42 +0900] "GET /search?restrict[]=person_id(int)=RGQTX HTTP/1.1" 301 162 "-" "Mozilla/5.0 AppleWebKit/537.36 (KHTML, like Gecko; compatible; bingbot/2.0; +http://www.bing.com/bingbot.htm) Chrome/116.0.1938.76 Safari/537.36" "-"
85.208.96.204 - - [23/Dec/2024:07:39:48 +0900] "GET /3748858 HTTP/1.1" 301 162 "-" "Mozilla/5.0 (compatible; SemrushBot/7~bl; +http://www.semrush.com/bot.html)" "-"
85.208.96.210 - - [23/Dec/2024:07:39:51 +0900] "GET /3748858 HTTP/1.1" 404 9042 "-" "Mozilla/5.0 (compatible; SemrushBot/7~bl; +http://www.semrush.com/bot.html)" "-"
52.167.144.19 - - [23/Dec/2024:07:39:52 +0900] "GET /search?restrict[]=person_id(int)=JPE HTTP/1.1" 301 162 "-" "Mozilla/5.0 AppleWebKit/537.36 (KHTML, like Gecko; compatible; bingbot/2.0; +http://www.bing.com/bingbot.htm) Chrome/116.0.1938.76 Safari/537.36" "-"
52.167.144.19 - - [23/Dec/2024:07:39:52 +0900] "GET /69603754 HTTP/1.1" 301 162 "-" "Mozilla/5.0 AppleWebKit/537.36 (KHTML, like Gecko; compatible; bingbot/2.0; +http://www.bing.com/bingbot.htm) Chrome/116.0.1938.76 Safari/537.36" "-"
85.208.96.199 - - [23/Dec/2024:07:39:53 +0900] "GET /53150962 HTTP/1.1" 301 162 "-" "Mozilla/5.0 (compatible; SemrushBot/7~bl; +http://www.semrush.com/bot.html)" "-"
185.191.171.16 - - [23/Dec/2024:07:39:55 +0900] "GET /61721554 HTTP/1.1" 301 162 "-" "Mozilla/5.0 (compatible; SemrushBot/7~bl; +http://www.semrush.com/bot.html)" "-"
52.167.144.157 - - [23/Dec/2024:07:39:57 +0900] "GET /24142234 HTTP/2.0" 200 24470 "-" "Mozilla/5.0 AppleWebKit/537.36 (KHTML, like Gecko; compatible; bingbot/2.0; +http://www.bing.com/bingbot.htm) Chrome/116.0.1938.76 Safari/537.36" "-"
85.208.96.201 - - [23/Dec/2024:07:39:58 +0900] "GET /61721554 HTTP/1.1" 404 9045 "-" "Mozilla/5.0 (compatible; SemrushBot/7~bl; +http://www.semrush.com/bot.html)" "-"
52.167.144.157 - - [23/Dec/2024:07:39:59 +0900] "GET /search?restrict[]=person_id(int)=SUM HTTP/1.1" 301 162 "-" "Mozilla/5.0 AppleWebKit/537.36 (KHTML, like Gecko; compatible; bingbot/2.0; +http://www.bing.com/bingbot.htm) Chrome/116.0.1938.76 Safari/537.36" "-"
185.191.171.17 - - [23/Dec/2024:07:40:01 +0900] "GET /53150962 HTTP/1.1" 404 9044 "-" "Mozilla/5.0 (compatible; SemrushBot/7~bl; +http://www.semrush.com/bot.html)" "-"
185.191.171.13 - - [23/Dec/2024:07:40:03 +0900] "GET /47242498 HTTP/1.1" 301 162 "-" "Mozilla/5.0 (compatible; SemrushBot/7~bl; +http://www.semrush.com/bot.html)" "-"
85.208.96.201 - - [23/Dec/2024:07:40:07 +0900] "GET /47242498 HTTP/1.1" 404 9046 "-" "Mozilla/5.0 (compatible; SemrushBot/7~bl; +http://www.semrush.com/bot.html)" "-"
185.191.171.3 - - [23/Dec/2024:07:40:11 +0900] "GET /4387378 HTTP/1.1" 301 162 "-" "Mozilla/5.0 (compatible; SemrushBot/7~bl; +http://www.semrush.com/bot.html)" "-"
85.208.96.199 - - [23/Dec/2024:07:40:14 +0900] "GET /4387378 HTTP/1.1" 404 9045 "-" "Mozilla/5.0 (compatible; SemrushBot/7~bl; +http://www.semrush.com/bot.html)" "-"
52.167.144.157 - - [23/Dec/2024:07:40:14 +0900] "GET /19295602 HTTP/1.1" 301 162 "-" "Mozilla/5.0 AppleWebKit/537.36 (KHTML, like Gecko; compatible; bingbot/2.0; +http://www.bing.com/bingbot.htm) Chrome/116.0.1938.76 Safari/537.36" "-"
85.208.96.195 - - [23/Dec/2024:07:40:24 +0900] "GET /57496858 HTTP/1.1" 301 162 "-" "Mozilla/5.0 (compatible; SemrushBot/7~bl; +http://www.semrush.com/bot.html)" "-"
40.77.188.199 - - [23/Dec/2024:07:40:27 +0900] "POST /product/detail/history_order HTTP/2.0" 200 141201 "-" "Mozilla/5.0 AppleWebKit/537.36 (KHTML, like Gecko; compatible; bingbot/2.0; +http://www.bing.com/bingbot.htm) Chrome/100.0.4896.127 Safari/537.36" "-"
40.77.190.240 - - [23/Dec/2024:07:40:28 +0900] "POST /product/detail/offer_stock HTTP/2.0" 200 130365 "-" "Mozilla/5.0 AppleWebKit/537.36 (KHTML, like Gecko; compatible; bingbot/2.0; +http://www.bing.com/bingbot.htm) Chrome/100.0.4896.127 Safari/537.36" "-"
118.27.99.84 - - [23/Dec/2024:07:40:28 +0900] "POST /wp-cron.php?doing_wp_cron=1734907227.3142859935760498046875 HTTP/1.1" 200 118 "-" "WordPress/6.7.1; https://kyoto-bankin.com" "-"
185.191.171.6 - - [23/Dec/2024:07:40:28 +0900] "GET /57496858 HTTP/1.1" 404 9046 "-" "Mozilla/5.0 (compatible; SemrushBot/7~bl; +http://www.semrush.com/bot.html)" "-"
150.136.112.62 - - [23/Dec/2024:07:40:51 +0900] "GET /wp-content/plugins/hellopress/wp_filemanager.php HTTP/1.1" 301 162 "-" "-" "-"
52.167.144.19 - - [23/Dec/2024:07:40:53 +0900] "GET /19295602 HTTP/2.0" 200 23247 "-" "Mozilla/5.0 AppleWebKit/537.36 (KHTML, like Gecko; compatible; bingbot/2.0; +http://www.bing.com/bingbot.htm) Chrome/116.0.1938.76 Safari/537.36" "-"
150.136.112.62 - - [23/Dec/2024:07:40:53 +0900] "GET /wp-content/plugins/hellopress/wp_filemanager.php HTTP/1.1" 404 28017 "-" "-" "-"
150.136.112.62 - - [23/Dec/2024:07:40:53 +0900] "GET /403.php HTTP/1.1" 301 162 "-" "-" "-"
52.167.144.19 - - [23/Dec/2024:07:40:54 +0900] "GET /search?restrict[]=person_id(int)=NYIL HTTP/1.1" 301 162 "-" "Mozilla/5.0 AppleWebKit/537.36 (KHTML, like Gecko; compatible; bingbot/2.0; +http://www.bing.com/bingbot.htm) Chrome/116.0.1938.76 Safari/537.36" "-"
150.136.112.62 - - [23/Dec/2024:07:40:54 +0900] "GET /403.php HTTP/1.1" 404 27624 "-" "-" "-"
150.136.112.62 - - [23/Dec/2024:07:40:55 +0900] "GET /content.php HTTP/1.1" 301 162 "-" "-" "-"
185.191.171.4 - - [23/Dec/2024:07:40:55 +0900] "GET /50336170 HTTP/1.1" 301 162 "-" "Mozilla/5.0 (compatible; SemrushBot/7~bl; +http://www.semrush.com/bot.html)" "-"
150.136.112.62 - - [23/Dec/2024:07:40:56 +0900] "GET /content.php HTTP/1.1" 404 27660 "-" "-" "-"
150.136.112.62 - - [23/Dec/2024:07:40:56 +0900] "GET /wp-content/plugins/not/includes/about.php HTTP/1.1" 301 162 "-" "-" "-"
40.77.190.39 - - [23/Dec/2024:07:40:57 +0900] "POST /product/detail/offer_stock HTTP/2.0" 503 428 "-" "Mozilla/5.0 AppleWebKit/537.36 (KHTML, like Gecko; compatible; bingbot/2.0; +http://www.bing.com/bingbot.htm) Chrome/100.0.4896.127 Safari/537.36" "-"
40.77.189.125 - - [23/Dec/2024:07:40:57 +0900] "POST /product/detail/history_order HTTP/2.0" 503 428 "-" "Mozilla/5.0 AppleWebKit/537.36 (KHTML, like Gecko; compatible; bingbot/2.0; +http://www.bing.com/bingbot.htm) Chrome/100.0.4896.127 Safari/537.36" "-"
150.136.112.62 - - [23/Dec/2024:07:40:58 +0900] "GET /wp-content/plugins/not/includes/about.php HTTP/1.1" 404 27962 "-" "-" "-"
85.208.96.205 - - [23/Dec/2024:07:40:58 +0900] "GET /50336170 HTTP/1.1" 404 9045 "-" "Mozilla/5.0 (compatible; SemrushBot/7~bl; +http://www.semrush.com/bot.html)" "-"
150.136.112.62 - - [23/Dec/2024:07:40:58 +0900] "GET /wp-content/plugins/simple/simple.php HTTP/1.1" 301 162 "-" "-" "-"
150.136.112.62 - - [23/Dec/2024:07:40:59 +0900] "GET /wp-content/plugins/simple/simple.php HTTP/1.1" 404 27909 "-" "-" "-"
150.136.112.62 - - [23/Dec/2024:07:41:00 +0900] "GET /wp-content/plugins/wp-theme-editor/include.php HTTP/1.1" 301 162 "-" "-" "-"
150.136.112.62 - - [23/Dec/2024:07:41:01 +0900] "GET /wp-content/plugins/wp-theme-editor/include.php HTTP/1.1" 404 27999 "-" "-" "-"
150.136.112.62 - - [23/Dec/2024:07:41:01 +0900] "GET /wp-content/themes/aahana/json.php HTTP/1.1" 301 162 "-" "-" "-"
150.136.112.62 - - [23/Dec/2024:07:41:02 +0900] "GET /wp-content/themes/aahana/json.php HTTP/1.1" 404 27882 "-" "-" "-"
150.136.112.62 - - [23/Dec/2024:07:41:03 +0900] "GET /admin.php HTTP/1.1" 301 162 "-" "-" "-"
150.136.112.62 - - [23/Dec/2024:07:41:03 +0900] "GET /admin.php HTTP/1.1" 404 22 "-" "-" "-"
150.136.112.62 - - [23/Dec/2024:07:41:03 +0900] "GET /wp-content/plugins/awesome-coming-soon/come.php HTTP/1.1" 301 162 "-" "-" "-"
150.136.112.62 - - [23/Dec/2024:07:41:04 +0900] "GET /wp-content/plugins/awesome-coming-soon/come.php HTTP/1.1" 404 28008 "-" "-" "-"
150.136.112.62 - - [23/Dec/2024:07:41:05 +0900] "GET /wp-content/plugins/wp-conflg.php HTTP/1.1" 301 162 "-" "-" "-"
150.136.112.62 - - [23/Dec/2024:07:41:05 +0900] "GET /wp-content/plugins/wp-conflg.php HTTP/1.1" 503 428 "-" "-" "-"
150.136.112.62 - - [23/Dec/2024:07:41:05 +0900] "GET /berlin.php HTTP/1.1" 301 162 "-" "-" "-"
150.136.112.62 - - [23/Dec/2024:07:41:06 +0900] "GET /berlin.php HTTP/1.1" 404 27651 "-" "-" "-"
150.136.112.62 - - [23/Dec/2024:07:41:06 +0900] "GET /wp-includes/Requests/about.php HTTP/1.1" 301 162 "-" "-" "-"
150.136.112.62 - - [23/Dec/2024:07:41:08 +0900] "GET /wp-includes/Requests/about.php HTTP/1.1" 404 27847 "-" "-" "-"
150.136.112.62 - - [23/Dec/2024:07:41:08 +0900] "GET /wp-includes/style-engine/about.php HTTP/1.1" 301 162 "-" "-" "-"
150.136.112.62 - - [23/Dec/2024:07:41:08 +0900] "GET /wp-includes/style-engine/about.php HTTP/1.1" 503 428 "-" "-" "-"
150.136.112.62 - - [23/Dec/2024:07:41:08 +0900] "GET /wp-includes/rest-api/about.php HTTP/1.1" 301 162 "-" "-" "-"
150.136.112.62 - - [23/Dec/2024:07:41:10 +0900] "GET /wp-includes/rest-api/about.php HTTP/1.1" 404 27847 "-" "-" "-"
150.136.112.62 - - [23/Dec/2024:07:41:10 +0900] "GET /wp-includes/SimplePie/about.php HTTP/1.1" 301 162 "-" "-" "-"
150.136.112.62 - - [23/Dec/2024:07:41:11 +0900] "GET /wp-includes/SimplePie/about.php HTTP/1.1" 404 27856 "-" "-" "-"
150.136.112.62 - - [23/Dec/2024:07:41:12 +0900] "GET /wp-content/banners/about.php HTTP/1.1" 301 162 "-" "-" "-"
150.136.112.62 - - [23/Dec/2024:07:41:12 +0900] "GET /wp-content/banners/about.php HTTP/1.1" 503 428 "-" "-" "-"
150.136.112.62 - - [23/Dec/2024:07:41:12 +0900] "GET /wp-content/about.php HTTP/1.1" 301 162 "-" "-" "-"
150.136.112.62 - - [23/Dec/2024:07:41:13 +0900] "GET /wp-content/about.php HTTP/1.1" 404 27749 "-" "-" "-"
150.136.112.62 - - [23/Dec/2024:07:41:13 +0900] "GET /.well-known/about.php HTTP/1.1" 301 162 "-" "-" "-"
150.136.112.62 - - [23/Dec/2024:07:41:15 +0900] "GET /.well-known/about.php HTTP/1.1" 404 27758 "-" "-" "-"
150.136.112.62 - - [23/Dec/2024:07:41:15 +0900] "GET /wp-includes/Text/about.php HTTP/1.1" 301 162 "-" "-" "-"
150.136.112.62 - - [23/Dec/2024:07:41:15 +0900] "GET /wp-includes/Text/about.php HTTP/1.1" 503 428 "-" "-" "-"
150.136.112.62 - - [23/Dec/2024:07:41:15 +0900] "GET /wp-includes/ID3/about.php HTTP/1.1" 301 162 "-" "-" "-"
118.27.99.84 - - [23/Dec/2024:07:41:17 +0900] "POST /wp-cron.php?doing_wp_cron=1734907276.9085259437561035156250 HTTP/1.1" 499 0 "-" "WordPress/6.7.1; https://kyoto-bankin.com" "-"
150.136.112.62 - - [23/Dec/2024:07:41:17 +0900] "GET /wp-includes/ID3/about.php HTTP/1.1" 404 27802 "-" "-" "-"
150.136.112.62 - - [23/Dec/2024:07:41:18 +0900] "GET /img/about.php HTTP/1.1" 301 162 "-" "-" "-"
150.136.112.62 - - [23/Dec/2024:07:41:18 +0900] "GET /img/about.php HTTP/1.1" 503 428 "-" "-" "-"
150.136.112.62 - - [23/Dec/2024:07:41:18 +0900] "GET /wp-content/languages/about.php HTTP/1.1" 301 162 "-" "-" "-"
85.208.96.195 - - [23/Dec/2024:07:41:19 +0900] "GET /8500114 HTTP/1.1" 301 162 "-" "Mozilla/5.0 (compatible; SemrushBot/7~bl; +http://www.semrush.com/bot.html)" "-"
150.136.112.62 - - [23/Dec/2024:07:41:19 +0900] "GET /wp-content/languages/about.php HTTP/1.1" 404 27847 "-" "-" "-"
150.136.112.62 - - [23/Dec/2024:07:41:20 +0900] "GET /wp-includes/customize/about.php HTTP/1.1" 301 162 "-" "-" "-"
85.208.96.202 - - [23/Dec/2024:07:41:20 +0900] "GET /8500114 HTTP/1.1" 503 428 "-" "Mozilla/5.0 (compatible; SemrushBot/7~bl; +http://www.semrush.com/bot.html)" "-"
150.136.112.62 - - [23/Dec/2024:07:41:21 +0900] "GET /wp-includes/customize/about.php HTTP/1.1" 404 27856 "-" "-" "-"
150.136.112.62 - - [23/Dec/2024:07:41:21 +0900] "GET /wp-includes.bak/html-api/about.php HTTP/1.1" 301 162 "-" "-" "-"
150.136.112.62 - - [23/Dec/2024:07:41:21 +0900] "GET /wp-includes.bak/html-api/about.php HTTP/1.1" 403 490 "-" "-" "-"
150.136.112.62 - - [23/Dec/2024:07:41:22 +0900] "GET /wp-includes/widgets/about.php HTTP/1.1" 301 162 "-" "-" "-"
150.136.112.62 - - [23/Dec/2024:07:41:23 +0900] "GET /wp-includes/widgets/about.php HTTP/1.1" 404 27838 "-" "-" "-"
150.136.112.62 - - [23/Dec/2024:07:41:23 +0900] "GET /wp-includes/IXR/about.php HTTP/1.1" 301 162 "-" "-" "-"
40.77.167.72 - - [23/Dec/2024:07:41:24 +0900] "GET /search?restrict[]=person_id(int)=PATHI HTTP/1.1" 301 162 "-" "Mozilla/5.0 AppleWebKit/537.36 (KHTML, like Gecko; compatible; bingbot/2.0; +http://www.bing.com/bingbot.htm) Chrome/116.0.1938.76 Safari/537.36" "-"
150.136.112.62 - - [23/Dec/2024:07:41:24 +0900] "GET /wp-includes/IXR/about.php HTTP/1.1" 404 27802 "-" "-" "-"
150.136.112.62 - - [23/Dec/2024:07:41:25 +0900] "GET /wp-admin/js/about.php HTTP/1.1" 301 162 "-" "-" "-"
150.136.112.62 - - [23/Dec/2024:07:41:25 +0900] "GET /wp-admin/js/about.php HTTP/1.1" 403 199 "-" "-" "-"
150.136.112.62 - - [23/Dec/2024:07:41:25 +0900] "GET /.well-known/pki-validation/about.php HTTP/1.1" 301 162 "-" "-" "-"
150.136.112.62 - - [23/Dec/2024:07:41:26 +0900] "GET /.well-known/pki-validation/about.php HTTP/1.1" 404 27901 "-" "-" "-"
150.136.112.62 - - [23/Dec/2024:07:41:27 +0900] "GET /wp-includes/pomo/about.php HTTP/1.1" 301 162 "-" "-" "-"
150.136.112.62 - - [23/Dec/2024:07:41:28 +0900] "GET /wp-includes/pomo/about.php HTTP/1.1" 404 27811 "-" "-" "-"
52.167.144.157 - - [23/Dec/2024:07:41:28 +0900] "GET /15669370 HTTP/1.1" 301 162 "-" "Mozilla/5.0 AppleWebKit/537.36 (KHTML, like Gecko; compatible; bingbot/2.0; +http://www.bing.com/bingbot.htm) Chrome/116.0.1938.76 Safari/537.36" "-"
150.136.112.62 - - [23/Dec/2024:07:41:28 +0900] "GET /wp-includes/block-patterns/about.php HTTP/1.1" 301 162 "-" "-" "-"
150.136.112.62 - - [23/Dec/2024:07:41:30 +0900] "GET /wp-includes/block-patterns/about.php HTTP/1.1" 404 27901 "-" "-" "-"
150.136.112.62 - - [23/Dec/2024:07:41:30 +0900] "GET /wp-content/updraft/about.php HTTP/1.1" 301 162 "-" "-" "-"
150.136.112.62 - - [23/Dec/2024:07:41:31 +0900] "GET /wp-content/updraft/about.php HTTP/1.1" 404 27829 "-" "-" "-"
150.136.112.62 - - [23/Dec/2024:07:41:32 +0900] "GET /wp-content/upgrade-temp-backup/about.php HTTP/1.1" 301 162 "-" "-" "-"
150.136.112.62 - - [23/Dec/2024:07:41:32 +0900] "GET /wp-content/upgrade-temp-backup/about.php HTTP/1.1" 503 428 "-" "-" "-"
150.136.112.62 - - [23/Dec/2024:07:41:32 +0900] "GET /wp-content/themes/about.php HTTP/1.1" 301 162 "-" "-" "-"
150.136.112.62 - - [23/Dec/2024:07:41:32 +0900] "GET /wp-content/themes/about.php HTTP/1.1" 503 428 "-" "-" "-"
150.136.112.62 - - [23/Dec/2024:07:41:32 +0900] "GET /wp-admin/includes/about.php HTTP/1.1" 301 162 "-" "-" "-"
