150.136.112.62 - - [23/Dec/2024:07:41:32 +0900] "GET /wp-admin/includes/about.php HTTP/1.1" 403 199 "-" "-" "-"
150.136.112.62 - - [23/Dec/2024:07:41:33 +0900] "GET /images/about.php HTTP/1.1" 301 162 "-" "-" "-"
150.136.112.62 - - [23/Dec/2024:07:41:33 +0900] "GET /images/about.php HTTP/1.1" 503 428 "-" "-" "-"
150.136.112.62 - - [23/Dec/2024:07:41:33 +0900] "GET /wp-content/blogs.dir/about.php HTTP/1.1" 301 162 "-" "-" "-"
185.191.171.1 - - [23/Dec/2024:07:41:33 +0900] "GET /5538034 HTTP/1.1" 301 162 "-" "Mozilla/5.0 (compatible; SemrushBot/7~bl; +http://www.semrush.com/bot.html)" "-"
150.136.112.62 - - [23/Dec/2024:07:41:34 +0900] "GET /wp-content/blogs.dir/about.php HTTP/1.1" 404 27847 "-" "-" "-"
150.136.112.62 - - [23/Dec/2024:07:41:34 +0900] "GET /wp-includes/images/about.php HTTP/1.1" 301 162 "-" "-" "-"
185.191.171.16 - - [23/Dec/2024:07:41:35 +0900] "GET /5538034 HTTP/1.1" 503 428 "-" "Mozilla/5.0 (compatible; SemrushBot/7~bl; +http://www.semrush.com/bot.html)" "-"
150.136.112.62 - - [23/Dec/2024:07:41:36 +0900] "GET /wp-includes/images/about.php HTTP/1.1" 404 27829 "-" "-" "-"
150.136.112.62 - - [23/Dec/2024:07:41:36 +0900] "GET /wp-includes/about.php HTTP/1.1" 301 162 "-" "-" "-"
185.191.171.6 - - [23/Dec/2024:07:41:37 +0900] "GET /33803362 HTTP/1.1" 301 162 "-" "Mozilla/5.0 (compatible; SemrushBot/7~bl; +http://www.semrush.com/bot.html)" "-"
150.136.112.62 - - [23/Dec/2024:07:41:37 +0900] "GET /wp-includes/about.php HTTP/1.1" 404 27758 "-" "-" "-"
150.136.112.62 - - [23/Dec/2024:07:41:37 +0900] "GET /cgi-bin/about.php HTTP/1.1" 301 162 "-" "-" "-"
150.136.112.62 - - [23/Dec/2024:07:41:38 +0900] "GET /cgi-bin/about.php HTTP/1.1" 503 428 "-" "-" "-"
150.136.112.62 - - [23/Dec/2024:07:41:38 +0900] "GET /wp-content/gallery/about.php HTTP/1.1" 301 162 "-" "-" "-"
185.191.171.19 - - [23/Dec/2024:07:41:38 +0900] "GET /20877874 HTTP/1.1" 301 162 "-" "Mozilla/5.0 (compatible; SemrushBot/7~bl; +http://www.semrush.com/bot.html)" "-"
150.136.112.62 - - [23/Dec/2024:07:41:39 +0900] "GET /wp-content/gallery/about.php HTTP/1.1" 404 27829 "-" "-" "-"
150.136.112.62 - - [23/Dec/2024:07:41:39 +0900] "GET /wp-includes/blocks/about.php HTTP/1.1" 301 162 "-" "-" "-"
150.136.112.62 - - [23/Dec/2024:07:41:40 +0900] "GET /wp-includes/blocks/about.php HTTP/1.1" 404 27829 "-" "-" "-"
150.136.112.62 - - [23/Dec/2024:07:41:41 +0900] "GET /wp-admin/css/about.php HTTP/1.1" 301 162 "-" "-" "-"
150.136.112.62 - - [23/Dec/2024:07:41:41 +0900] "GET /wp-admin/css/about.php HTTP/1.1" 403 199 "-" "-" "-"
150.136.112.62 - - [23/Dec/2024:07:41:41 +0900] "GET /wp-admin/images/about.php HTTP/1.1" 301 162 "-" "-" "-"
150.136.112.62 - - [23/Dec/2024:07:41:41 +0900] "GET /wp-admin/images/about.php HTTP/1.1" 403 199 "-" "-" "-"
85.208.96.205 - - [23/Dec/2024:07:41:41 +0900] "GET /20877874 HTTP/1.1" 404 9043 "-" "Mozilla/5.0 (compatible; SemrushBot/7~bl; +http://www.semrush.com/bot.html)" "-"
150.136.112.62 - - [23/Dec/2024:07:41:41 +0900] "GET /.well-known/pki-validation/cloud.php HTTP/1.1" 301 162 "-" "-" "-"
150.136.112.62 - - [23/Dec/2024:07:41:43 +0900] "GET /.well-known/pki-validation/cloud.php HTTP/1.1" 404 27901 "-" "-" "-"
150.136.112.62 - - [23/Dec/2024:07:41:43 +0900] "GET /.well-known/acme-challenge/cloud.php HTTP/1.1" 301 162 "-" "-" "-"
85.208.96.206 - - [23/Dec/2024:07:41:43 +0900] "GET /33803362 HTTP/1.1" 503 428 "-" "Mozilla/5.0 (compatible; SemrushBot/7~bl; +http://www.semrush.com/bot.html)" "-"
150.136.112.62 - - [23/Dec/2024:07:41:44 +0900] "GET /.well-known/acme-challenge/cloud.php HTTP/1.1" 404 27901 "-" "-" "-"
150.136.112.62 - - [23/Dec/2024:07:41:44 +0900] "GET /wp-admin/network/cloud.php HTTP/1.1" 301 162 "-" "-" "-"
150.136.112.62 - - [23/Dec/2024:07:41:45 +0900] "GET /wp-admin/network/cloud.php HTTP/1.1" 403 199 "-" "-" "-"
150.136.112.62 - - [23/Dec/2024:07:41:45 +0900] "GET /cloud.php HTTP/1.1" 301 162 "-" "-" "-"
150.136.112.62 - - [23/Dec/2024:07:41:45 +0900] "GET /cloud.php HTTP/1.1" 503 428 "-" "-" "-"
150.136.112.62 - - [23/Dec/2024:07:41:45 +0900] "GET /cgi-bin/cloud.php HTTP/1.1" 301 162 "-" "-" "-"
150.136.112.62 - - [23/Dec/2024:07:41:46 +0900] "GET /cgi-bin/cloud.php HTTP/1.1" 404 27722 "-" "-" "-"
150.136.112.62 - - [23/Dec/2024:07:41:47 +0900] "GET /wp-content/updates.php HTTP/1.1" 301 162 "-" "-" "-"
150.136.112.62 - - [23/Dec/2024:07:41:48 +0900] "GET /wp-content/updates.php HTTP/1.1" 404 27767 "-" "-" "-"
150.136.112.62 - - [23/Dec/2024:07:41:48 +0900] "GET /css/cloud.php HTTP/1.1" 301 162 "-" "-" "-"
150.136.112.62 - - [23/Dec/2024:07:41:50 +0900] "GET /css/cloud.php HTTP/1.1" 404 27686 "-" "-" "-"
150.136.112.62 - - [23/Dec/2024:07:41:50 +0900] "GET /wp-admin/user/cloud.php HTTP/1.1" 301 162 "-" "-" "-"
150.136.112.62 - - [23/Dec/2024:07:41:50 +0900] "GET /wp-admin/user/cloud.php HTTP/1.1" 403 199 "-" "-" "-"
150.136.112.62 - - [23/Dec/2024:07:41:51 +0900] "GET /img/cloud.php HTTP/1.1" 301 162 "-" "-" "-"
150.136.112.62 - - [23/Dec/2024:07:41:52 +0900] "GET /img/cloud.php HTTP/1.1" 404 27686 "-" "-" "-"
150.136.112.62 - - [23/Dec/2024:07:41:52 +0900] "GET /wp-admin/css/colors/coffee/cloud.php HTTP/1.1" 301 162 "-" "-" "-"
150.136.112.62 - - [23/Dec/2024:07:41:53 +0900] "GET /wp-admin/css/colors/coffee/cloud.php HTTP/1.1" 403 199 "-" "-" "-"
150.136.112.62 - - [23/Dec/2024:07:41:53 +0900] "GET /wp-admin/images/cloud.php HTTP/1.1" 301 162 "-" "-" "-"
150.136.112.62 - - [23/Dec/2024:07:41:53 +0900] "GET /wp-admin/images/cloud.php HTTP/1.1" 403 199 "-" "-" "-"
150.136.112.62 - - [23/Dec/2024:07:41:53 +0900] "GET /avaa.php HTTP/1.1" 301 162 "-" "-" "-"
150.136.112.62 - - [23/Dec/2024:07:41:55 +0900] "GET /avaa.php HTTP/1.1" 404 27633 "-" "-" "-"
150.136.112.62 - - [23/Dec/2024:07:41:55 +0900] "GET /images/cloud.php HTTP/1.1" 301 162 "-" "-" "-"
150.136.112.62 - - [23/Dec/2024:07:41:56 +0900] "GET /images/cloud.php HTTP/1.1" 404 27713 "-" "-" "-"
150.136.112.62 - - [23/Dec/2024:07:41:56 +0900] "GET /wp-admin/js/widgets/cloud.php HTTP/1.1" 301 162 "-" "-" "-"
150.136.112.62 - - [23/Dec/2024:07:41:57 +0900] "GET /wp-admin/js/widgets/cloud.php HTTP/1.1" 403 199 "-" "-" "-"
150.136.112.62 - - [23/Dec/2024:07:41:57 +0900] "GET /wp-includes/Requests/Text/admin.php HTTP/1.1" 301 162 "-" "-" "-"
150.136.112.62 - - [23/Dec/2024:07:41:58 +0900] "GET /wp-includes/Requests/Text/admin.php HTTP/1.1" 404 27900 "-" "-" "-"
150.136.112.62 - - [23/Dec/2024:07:41:58 +0900] "GET /wp-admin/css/colors/cloud.php HTTP/1.1" 301 162 "-" "-" "-"
150.136.112.62 - - [23/Dec/2024:07:41:58 +0900] "GET /wp-admin/css/colors/cloud.php HTTP/1.1" 403 199 "-" "-" "-"
150.136.112.62 - - [23/Dec/2024:07:41:59 +0900] "GET /wp-admin/includes/cloud.php HTTP/1.1" 301 162 "-" "-" "-"
150.136.112.62 - - [23/Dec/2024:07:41:59 +0900] "GET /wp-admin/includes/cloud.php HTTP/1.1" 403 199 "-" "-" "-"
150.136.112.62 - - [23/Dec/2024:07:41:59 +0900] "GET /wp-admin/css/colors/blue/cloud.php HTTP/1.1" 301 162 "-" "-" "-"
150.136.112.62 - - [23/Dec/2024:07:41:59 +0900] "GET /wp-admin/css/colors/blue/cloud.php HTTP/1.1" 403 199 "-" "-" "-"
150.136.112.62 - - [23/Dec/2024:07:41:59 +0900] "GET /wp-admin/cloud.php HTTP/1.1" 301 162 "-" "-" "-"
150.136.112.62 - - [23/Dec/2024:07:41:59 +0900] "GET /wp-admin/cloud.php HTTP/1.1" 403 199 "-" "-" "-"
150.136.112.62 - - [23/Dec/2024:07:42:00 +0900] "GET /updates.php HTTP/1.1" 301 162 "-" "-" "-"
150.136.112.62 - - [23/Dec/2024:07:42:01 +0900] "GET /updates.php HTTP/1.1" 404 27660 "-" "-" "-"
150.136.112.62 - - [23/Dec/2024:07:42:01 +0900] "GET /libraries/legacy/updates.php HTTP/1.1" 301 162 "-" "-" "-"
150.136.112.62 - - [23/Dec/2024:07:42:03 +0900] "GET /libraries/legacy/updates.php HTTP/1.1" 404 27829 "-" "-" "-"
150.136.112.62 - - [23/Dec/2024:07:42:03 +0900] "GET /libraries/phpmailer/updates.php HTTP/1.1" 301 162 "-" "-" "-"
52.167.144.157 - - [23/Dec/2024:07:42:04 +0900] "GET /15669370 HTTP/2.0" 503 428 "-" "Mozilla/5.0 AppleWebKit/537.36 (KHTML, like Gecko; compatible; bingbot/2.0; +http://www.bing.com/bingbot.htm) Chrome/116.0.1938.76 Safari/537.36" "-"
150.136.112.62 - - [23/Dec/2024:07:42:04 +0900] "GET /libraries/phpmailer/updates.php HTTP/1.1" 404 27856 "-" "-" "-"
150.136.112.62 - - [23/Dec/2024:07:42:04 +0900] "GET /libraries/vendor/updates.php HTTP/1.1" 301 162 "-" "-" "-"
52.167.144.157 - - [23/Dec/2024:07:42:05 +0900] "GET /search?restrict[]=person_id(int)=TDHW HTTP/1.1" 301 162 "-" "Mozilla/5.0 AppleWebKit/537.36 (KHTML, like Gecko; compatible; bingbot/2.0; +http://www.bing.com/bingbot.htm) Chrome/116.0.1938.76 Safari/537.36" "-"
52.167.144.157 - - [23/Dec/2024:07:42:05 +0900] "GET /4332010 HTTP/1.1" 301 162 "-" "Mozilla/5.0 AppleWebKit/537.36 (KHTML, like Gecko; compatible; bingbot/2.0; +http://www.bing.com/bingbot.htm) Chrome/116.0.1938.76 Safari/537.36" "-"
150.136.112.62 - - [23/Dec/2024:07:42:06 +0900] "GET /libraries/vendor/updates.php HTTP/1.1" 404 27829 "-" "-" "-"
150.136.112.62 - - [23/Dec/2024:07:42:06 +0900] "GET /alfa-rex.php7 HTTP/1.1" 301 162 "-" "-" "-"
150.136.112.62 - - [23/Dec/2024:07:42:06 +0900] "GET /alfa-rex.php7 HTTP/1.1" 503 428 "-" "-" "-"
150.136.112.62 - - [23/Dec/2024:07:42:06 +0900] "GET /alfanew.php HTTP/1.1" 301 162 "-" "-" "-"
185.191.171.5 - - [23/Dec/2024:07:42:07 +0900] "GET /29142394 HTTP/1.1" 301 162 "-" "Mozilla/5.0 (compatible; SemrushBot/7~bl; +http://www.semrush.com/bot.html)" "-"
150.136.112.62 - - [23/Dec/2024:07:42:08 +0900] "GET /alfanew.php HTTP/1.1" 404 27644 "-" "-" "-"
150.136.112.62 - - [23/Dec/2024:07:42:08 +0900] "GET /wp-content/plugins/Cache/Cache.php HTTP/1.1" 301 162 "-" "-" "-"
150.136.112.62 - - [23/Dec/2024:07:42:09 +0900] "GET /wp-content/plugins/Cache/Cache.php HTTP/1.1" 404 27891 "-" "-" "-"
150.136.112.62 - - [23/Dec/2024:07:42:10 +0900] "GET /wp-admin/js/widgets/about.php7 HTTP/1.1" 301 162 "-" "-" "-"
150.136.112.62 - - [23/Dec/2024:07:42:10 +0900] "GET /wp-admin/js/widgets/about.php7 HTTP/1.1" 403 199 "-" "-" "-"
150.136.112.62 - - [23/Dec/2024:07:42:10 +0900] "GET /wp-p.php7 HTTP/1.1" 301 162 "-" "-" "-"
150.136.112.62 - - [23/Dec/2024:07:42:11 +0900] "GET /wp-p.php7 HTTP/1.1" 404 27642 "-" "-" "-"
85.208.96.206 - - [23/Dec/2024:07:42:11 +0900] "GET /29142394 HTTP/1.1" 404 9044 "-" "Mozilla/5.0 (compatible; SemrushBot/7~bl; +http://www.semrush.com/bot.html)" "-"
150.136.112.62 - - [23/Dec/2024:07:42:12 +0900] "GET /wp-admin/repeater.php HTTP/1.1" 301 162 "-" "-" "-"
150.136.112.62 - - [23/Dec/2024:07:42:12 +0900] "GET /wp-admin/repeater.php HTTP/1.1" 403 199 "-" "-" "-"
150.136.112.62 - - [23/Dec/2024:07:42:12 +0900] "GET /wp-includes/repeater.php HTTP/1.1" 301 162 "-" "-" "-"
150.136.112.62 - - [23/Dec/2024:07:42:13 +0900] "GET /wp-includes/repeater.php HTTP/1.1" 404 27785 "-" "-" "-"
150.136.112.62 - - [23/Dec/2024:07:42:13 +0900] "GET /wp-content/repeater.php HTTP/1.1" 301 162 "-" "-" "-"
150.136.112.62 - - [23/Dec/2024:07:42:15 +0900] "GET /wp-content/repeater.php HTTP/1.1" 404 27776 "-" "-" "-"
150.136.112.62 - - [23/Dec/2024:07:42:15 +0900] "GET /wsoyanz.php HTTP/1.1" 301 162 "-" "-" "-"
185.191.171.14 - - [23/Dec/2024:07:42:17 +0900] "GET /40375738 HTTP/1.1" 301 162 "-" "Mozilla/5.0 (compatible; SemrushBot/7~bl; +http://www.semrush.com/bot.html)" "-"
118.27.99.84 - - [23/Dec/2024:07:42:17 +0900] "POST /wp-cron.php?doing_wp_cron=1734907336.8973300457000732421875 HTTP/1.1" 200 118 "-" "WordPress/6.7.1; https://kyoto-bankin.com" "-"
150.136.112.62 - - [23/Dec/2024:07:42:17 +0900] "GET /wsoyanz.php HTTP/1.1" 404 27660 "-" "-" "-"
150.136.112.62 - - [23/Dec/2024:07:42:18 +0900] "GET /yanz.php HTTP/1.1" 301 162 "-" "-" "-"
150.136.112.62 - - [23/Dec/2024:07:42:18 +0900] "GET /yanz.php HTTP/1.1" 503 428 "-" "-" "-"
150.136.112.62 - - [23/Dec/2024:07:42:18 +0900] "GET /wp-admin/js/about.php HTTP/1.1" 301 162 "-" "-" "-"
150.136.112.62 - - [23/Dec/2024:07:42:18 +0900] "GET /wp-admin/js/about.php HTTP/1.1" 403 199 "-" "-" "-"
150.136.112.62 - - [23/Dec/2024:07:42:18 +0900] "GET /wp-content/plugins/seoo/wsoyanz.php HTTP/1.1" 301 162 "-" "-" "-"
150.136.112.62 - - [23/Dec/2024:07:42:19 +0900] "GET /wp-content/plugins/seoo/wsoyanz.php HTTP/1.1" 404 27900 "-" "-" "-"
150.136.112.62 - - [23/Dec/2024:07:42:20 +0900] "GET /wp-content/plugins/seoo/wsoyanz1.php HTTP/1.1" 301 162 "-" "-" "-"
85.208.96.209 - - [23/Dec/2024:07:42:20 +0900] "GET /40375738 HTTP/1.1" 404 9046 "-" "Mozilla/5.0 (compatible; SemrushBot/7~bl; +http://www.semrush.com/bot.html)" "-"
150.136.112.62 - - [23/Dec/2024:07:42:21 +0900] "GET /wp-content/plugins/seoo/wsoyanz1.php HTTP/1.1" 404 27909 "-" "-" "-"
150.136.112.62 - - [23/Dec/2024:07:42:21 +0900] "GET /cache-compat.php HTTP/1.1" 301 162 "-" "-" "-"
150.136.112.62 - - [23/Dec/2024:07:42:22 +0900] "GET /cache-compat.php HTTP/1.1" 404 27705 "-" "-" "-"
150.136.112.62 - - [23/Dec/2024:07:42:23 +0900] "GET /ajax-actions.php HTTP/1.1" 301 162 "-" "-" "-"
150.136.112.62 - - [23/Dec/2024:07:42:24 +0900] "GET /ajax-actions.php HTTP/1.1" 404 27705 "-" "-" "-"
150.136.112.62 - - [23/Dec/2024:07:42:24 +0900] "GET /wp-admin/ajax-actions.php HTTP/1.1" 301 162 "-" "-" "-"
150.136.112.62 - - [23/Dec/2024:07:42:24 +0900] "GET /wp-admin/ajax-actions.php HTTP/1.1" 403 199 "-" "-" "-"
150.136.112.62 - - [23/Dec/2024:07:42:24 +0900] "GET /wp-consar.php HTTP/1.1" 301 162 "-" "-" "-"
52.167.144.157 - - [23/Dec/2024:07:42:25 +0900] "GET /15669370 HTTP/2.0" 200 24837 "-" "Mozilla/5.0 AppleWebKit/537.36 (KHTML, like Gecko; compatible; bingbot/2.0; +http://www.bing.com/bingbot.htm) Chrome/116.0.1938.76 Safari/537.36" "-"
185.191.171.12 - - [23/Dec/2024:07:42:25 +0900] "GET /64043026 HTTP/1.1" 301 162 "-" "Mozilla/5.0 (compatible; SemrushBot/7~bl; +http://www.semrush.com/bot.html)" "-"
150.136.112.62 - - [23/Dec/2024:07:42:26 +0900] "GET /wp-consar.php HTTP/1.1" 404 27678 "-" "-" "-"
150.136.112.62 - - [23/Dec/2024:07:42:26 +0900] "GET /repeater.php HTTP/1.1" 301 162 "-" "-" "-"
150.136.112.62 - - [23/Dec/2024:07:42:27 +0900] "GET /repeater.php HTTP/1.1" 404 27669 "-" "-" "-"
150.136.112.62 - - [23/Dec/2024:07:42:28 +0900] "GET /admin-post.php HTTP/1.1" 301 162 "-" "-" "-"
85.208.96.195 - - [23/Dec/2024:07:42:28 +0900] "GET /64043026 HTTP/1.1" 404 9044 "-" "Mozilla/5.0 (compatible; SemrushBot/7~bl; +http://www.semrush.com/bot.html)" "-"
150.136.112.62 - - [23/Dec/2024:07:42:29 +0900] "GET /admin-post.php HTTP/1.1" 404 27687 "-" "-" "-"
150.136.112.62 - - [23/Dec/2024:07:42:29 +0900] "GET /wp-admin/maint/maint/ajax-actions.php HTTP/1.1" 301 162 "-" "-" "-"
150.136.112.62 - - [23/Dec/2024:07:42:29 +0900] "GET /wp-admin/maint/maint/ajax-actions.php HTTP/1.1" 403 199 "-" "-" "-"
150.136.112.62 - - [23/Dec/2024:07:42:29 +0900] "GET /wp-admin/dropdown.php HTTP/1.1" 301 162 "-" "-" "-"
150.136.112.62 - - [23/Dec/2024:07:42:30 +0900] "GET /wp-admin/dropdown.php HTTP/1.1" 403 199 "-" "-" "-"
150.136.112.62 - - [23/Dec/2024:07:42:30 +0900] "GET /wp-admin/css/index.php HTTP/1.1" 301 162 "-" "-" "-"
150.136.112.62 - - [23/Dec/2024:07:42:30 +0900] "GET /wp-admin/css/index.php HTTP/1.1" 403 199 "-" "-" "-"
150.136.112.62 - - [23/Dec/2024:07:42:30 +0900] "GET /dropdown.php HTTP/1.1" 301 162 "-" "-" "-"
150.136.112.62 - - [23/Dec/2024:07:42:31 +0900] "GET /dropdown.php HTTP/1.1" 404 27669 "-" "-" "-"
150.136.112.62 - - [23/Dec/2024:07:42:32 +0900] "GET /about.php HTTP/1.1" 301 162 "-" "-" "-"
150.136.112.62 - - [23/Dec/2024:07:42:33 +0900] "GET /about.php HTTP/1.1" 404 27642 "-" "-" "-"
150.136.112.62 - - [23/Dec/2024:07:42:33 +0900] "GET /admin.php HTTP/1.1" 301 162 "-" "-" "-"
150.136.112.62 - - [23/Dec/2024:07:42:33 +0900] "GET /admin.php HTTP/1.1" 404 22 "-" "-" "-"
150.136.112.62 - - [23/Dec/2024:07:42:33 +0900] "GET /about.php7 HTTP/1.1" 301 162 "-" "-" "-"
40.77.167.72 - - [23/Dec/2024:07:42:34 +0900] "GET /48359818 HTTP/1.1" 301 162 "-" "Mozilla/5.0 AppleWebKit/537.36 (KHTML, like Gecko; compatible; bingbot/2.0; +http://www.bing.com/bingbot.htm) Chrome/116.0.1938.76 Safari/537.36" "-"
150.136.112.62 - - [23/Dec/2024:07:42:35 +0900] "GET /about.php7 HTTP/1.1" 404 27651 "-" "-" "-"
150.136.112.62 - - [23/Dec/2024:07:42:35 +0900] "GET /alfanew.php7 HTTP/1.1" 301 162 "-" "-" "-"
150.136.112.62 - - [23/Dec/2024:07:42:35 +0900] "GET /alfanew.php7 HTTP/1.1" 503 428 "-" "-" "-"
150.136.112.62 - - [23/Dec/2024:07:42:35 +0900] "GET /adminfuns.php7 HTTP/1.1" 301 162 "-" "-" "-"
150.136.112.62 - - [23/Dec/2024:07:42:37 +0900] "GET /adminfuns.php7 HTTP/1.1" 404 27687 "-" "-" "-"
150.136.112.62 - - [23/Dec/2024:07:42:37 +0900] "GET /ebs.php7 HTTP/1.1" 301 162 "-" "-" "-"
150.136.112.62 - - [23/Dec/2024:07:42:37 +0900] "GET /ebs.php7 HTTP/1.1" 503 428 "-" "-" "-"
150.136.112.62 - - [23/Dec/2024:07:42:37 +0900] "GET /ws.php7 HTTP/1.1" 301 162 "-" "-" "-"
150.136.112.62 - - [23/Dec/2024:07:42:38 +0900] "GET /ws.php7 HTTP/1.1" 404 27624 "-" "-" "-"
150.136.112.62 - - [23/Dec/2024:07:42:39 +0900] "GET /alfanew2.php7 HTTP/1.1" 301 162 "-" "-" "-"
150.136.112.62 - - [23/Dec/2024:07:42:40 +0900] "GET /alfanew2.php7 HTTP/1.1" 404 27678 "-" "-" "-"
150.136.112.62 - - [23/Dec/2024:07:42:40 +0900] "GET /alfa-rex2.php7 HTTP/1.1" 301 162 "-" "-" "-"
150.136.112.62 - - [23/Dec/2024:07:42:42 +0900] "GET /alfa-rex2.php7 HTTP/1.1" 404 27687 "-" "-" "-"
150.136.112.62 - - [23/Dec/2024:07:42:42 +0900] "GET /.well-known/acme-challenge/cloud.php HTTP/1.1" 301 162 "-" "-" "-"
150.136.112.62 - - [23/Dec/2024:07:42:43 +0900] "GET /.well-known/acme-challenge/cloud.php HTTP/1.1" 404 27901 "-" "-" "-"
150.136.112.62 - - [23/Dec/2024:07:42:43 +0900] "GET /wp-admin/images/index.php HTTP/1.1" 301 162 "-" "-" "-"
150.136.112.62 - - [23/Dec/2024:07:42:44 +0900] "GET /wp-admin/images/index.php HTTP/1.1" 403 199 "-" "-" "-"
150.136.112.62 - - [23/Dec/2024:07:42:44 +0900] "GET /wp-admin/css/colors/index.php HTTP/1.1" 301 162 "-" "-" "-"
150.136.112.62 - - [23/Dec/2024:07:42:44 +0900] "GET /wp-admin/css/colors/index.php HTTP/1.1" 403 199 "-" "-" "-"
150.136.112.62 - - [23/Dec/2024:07:42:44 +0900] "GET /wp-content/themes/pridmag/db.php?u HTTP/1.1" 301 162 "-" "-" "-"
150.136.112.62 - - [23/Dec/2024:07:42:46 +0900] "GET /wp-content/themes/pridmag/db.php?u HTTP/1.1" 404 27875 "-" "-" "-"
150.136.112.62 - - [23/Dec/2024:07:42:46 +0900] "GET /wp-content/themes/seotheme/mar.php HTTP/1.1" 301 162 "-" "-" "-"
150.136.112.62 - - [23/Dec/2024:07:42:46 +0900] "GET /wp-content/themes/seotheme/mar.php HTTP/1.1" 503 428 "-" "-" "-"
150.136.112.62 - - [23/Dec/2024:07:42:46 +0900] "GET /wp-content/plugins/linkpreview/db.php?u HTTP/1.1" 301 162 "-" "-" "-"
150.136.112.62 - - [23/Dec/2024:07:42:48 +0900] "GET /wp-content/plugins/linkpreview/db.php?u HTTP/1.1" 404 27920 "-" "-" "-"
150.136.112.62 - - [23/Dec/2024:07:42:48 +0900] "GET /wp-content/themes/seotheme/db.php?u HTTP/1.1" 301 162 "-" "-" "-"
185.191.171.9 - - [23/Dec/2024:07:42:48 +0900] "GET /58821970 HTTP/1.1" 301 162 "-" "Mozilla/5.0 (compatible; SemrushBot/7~bl; +http://www.semrush.com/bot.html)" "-"
150.136.112.62 - - [23/Dec/2024:07:42:49 +0900] "GET /wp-content/themes/seotheme/db.php?u HTTP/1.1" 404 27884 "-" "-" "-"
150.136.112.62 - - [23/Dec/2024:07:42:49 +0900] "GET /wp-content/plugins/seoplugins/db.php?u HTTP/1.1" 301 162 "-" "-" "-"
150.136.112.62 - - [23/Dec/2024:07:42:51 +0900] "GET /wp-content/plugins/seoplugins/db.php?u HTTP/1.1" 404 27911 "-" "-" "-"
150.136.112.62 - - [23/Dec/2024:07:42:51 +0900] "GET /wp-content/plugins/seoplugins/mar.php HTTP/1.1" 301 162 "-" "-" "-"
85.208.96.208 - - [23/Dec/2024:07:42:51 +0900] "GET /58821970 HTTP/1.1" 404 9046 "-" "Mozilla/5.0 (compatible; SemrushBot/7~bl; +http://www.semrush.com/bot.html)" "-"
150.136.112.62 - - [23/Dec/2024:07:42:52 +0900] "GET /wp-content/plugins/seoplugins/mar.php HTTP/1.1" 404 27918 "-" "-" "-"
150.136.112.62 - - [23/Dec/2024:07:42:52 +0900] "GET /.well-known/pki-validation/xmrlpc.php?p= HTTP/1.1" 301 162 "-" "-" "-"
150.136.112.62 - - [23/Dec/2024:07:42:53 +0900] "GET /.well-known/pki-validation/xmrlpc.php?p= HTTP/1.1" 503 428 "-" "-" "-"
150.136.112.62 - - [23/Dec/2024:07:42:53 +0900] "GET /.well-known/acme-challenge/xmrlpc.php?p= HTTP/1.1" 301 162 "-" "-" "-"
150.136.112.62 - - [23/Dec/2024:07:42:53 +0900] "GET /.well-known/acme-challenge/xmrlpc.php?p= HTTP/1.1" 503 428 "-" "-" "-"
150.136.112.62 - - [23/Dec/2024:07:42:53 +0900] "GET /wp-admin/network/xmrlpc.php?p= HTTP/1.1" 301 162 "-" "-" "-"
150.136.112.62 - - [23/Dec/2024:07:42:53 +0900] "GET /wp-admin/network/xmrlpc.php?p= HTTP/1.1" 403 199 "-" "-" "-"
150.136.112.62 - - [23/Dec/2024:07:42:53 +0900] "GET /xmrlpc.php?p= HTTP/1.1" 301 162 "-" "-" "-"
52.167.144.145 - - [23/Dec/2024:07:42:53 +0900] "GET /48359818 HTTP/2.0" 200 30243 "-" "Mozilla/5.0 AppleWebKit/537.36 (KHTML, like Gecko; compatible; bingbot/2.0; +http://www.bing.com/bingbot.htm) Chrome/116.0.1938.76 Safari/537.36" "-"
150.136.112.62 - - [23/Dec/2024:07:42:55 +0900] "GET /xmrlpc.php?p= HTTP/1.1" 404 27653 "-" "-" "-"
150.136.112.62 - - [23/Dec/2024:07:42:55 +0900] "GET /cgi-bin/xmrlpc.php?p= HTTP/1.1" 301 162 "-" "-" "-"
150.136.112.62 - - [23/Dec/2024:07:42:55 +0900] "GET /cgi-bin/xmrlpc.php?p= HTTP/1.1" 503 428 "-" "-" "-"
150.136.112.62 - - [23/Dec/2024:07:42:55 +0900] "GET /css/xmrlpc.php?p= HTTP/1.1" 301 162 "-" "-" "-"
150.136.112.62 - - [23/Dec/2024:07:42:57 +0900] "GET /css/xmrlpc.php?p= HTTP/1.1" 404 27697 "-" "-" "-"
150.136.112.62 - - [23/Dec/2024:07:42:57 +0900] "GET /wp-admin/user/xmrlpc.php?p= HTTP/1.1" 301 162 "-" "-" "-"
150.136.112.62 - - [23/Dec/2024:07:42:57 +0900] "GET /wp-admin/user/xmrlpc.php?p= HTTP/1.1" 403 199 "-" "-" "-"
150.136.112.62 - - [23/Dec/2024:07:42:57 +0900] "GET /img/xmrlpc.php?p= HTTP/1.1" 301 162 "-" "-" "-"
150.136.112.62 - - [23/Dec/2024:07:42:59 +0900] "GET /img/xmrlpc.php?p= HTTP/1.1" 404 27697 "-" "-" "-"
150.136.112.62 - - [23/Dec/2024:07:42:59 +0900] "GET /wp-admin/css/colors/coffee/xmrlpc.php?p= HTTP/1.1" 301 162 "-" "-" "-"
150.136.112.62 - - [23/Dec/2024:07:42:59 +0900] "GET /wp-admin/css/colors/coffee/xmrlpc.php?p= HTTP/1.1" 403 199 "-" "-" "-"
150.136.112.62 - - [23/Dec/2024:07:42:59 +0900] "GET /wp-admin/images/xmrlpc.php?p= HTTP/1.1" 301 162 "-" "-" "-"
150.136.112.62 - - [23/Dec/2024:07:42:59 +0900] "GET /wp-admin/images/xmrlpc.php?p= HTTP/1.1" 403 199 "-" "-" "-"
150.136.112.62 - - [23/Dec/2024:07:43:00 +0900] "GET /images/xmrlpc.php?p= HTTP/1.1" 301 162 "-" "-" "-"
150.136.112.62 - - [23/Dec/2024:07:43:01 +0900] "GET /images/xmrlpc.php?p= HTTP/1.1" 404 27724 "-" "-" "-"
150.136.112.62 - - [23/Dec/2024:07:43:01 +0900] "GET /wp-admin/js/widgets/xmrlpc.php?p= HTTP/1.1" 301 162 "-" "-" "-"
150.136.112.62 - - [23/Dec/2024:07:43:01 +0900] "GET /wp-admin/js/widgets/xmrlpc.php?p= HTTP/1.1" 403 199 "-" "-" "-"
150.136.112.62 - - [23/Dec/2024:07:43:01 +0900] "GET /wp-admin/css/colors/xmrlpc.php?p= HTTP/1.1" 301 162 "-" "-" "-"
150.136.112.62 - - [23/Dec/2024:07:43:02 +0900] "GET /wp-admin/css/colors/xmrlpc.php?p= HTTP/1.1" 403 199 "-" "-" "-"
150.136.112.62 - - [23/Dec/2024:07:43:02 +0900] "GET /wp-admin/includes/xmrlpc.php?p= HTTP/1.1" 301 162 "-" "-" "-"
150.136.112.62 - - [23/Dec/2024:07:43:02 +0900] "GET /wp-admin/includes/xmrlpc.php?p= HTTP/1.1" 403 199 "-" "-" "-"
150.136.112.62 - - [23/Dec/2024:07:43:02 +0900] "GET /wp-admin/css/colors/blue/xmrlpc.php?p= HTTP/1.1" 301 162 "-" "-" "-"
150.136.112.62 - - [23/Dec/2024:07:43:02 +0900] "GET /wp-admin/css/colors/blue/xmrlpc.php?p= HTTP/1.1" 403 199 "-" "-" "-"
150.136.112.62 - - [23/Dec/2024:07:43:02 +0900] "GET /wp-admin/xmrlpc.php?p= HTTP/1.1" 301 162 "-" "-" "-"
150.136.112.62 - - [23/Dec/2024:07:43:03 +0900] "GET /wp-admin/xmrlpc.php?p= HTTP/1.1" 403 199 "-" "-" "-"
150.136.112.62 - - [23/Dec/2024:07:43:03 +0900] "GET /403.php HTTP/1.1" 301 162 "-" "-" "-"
150.136.112.62 - - [23/Dec/2024:07:43:04 +0900] "GET /403.php HTTP/1.1" 404 27624 "-" "-" "-"
150.136.112.62 - - [23/Dec/2024:07:43:04 +0900] "GET /content.php HTTP/1.1" 301 162 "-" "-" "-"
185.191.171.9 - - [23/Dec/2024:07:43:04 +0900] "GET /33876730 HTTP/1.1" 301 162 "-" "Mozilla/5.0 (compatible; SemrushBot/7~bl; +http://www.semrush.com/bot.html)" "-"
150.136.112.62 - - [23/Dec/2024:07:43:06 +0900] "GET /content.php HTTP/1.1" 404 27660 "-" "-" "-"
150.136.112.62 - - [23/Dec/2024:07:43:06 +0900] "GET /wp-content/plugins/not/includes/about.php HTTP/1.1" 301 162 "-" "-" "-"
185.191.171.2 - - [23/Dec/2024:07:43:06 +0900] "GET /65052874 HTTP/1.1" 301 162 "-" "Mozilla/5.0 (compatible; SemrushBot/7~bl; +http://www.semrush.com/bot.html)" "-"
150.136.112.62 - - [23/Dec/2024:07:43:07 +0900] "GET /wp-content/plugins/not/includes/about.php HTTP/1.1" 404 27962 "-" "-" "-"
150.136.112.62 - - [23/Dec/2024:07:43:07 +0900] "GET /wp-content/plugins/simple/simple.php HTTP/1.1" 301 162 "-" "-" "-"
150.136.112.62 - - [23/Dec/2024:07:43:08 +0900] "GET /wp-content/plugins/simple/simple.php HTTP/1.1" 503 428 "-" "-" "-"
150.136.112.62 - - [23/Dec/2024:07:43:08 +0900] "GET /wp-content/plugins/wp-theme-editor/include.php HTTP/1.1" 301 162 "-" "-" "-"
185.191.171.17 - - [23/Dec/2024:07:43:08 +0900] "GET /65052874 HTTP/1.1" 503 428 "-" "Mozilla/5.0 (compatible; SemrushBot/7~bl; +http://www.semrush.com/bot.html)" "-"
150.136.112.62 - - [23/Dec/2024:07:43:09 +0900] "GET /wp-content/plugins/wp-theme-editor/include.php HTTP/1.1" 404 27999 "-" "-" "-"
150.136.112.62 - - [23/Dec/2024:07:43:09 +0900] "GET /wp-content/themes/aahana/json.php HTTP/1.1" 301 162 "-" "-" "-"
150.136.112.62 - - [23/Dec/2024:07:43:11 +0900] "GET /wp-content/themes/aahana/json.php HTTP/1.1" 404 27882 "-" "-" "-"
150.136.112.62 - - [23/Dec/2024:07:43:11 +0900] "GET /admin.php HTTP/1.1" 301 162 "-" "-" "-"
150.136.112.62 - - [23/Dec/2024:07:43:11 +0900] "GET /admin.php HTTP/1.1" 404 22 "-" "-" "-"
150.136.112.62 - - [23/Dec/2024:07:43:11 +0900] "GET /wp-content/plugins/awesome-coming-soon/come.php HTTP/1.1" 301 162 "-" "-" "-"
150.136.112.62 - - [23/Dec/2024:07:43:13 +0900] "GET /wp-content/plugins/awesome-coming-soon/come.php HTTP/1.1" 404 28008 "-" "-" "-"
185.191.171.2 - - [23/Dec/2024:07:43:13 +0900] "GET /33876730 HTTP/1.1" 404 9046 "-" "Mozilla/5.0 (compatible; SemrushBot/7~bl; +http://www.semrush.com/bot.html)" "-"
150.136.112.62 - - [23/Dec/2024:07:43:13 +0900] "GET /wp-content/plugins/wp-conflg.php HTTP/1.1" 301 162 "-" "-" "-"
150.136.112.62 - - [23/Dec/2024:07:43:14 +0900] "GET /wp-content/plugins/wp-conflg.php HTTP/1.1" 404 27865 "-" "-" "-"
150.136.112.62 - - [23/Dec/2024:07:43:15 +0900] "GET /berlin.php HTTP/1.1" 301 162 "-" "-" "-"
118.27.99.84 - - [23/Dec/2024:07:43:17 +0900] "POST /wp-cron.php?doing_wp_cron=1734907396.2921199798583984375000 HTTP/1.1" 200 118 "-" "WordPress/6.7.1; https://kyoto-bankin.com" "-"
150.136.112.62 - - [23/Dec/2024:07:43:17 +0900] "GET /berlin.php HTTP/1.1" 404 27651 "-" "-" "-"
150.136.112.62 - - [23/Dec/2024:07:43:17 +0900] "GET /wp-includes/Requests/about.php HTTP/1.1" 301 162 "-" "-" "-"
150.136.112.62 - - [23/Dec/2024:07:43:17 +0900] "GET /wp-includes/Requests/about.php HTTP/1.1" 503 428 "-" "-" "-"
40.77.189.154 - - [23/Dec/2024:07:43:17 +0900] "POST /product/detail/history_order HTTP/2.0" 200 24694 "https://kyoto-bankin.com/15669370" "Mozilla/5.0 AppleWebKit/537.36 (KHTML, like Gecko; compatible; bingbot/2.0; +http://www.bing.com/bingbot.htm) Chrome/112.0.0.0 Safari/537.36" "-"
40.77.189.154 - - [23/Dec/2024:07:43:17 +0900] "POST /product/detail/offer_stock HTTP/2.0" 200 23470 "https://kyoto-bankin.com/15669370" "Mozilla/5.0 AppleWebKit/537.36 (KHTML, like Gecko; compatible; bingbot/2.0; +http://www.bing.com/bingbot.htm) Chrome/112.0.0.0 Safari/537.36" "-"
150.136.112.62 - - [23/Dec/2024:07:43:17 +0900] "GET /wp-includes/style-engine/about.php HTTP/1.1" 301 162 "-" "-" "-"
150.136.112.62 - - [23/Dec/2024:07:43:19 +0900] "GET /wp-includes/style-engine/about.php HTTP/1.1" 404 27883 "-" "-" "-"
150.136.112.62 - - [23/Dec/2024:07:43:19 +0900] "GET /wp-includes/rest-api/about.php HTTP/1.1" 301 162 "-" "-" "-"
150.136.112.62 - - [23/Dec/2024:07:43:20 +0900] "GET /wp-includes/rest-api/about.php HTTP/1.1" 404 27847 "-" "-" "-"
150.136.112.62 - - [23/Dec/2024:07:43:21 +0900] "GET /wp-includes/SimplePie/about.php HTTP/1.1" 301 162 "-" "-" "-"
150.136.112.62 - - [23/Dec/2024:07:43:22 +0900] "GET /wp-includes/SimplePie/about.php HTTP/1.1" 404 27856 "-" "-" "-"
150.136.112.62 - - [23/Dec/2024:07:43:22 +0900] "GET /wp-content/banners/about.php HTTP/1.1" 301 162 "-" "-" "-"
40.77.167.72 - - [23/Dec/2024:07:43:23 +0900] "GET /58438522 HTTP/1.1" 301 162 "-" "Mozilla/5.0 AppleWebKit/537.36 (KHTML, like Gecko; compatible; bingbot/2.0; +http://www.bing.com/bingbot.htm) Chrome/116.0.1938.76 Safari/537.36" "-"
150.136.112.62 - - [23/Dec/2024:07:43:24 +0900] "GET /wp-content/banners/about.php HTTP/1.1" 404 27829 "-" "-" "-"
150.136.112.62 - - [23/Dec/2024:07:43:24 +0900] "GET /wp-content/about.php HTTP/1.1" 301 162 "-" "-" "-"
40.77.167.72 - - [23/Dec/2024:07:43:24 +0900] "GET /search?restrict[]=person_id(int)=KEPHC HTTP/1.1" 301 162 "-" "Mozilla/5.0 AppleWebKit/537.36 (KHTML, like Gecko; compatible; bingbot/2.0; +http://www.bing.com/bingbot.htm) Chrome/116.0.1938.76 Safari/537.36" "-"
150.136.112.62 - - [23/Dec/2024:07:43:25 +0900] "GET /wp-content/about.php HTTP/1.1" 404 27749 "-" "-" "-"
150.136.112.62 - - [23/Dec/2024:07:43:25 +0900] "GET /.well-known/about.php HTTP/1.1" 301 162 "-" "-" "-"
150.136.112.62 - - [23/Dec/2024:07:43:26 +0900] "GET /.well-known/about.php HTTP/1.1" 404 27758 "-" "-" "-"
85.208.96.209 - - [23/Dec/2024:07:43:27 +0900] "GET /65039098 HTTP/1.1" 301 162 "-" "Mozilla/5.0 (compatible; SemrushBot/7~bl; +http://www.semrush.com/bot.html)" "-"
150.136.112.62 - - [23/Dec/2024:07:43:27 +0900] "GET /wp-includes/Text/about.php HTTP/1.1" 301 162 "-" "-" "-"
150.136.112.62 - - [23/Dec/2024:07:43:27 +0900] "GET /wp-includes/Text/about.php HTTP/1.1" 503 428 "-" "-" "-"
150.136.112.62 - - [23/Dec/2024:07:43:27 +0900] "GET /wp-includes/ID3/about.php HTTP/1.1" 301 162 "-" "-" "-"
52.167.144.157 - - [23/Dec/2024:07:43:28 +0900] "GET /search?restrict[]=person_id(int)=NZV HTTP/1.1" 301 162 "-" "Mozilla/5.0 AppleWebKit/537.36 (KHTML, like Gecko; compatible; bingbot/2.0; +http://www.bing.com/bingbot.htm) Chrome/116.0.1938.76 Safari/537.36" "-"
150.136.112.62 - - [23/Dec/2024:07:43:29 +0900] "GET /wp-includes/ID3/about.php HTTP/1.1" 404 27802 "-" "-" "-"
150.136.112.62 - - [23/Dec/2024:07:43:29 +0900] "GET /img/about.php HTTP/1.1" 301 162 "-" "-" "-"
85.208.96.198 - - [23/Dec/2024:07:43:30 +0900] "GET /65039098 HTTP/1.1" 404 9044 "-" "Mozilla/5.0 (compatible; SemrushBot/7~bl; +http://www.semrush.com/bot.html)" "-"
150.136.112.62 - - [23/Dec/2024:07:43:30 +0900] "GET /img/about.php HTTP/1.1" 404 27686 "-" "-" "-"
150.136.112.62 - - [23/Dec/2024:07:43:30 +0900] "GET /wp-content/languages/about.php HTTP/1.1" 301 162 "-" "-" "-"
150.136.112.62 - - [23/Dec/2024:07:43:31 +0900] "GET /wp-content/languages/about.php HTTP/1.1" 503 428 "-" "-" "-"
40.77.189.169 - - [23/Dec/2024:07:43:31 +0900] "POST /product/detail/history_order HTTP/2.0" 503 428 "-" "Mozilla/5.0 AppleWebKit/537.36 (KHTML, like Gecko; compatible; bingbot/2.0; +http://www.bing.com/bingbot.htm) Chrome/100.0.4896.127 Safari/537.36" "-"
150.136.112.62 - - [23/Dec/2024:07:43:31 +0900] "GET /wp-includes/customize/about.php HTTP/1.1" 301 162 "-" "-" "-"
150.136.112.62 - - [23/Dec/2024:07:43:32 +0900] "GET /wp-includes/customize/about.php HTTP/1.1" 404 27856 "-" "-" "-"
40.77.188.62 - - [23/Dec/2024:07:43:32 +0900] "POST /product/detail/offer_stock HTTP/2.0" 200 130365 "-" "Mozilla/5.0 AppleWebKit/537.36 (KHTML, like Gecko; compatible; bingbot/2.0; +http://www.bing.com/bingbot.htm) Chrome/100.0.4896.127 Safari/537.36" "-"
150.136.112.62 - - [23/Dec/2024:07:43:32 +0900] "GET /wp-includes.bak/html-api/about.php HTTP/1.1" 301 162 "-" "-" "-"
150.136.112.62 - - [23/Dec/2024:07:43:32 +0900] "GET /wp-includes.bak/html-api/about.php HTTP/1.1" 403 490 "-" "-" "-"
150.136.112.62 - - [23/Dec/2024:07:43:33 +0900] "GET /wp-includes/widgets/about.php HTTP/1.1" 301 162 "-" "-" "-"
150.136.112.62 - - [23/Dec/2024:07:43:34 +0900] "GET /wp-includes/widgets/about.php HTTP/1.1" 404 27838 "-" "-" "-"
150.136.112.62 - - [23/Dec/2024:07:43:34 +0900] "GET /wp-includes/IXR/about.php HTTP/1.1" 301 162 "-" "-" "-"
150.136.112.62 - - [23/Dec/2024:07:43:35 +0900] "GET /wp-includes/IXR/about.php HTTP/1.1" 404 27802 "-" "-" "-"
150.136.112.62 - - [23/Dec/2024:07:43:36 +0900] "GET /wp-admin/js/about.php HTTP/1.1" 301 162 "-" "-" "-"
150.136.112.62 - - [23/Dec/2024:07:43:36 +0900] "GET /wp-admin/js/about.php HTTP/1.1" 403 199 "-" "-" "-"
150.136.112.62 - - [23/Dec/2024:07:43:36 +0900] "GET /.well-known/pki-validation/about.php HTTP/1.1" 301 162 "-" "-" "-"
150.136.112.62 - - [23/Dec/2024:07:43:37 +0900] "GET /.well-known/pki-validation/about.php HTTP/1.1" 404 27901 "-" "-" "-"
150.136.112.62 - - [23/Dec/2024:07:43:38 +0900] "GET /wp-includes/pomo/about.php HTTP/1.1" 301 162 "-" "-" "-"
150.136.112.62 - - [23/Dec/2024:07:43:39 +0900] "GET /wp-includes/pomo/about.php HTTP/1.1" 404 27811 "-" "-" "-"
150.136.112.62 - - [23/Dec/2024:07:43:39 +0900] "GET /wp-includes/block-patterns/about.php HTTP/1.1" 301 162 "-" "-" "-"
150.136.112.62 - - [23/Dec/2024:07:43:41 +0900] "GET /wp-includes/block-patterns/about.php HTTP/1.1" 404 27901 "-" "-" "-"
150.136.112.62 - - [23/Dec/2024:07:43:41 +0900] "GET /wp-content/updraft/about.php HTTP/1.1" 301 162 "-" "-" "-"
150.136.112.62 - - [23/Dec/2024:07:43:42 +0900] "GET /wp-content/updraft/about.php HTTP/1.1" 404 27829 "-" "-" "-"
150.136.112.62 - - [23/Dec/2024:07:43:43 +0900] "GET /wp-content/upgrade-temp-backup/about.php HTTP/1.1" 301 162 "-" "-" "-"
85.208.96.194 - - [23/Dec/2024:07:43:43 +0900] "GET /64042330 HTTP/1.1" 301 162 "-" "Mozilla/5.0 (compatible; SemrushBot/7~bl; +http://www.semrush.com/bot.html)" "-"
150.136.112.62 - - [23/Dec/2024:07:43:44 +0900] "GET /wp-content/upgrade-temp-backup/about.php HTTP/1.1" 404 27937 "-" "-" "-"
40.77.167.72 - - [23/Dec/2024:07:43:44 +0900] "GET /27401578 HTTP/1.1" 301 162 "-" "Mozilla/5.0 AppleWebKit/537.36 (KHTML, like Gecko; compatible; bingbot/2.0; +http://www.bing.com/bingbot.htm) Chrome/116.0.1938.76 Safari/537.36" "-"
40.77.167.72 - - [23/Dec/2024:07:43:44 +0900] "GET /37793722 HTTP/1.1" 301 162 "-" "Mozilla/5.0 AppleWebKit/537.36 (KHTML, like Gecko; compatible; bingbot/2.0; +http://www.bing.com/bingbot.htm) Chrome/116.0.1938.76 Safari/537.36" "-"
150.136.112.62 - - [23/Dec/2024:07:43:44 +0900] "GET /wp-content/themes/about.php HTTP/1.1" 301 162 "-" "-" "-"
150.136.112.62 - - [23/Dec/2024:07:43:45 +0900] "GET /wp-content/themes/about.php HTTP/1.1" 404 27820 "-" "-" "-"
85.208.96.208 - - [23/Dec/2024:07:43:46 +0900] "GET /64042330 HTTP/1.1" 503 428 "-" "Mozilla/5.0 (compatible; SemrushBot/7~bl; +http://www.semrush.com/bot.html)" "-"
150.136.112.62 - - [23/Dec/2024:07:43:46 +0900] "GET /wp-admin/includes/about.php HTTP/1.1" 301 162 "-" "-" "-"
150.136.112.62 - - [23/Dec/2024:07:43:46 +0900] "GET /wp-admin/includes/about.php HTTP/1.1" 403 199 "-" "-" "-"
150.136.112.62 - - [23/Dec/2024:07:43:46 +0900] "GET /images/about.php HTTP/1.1" 301 162 "-" "-" "-"
150.136.112.62 - - [23/Dec/2024:07:43:46 +0900] "GET /images/about.php HTTP/1.1" 503 428 "-" "-" "-"
150.136.112.62 - - [23/Dec/2024:07:43:46 +0900] "GET /wp-content/blogs.dir/about.php HTTP/1.1" 301 162 "-" "-" "-"
150.136.112.62 - - [23/Dec/2024:07:43:46 +0900] "GET /wp-content/blogs.dir/about.php HTTP/1.1" 503 428 "-" "-" "-"
150.136.112.62 - - [23/Dec/2024:07:43:47 +0900] "GET /wp-includes/images/about.php HTTP/1.1" 301 162 "-" "-" "-"
150.136.112.62 - - [23/Dec/2024:07:43:48 +0900] "GET /wp-includes/images/about.php HTTP/1.1" 404 27829 "-" "-" "-"
150.136.112.62 - - [23/Dec/2024:07:43:48 +0900] "GET /wp-includes/about.php HTTP/1.1" 301 162 "-" "-" "-"
150.136.112.62 - - [23/Dec/2024:07:43:48 +0900] "GET /wp-includes/about.php HTTP/1.1" 503 428 "-" "-" "-"
150.136.112.62 - - [23/Dec/2024:07:43:48 +0900] "GET /cgi-bin/about.php HTTP/1.1" 301 162 "-" "-" "-"
150.136.112.62 - - [23/Dec/2024:07:43:50 +0900] "GET /cgi-bin/about.php HTTP/1.1" 404 27722 "-" "-" "-"
150.136.112.62 - - [23/Dec/2024:07:43:50 +0900] "GET /wp-content/gallery/about.php HTTP/1.1" 301 162 "-" "-" "-"
150.136.112.62 - - [23/Dec/2024:07:43:50 +0900] "GET /wp-content/gallery/about.php HTTP/1.1" 503 428 "-" "-" "-"
150.136.112.62 - - [23/Dec/2024:07:43:50 +0900] "GET /wp-includes/blocks/about.php HTTP/1.1" 301 162 "-" "-" "-"
150.136.112.62 - - [23/Dec/2024:07:43:50 +0900] "GET /wp-includes/blocks/about.php HTTP/1.1" 503 428 "-" "-" "-"
150.136.112.62 - - [23/Dec/2024:07:43:51 +0900] "GET /wp-admin/css/about.php HTTP/1.1" 301 162 "-" "-" "-"
150.136.112.62 - - [23/Dec/2024:07:43:51 +0900] "GET /wp-admin/css/about.php HTTP/1.1" 403 199 "-" "-" "-"
150.136.112.62 - - [23/Dec/2024:07:43:51 +0900] "GET /wp-admin/images/about.php HTTP/1.1" 301 162 "-" "-" "-"
150.136.112.62 - - [23/Dec/2024:07:43:51 +0900] "GET /wp-admin/images/about.php HTTP/1.1" 403 199 "-" "-" "-"
150.136.112.62 - - [23/Dec/2024:07:43:51 +0900] "GET /.well-known/pki-validation/cloud.php HTTP/1.1" 301 162 "-" "-" "-"
150.136.112.62 - - [23/Dec/2024:07:43:51 +0900] "GET /.well-known/pki-validation/cloud.php HTTP/1.1" 503 428 "-" "-" "-"
150.136.112.62 - - [23/Dec/2024:07:43:52 +0900] "GET /.well-known/acme-challenge/cloud.php HTTP/1.1" 301 162 "-" "-" "-"
85.208.96.203 - - [23/Dec/2024:07:43:52 +0900] "GET /67471234 HTTP/1.1" 301 162 "-" "Mozilla/5.0 (compatible; SemrushBot/7~bl; +http://www.semrush.com/bot.html)" "-"
150.136.112.62 - - [23/Dec/2024:07:43:53 +0900] "GET /.well-known/acme-challenge/cloud.php HTTP/1.1" 404 27901 "-" "-" "-"
150.136.112.62 - - [23/Dec/2024:07:43:53 +0900] "GET /wp-admin/network/cloud.php HTTP/1.1" 301 162 "-" "-" "-"
150.136.112.62 - - [23/Dec/2024:07:43:53 +0900] "GET /wp-admin/network/cloud.php HTTP/1.1" 403 199 "-" "-" "-"
150.136.112.62 - - [23/Dec/2024:07:43:54 +0900] "GET /cloud.php HTTP/1.1" 301 162 "-" "-" "-"
185.191.171.10 - - [23/Dec/2024:07:43:54 +0900] "GET /67471234 HTTP/1.1" 404 9045 "-" "Mozilla/5.0 (compatible; SemrushBot/7~bl; +http://www.semrush.com/bot.html)" "-"
150.136.112.62 - - [23/Dec/2024:07:43:55 +0900] "GET /cloud.php HTTP/1.1" 404 27642 "-" "-" "-"
150.136.112.62 - - [23/Dec/2024:07:43:55 +0900] "GET /cgi-bin/cloud.php HTTP/1.1" 301 162 "-" "-" "-"
185.191.171.14 - - [23/Dec/2024:07:43:56 +0900] "GET /52948258 HTTP/1.1" 301 162 "-" "Mozilla/5.0 (compatible; SemrushBot/7~bl; +http://www.semrush.com/bot.html)" "-"
150.136.112.62 - - [23/Dec/2024:07:43:56 +0900] "GET /cgi-bin/cloud.php HTTP/1.1" 404 27722 "-" "-" "-"
150.136.112.62 - - [23/Dec/2024:07:43:56 +0900] "GET /wp-content/updates.php HTTP/1.1" 301 162 "-" "-" "-"
150.136.112.62 - - [23/Dec/2024:07:43:58 +0900] "GET /wp-content/updates.php HTTP/1.1" 404 27767 "-" "-" "-"
185.191.171.12 - - [23/Dec/2024:07:43:58 +0900] "GET /19700458 HTTP/1.1" 301 162 "-" "Mozilla/5.0 (compatible; SemrushBot/7~bl; +http://www.semrush.com/bot.html)" "-"
150.136.112.62 - - [23/Dec/2024:07:43:58 +0900] "GET /css/cloud.php HTTP/1.1" 301 162 "-" "-" "-"
150.136.112.62 - - [23/Dec/2024:07:43:59 +0900] "GET /css/cloud.php HTTP/1.1" 404 27686 "-" "-" "-"
150.136.112.62 - - [23/Dec/2024:07:44:00 +0900] "GET /wp-admin/user/cloud.php HTTP/1.1" 301 162 "-" "-" "-"
150.136.112.62 - - [23/Dec/2024:07:44:00 +0900] "GET /wp-admin/user/cloud.php HTTP/1.1" 403 199 "-" "-" "-"
150.136.112.62 - - [23/Dec/2024:07:44:00 +0900] "GET /img/cloud.php HTTP/1.1" 301 162 "-" "-" "-"
150.136.112.62 - - [23/Dec/2024:07:44:01 +0900] "GET /img/cloud.php HTTP/1.1" 404 27686 "-" "-" "-"
150.136.112.62 - - [23/Dec/2024:07:44:01 +0900] "GET /wp-admin/css/colors/coffee/cloud.php HTTP/1.1" 301 162 "-" "-" "-"
185.191.171.11 - - [23/Dec/2024:07:44:01 +0900] "GET /19700458 HTTP/1.1" 404 9045 "-" "Mozilla/5.0 (compatible; SemrushBot/7~bl; +http://www.semrush.com/bot.html)" "-"
150.136.112.62 - - [23/Dec/2024:07:44:02 +0900] "GET /wp-admin/css/colors/coffee/cloud.php HTTP/1.1" 403 199 "-" "-" "-"
150.136.112.62 - - [23/Dec/2024:07:44:02 +0900] "GET /wp-admin/images/cloud.php HTTP/1.1" 301 162 "-" "-" "-"
150.136.112.62 - - [23/Dec/2024:07:44:02 +0900] "GET /wp-admin/images/cloud.php HTTP/1.1" 403 199 "-" "-" "-"
150.136.112.62 - - [23/Dec/2024:07:44:02 +0900] "GET /avaa.php HTTP/1.1" 301 162 "-" "-" "-"
150.136.112.62 - - [23/Dec/2024:07:44:02 +0900] "GET /avaa.php HTTP/1.1" 503 428 "-" "-" "-"
150.136.112.62 - - [23/Dec/2024:07:44:02 +0900] "GET /images/cloud.php HTTP/1.1" 301 162 "-" "-" "-"
185.191.171.18 - - [23/Dec/2024:07:44:03 +0900] "GET /35589370 HTTP/1.1" 301 162 "-" "Mozilla/5.0 (compatible; SemrushBot/7~bl; +http://www.semrush.com/bot.html)" "-"
40.77.167.72 - - [23/Dec/2024:07:44:03 +0900] "GET /37793722 HTTP/2.0" 503 428 "-" "Mozilla/5.0 AppleWebKit/537.36 (KHTML, like Gecko; compatible; bingbot/2.0; +http://www.bing.com/bingbot.htm) Chrome/116.0.1938.76 Safari/537.36" "-"
40.77.167.72 - - [23/Dec/2024:07:44:04 +0900] "GET /search?restrict[]=person_id(int)=JMEO HTTP/1.1" 301 162 "-" "Mozilla/5.0 AppleWebKit/537.36 (KHTML, like Gecko; compatible; bingbot/2.0; +http://www.bing.com/bingbot.htm) Chrome/116.0.1938.76 Safari/537.36" "-"
150.136.112.62 - - [23/Dec/2024:07:44:04 +0900] "GET /images/cloud.php HTTP/1.1" 404 27713 "-" "-" "-"
150.136.112.62 - - [23/Dec/2024:07:44:04 +0900] "GET /wp-admin/js/widgets/cloud.php HTTP/1.1" 301 162 "-" "-" "-"
150.136.112.62 - - [23/Dec/2024:07:44:04 +0900] "GET /wp-admin/js/widgets/cloud.php HTTP/1.1" 403 199 "-" "-" "-"
150.136.112.62 - - [23/Dec/2024:07:44:04 +0900] "GET /wp-includes/Requests/Text/admin.php HTTP/1.1" 301 162 "-" "-" "-"
85.208.96.193 - - [23/Dec/2024:07:44:05 +0900] "GET /35589370 HTTP/1.1" 503 428 "-" "Mozilla/5.0 (compatible; SemrushBot/7~bl; +http://www.semrush.com/bot.html)" "-"
150.136.112.62 - - [23/Dec/2024:07:44:06 +0900] "GET /wp-includes/Requests/Text/admin.php HTTP/1.1" 404 27900 "-" "-" "-"
150.136.112.62 - - [23/Dec/2024:07:44:06 +0900] "GET /wp-admin/css/colors/cloud.php HTTP/1.1" 301 162 "-" "-" "-"
150.136.112.62 - - [23/Dec/2024:07:44:06 +0900] "GET /wp-admin/css/colors/cloud.php HTTP/1.1" 403 199 "-" "-" "-"
150.136.112.62 - - [23/Dec/2024:07:44:06 +0900] "GET /wp-admin/includes/cloud.php HTTP/1.1" 301 162 "-" "-" "-"
150.136.112.62 - - [23/Dec/2024:07:44:07 +0900] "GET /wp-admin/includes/cloud.php HTTP/1.1" 403 199 "-" "-" "-"
150.136.112.62 - - [23/Dec/2024:07:44:07 +0900] "GET /wp-admin/css/colors/blue/cloud.php HTTP/1.1" 301 162 "-" "-" "-"
150.136.112.62 - - [23/Dec/2024:07:44:07 +0900] "GET /wp-admin/css/colors/blue/cloud.php HTTP/1.1" 403 199 "-" "-" "-"
150.136.112.62 - - [23/Dec/2024:07:44:07 +0900] "GET /wp-admin/cloud.php HTTP/1.1" 301 162 "-" "-" "-"
150.136.112.62 - - [23/Dec/2024:07:44:07 +0900] "GET /wp-admin/cloud.php HTTP/1.1" 403 199 "-" "-" "-"
150.136.112.62 - - [23/Dec/2024:07:44:07 +0900] "GET /updates.php HTTP/1.1" 301 162 "-" "-" "-"
52.167.144.157 - - [23/Dec/2024:07:44:08 +0900] "GET /27401578 HTTP/2.0" 200 22264 "-" "Mozilla/5.0 AppleWebKit/537.36 (KHTML, like Gecko; compatible; bingbot/2.0; +http://www.bing.com/bingbot.htm) Chrome/116.0.1938.76 Safari/537.36" "-"
150.136.112.62 - - [23/Dec/2024:07:44:09 +0900] "GET /updates.php HTTP/1.1" 404 27660 "-" "-" "-"
85.208.96.194 - - [23/Dec/2024:07:44:09 +0900] "GET /52948258 HTTP/1.1" 404 9046 "-" "Mozilla/5.0 (compatible; SemrushBot/7~bl; +http://www.semrush.com/bot.html)" "-"
150.136.112.62 - - [23/Dec/2024:07:44:09 +0900] "GET /libraries/legacy/updates.php HTTP/1.1" 301 162 "-" "-" "-"
52.167.144.157 - - [23/Dec/2024:07:44:09 +0900] "GET /33794482 HTTP/1.1" 301 162 "-" "Mozilla/5.0 AppleWebKit/537.36 (KHTML, like Gecko; compatible; bingbot/2.0; +http://www.bing.com/bingbot.htm) Chrome/116.0.1938.76 Safari/537.36" "-"
52.167.144.157 - - [23/Dec/2024:07:44:10 +0900] "GET /54151882 HTTP/1.1" 301 162 "-" "Mozilla/5.0 AppleWebKit/537.36 (KHTML, like Gecko; compatible; bingbot/2.0; +http://www.bing.com/bingbot.htm) Chrome/116.0.1938.76 Safari/537.36" "-"
150.136.112.62 - - [23/Dec/2024:07:44:10 +0900] "GET /libraries/legacy/updates.php HTTP/1.1" 404 27829 "-" "-" "-"
150.136.112.62 - - [23/Dec/2024:07:44:11 +0900] "GET /libraries/phpmailer/updates.php HTTP/1.1" 301 162 "-" "-" "-"
150.136.112.62 - - [23/Dec/2024:07:44:11 +0900] "GET /libraries/phpmailer/updates.php HTTP/1.1" 503 428 "-" "-" "-"
150.136.112.62 - - [23/Dec/2024:07:44:11 +0900] "GET /libraries/vendor/updates.php HTTP/1.1" 301 162 "-" "-" "-"
150.136.112.62 - - [23/Dec/2024:07:44:12 +0900] "GET /libraries/vendor/updates.php HTTP/1.1" 404 27829 "-" "-" "-"
150.136.112.62 - - [23/Dec/2024:07:44:12 +0900] "GET /alfa-rex.php7 HTTP/1.1" 301 162 "-" "-" "-"
150.136.112.62 - - [23/Dec/2024:07:44:14 +0900] "GET /alfa-rex.php7 HTTP/1.1" 404 27678 "-" "-" "-"
150.136.112.62 - - [23/Dec/2024:07:44:14 +0900] "GET /alfanew.php HTTP/1.1" 301 162 "-" "-" "-"
150.136.112.62 - - [23/Dec/2024:07:44:15 +0900] "GET /alfanew.php HTTP/1.1" 404 27660 "-" "-" "-"
150.136.112.62 - - [23/Dec/2024:07:44:16 +0900] "GET /wp-content/plugins/Cache/Cache.php HTTP/1.1" 301 162 "-" "-" "-"
85.208.96.203 - - [23/Dec/2024:07:44:16 +0900] "GET /37923754 HTTP/1.1" 301 162 "-" "Mozilla/5.0 (compatible; SemrushBot/7~bl; +http://www.semrush.com/bot.html)" "-"
118.27.99.84 - - [23/Dec/2024:07:44:18 +0900] "POST /wp-cron.php?doing_wp_cron=1734907457.2202858924865722656250 HTTP/1.1" 200 118 "-" "WordPress/6.7.1; https://kyoto-bankin.com" "-"
150.136.112.62 - - [23/Dec/2024:07:44:18 +0900] "GET /wp-content/plugins/Cache/Cache.php HTTP/1.1" 404 27883 "-" "-" "-"
150.136.112.62 - - [23/Dec/2024:07:44:18 +0900] "GET /wp-admin/js/widgets/about.php7 HTTP/1.1" 301 162 "-" "-" "-"
150.136.112.62 - - [23/Dec/2024:07:44:18 +0900] "GET /wp-admin/js/widgets/about.php7 HTTP/1.1" 403 199 "-" "-" "-"
150.136.112.62 - - [23/Dec/2024:07:44:18 +0900] "GET /wp-p.php7 HTTP/1.1" 301 162 "-" "-" "-"
150.136.112.62 - - [23/Dec/2024:07:44:19 +0900] "GET /wp-p.php7 HTTP/1.1" 503 428 "-" "-" "-"
150.136.112.62 - - [23/Dec/2024:07:44:19 +0900] "GET /wp-admin/repeater.php HTTP/1.1" 301 162 "-" "-" "-"
150.136.112.62 - - [23/Dec/2024:07:44:19 +0900] "GET /wp-admin/repeater.php HTTP/1.1" 403 199 "-" "-" "-"
150.136.112.62 - - [23/Dec/2024:07:44:19 +0900] "GET /wp-includes/repeater.php HTTP/1.1" 301 162 "-" "-" "-"
185.191.171.13 - - [23/Dec/2024:07:44:19 +0900] "GET /37923754 HTTP/1.1" 404 9044 "-" "Mozilla/5.0 (compatible; SemrushBot/7~bl; +http://www.semrush.com/bot.html)" "-"
150.136.112.62 - - [23/Dec/2024:07:44:19 +0900] "GET /wp-includes/repeater.php HTTP/1.1" 503 428 "-" "-" "-"
150.136.112.62 - - [23/Dec/2024:07:44:19 +0900] "GET /wp-content/repeater.php HTTP/1.1" 301 162 "-" "-" "-"
150.136.112.62 - - [23/Dec/2024:07:44:20 +0900] "GET /wp-content/repeater.php HTTP/1.1" 503 428 "-" "-" "-"
150.136.112.62 - - [23/Dec/2024:07:44:20 +0900] "GET /wsoyanz.php HTTP/1.1" 301 162 "-" "-" "-"
150.136.112.62 - - [23/Dec/2024:07:44:21 +0900] "GET /wsoyanz.php HTTP/1.1" 404 27660 "-" "-" "-"
150.136.112.62 - - [23/Dec/2024:07:44:21 +0900] "GET /yanz.php HTTP/1.1" 301 162 "-" "-" "-"
150.136.112.62 - - [23/Dec/2024:07:44:22 +0900] "GET /yanz.php HTTP/1.1" 404 27633 "-" "-" "-"
150.136.112.62 - - [23/Dec/2024:07:44:23 +0900] "GET /wp-admin/js/about.php HTTP/1.1" 301 162 "-" "-" "-"
150.136.112.62 - - [23/Dec/2024:07:44:23 +0900] "GET /wp-admin/js/about.php HTTP/1.1" 403 199 "-" "-" "-"
150.136.112.62 - - [23/Dec/2024:07:44:23 +0900] "GET /wp-content/plugins/seoo/wsoyanz.php HTTP/1.1" 301 162 "-" "-" "-"
40.77.167.72 - - [23/Dec/2024:07:44:24 +0900] "GET /37793722 HTTP/2.0" 200 22307 "-" "Mozilla/5.0 AppleWebKit/537.36 (KHTML, like Gecko; compatible; bingbot/2.0; +http://www.bing.com/bingbot.htm) Chrome/116.0.1938.76 Safari/537.36" "-"
150.136.112.62 - - [23/Dec/2024:07:44:24 +0900] "GET /wp-content/plugins/seoo/wsoyanz.php HTTP/1.1" 404 27900 "-" "-" "-"
40.77.167.72 - - [23/Dec/2024:07:44:25 +0900] "GET /66415642 HTTP/1.1" 301 162 "-" "Mozilla/5.0 AppleWebKit/537.36 (KHTML, like Gecko; compatible; bingbot/2.0; +http://www.bing.com/bingbot.htm) Chrome/116.0.1938.76 Safari/537.36" "-"
150.136.112.62 - - [23/Dec/2024:07:44:25 +0900] "GET /wp-content/plugins/seoo/wsoyanz1.php HTTP/1.1" 301 162 "-" "-" "-"
40.77.167.72 - - [23/Dec/2024:07:44:25 +0900] "GET /69478978 HTTP/1.1" 301 162 "-" "Mozilla/5.0 AppleWebKit/537.36 (KHTML, like Gecko; compatible; bingbot/2.0; +http://www.bing.com/bingbot.htm) Chrome/116.0.1938.76 Safari/537.36" "-"
150.136.112.62 - - [23/Dec/2024:07:44:26 +0900] "GET /wp-content/plugins/seoo/wsoyanz1.php HTTP/1.1" 404 27909 "-" "-" "-"
150.136.112.62 - - [23/Dec/2024:07:44:27 +0900] "GET /cache-compat.php HTTP/1.1" 301 162 "-" "-" "-"
150.136.112.62 - - [23/Dec/2024:07:44:28 +0900] "GET /cache-compat.php HTTP/1.1" 404 27705 "-" "-" "-"
150.136.112.62 - - [23/Dec/2024:07:44:28 +0900] "GET /ajax-actions.php HTTP/1.1" 301 162 "-" "-" "-"
150.136.112.62 - - [23/Dec/2024:07:44:29 +0900] "GET /ajax-actions.php HTTP/1.1" 404 27705 "-" "-" "-"
150.136.112.62 - - [23/Dec/2024:07:44:30 +0900] "GET /wp-admin/ajax-actions.php HTTP/1.1" 301 162 "-" "-" "-"
150.136.112.62 - - [23/Dec/2024:07:44:30 +0900] "GET /wp-admin/ajax-actions.php HTTP/1.1" 403 199 "-" "-" "-"
150.136.112.62 - - [23/Dec/2024:07:44:30 +0900] "GET /wp-consar.php HTTP/1.1" 301 162 "-" "-" "-"
150.136.112.62 - - [23/Dec/2024:07:44:31 +0900] "GET /wp-consar.php HTTP/1.1" 404 27678 "-" "-" "-"
150.136.112.62 - - [23/Dec/2024:07:44:31 +0900] "GET /repeater.php HTTP/1.1" 301 162 "-" "-" "-"
150.136.112.62 - - [23/Dec/2024:07:44:33 +0900] "GET /repeater.php HTTP/1.1" 404 27669 "-" "-" "-"
150.136.112.62 - - [23/Dec/2024:07:44:33 +0900] "GET /admin-post.php HTTP/1.1" 301 162 "-" "-" "-"
150.136.112.62 - - [23/Dec/2024:07:44:34 +0900] "GET /admin-post.php HTTP/1.1" 404 27687 "-" "-" "-"
150.136.112.62 - - [23/Dec/2024:07:44:34 +0900] "GET /wp-admin/maint/maint/ajax-actions.php HTTP/1.1" 301 162 "-" "-" "-"
150.136.112.62 - - [23/Dec/2024:07:44:35 +0900] "GET /wp-admin/maint/maint/ajax-actions.php HTTP/1.1" 403 199 "-" "-" "-"
150.136.112.62 - - [23/Dec/2024:07:44:35 +0900] "GET /wp-admin/dropdown.php HTTP/1.1" 301 162 "-" "-" "-"
