66.249.79.4 - - [23/Dec/2024:09:44:47 +0900] "GET /bpwpw/v273067.html HTTP/1.1" 200 34293 "-" "Mozilla/5.0 (Linux; Android 6.0.1; Nexus 5X Build/MMB29P) AppleWebKit/537.36 (KHTML, like Gecko) Chrome/131.0.6778.139 Mobile Safari/537.36 (compatible; Googlebot/2.1; +http://www.google.com/bot.html)" "-"
66.249.79.3 - - [23/Dec/2024:09:45:00 +0900] "GET /rvgjk/b876403.html HTTP/1.1" 200 34852 "-" "Mozilla/5.0 (Linux; Android 6.0.1; Nexus 5X Build/MMB29P) AppleWebKit/537.36 (KHTML, like Gecko) Chrome/131.0.6778.139 Mobile Safari/537.36 (compatible; Googlebot/2.1; +http://www.google.com/bot.html)" "-"
66.249.79.3 - - [23/Dec/2024:09:48:21 +0900] "GET /hckff/a2746192.html HTTP/1.1" 200 34266 "-" "Mozilla/5.0 (Linux; Android 6.0.1; Nexus 5X Build/MMB29P) AppleWebKit/537.36 (KHTML, like Gecko) Chrome/131.0.6778.139 Mobile Safari/537.36 (compatible; Googlebot/2.1; +http://www.google.com/bot.html)" "-"
66.249.79.3 - - [23/Dec/2024:09:48:46 +0900] "GET /lypll/h95551.html HTTP/1.1" 200 34415 "-" "Mozilla/5.0 (Linux; Android 6.0.1; Nexus 5X Build/MMB29P) AppleWebKit/537.36 (KHTML, like Gecko) Chrome/131.0.6778.139 Mobile Safari/537.36 (compatible; Googlebot/2.1; +http://www.google.com/bot.html)" "-"
66.249.79.3 - - [23/Dec/2024:09:48:49 +0900] "GET /fnhag/u1784940.html HTTP/1.1" 200 34211 "-" "Mozilla/5.0 (Linux; Android 6.0.1; Nexus 5X Build/MMB29P) AppleWebKit/537.36 (KHTML, like Gecko) Chrome/131.0.6778.139 Mobile Safari/537.36 (compatible; Googlebot/2.1; +http://www.google.com/bot.html)" "-"
66.249.79.3 - - [23/Dec/2024:09:49:50 +0900] "GET /urxrt/q2800522.html HTTP/1.1" 200 34539 "-" "Mozilla/5.0 (Linux; Android 6.0.1; Nexus 5X Build/MMB29P) AppleWebKit/537.36 (KHTML, like Gecko) Chrome/131.0.6778.139 Mobile Safari/537.36 (compatible; Googlebot/2.1; +http://www.google.com/bot.html)" "-"
66.249.79.4 - - [23/Dec/2024:09:50:15 +0900] "GET /ziowa/d1286711.html HTTP/1.1" 200 34294 "-" "Mozilla/5.0 (Linux; Android 6.0.1; Nexus 5X Build/MMB29P) AppleWebKit/537.36 (KHTML, like Gecko) Chrome/131.0.6778.139 Mobile Safari/537.36 (compatible; Googlebot/2.1; +http://www.google.com/bot.html)" "-"
66.249.79.3 - - [23/Dec/2024:09:50:23 +0900] "GET /sqwbc/d2786833.html HTTP/1.1" 200 34161 "-" "Mozilla/5.0 (Linux; Android 6.0.1; Nexus 5X Build/MMB29P) AppleWebKit/537.36 (KHTML, like Gecko) Chrome/131.0.6778.139 Mobile Safari/537.36 (compatible; Googlebot/2.1; +http://www.google.com/bot.html)" "-"
66.249.79.2 - - [23/Dec/2024:09:50:48 +0900] "GET /bbqog/g561860.html HTTP/1.1" 200 35641 "-" "Mozilla/5.0 (Linux; Android 6.0.1; Nexus 5X Build/MMB29P) AppleWebKit/537.36 (KHTML, like Gecko) Chrome/131.0.6778.139 Mobile Safari/537.36 (compatible; Googlebot/2.1; +http://www.google.com/bot.html)" "-"
66.249.79.2 - - [23/Dec/2024:09:51:23 +0900] "GET /cjslb/s1203110.html HTTP/1.1" 200 28168 "-" "Mozilla/5.0 (compatible; Googlebot/2.1; +http://www.google.com/bot.html)" "-"
66.249.79.3 - - [23/Dec/2024:09:51:31 +0900] "GET /dgqlu/a86418.html HTTP/1.1" 503 428 "-" "Mozilla/5.0 (Linux; Android 6.0.1; Nexus 5X Build/MMB29P) AppleWebKit/537.36 (KHTML, like Gecko) Chrome/131.0.6778.139 Mobile Safari/537.36 (compatible; Googlebot/2.1; +http://www.google.com/bot.html)" "-"
66.249.79.2 - - [23/Dec/2024:09:51:49 +0900] "GET /dkvnr/m1488922.html HTTP/1.1" 200 34646 "-" "Mozilla/5.0 (Linux; Android 6.0.1; Nexus 5X Build/MMB29P) AppleWebKit/537.36 (KHTML, like Gecko) Chrome/131.0.6778.204 Mobile Safari/537.36 (compatible; Googlebot/2.1; +http://www.google.com/bot.html)" "-"
66.249.79.73 - - [23/Dec/2024:09:52:01 +0900] "GET /pasxt/w1776752.html HTTP/1.1" 200 34390 "-" "Mozilla/5.0 (Linux; Android 6.0.1; Nexus 5X Build/MMB29P) AppleWebKit/537.36 (KHTML, like Gecko) Chrome/131.0.6778.139 Mobile Safari/537.36 (compatible; Googlebot/2.1; +http://www.google.com/bot.html)" "-"
66.249.79.72 - - [23/Dec/2024:09:52:39 +0900] "GET /jkauq/m1869198.html HTTP/1.1" 200 34005 "-" "Mozilla/5.0 (Linux; Android 6.0.1; Nexus 5X Build/MMB29P) AppleWebKit/537.36 (KHTML, like Gecko) Chrome/131.0.6778.139 Mobile Safari/537.36 (compatible; Googlebot/2.1; +http://www.google.com/bot.html)" "-"
66.249.79.4 - - [23/Dec/2024:09:53:00 +0900] "GET /nnqfl/n2194147.html HTTP/1.1" 200 34140 "-" "Mozilla/5.0 (Linux; Android 6.0.1; Nexus 5X Build/MMB29P) AppleWebKit/537.36 (KHTML, like Gecko) Chrome/131.0.6778.139 Mobile Safari/537.36 (compatible; Googlebot/2.1; +http://www.google.com/bot.html)" "-"
147.93.128.101 - - [23/Dec/2024:09:55:15 +0900] "GET /wp-includes/ HTTP/1.1" 301 162 "-" "Mozlila/5.0 (Linux; Android 7.0; SM-G892A Bulid/NRD90M; wv) AppleWebKit/537.36 (KHTML, like Gecko) Version/4.0 Chrome/60.0.3112.107 Moblie Safari/537.36" "-"
147.93.128.101 - - [23/Dec/2024:09:55:16 +0900] "GET /wp-includes/ HTTP/1.1" 403 186 "-" "Mozlila/5.0 (Linux; Android 7.0; SM-G892A Bulid/NRD90M; wv) AppleWebKit/537.36 (KHTML, like Gecko) Version/4.0 Chrome/60.0.3112.107 Moblie Safari/537.36" "-"
66.249.79.72 - - [23/Dec/2024:09:57:29 +0900] "GET /jlvfc/k1231026.html HTTP/1.1" 200 27566 "-" "Mozilla/5.0 (compatible; Googlebot/2.1; +http://www.google.com/bot.html)" "-"
66.249.79.2 - - [23/Dec/2024:09:58:51 +0900] "GET /zjrvg/p424017.html HTTP/1.1" 200 34742 "-" "Mozilla/5.0 (Linux; Android 6.0.1; Nexus 5X Build/MMB29P) AppleWebKit/537.36 (KHTML, like Gecko) Chrome/131.0.6778.139 Mobile Safari/537.36 (compatible; Googlebot/2.1; +http://www.google.com/bot.html)" "-"
156.59.198.135 - - [23/Dec/2024:09:59:45 +0900] "GET /wp-content/uploads/2024/05/%E3%82%A2%E3%83%91%E3%83%BC%E3%83%88%E3%81%A7%E9%9B%A8%E6%BC%8F%E3%82%8A%E3%81%8C%E7%99%BA%E7%94%9F%EF%BC%81%E5%AF%BE%E5%BF%9C%E7%AD%96%E3%82%84%E6%B3%A8%E6%84%8F%E7%82%B9%E3%82%92%E3%81%94%E7%B4%B9%E4%BB%8B.png HTTP/2.0" 200 1587475 "-" "Mozilla/5.0 (Linux; Android 5.0) AppleWebKit/537.36 (KHTML, like Gecko) Mobile Safari/537.36 (compatible; Bytespider; spider-feedback@bytedance.com)" "-"
106.131.191.59 - - [23/Dec/2024:10:00:47 +0900] "GET /?utm_source=google&utm_medium=maps HTTP/2.0" 503 299 "-" "Mozilla/5.0 (Linux; Android 10; K) AppleWebKit/537.36 (KHTML, like Gecko) SamsungBrowser/27.0 Chrome/125.0.0.0 Mobile Safari/537.36" "-"
106.131.191.59 - - [23/Dec/2024:10:00:54 +0900] "GET /favicon.ico HTTP/2.0" 200 246 "https://honest-reform.jp/?utm_source=google&utm_medium=maps" "Mozilla/5.0 (Linux; Android 10; K) AppleWebKit/537.36 (KHTML, like Gecko) SamsungBrowser/27.0 Chrome/125.0.0.0 Mobile Safari/537.36" "-"
40.77.167.61 - - [23/Dec/2024:10:02:20 +0900] "GET /works/2023/10/06/842/ HTTP/2.0" 200 246 "-" "Mozilla/5.0 AppleWebKit/537.36 (KHTML, like Gecko; compatible; bingbot/2.0; +http://www.bing.com/bingbot.htm) Chrome/116.0.1938.76 Safari/537.36" "-"
31.42.184.113 - - [23/Dec/2024:10:03:31 +0900] "GET /index.php?params HTTP/1.1" 301 162 "-" "Mozilla/5.0 (Windows NT 10.0; Win64; x64) AppleWebKit/537.36 (KHTML, like Gecko) Chrome/91.0.4472.106 Safari/537.36" "-"
31.42.184.113 - - [23/Dec/2024:10:03:32 +0900] "GET /index.php?params HTTP/1.1" 200 362 "-" "Mozilla/5.0 (Windows NT 10.0; Win64; x64) AppleWebKit/537.36 (KHTML, like Gecko) Chrome/91.0.4472.106 Safari/537.36" "-"
216.244.66.203 - - [23/Dec/2024:10:07:12 +0900] "GET /robots.txt HTTP/1.1" 301 162 "-" "Mozilla/5.0 (compatible; DotBot/1.2; +https://opensiteexplorer.org/dotbot; help@moz.com)" "-"
216.244.66.203 - - [23/Dec/2024:10:07:13 +0900] "GET /robots.txt HTTP/1.1" 200 80 "-" "Mozilla/5.0 (compatible; DotBot/1.2; +https://opensiteexplorer.org/dotbot; help@moz.com)" "-"
66.249.79.73 - - [23/Dec/2024:10:08:01 +0900] "GET /mjsca/c1842902.html HTTP/1.1" 200 27480 "-" "Mozilla/5.0 (compatible; Googlebot/2.1; +http://www.google.com/bot.html)" "-"
40.77.167.9 - - [23/Dec/2024:10:08:55 +0900] "GET /zginy/ HTTP/2.0" 200 246 "-" "Mozilla/5.0 AppleWebKit/537.36 (KHTML, like Gecko; compatible; bingbot/2.0; +http://www.bing.com/bingbot.htm) Chrome/116.0.1938.76 Safari/537.36" "-"
66.249.79.76 - - [23/Dec/2024:10:10:26 +0900] "GET /293523569.shtml HTTP/1.1" 301 162 "-" "Mozilla/5.0 (Linux; Android 6.0.1; Nexus 5X Build/MMB29P) AppleWebKit/537.36 (KHTML, like Gecko) Chrome/131.0.6778.139 Mobile Safari/537.36 (compatible; Googlebot/2.1; +http://www.google.com/bot.html)" "-"
66.249.79.73 - - [23/Dec/2024:10:10:40 +0900] "GET /ulbly/s2314740.html HTTP/1.1" 503 428 "-" "Mozilla/5.0 (Linux; Android 6.0.1; Nexus 5X Build/MMB29P) AppleWebKit/537.36 (KHTML, like Gecko) Chrome/131.0.6778.139 Mobile Safari/537.36 (compatible; Googlebot/2.1; +http://www.google.com/bot.html)" "-"
66.249.79.73 - - [23/Dec/2024:10:11:11 +0900] "GET /brdgz/k2002498.html HTTP/1.1" 503 428 "-" "Mozilla/5.0 (Linux; Android 6.0.1; Nexus 5X Build/MMB29P) AppleWebKit/537.36 (KHTML, like Gecko) Chrome/131.0.6778.139 Mobile Safari/537.36 (compatible; Googlebot/2.1; +http://www.google.com/bot.html)" "-"
66.249.79.74 - - [23/Dec/2024:10:11:14 +0900] "GET /293523569.shtml HTTP/1.1" 200 34281 "-" "Mozilla/5.0 (Linux; Android 6.0.1; Nexus 5X Build/MMB29P) AppleWebKit/537.36 (KHTML, like Gecko) Chrome/131.0.6778.139 Mobile Safari/537.36 (compatible; Googlebot/2.1; +http://www.google.com/bot.html)" "-"
66.249.79.3 - - [23/Dec/2024:10:11:27 +0900] "GET /gduyx/y1088326.html HTTP/1.1" 503 428 "-" "Mozilla/5.0 (Linux; Android 6.0.1; Nexus 5X Build/MMB29P) AppleWebKit/537.36 (KHTML, like Gecko) Chrome/131.0.6778.139 Mobile Safari/537.36 (compatible; Googlebot/2.1; +http://www.google.com/bot.html)" "-"
66.249.79.73 - - [23/Dec/2024:10:11:41 +0900] "GET /houhw/e2576520.html HTTP/1.1" 200 34449 "-" "Mozilla/5.0 (Linux; Android 6.0.1; Nexus 5X Build/MMB29P) AppleWebKit/537.36 (KHTML, like Gecko) Chrome/131.0.6778.139 Mobile Safari/537.36 (compatible; Googlebot/2.1; +http://www.google.com/bot.html)" "-"
66.249.79.72 - - [23/Dec/2024:10:11:50 +0900] "GET /qfdeo/n823375.html HTTP/1.1" 200 34395 "-" "Mozilla/5.0 (Linux; Android 6.0.1; Nexus 5X Build/MMB29P) AppleWebKit/537.36 (KHTML, like Gecko) Chrome/131.0.6778.139 Mobile Safari/537.36 (compatible; Googlebot/2.1; +http://www.google.com/bot.html)" "-"
66.249.79.2 - - [23/Dec/2024:10:13:00 +0900] "GET /nfcug/g2220478.html HTTP/1.1" 503 428 "-" "Mozilla/5.0 (Linux; Android 6.0.1; Nexus 5X Build/MMB29P) AppleWebKit/537.36 (KHTML, like Gecko) Chrome/131.0.6778.139 Mobile Safari/537.36 (compatible; Googlebot/2.1; +http://www.google.com/bot.html)" "-"
66.249.79.74 - - [23/Dec/2024:10:14:09 +0900] "GET /ndwtv/z1770385.html HTTP/1.1" 200 34046 "-" "Mozilla/5.0 (Linux; Android 6.0.1; Nexus 5X Build/MMB29P) AppleWebKit/537.36 (KHTML, like Gecko) Chrome/131.0.6778.139 Mobile Safari/537.36 (compatible; Googlebot/2.1; +http://www.google.com/bot.html)" "-"
52.167.144.173 - - [23/Dec/2024:10:14:51 +0900] "GET /ktybq/p2631079.html HTTP/2.0" 503 428 "-" "Mozilla/5.0 AppleWebKit/537.36 (KHTML, like Gecko; compatible; bingbot/2.0; +http://www.bing.com/bingbot.htm) Chrome/116.0.1938.76 Safari/537.36" "-"
66.249.79.73 - - [23/Dec/2024:10:15:17 +0900] "GET /bjhde/g2637726.html HTTP/1.1" 200 33788 "-" "Mozilla/5.0 (Linux; Android 6.0.1; Nexus 5X Build/MMB29P) AppleWebKit/537.36 (KHTML, like Gecko) Chrome/131.0.6778.139 Mobile Safari/537.36 (compatible; Googlebot/2.1; +http://www.google.com/bot.html)" "-"
66.249.79.2 - - [23/Dec/2024:10:17:06 +0900] "GET /robots.txt HTTP/1.1" 200 96 "-" "Mozilla/5.0 (compatible; Googlebot/2.1; +http://www.google.com/bot.html)" "-"
66.249.79.3 - - [23/Dec/2024:10:17:44 +0900] "GET /627243185.shtml HTTP/1.1" 301 162 "-" "Mozilla/5.0 (Linux; Android 6.0.1; Nexus 5X Build/MMB29P) AppleWebKit/537.36 (KHTML, like Gecko) Chrome/131.0.6778.139 Mobile Safari/537.36 (compatible; Googlebot/2.1; +http://www.google.com/bot.html)" "-"
66.249.79.3 - - [23/Dec/2024:10:18:07 +0900] "GET /idywv/x2213293.html HTTP/1.1" 200 34423 "-" "Mozilla/5.0 (Linux; Android 6.0.1; Nexus 5X Build/MMB29P) AppleWebKit/537.36 (KHTML, like Gecko) Chrome/131.0.6778.139 Mobile Safari/537.36 (compatible; Googlebot/2.1; +http://www.google.com/bot.html)" "-"
66.249.79.2 - - [23/Dec/2024:10:18:15 +0900] "GET /robots.txt HTTP/1.1" 200 96 "-" "Mozilla/5.0 (compatible; Googlebot/2.1; +http://www.google.com/bot.html)" "-"
66.249.79.2 - - [23/Dec/2024:10:18:37 +0900] "GET /627243185.shtml HTTP/1.1" 200 34326 "-" "Mozilla/5.0 (Linux; Android 6.0.1; Nexus 5X Build/MMB29P) AppleWebKit/537.36 (KHTML, like Gecko) Chrome/131.0.6778.139 Mobile Safari/537.36 (compatible; Googlebot/2.1; +http://www.google.com/bot.html)" "-"
66.249.79.2 - - [23/Dec/2024:10:19:13 +0900] "GET /lodhs/r2662723.html HTTP/1.1" 200 34317 "-" "Mozilla/5.0 (Linux; Android 6.0.1; Nexus 5X Build/MMB29P) AppleWebKit/537.36 (KHTML, like Gecko) Chrome/131.0.6778.139 Mobile Safari/537.36 (compatible; Googlebot/2.1; +http://www.google.com/bot.html)" "-"
66.249.79.3 - - [23/Dec/2024:10:19:21 +0900] "GET /robots.txt HTTP/1.1" 200 96 "-" "Mozilla/5.0 (compatible; Googlebot/2.1; +http://www.google.com/bot.html)" "-"
66.249.79.2 - - [23/Dec/2024:10:19:24 +0900] "GET /ntnig/v1888889.html HTTP/1.1" 503 428 "-" "Mozilla/5.0 (Linux; Android 6.0.1; Nexus 5X Build/MMB29P) AppleWebKit/537.36 (KHTML, like Gecko) Chrome/131.0.6778.139 Mobile Safari/537.36 (compatible; Googlebot/2.1; +http://www.google.com/bot.html)" "-"
66.249.79.2 - - [23/Dec/2024:10:19:26 +0900] "GET /ozptw/g2359890.html HTTP/1.1" 200 34186 "-" "Mozilla/5.0 (Linux; Android 6.0.1; Nexus 5X Build/MMB29P) AppleWebKit/537.36 (KHTML, like Gecko) Chrome/131.0.6778.139 Mobile Safari/537.36 (compatible; Googlebot/2.1; +http://www.google.com/bot.html)" "-"
66.249.79.72 - - [23/Dec/2024:10:19:33 +0900] "GET /ioknh/v2325299.html HTTP/1.1" 200 34890 "-" "Mozilla/5.0 (Linux; Android 6.0.1; Nexus 5X Build/MMB29P) AppleWebKit/537.36 (KHTML, like Gecko) Chrome/131.0.6778.139 Mobile Safari/537.36 (compatible; Googlebot/2.1; +http://www.google.com/bot.html)" "-"
66.249.79.4 - - [23/Dec/2024:10:20:06 +0900] "GET /dwiha/k262838.html HTTP/1.1" 200 34350 "-" "Mozilla/5.0 (Linux; Android 6.0.1; Nexus 5X Build/MMB29P) AppleWebKit/537.36 (KHTML, like Gecko) Chrome/131.0.6778.139 Mobile Safari/537.36 (compatible; Googlebot/2.1; +http://www.google.com/bot.html)" "-"
66.249.79.3 - - [23/Dec/2024:10:20:15 +0900] "GET /jnzms/r128815.html HTTP/1.1" 503 428 "-" "Mozilla/5.0 (Linux; Android 6.0.1; Nexus 5X Build/MMB29P) AppleWebKit/537.36 (KHTML, like Gecko) Chrome/131.0.6778.139 Mobile Safari/537.36 (compatible; Googlebot/2.1; +http://www.google.com/bot.html)" "-"
66.249.79.2 - - [23/Dec/2024:10:20:41 +0900] "GET /robots.txt HTTP/1.1" 503 428 "-" "Mozilla/5.0 (compatible; Googlebot/2.1; +http://www.google.com/bot.html)" "-"
66.249.79.2 - - [23/Dec/2024:10:20:46 +0900] "GET /npbgf/i327134.html HTTP/1.1" 200 34213 "-" "Mozilla/5.0 (Linux; Android 6.0.1; Nexus 5X Build/MMB29P) AppleWebKit/537.36 (KHTML, like Gecko) Chrome/131.0.6778.139 Mobile Safari/537.36 (compatible; Googlebot/2.1; +http://www.google.com/bot.html)" "-"
66.249.79.3 - - [23/Dec/2024:10:20:52 +0900] "GET /917233140.shtml HTTP/1.1" 301 162 "-" "Mozilla/5.0 (Linux; Android 6.0.1; Nexus 5X Build/MMB29P) AppleWebKit/537.36 (KHTML, like Gecko) Chrome/131.0.6778.139 Mobile Safari/537.36 (compatible; Googlebot/2.1; +http://www.google.com/bot.html)" "-"
66.249.79.72 - - [23/Dec/2024:10:21:14 +0900] "GET /jfanj/j571483.html HTTP/1.1" 200 34610 "-" "Mozilla/5.0 (Linux; Android 6.0.1; Nexus 5X Build/MMB29P) AppleWebKit/537.36 (KHTML, like Gecko) Chrome/131.0.6778.139 Mobile Safari/537.36 (compatible; Googlebot/2.1; +http://www.google.com/bot.html)" "-"
134.122.133.31 - - [23/Dec/2024:10:21:17 +0900] "GET / HTTP/1.1" 301 162 "http://honest-reform.jp" "Mozilla/5.0 (compatible; iaskspider/1.0; MSIE 6.0)" "219.72.116.250"
134.122.133.31 - - [23/Dec/2024:10:21:17 +0900] "GET / HTTP/1.1" 503 299 "-" "AppleWebKit/534.46 (KHTML,like Gecko) Version/5.1 Mobile Safari/10600.6.3" "222.88.72.76"
52.167.144.238 - - [23/Dec/2024:10:21:33 +0900] "GET /mdtop/ HTTP/2.0" 200 246 "-" "Mozilla/5.0 AppleWebKit/537.36 (KHTML, like Gecko; compatible; bingbot/2.0; +http://www.bing.com/bingbot.htm) Chrome/116.0.1938.76 Safari/537.36" "-"
66.249.79.3 - - [23/Dec/2024:10:21:38 +0900] "GET /kdcuv/j1030981.html HTTP/1.1" 503 428 "-" "Mozilla/5.0 (Linux; Android 6.0.1; Nexus 5X Build/MMB29P) AppleWebKit/537.36 (KHTML, like Gecko) Chrome/131.0.6778.139 Mobile Safari/537.36 (compatible; Googlebot/2.1; +http://www.google.com/bot.html)" "-"
66.249.79.2 - - [23/Dec/2024:10:21:48 +0900] "GET /917233140.shtml HTTP/1.1" 200 35151 "-" "Mozilla/5.0 (Linux; Android 6.0.1; Nexus 5X Build/MMB29P) AppleWebKit/537.36 (KHTML, like Gecko) Chrome/131.0.6778.139 Mobile Safari/537.36 (compatible; Googlebot/2.1; +http://www.google.com/bot.html)" "-"
66.249.79.4 - - [23/Dec/2024:10:22:02 +0900] "GET /eagdy/n1384819.html HTTP/1.1" 200 34224 "-" "Mozilla/5.0 (Linux; Android 6.0.1; Nexus 5X Build/MMB29P) AppleWebKit/537.36 (KHTML, like Gecko) Chrome/131.0.6778.139 Mobile Safari/537.36 (compatible; Googlebot/2.1; +http://www.google.com/bot.html)" "-"
66.249.79.3 - - [23/Dec/2024:10:23:11 +0900] "GET /robots.txt HTTP/1.1" 200 96 "-" "Mozilla/5.0 (compatible; Googlebot/2.1; +http://www.google.com/bot.html)" "-"
66.249.79.4 - - [23/Dec/2024:10:24:00 +0900] "GET /mmbid/k703200.html HTTP/1.1" 503 428 "-" "Mozilla/5.0 (Linux; Android 6.0.1; Nexus 5X Build/MMB29P) AppleWebKit/537.36 (KHTML, like Gecko) Chrome/131.0.6778.139 Mobile Safari/537.36 (compatible; Googlebot/2.1; +http://www.google.com/bot.html)" "-"
66.249.79.2 - - [23/Dec/2024:10:24:26 +0900] "GET /cbpds/e1068468.html HTTP/1.1" 503 428 "-" "Mozilla/5.0 (Linux; Android 6.0.1; Nexus 5X Build/MMB29P) AppleWebKit/537.36 (KHTML, like Gecko) Chrome/131.0.6778.139 Mobile Safari/537.36 (compatible; Googlebot/2.1; +http://www.google.com/bot.html)" "-"
66.249.79.3 - - [23/Dec/2024:10:24:26 +0900] "GET /robots.txt HTTP/1.1" 200 96 "-" "Mozilla/5.0 (compatible; Googlebot/2.1; +http://www.google.com/bot.html)" "-"
66.249.79.2 - - [23/Dec/2024:10:24:27 +0900] "GET /cbpds/e1068468.html HTTP/1.1" 200 27712 "-" "Mozilla/5.0 (compatible; Googlebot/2.1; +http://www.google.com/bot.html)" "-"
66.249.79.3 - - [23/Dec/2024:10:24:27 +0900] "GET /zwokk/b2070271.html HTTP/1.1" 200 34383 "-" "Mozilla/5.0 (Linux; Android 6.0.1; Nexus 5X Build/MMB29P) AppleWebKit/537.36 (KHTML, like Gecko) Chrome/131.0.6778.139 Mobile Safari/537.36 (compatible; Googlebot/2.1; +http://www.google.com/bot.html)" "-"
66.249.79.2 - - [23/Dec/2024:10:25:58 +0900] "GET /robots.txt HTTP/1.1" 200 96 "-" "Mozilla/5.0 (compatible; Googlebot/2.1; +http://www.google.com/bot.html)" "-"
66.249.79.4 - - [23/Dec/2024:10:25:59 +0900] "GET /rywbx/n2213647.html HTTP/1.1" 200 34659 "-" "Mozilla/5.0 (Linux; Android 6.0.1; Nexus 5X Build/MMB29P) AppleWebKit/537.36 (KHTML, like Gecko) Chrome/131.0.6778.139 Mobile Safari/537.36 (compatible; Googlebot/2.1; +http://www.google.com/bot.html)" "-"
66.249.79.2 - - [23/Dec/2024:10:26:02 +0900] "GET /yngkh/f1693353.html HTTP/1.1" 200 34115 "-" "Mozilla/5.0 (Linux; Android 6.0.1; Nexus 5X Build/MMB29P) AppleWebKit/537.36 (KHTML, like Gecko) Chrome/131.0.6778.139 Mobile Safari/537.36 (compatible; Googlebot/2.1; +http://www.google.com/bot.html)" "-"
66.249.79.4 - - [23/Dec/2024:10:26:04 +0900] "GET /leslw/w1717134.html HTTP/1.1" 200 34735 "-" "Mozilla/5.0 (Linux; Android 6.0.1; Nexus 5X Build/MMB29P) AppleWebKit/537.36 (KHTML, like Gecko) Chrome/131.0.6778.139 Mobile Safari/537.36 (compatible; Googlebot/2.1; +http://www.google.com/bot.html)" "-"
66.249.79.64 - - [23/Dec/2024:10:26:06 +0900] "GET /167293597.shtml HTTP/1.1" 301 162 "-" "Mozilla/5.0 (Linux; Android 6.0.1; Nexus 5X Build/MMB29P) AppleWebKit/537.36 (KHTML, like Gecko) Chrome/131.0.6778.139 Mobile Safari/537.36 (compatible; Googlebot/2.1; +http://www.google.com/bot.html)" "-"
66.249.79.3 - - [23/Dec/2024:10:26:16 +0900] "GET /418413237.shtml HTTP/1.1" 301 162 "-" "Mozilla/5.0 (Linux; Android 6.0.1; Nexus 5X Build/MMB29P) AppleWebKit/537.36 (KHTML, like Gecko) Chrome/131.0.6778.139 Mobile Safari/537.36 (compatible; Googlebot/2.1; +http://www.google.com/bot.html)" "-"
66.249.79.2 - - [23/Dec/2024:10:26:41 +0900] "GET /txldm/n1387471.html HTTP/1.1" 200 34731 "-" "Mozilla/5.0 (Linux; Android 6.0.1; Nexus 5X Build/MMB29P) AppleWebKit/537.36 (KHTML, like Gecko) Chrome/131.0.6778.139 Mobile Safari/537.36 (compatible; Googlebot/2.1; +http://www.google.com/bot.html)" "-"
66.249.79.73 - - [23/Dec/2024:10:26:50 +0900] "GET /167293597.shtml HTTP/1.1" 200 34734 "-" "Mozilla/5.0 (Linux; Android 6.0.1; Nexus 5X Build/MMB29P) AppleWebKit/537.36 (KHTML, like Gecko) Chrome/131.0.6778.139 Mobile Safari/537.36 (compatible; Googlebot/2.1; +http://www.google.com/bot.html)" "-"
66.249.79.2 - - [23/Dec/2024:10:26:50 +0900] "GET /qqopp/o2704944.html HTTP/1.1" 200 34924 "-" "Mozilla/5.0 (Linux; Android 6.0.1; Nexus 5X Build/MMB29P) AppleWebKit/537.36 (KHTML, like Gecko) Chrome/131.0.6778.139 Mobile Safari/537.36 (compatible; Googlebot/2.1; +http://www.google.com/bot.html)" "-"
66.249.79.3 - - [23/Dec/2024:10:27:01 +0900] "GET /418413237.shtml HTTP/1.1" 200 34673 "-" "Mozilla/5.0 (Linux; Android 6.0.1; Nexus 5X Build/MMB29P) AppleWebKit/537.36 (KHTML, like Gecko) Chrome/131.0.6778.139 Mobile Safari/537.36 (compatible; Googlebot/2.1; +http://www.google.com/bot.html)" "-"
66.249.79.3 - - [23/Dec/2024:10:27:02 +0900] "GET /qtwqp/g2585388.html HTTP/1.1" 503 428 "-" "Mozilla/5.0 (Linux; Android 6.0.1; Nexus 5X Build/MMB29P) AppleWebKit/537.36 (KHTML, like Gecko) Chrome/131.0.6778.139 Mobile Safari/537.36 (compatible; Googlebot/2.1; +http://www.google.com/bot.html)" "-"
66.249.79.3 - - [23/Dec/2024:10:27:02 +0900] "GET /robots.txt HTTP/1.1" 503 428 "-" "Mozilla/5.0 (compatible; Googlebot/2.1; +http://www.google.com/bot.html)" "-"
85.208.96.204 - - [23/Dec/2024:10:27:22 +0900] "GET /robots.txt HTTP/1.1" 200 96 "-" "Mozilla/5.0 (compatible; SemrushBot/7~bl; +http://www.semrush.com/bot.html)" "-"
185.191.171.9 - - [23/Dec/2024:10:27:24 +0900] "GET /2024/02/02/988/ HTTP/1.1" 200 257 "-" "Mozilla/5.0 (compatible; SemrushBot/7~bl; +http://www.semrush.com/bot.html)" "-"
66.249.79.74 - - [23/Dec/2024:10:27:56 +0900] "GET /wjgbf/x740055.html HTTP/1.1" 200 33977 "-" "Mozilla/5.0 (Linux; Android 6.0.1; Nexus 5X Build/MMB29P) AppleWebKit/537.36 (KHTML, like Gecko) Chrome/131.0.6778.139 Mobile Safari/537.36 (compatible; Googlebot/2.1; +http://www.google.com/bot.html)" "-"
66.249.79.2 - - [23/Dec/2024:10:28:11 +0900] "GET /robots.txt HTTP/1.1" 200 96 "-" "Mozilla/5.0 (compatible; Googlebot/2.1; +http://www.google.com/bot.html)" "-"
66.249.79.2 - - [23/Dec/2024:10:28:22 +0900] "GET /lzyle/d3010615.html HTTP/1.1" 503 428 "-" "Mozilla/5.0 (Linux; Android 6.0.1; Nexus 5X Build/MMB29P) AppleWebKit/537.36 (KHTML, like Gecko) Chrome/131.0.6778.139 Mobile Safari/537.36 (compatible; Googlebot/2.1; +http://www.google.com/bot.html)" "-"
66.249.79.2 - - [23/Dec/2024:10:28:50 +0900] "GET /hqogn/b339789.html HTTP/1.1" 200 35332 "-" "Mozilla/5.0 (Linux; Android 6.0.1; Nexus 5X Build/MMB29P) AppleWebKit/537.36 (KHTML, like Gecko) Chrome/131.0.6778.139 Mobile Safari/537.36 (compatible; Googlebot/2.1; +http://www.google.com/bot.html)" "-"
66.249.79.72 - - [23/Dec/2024:10:28:58 +0900] "GET /gjsko/n1051317.html HTTP/1.1" 503 428 "-" "Mozilla/5.0 (Linux; Android 6.0.1; Nexus 5X Build/MMB29P) AppleWebKit/537.36 (KHTML, like Gecko) Chrome/131.0.6778.139 Mobile Safari/537.36 (compatible; Googlebot/2.1; +http://www.google.com/bot.html)" "-"
66.249.79.2 - - [23/Dec/2024:10:29:15 +0900] "GET /iwjpm/u2399840.html HTTP/1.1" 200 34277 "-" "Mozilla/5.0 (Linux; Android 6.0.1; Nexus 5X Build/MMB29P) AppleWebKit/537.36 (KHTML, like Gecko) Chrome/131.0.6778.139 Mobile Safari/537.36 (compatible; Googlebot/2.1; +http://www.google.com/bot.html)" "-"
216.244.66.203 - - [23/Dec/2024:10:29:26 +0900] "GET /2024/05/26/1263/ HTTP/1.1" 200 511 "-" "Mozilla/5.0 (compatible; DotBot/1.2; +https://opensiteexplorer.org/dotbot; help@moz.com)" "-"
66.249.79.2 - - [23/Dec/2024:10:29:49 +0900] "GET /ddsnm/q2243186.html HTTP/1.1" 200 34394 "-" "Mozilla/5.0 (Linux; Android 6.0.1; Nexus 5X Build/MMB29P) AppleWebKit/537.36 (KHTML, like Gecko) Chrome/131.0.6778.139 Mobile Safari/537.36 (compatible; Googlebot/2.1; +http://www.google.com/bot.html)" "-"
66.249.79.2 - - [23/Dec/2024:10:29:57 +0900] "GET /uggug/n2935485.html HTTP/1.1" 200 34488 "-" "Mozilla/5.0 (Linux; Android 6.0.1; Nexus 5X Build/MMB29P) AppleWebKit/537.36 (KHTML, like Gecko) Chrome/131.0.6778.139 Mobile Safari/537.36 (compatible; Googlebot/2.1; +http://www.google.com/bot.html)" "-"
66.249.79.2 - - [23/Dec/2024:10:30:03 +0900] "GET /lsaus/w1357736.html HTTP/1.1" 200 34291 "-" "Mozilla/5.0 (Linux; Android 6.0.1; Nexus 5X Build/MMB29P) AppleWebKit/537.36 (KHTML, like Gecko) Chrome/131.0.6778.139 Mobile Safari/537.36 (compatible; Googlebot/2.1; +http://www.google.com/bot.html)" "-"
66.249.79.2 - - [23/Dec/2024:10:30:31 +0900] "GET /hdtlk/q1730206.html HTTP/1.1" 200 34418 "-" "Mozilla/5.0 (Linux; Android 6.0.1; Nexus 5X Build/MMB29P) AppleWebKit/537.36 (KHTML, like Gecko) Chrome/131.0.6778.139 Mobile Safari/537.36 (compatible; Googlebot/2.1; +http://www.google.com/bot.html)" "-"
66.249.79.74 - - [23/Dec/2024:10:31:25 +0900] "GET /abrvv/x122893.html HTTP/1.1" 503 428 "-" "Mozilla/5.0 (Linux; Android 6.0.1; Nexus 5X Build/MMB29P) AppleWebKit/537.36 (KHTML, like Gecko) Chrome/131.0.6778.139 Mobile Safari/537.36 (compatible; Googlebot/2.1; +http://www.google.com/bot.html)" "-"
66.249.79.5 - - [23/Dec/2024:10:31:59 +0900] "GET /115853078.shtml HTTP/1.1" 301 162 "-" "Mozilla/5.0 (Linux; Android 6.0.1; Nexus 5X Build/MMB29P) AppleWebKit/537.36 (KHTML, like Gecko) Chrome/131.0.6778.139 Mobile Safari/537.36 (compatible; Googlebot/2.1; +http://www.google.com/bot.html)" "-"
66.249.79.4 - - [23/Dec/2024:10:32:01 +0900] "GET /034113132.shtml HTTP/1.1" 301 162 "-" "Mozilla/5.0 (Linux; Android 6.0.1; Nexus 5X Build/MMB29P) AppleWebKit/537.36 (KHTML, like Gecko) Chrome/131.0.6778.139 Mobile Safari/537.36 (compatible; Googlebot/2.1; +http://www.google.com/bot.html)" "-"
66.249.79.2 - - [23/Dec/2024:10:32:27 +0900] "GET /115853078.shtml HTTP/1.1" 200 34051 "-" "Mozilla/5.0 (Linux; Android 6.0.1; Nexus 5X Build/MMB29P) AppleWebKit/537.36 (KHTML, like Gecko) Chrome/131.0.6778.139 Mobile Safari/537.36 (compatible; Googlebot/2.1; +http://www.google.com/bot.html)" "-"
114.119.140.73 - - [23/Dec/2024:10:32:33 +0900] "GET /wp-content/uploads/2022/01/60ff24c3e1501b696b7608cb8eec9eb7-e1646206760110.jpg HTTP/1.1" 200 257 "-" "Mozilla/5.0 (Linux; Android 7.0;) AppleWebKit/537.36 (KHTML, like Gecko) Mobile Safari/537.36 (compatible; PetalBot;+https://webmaster.petalsearch.com/site/petalbot)" "-"
66.249.79.2 - - [23/Dec/2024:10:32:33 +0900] "GET /034113132.shtml HTTP/1.1" 200 34251 "-" "Mozilla/5.0 (Linux; Android 6.0.1; Nexus 5X Build/MMB29P) AppleWebKit/537.36 (KHTML, like Gecko) Chrome/131.0.6778.139 Mobile Safari/537.36 (compatible; Googlebot/2.1; +http://www.google.com/bot.html)" "-"
15.168.116.135 - - [23/Dec/2024:10:33:36 +0900] "GET /favicon.ico HTTP/2.0" 200 246 "https://websearch.rakuten.co.jp/" "Mozilla/5.0 (Windows NT 10.0; Win64; x64) AppleWebKit/537.36 (KHTML, like Gecko) Chrome/123.0.6312.122 Safari/537.36" "-"
66.249.79.73 - - [23/Dec/2024:10:37:13 +0900] "GET /robots.txt HTTP/1.1" 200 100 "-" "Mozilla/5.0 (compatible; Googlebot/2.1; +http://www.google.com/bot.html)" "-"
66.249.79.3 - - [23/Dec/2024:10:37:25 +0900] "GET /2023/12/17/909/ HTTP/1.1" 200 27366 "-" "Mozilla/5.0 (compatible; Googlebot/2.1; +http://www.google.com/bot.html)" "-"
66.249.79.72 - - [23/Dec/2024:10:38:00 +0900] "GET /chcyc/b2751263.html HTTP/1.1" 200 34768 "-" "Mozilla/5.0 (Linux; Android 6.0.1; Nexus 5X Build/MMB29P) AppleWebKit/537.36 (KHTML, like Gecko) Chrome/131.0.6778.139 Mobile Safari/537.36 (compatible; Googlebot/2.1; +http://www.google.com/bot.html)" "-"
66.249.79.73 - - [23/Dec/2024:10:39:39 +0900] "GET /robots.txt HTTP/1.1" 200 100 "-" "Mozilla/5.0 (compatible; Googlebot/2.1; +http://www.google.com/bot.html)" "-"
66.249.79.73 - - [23/Dec/2024:10:39:39 +0900] "GET /xeckl/q1892446.html HTTP/1.1" 200 34267 "-" "Mozilla/5.0 (Linux; Android 6.0.1; Nexus 5X Build/MMB29P) AppleWebKit/537.36 (KHTML, like Gecko) Chrome/131.0.6778.139 Mobile Safari/537.36 (compatible; Googlebot/2.1; +http://www.google.com/bot.html)" "-"
66.249.79.73 - - [23/Dec/2024:10:40:20 +0900] "GET /dfgsr/i2083096.html HTTP/1.1" 200 34222 "-" "Mozilla/5.0 (Linux; Android 6.0.1; Nexus 5X Build/MMB29P) AppleWebKit/537.36 (KHTML, like Gecko) Chrome/131.0.6778.139 Mobile Safari/537.36 (compatible; Googlebot/2.1; +http://www.google.com/bot.html)" "-"
66.249.79.74 - - [23/Dec/2024:10:41:09 +0900] "GET /robots.txt HTTP/1.1" 503 428 "-" "Mozilla/5.0 (compatible; Googlebot/2.1; +http://www.google.com/bot.html)" "-"
66.249.79.72 - - [23/Dec/2024:10:41:34 +0900] "GET /svtrg/b1082089.html HTTP/1.1" 200 34931 "-" "Mozilla/5.0 (Linux; Android 6.0.1; Nexus 5X Build/MMB29P) AppleWebKit/537.36 (KHTML, like Gecko) Chrome/131.0.6778.139 Mobile Safari/537.36 (compatible; Googlebot/2.1; +http://www.google.com/bot.html)" "-"
66.249.79.2 - - [23/Dec/2024:10:41:35 +0900] "GET /aouad/b895253.html HTTP/1.1" 503 428 "-" "Mozilla/5.0 (Linux; Android 6.0.1; Nexus 5X Build/MMB29P) AppleWebKit/537.36 (KHTML, like Gecko) Chrome/131.0.6778.139 Mobile Safari/537.36 (compatible; Googlebot/2.1; +http://www.google.com/bot.html)" "-"
66.249.79.72 - - [23/Dec/2024:10:41:37 +0900] "GET /crmey/o3036288.html HTTP/1.1" 200 34274 "-" "Mozilla/5.0 (Linux; Android 6.0.1; Nexus 5X Build/MMB29P) AppleWebKit/537.36 (KHTML, like Gecko) Chrome/131.0.6778.139 Mobile Safari/537.36 (compatible; Googlebot/2.1; +http://www.google.com/bot.html)" "-"
66.249.79.72 - - [23/Dec/2024:10:41:39 +0900] "GET /kdfic/i1207052.html HTTP/1.1" 503 428 "-" "Mozilla/5.0 (Linux; Android 6.0.1; Nexus 5X Build/MMB29P) AppleWebKit/537.36 (KHTML, like Gecko) Chrome/131.0.6778.139 Mobile Safari/537.36 (compatible; Googlebot/2.1; +http://www.google.com/bot.html)" "-"
66.249.79.72 - - [23/Dec/2024:10:41:41 +0900] "GET /hipxk/c1415696.html HTTP/1.1" 503 428 "-" "Mozilla/5.0 (Linux; Android 6.0.1; Nexus 5X Build/MMB29P) AppleWebKit/537.36 (KHTML, like Gecko) Chrome/131.0.6778.139 Mobile Safari/537.36 (compatible; Googlebot/2.1; +http://www.google.com/bot.html)" "-"
66.249.79.72 - - [23/Dec/2024:10:41:43 +0900] "GET /ldtzs/w1039990.html HTTP/1.1" 503 428 "-" "Mozilla/5.0 (Linux; Android 6.0.1; Nexus 5X Build/MMB29P) AppleWebKit/537.36 (KHTML, like Gecko) Chrome/131.0.6778.139 Mobile Safari/537.36 (compatible; Googlebot/2.1; +http://www.google.com/bot.html)" "-"
66.249.79.3 - - [23/Dec/2024:10:41:47 +0900] "GET /gzcet/u2287650.html HTTP/1.1" 200 34313 "-" "Mozilla/5.0 (Linux; Android 6.0.1; Nexus 5X Build/MMB29P) AppleWebKit/537.36 (KHTML, like Gecko) Chrome/131.0.6778.139 Mobile Safari/537.36 (compatible; Googlebot/2.1; +http://www.google.com/bot.html)" "-"
66.249.79.3 - - [23/Dec/2024:10:42:29 +0900] "GET /xjdul/t1874119.html HTTP/1.1" 200 35257 "-" "Mozilla/5.0 (Linux; Android 6.0.1; Nexus 5X Build/MMB29P) AppleWebKit/537.36 (KHTML, like Gecko) Chrome/131.0.6778.139 Mobile Safari/537.36 (compatible; Googlebot/2.1; +http://www.google.com/bot.html)" "-"
66.249.79.3 - - [23/Dec/2024:10:43:50 +0900] "GET /ajwus/h1300391.html HTTP/1.1" 200 34358 "-" "Mozilla/5.0 (Linux; Android 6.0.1; Nexus 5X Build/MMB29P) AppleWebKit/537.36 (KHTML, like Gecko) Chrome/131.0.6778.139 Mobile Safari/537.36 (compatible; Googlebot/2.1; +http://www.google.com/bot.html)" "-"
66.249.79.2 - - [23/Dec/2024:10:44:22 +0900] "GET /kocei/a1117058.html HTTP/1.1" 200 34434 "-" "Mozilla/5.0 (Linux; Android 6.0.1; Nexus 5X Build/MMB29P) AppleWebKit/537.36 (KHTML, like Gecko) Chrome/131.0.6778.139 Mobile Safari/537.36 (compatible; Googlebot/2.1; +http://www.google.com/bot.html)" "-"
66.249.79.3 - - [23/Dec/2024:10:44:22 +0900] "GET /oxwwu/e1441282.html HTTP/1.1" 200 34809 "-" "Mozilla/5.0 (Linux; Android 6.0.1; Nexus 5X Build/MMB29P) AppleWebKit/537.36 (KHTML, like Gecko) Chrome/131.0.6778.139 Mobile Safari/537.36 (compatible; Googlebot/2.1; +http://www.google.com/bot.html)" "-"
66.249.79.4 - - [23/Dec/2024:10:45:03 +0900] "GET /lcnex/t2244125.html HTTP/1.1" 200 34137 "-" "Mozilla/5.0 (Linux; Android 6.0.1; Nexus 5X Build/MMB29P) AppleWebKit/537.36 (KHTML, like Gecko) Chrome/131.0.6778.139 Mobile Safari/537.36 (compatible; Googlebot/2.1; +http://www.google.com/bot.html)" "-"
66.249.79.2 - - [23/Dec/2024:10:45:04 +0900] "GET /lcnex/t2244125.html HTTP/1.1" 200 27311 "-" "Mozilla/5.0 (compatible; Googlebot/2.1; +http://www.google.com/bot.html)" "-"
66.249.79.4 - - [23/Dec/2024:10:45:11 +0900] "GET /989023140.shtml HTTP/1.1" 301 162 "-" "Mozilla/5.0 (Linux; Android 6.0.1; Nexus 5X Build/MMB29P) AppleWebKit/537.36 (KHTML, like Gecko) Chrome/131.0.6778.139 Mobile Safari/537.36 (compatible; Googlebot/2.1; +http://www.google.com/bot.html)" "-"
66.249.79.2 - - [23/Dec/2024:10:45:35 +0900] "GET /989023140.shtml HTTP/1.1" 503 428 "-" "Mozilla/5.0 (Linux; Android 6.0.1; Nexus 5X Build/MMB29P) AppleWebKit/537.36 (KHTML, like Gecko) Chrome/131.0.6778.139 Mobile Safari/537.36 (compatible; Googlebot/2.1; +http://www.google.com/bot.html)" "-"
66.249.79.2 - - [23/Dec/2024:10:46:26 +0900] "GET /bsxoc/c432298.html HTTP/1.1" 200 34749 "-" "Mozilla/5.0 (Linux; Android 6.0.1; Nexus 5X Build/MMB29P) AppleWebKit/537.36 (KHTML, like Gecko) Chrome/131.0.6778.139 Mobile Safari/537.36 (compatible; Googlebot/2.1; +http://www.google.com/bot.html)" "-"
66.249.79.3 - - [23/Dec/2024:10:46:55 +0900] "GET /contents/content10/ HTTP/1.1" 503 428 "-" "Mozilla/5.0 (Linux; Android 6.0.1; Nexus 5X Build/MMB29P) AppleWebKit/537.36 (KHTML, like Gecko) Chrome/131.0.6778.139 Mobile Safari/537.36 (compatible; Googlebot/2.1; +http://www.google.com/bot.html)" "-"
66.249.79.2 - - [23/Dec/2024:10:47:14 +0900] "GET /vtkpr/b945121.html HTTP/1.1" 200 34457 "-" "Mozilla/5.0 (Linux; Android 6.0.1; Nexus 5X Build/MMB29P) AppleWebKit/537.36 (KHTML, like Gecko) Chrome/131.0.6778.139 Mobile Safari/537.36 (compatible; Googlebot/2.1; +http://www.google.com/bot.html)" "-"
66.249.79.3 - - [23/Dec/2024:10:47:30 +0900] "GET /fhtzk/t1206933.html HTTP/1.1" 200 34025 "-" "Mozilla/5.0 (Linux; Android 6.0.1; Nexus 5X Build/MMB29P) AppleWebKit/537.36 (KHTML, like Gecko) Chrome/131.0.6778.139 Mobile Safari/537.36 (compatible; Googlebot/2.1; +http://www.google.com/bot.html)" "-"
198.211.109.130 - - [23/Dec/2024:10:47:34 +0900] "GET / HTTP/1.1" 301 162 "-" "Mozilla/5.0 (Windows NT 10.0; Win64; x64) AppleWebKit/537.36 (KHTML, like Gecko) Chrome/80.0.3987.149 Safari/537.36" "-"
198.211.109.130 - - [23/Dec/2024:10:47:36 +0900] "GET / HTTP/1.1" 200 511 "-" "Mozilla/5.0 (Windows NT 10.0; Win64; x64) AppleWebKit/537.36 (KHTML, like Gecko) Chrome/80.0.3987.149 Safari/537.36" "-"
198.211.109.130 - - [23/Dec/2024:10:47:36 +0900] "GET //wp-includes/wlwmanifest.xml HTTP/1.1" 403 199 "-" "Mozilla/5.0 (Windows NT 10.0; Win64; x64) AppleWebKit/537.36 (KHTML, like Gecko) Chrome/80.0.3987.149 Safari/537.36" "-"
198.211.109.130 - - [23/Dec/2024:10:47:36 +0900] "GET //xmlrpc.php?rsd HTTP/1.1" 403 199 "-" "Mozilla/5.0 (Windows NT 10.0; Win64; x64) AppleWebKit/537.36 (KHTML, like Gecko) Chrome/80.0.3987.149 Safari/537.36" "-"
198.211.109.130 - - [23/Dec/2024:10:47:37 +0900] "GET / HTTP/1.1" 200 511 "-" "Mozilla/5.0 (Windows NT 10.0; Win64; x64) AppleWebKit/537.36 (KHTML, like Gecko) Chrome/80.0.3987.149 Safari/537.36" "-"
198.211.109.130 - - [23/Dec/2024:10:47:37 +0900] "GET //blog/wp-includes/wlwmanifest.xml HTTP/1.1" 403 199 "-" "Mozilla/5.0 (Windows NT 10.0; Win64; x64) AppleWebKit/537.36 (KHTML, like Gecko) Chrome/80.0.3987.149 Safari/537.36" "-"
198.211.109.130 - - [23/Dec/2024:10:47:37 +0900] "GET //web/wp-includes/wlwmanifest.xml HTTP/1.1" 403 199 "-" "Mozilla/5.0 (Windows NT 10.0; Win64; x64) AppleWebKit/537.36 (KHTML, like Gecko) Chrome/80.0.3987.149 Safari/537.36" "-"
198.211.109.130 - - [23/Dec/2024:10:47:38 +0900] "GET //wordpress/wp-includes/wlwmanifest.xml HTTP/1.1" 403 199 "-" "Mozilla/5.0 (Windows NT 10.0; Win64; x64) AppleWebKit/537.36 (KHTML, like Gecko) Chrome/80.0.3987.149 Safari/537.36" "-"
198.211.109.130 - - [23/Dec/2024:10:47:38 +0900] "GET //website/wp-includes/wlwmanifest.xml HTTP/1.1" 403 199 "-" "Mozilla/5.0 (Windows NT 10.0; Win64; x64) AppleWebKit/537.36 (KHTML, like Gecko) Chrome/80.0.3987.149 Safari/537.36" "-"
198.211.109.130 - - [23/Dec/2024:10:47:38 +0900] "GET //wp/wp-includes/wlwmanifest.xml HTTP/1.1" 403 199 "-" "Mozilla/5.0 (Windows NT 10.0; Win64; x64) AppleWebKit/537.36 (KHTML, like Gecko) Chrome/80.0.3987.149 Safari/537.36" "-"
198.211.109.130 - - [23/Dec/2024:10:47:39 +0900] "GET //news/wp-includes/wlwmanifest.xml HTTP/1.1" 403 199 "-" "Mozilla/5.0 (Windows NT 10.0; Win64; x64) AppleWebKit/537.36 (KHTML, like Gecko) Chrome/80.0.3987.149 Safari/537.36" "-"
198.211.109.130 - - [23/Dec/2024:10:47:39 +0900] "GET //2018/wp-includes/wlwmanifest.xml HTTP/1.1" 403 199 "-" "Mozilla/5.0 (Windows NT 10.0; Win64; x64) AppleWebKit/537.36 (KHTML, like Gecko) Chrome/80.0.3987.149 Safari/537.36" "-"
198.211.109.130 - - [23/Dec/2024:10:47:39 +0900] "GET //2019/wp-includes/wlwmanifest.xml HTTP/1.1" 403 199 "-" "Mozilla/5.0 (Windows NT 10.0; Win64; x64) AppleWebKit/537.36 (KHTML, like Gecko) Chrome/80.0.3987.149 Safari/537.36" "-"
198.211.109.130 - - [23/Dec/2024:10:47:39 +0900] "GET //shop/wp-includes/wlwmanifest.xml HTTP/1.1" 403 199 "-" "Mozilla/5.0 (Windows NT 10.0; Win64; x64) AppleWebKit/537.36 (KHTML, like Gecko) Chrome/80.0.3987.149 Safari/537.36" "-"
198.211.109.130 - - [23/Dec/2024:10:47:40 +0900] "GET //wp1/wp-includes/wlwmanifest.xml HTTP/1.1" 403 199 "-" "Mozilla/5.0 (Windows NT 10.0; Win64; x64) AppleWebKit/537.36 (KHTML, like Gecko) Chrome/80.0.3987.149 Safari/537.36" "-"
198.211.109.130 - - [23/Dec/2024:10:47:40 +0900] "GET //test/wp-includes/wlwmanifest.xml HTTP/1.1" 403 199 "-" "Mozilla/5.0 (Windows NT 10.0; Win64; x64) AppleWebKit/537.36 (KHTML, like Gecko) Chrome/80.0.3987.149 Safari/537.36" "-"
198.211.109.130 - - [23/Dec/2024:10:47:40 +0900] "GET //media/wp-includes/wlwmanifest.xml HTTP/1.1" 403 199 "-" "Mozilla/5.0 (Windows NT 10.0; Win64; x64) AppleWebKit/537.36 (KHTML, like Gecko) Chrome/80.0.3987.149 Safari/537.36" "-"
198.211.109.130 - - [23/Dec/2024:10:47:41 +0900] "GET //wp2/wp-includes/wlwmanifest.xml HTTP/1.1" 403 199 "-" "Mozilla/5.0 (Windows NT 10.0; Win64; x64) AppleWebKit/537.36 (KHTML, like Gecko) Chrome/80.0.3987.149 Safari/537.36" "-"
198.211.109.130 - - [23/Dec/2024:10:47:41 +0900] "GET //site/wp-includes/wlwmanifest.xml HTTP/1.1" 403 199 "-" "Mozilla/5.0 (Windows NT 10.0; Win64; x64) AppleWebKit/537.36 (KHTML, like Gecko) Chrome/80.0.3987.149 Safari/537.36" "-"
198.211.109.130 - - [23/Dec/2024:10:47:43 +0900] "GET //cms/wp-includes/wlwmanifest.xml HTTP/1.1" 403 199 "-" "Mozilla/5.0 (Windows NT 10.0; Win64; x64) AppleWebKit/537.36 (KHTML, like Gecko) Chrome/80.0.3987.149 Safari/537.36" "-"
198.211.109.130 - - [23/Dec/2024:10:47:43 +0900] "GET //sito/wp-includes/wlwmanifest.xml HTTP/1.1" 403 199 "-" "Mozilla/5.0 (Windows NT 10.0; Win64; x64) AppleWebKit/537.36 (KHTML, like Gecko) Chrome/80.0.3987.149 Safari/537.36" "-"
66.249.79.2 - - [23/Dec/2024:10:47:47 +0900] "GET /zsoff/e2991662.html HTTP/1.1" 503 428 "-" "Mozilla/5.0 (Linux; Android 6.0.1; Nexus 5X Build/MMB29P) AppleWebKit/537.36 (KHTML, like Gecko) Chrome/131.0.6778.139 Mobile Safari/537.36 (compatible; Googlebot/2.1; +http://www.google.com/bot.html)" "-"
66.249.79.74 - - [23/Dec/2024:10:48:19 +0900] "GET /robots.txt HTTP/1.1" 503 428 "-" "Mozilla/5.0 (compatible; Googlebot/2.1; +http://www.google.com/bot.html)" "-"
66.249.79.72 - - [23/Dec/2024:10:48:21 +0900] "GET /hkmcq/e120768.html HTTP/1.1" 200 34475 "-" "Mozilla/5.0 (Linux; Android 6.0.1; Nexus 5X Build/MMB29P) AppleWebKit/537.36 (KHTML, like Gecko) Chrome/131.0.6778.139 Mobile Safari/537.36 (compatible; Googlebot/2.1; +http://www.google.com/bot.html)" "-"
66.249.79.74 - - [23/Dec/2024:10:49:24 +0900] "GET /ifckp/g2333916.html HTTP/1.1" 503 428 "-" "Mozilla/5.0 (Linux; Android 6.0.1; Nexus 5X Build/MMB29P) AppleWebKit/537.36 (KHTML, like Gecko) Chrome/131.0.6778.139 Mobile Safari/537.36 (compatible; Googlebot/2.1; +http://www.google.com/bot.html)" "-"
66.249.79.2 - - [23/Dec/2024:10:50:36 +0900] "GET /vjpcr/i2778960.html HTTP/1.1" 503 428 "-" "Mozilla/5.0 (Linux; Android 6.0.1; Nexus 5X Build/MMB29P) AppleWebKit/537.36 (KHTML, like Gecko) Chrome/131.0.6778.139 Mobile Safari/537.36 (compatible; Googlebot/2.1; +http://www.google.com/bot.html)" "-"
66.249.79.73 - - [23/Dec/2024:10:51:34 +0900] "GET /robots.txt HTTP/1.1" 503 428 "-" "Mozilla/5.0 (compatible; Googlebot/2.1; +http://www.google.com/bot.html)" "-"
66.249.79.2 - - [23/Dec/2024:10:51:56 +0900] "GET /fuinz/k1766574.html HTTP/1.1" 200 34336 "-" "Mozilla/5.0 (Linux; Android 6.0.1; Nexus 5X Build/MMB29P) AppleWebKit/537.36 (KHTML, like Gecko) Chrome/131.0.6778.139 Mobile Safari/537.36 (compatible; Googlebot/2.1; +http://www.google.com/bot.html)" "-"
159.75.236.3 - - [23/Dec/2024:10:52:22 +0900] "GET / HTTP/1.1" 200 511 "https://honest-reform.jp" "Mozilla/4.0 (compatible; MSIE 9.0; Windows NT 6.1)" "-"
66.249.79.2 - - [23/Dec/2024:10:53:16 +0900] "GET /gcalw/o2396636.html HTTP/1.1" 200 34057 "-" "Mozilla/5.0 (Linux; Android 6.0.1; Nexus 5X Build/MMB29P) AppleWebKit/537.36 (KHTML, like Gecko) Chrome/131.0.6778.139 Mobile Safari/537.36 (compatible; Googlebot/2.1; +http://www.google.com/bot.html)" "-"
66.249.79.2 - - [23/Dec/2024:10:54:57 +0900] "GET /ijnvz/p414605.html HTTP/1.1" 200 27763 "-" "Mozilla/5.0 (compatible; Googlebot/2.1; +http://www.google.com/bot.html)" "-"
216.244.66.203 - - [23/Dec/2024:10:56:14 +0900] "GET /robots.txt HTTP/1.1" 301 162 "-" "Mozilla/5.0 (compatible; DotBot/1.2; +https://opensiteexplorer.org/dotbot; help@moz.com)" "-"
216.244.66.203 - - [23/Dec/2024:10:56:15 +0900] "GET /robots.txt HTTP/1.1" 200 80 "-" "Mozilla/5.0 (compatible; DotBot/1.2; +https://opensiteexplorer.org/dotbot; help@moz.com)" "-"
66.249.79.72 - - [23/Dec/2024:10:56:32 +0900] "GET /robots.txt HTTP/1.1" 200 96 "-" "Mozilla/5.0 (compatible; Googlebot/2.1; +http://www.google.com/bot.html)" "-"
51.222.253.10 - - [23/Dec/2024:10:58:50 +0900] "GET /2024/06/05/1269/ HTTP/2.0" 200 246 "-" "Mozilla/5.0 (compatible; AhrefsBot/7.0; +http://ahrefs.com/robot/)" "-"
66.249.79.72 - - [23/Dec/2024:11:00:17 +0900] "GET /robots.txt HTTP/1.1" 200 100 "-" "Mozilla/5.0 (compatible; Googlebot/2.1; +http://www.google.com/bot.html)" "-"
51.222.253.2 - - [23/Dec/2024:11:00:48 +0900] "GET /works_category/wallpaint/feed/ HTTP/2.0" 503 428 "-" "Mozilla/5.0 (compatible; AhrefsBot/7.0; +http://ahrefs.com/robot/)" "-"
51.222.253.13 - - [23/Dec/2024:11:01:14 +0900] "GET /contents/content5/ HTTP/2.0" 200 246 "-" "Mozilla/5.0 (compatible; AhrefsBot/7.0; +http://ahrefs.com/robot/)" "-"
51.222.253.10 - - [23/Dec/2024:11:02:10 +0900] "GET /2023/12/17/909/feed/ HTTP/2.0" 200 246 "-" "Mozilla/5.0 (compatible; AhrefsBot/7.0; +http://ahrefs.com/robot/)" "-"
216.244.66.203 - - [23/Dec/2024:11:02:48 +0900] "GET /works/2023/10/ HTTP/1.1" 200 511 "-" "Mozilla/5.0 (compatible; DotBot/1.2; +https://opensiteexplorer.org/dotbot; help@moz.com)" "-"
103.131.71.77 - - [23/Dec/2024:11:03:05 +0900] "GET /robots.txt HTTP/1.1" 301 162 "-" "Mozilla/5.0 (compatible; coccocbot-web/1.0; +http://help.coccoc.com/searchengine)" "-"
103.131.71.77 - - [23/Dec/2024:11:03:08 +0900] "GET /robots.txt HTTP/1.1" 200 96 "-" "Mozilla/5.0 (compatible; coccocbot-web/1.0; +http://help.coccoc.com/searchengine)" "-"
51.222.253.5 - - [23/Dec/2024:11:03:44 +0900] "GET /2024/?post_type=works HTTP/2.0" 503 428 "-" "Mozilla/5.0 (compatible; AhrefsBot/7.0; +http://ahrefs.com/robot/)" "-"
66.249.79.3 - - [23/Dec/2024:11:04:16 +0900] "GET /eucpk/d1308785.html HTTP/1.1" 200 34415 "-" "Mozilla/5.0 (Linux; Android 6.0.1; Nexus 5X Build/MMB29P) AppleWebKit/537.36 (KHTML, like Gecko) Chrome/131.0.6778.139 Mobile Safari/537.36 (compatible; Googlebot/2.1; +http://www.google.com/bot.html)" "-"
51.222.253.2 - - [23/Dec/2024:11:04:25 +0900] "GET /2024/02/18/1023/feed/ HTTP/2.0" 200 246 "-" "Mozilla/5.0 (compatible; AhrefsBot/7.0; +http://ahrefs.com/robot/)" "-"
66.249.79.4 - - [23/Dec/2024:11:05:49 +0900] "GET /24297237505.shtml HTTP/1.1" 301 162 "-" "Mozilla/5.0 (compatible; Googlebot/2.1; +http://www.google.com/bot.html)" "-"
66.249.79.4 - - [23/Dec/2024:11:05:50 +0900] "GET /24297237505.shtml HTTP/1.1" 200 27174 "-" "Mozilla/5.0 (compatible; Googlebot/2.1; +http://www.google.com/bot.html)" "-"
66.249.79.74 - - [23/Dec/2024:11:06:24 +0900] "GET /talqz/q956550.html HTTP/1.1" 503 428 "-" "Mozilla/5.0 (Linux; Android 6.0.1; Nexus 5X Build/MMB29P) AppleWebKit/537.36 (KHTML, like Gecko) Chrome/131.0.6778.139 Mobile Safari/537.36 (compatible; Googlebot/2.1; +http://www.google.com/bot.html)" "-"
66.249.79.73 - - [23/Dec/2024:11:06:50 +0900] "GET /amgmd/i529232.html HTTP/1.1" 200 33996 "-" "Mozilla/5.0 (Linux; Android 6.0.1; Nexus 5X Build/MMB29P) AppleWebKit/537.36 (KHTML, like Gecko) Chrome/131.0.6778.139 Mobile Safari/537.36 (compatible; Googlebot/2.1; +http://www.google.com/bot.html)" "-"
51.222.253.11 - - [23/Dec/2024:11:08:09 +0900] "GET /2024/04/07/1181/ HTTP/2.0" 503 428 "-" "Mozilla/5.0 (compatible; AhrefsBot/7.0; +http://ahrefs.com/robot/)" "-"
51.222.253.1 - - [23/Dec/2024:11:08:21 +0900] "GET /works/2024/06/12/1351/ HTTP/2.0" 503 428 "-" "Mozilla/5.0 (compatible; AhrefsBot/7.0; +http://ahrefs.com/robot/)" "-"
51.222.253.15 - - [23/Dec/2024:11:08:38 +0900] "GET /works/2024/06/ HTTP/2.0" 503 428 "-" "Mozilla/5.0 (compatible; AhrefsBot/7.0; +http://ahrefs.com/robot/)" "-"
51.222.253.19 - - [23/Dec/2024:11:09:03 +0900] "GET /works_category/waterproof/ HTTP/2.0" 200 246 "-" "Mozilla/5.0 (compatible; AhrefsBot/7.0; +http://ahrefs.com/robot/)" "-"
66.249.79.2 - - [23/Dec/2024:11:09:44 +0900] "GET /kuwsm/o1523374.html HTTP/1.1" 503 428 "-" "Mozilla/5.0 (Linux; Android 6.0.1; Nexus 5X Build/MMB29P) AppleWebKit/537.36 (KHTML, like Gecko) Chrome/131.0.6778.139 Mobile Safari/537.36 (compatible; Googlebot/2.1; +http://www.google.com/bot.html)" "-"
3.112.224.83 - - [23/Dec/2024:11:09:45 +0900] "GET /robots.txt HTTP/1.1" 200 80 "-" "Chatwork LinkPreview v1" "-"
3.112.224.83 - - [23/Dec/2024:11:09:45 +0900] "GET /wp-login.php HTTP/1.1" 503 299 "-" "Chatwork LinkPreview v1" "-"
66.249.79.73 - - [23/Dec/2024:11:09:47 +0900] "GET /bervr/s1514512.html HTTP/1.1" 200 34285 "-" "Mozilla/5.0 (Linux; Android 6.0.1; Nexus 5X Build/MMB29P) AppleWebKit/537.36 (KHTML, like Gecko) Chrome/131.0.6778.139 Mobile Safari/537.36 (compatible; Googlebot/2.1; +http://www.google.com/bot.html)" "-"
66.249.79.72 - - [23/Dec/2024:11:09:49 +0900] "GET /blnlo/f1997475.html HTTP/1.1" 503 428 "-" "Mozilla/5.0 (Linux; Android 6.0.1; Nexus 5X Build/MMB29P) AppleWebKit/537.36 (KHTML, like Gecko) Chrome/131.0.6778.139 Mobile Safari/537.36 (compatible; Googlebot/2.1; +http://www.google.com/bot.html)" "-"
66.249.79.72 - - [23/Dec/2024:11:09:52 +0900] "GET /cxhps/p2058221.html HTTP/1.1" 200 34260 "-" "Mozilla/5.0 (Linux; Android 6.0.1; Nexus 5X Build/MMB29P) AppleWebKit/537.36 (KHTML, like Gecko) Chrome/131.0.6778.139 Mobile Safari/537.36 (compatible; Googlebot/2.1; +http://www.google.com/bot.html)" "-"
66.249.79.72 - - [23/Dec/2024:11:09:54 +0900] "GET /fujkx/x2801231.html HTTP/1.1" 503 428 "-" "Mozilla/5.0 (Linux; Android 6.0.1; Nexus 5X Build/MMB29P) AppleWebKit/537.36 (KHTML, like Gecko) Chrome/131.0.6778.139 Mobile Safari/537.36 (compatible; Googlebot/2.1; +http://www.google.com/bot.html)" "-"
66.249.79.74 - - [23/Dec/2024:11:10:11 +0900] "GET /zmqlr/s201928.html HTTP/1.1" 503 428 "-" "Mozilla/5.0 (Linux; Android 6.0.1; Nexus 5X Build/MMB29P) AppleWebKit/537.36 (KHTML, like Gecko) Chrome/131.0.6778.139 Mobile Safari/537.36 (compatible; Googlebot/2.1; +http://www.google.com/bot.html)" "-"
66.249.79.4 - - [23/Dec/2024:11:10:46 +0900] "GET /dpebe/o2441564.html HTTP/1.1" 200 28140 "-" "Mozilla/5.0 (compatible; Googlebot/2.1; +http://www.google.com/bot.html)" "-"
66.249.79.3 - - [23/Dec/2024:11:10:59 +0900] "GET /kfvel/w486632.html HTTP/1.1" 503 428 "-" "Mozilla/5.0 (Linux; Android 6.0.1; Nexus 5X Build/MMB29P) AppleWebKit/537.36 (KHTML, like Gecko) Chrome/131.0.6778.139 Mobile Safari/537.36 (compatible; Googlebot/2.1; +http://www.google.com/bot.html)" "-"
66.249.79.74 - - [23/Dec/2024:11:11:03 +0900] "GET /ikedm/o2977476.html HTTP/1.1" 200 27594 "-" "Mozilla/5.0 (compatible; Googlebot/2.1; +http://www.google.com/bot.html)" "-"
66.249.79.73 - - [23/Dec/2024:11:11:28 +0900] "GET /bqqit/a2480212.html HTTP/1.1" 503 428 "-" "Mozilla/5.0 (Linux; Android 6.0.1; Nexus 5X Build/MMB29P) AppleWebKit/537.36 (KHTML, like Gecko) Chrome/131.0.6778.139 Mobile Safari/537.36 (compatible; Googlebot/2.1; +http://www.google.com/bot.html)" "-"
66.249.79.2 - - [23/Dec/2024:11:11:30 +0900] "GET /mpxvs/c798378.html HTTP/1.1" 503 428 "-" "Mozilla/5.0 (Linux; Android 6.0.1; Nexus 5X Build/MMB29P) AppleWebKit/537.36 (KHTML, like Gecko) Chrome/131.0.6778.139 Mobile Safari/537.36 (compatible; Googlebot/2.1; +http://www.google.com/bot.html)" "-"
66.249.79.2 - - [23/Dec/2024:11:11:50 +0900] "GET /jhcvx/o2072962.html HTTP/1.1" 200 34181 "-" "Mozilla/5.0 (Linux; Android 6.0.1; Nexus 5X Build/MMB29P) AppleWebKit/537.36 (KHTML, like Gecko) Chrome/131.0.6778.139 Mobile Safari/537.36 (compatible; Googlebot/2.1; +http://www.google.com/bot.html)" "-"
66.249.79.72 - - [23/Dec/2024:11:12:05 +0900] "GET /ttbus/v2606983.html HTTP/1.1" 200 34399 "-" "Mozilla/5.0 (Linux; Android 6.0.1; Nexus 5X Build/MMB29P) AppleWebKit/537.36 (KHTML, like Gecko) Chrome/131.0.6778.139 Mobile Safari/537.36 (compatible; Googlebot/2.1; +http://www.google.com/bot.html)" "-"
66.249.79.3 - - [23/Dec/2024:11:12:50 +0900] "GET /urfwr/f2676959.html HTTP/1.1" 200 34155 "-" "Mozilla/5.0 (Linux; Android 6.0.1; Nexus 5X Build/MMB29P) AppleWebKit/537.36 (KHTML, like Gecko) Chrome/131.0.6778.139 Mobile Safari/537.36 (compatible; Googlebot/2.1; +http://www.google.com/bot.html)" "-"
