66.249.79.72 - - [23/Dec/2024:11:13:15 +0900] "GET /pqxmy/r895217.html HTTP/1.1" 200 34539 "-" "Mozilla/5.0 (Linux; Android 6.0.1; Nexus 5X Build/MMB29P) AppleWebKit/537.36 (KHTML, like Gecko) Chrome/131.0.6778.139 Mobile Safari/537.36 (compatible; Googlebot/2.1; +http://www.google.com/bot.html)" "-"
66.249.79.4 - - [23/Dec/2024:11:13:33 +0900] "GET /ziide/l2303683.html HTTP/1.1" 200 34257 "-" "Mozilla/5.0 (Linux; Android 6.0.1; Nexus 5X Build/MMB29P) AppleWebKit/537.36 (KHTML, like Gecko) Chrome/131.0.6778.139 Mobile Safari/537.36 (compatible; Googlebot/2.1; +http://www.google.com/bot.html)" "-"
66.249.79.3 - - [23/Dec/2024:11:13:43 +0900] "GET /dekpq/v660233.html HTTP/1.1" 503 428 "-" "Mozilla/5.0 (Linux; Android 6.0.1; Nexus 5X Build/MMB29P) AppleWebKit/537.36 (KHTML, like Gecko) Chrome/131.0.6778.139 Mobile Safari/537.36 (compatible; Googlebot/2.1; +http://www.google.com/bot.html)" "-"
66.249.79.4 - - [23/Dec/2024:11:15:16 +0900] "GET /ryfbn/k1155938.html HTTP/1.1" 200 34317 "-" "Mozilla/5.0 (Linux; Android 6.0.1; Nexus 5X Build/MMB29P) AppleWebKit/537.36 (KHTML, like Gecko) Chrome/131.0.6778.139 Mobile Safari/537.36 (compatible; Googlebot/2.1; +http://www.google.com/bot.html)" "-"
66.249.79.2 - - [23/Dec/2024:11:15:54 +0900] "GET /dbjhf/j96749.html HTTP/1.1" 200 28376 "-" "Mozilla/5.0 (compatible; Googlebot/2.1; +http://www.google.com/bot.html)" "-"
40.77.167.152 - - [23/Dec/2024:11:18:41 +0900] "GET /contents/content4/ HTTP/2.0" 503 428 "-" "Mozilla/5.0 AppleWebKit/537.36 (KHTML, like Gecko; compatible; bingbot/2.0; +http://www.bing.com/bingbot.htm) Chrome/116.0.1938.76 Safari/537.36" "-"
66.249.79.2 - - [23/Dec/2024:11:19:04 +0900] "GET /unikz/g868478.html HTTP/1.1" 200 34078 "-" "Mozilla/5.0 (Linux; Android 6.0.1; Nexus 5X Build/MMB29P) AppleWebKit/537.36 (KHTML, like Gecko) Chrome/131.0.6778.139 Mobile Safari/537.36 (compatible; Googlebot/2.1; +http://www.google.com/bot.html)" "-"
66.249.79.3 - - [23/Dec/2024:11:20:04 +0900] "GET /zppuy/t178321.html HTTP/1.1" 503 428 "-" "Mozilla/5.0 (compatible; Googlebot/2.1; +http://www.google.com/bot.html)" "-"
66.249.79.3 - - [23/Dec/2024:11:20:04 +0900] "GET /zppuy/t178321.html HTTP/1.1" 503 428 "-" "Mozilla/5.0 (Linux; Android 6.0.1; Nexus 5X Build/MMB29P) AppleWebKit/537.36 (KHTML, like Gecko) Chrome/131.0.6778.139 Mobile Safari/537.36 (compatible; Googlebot/2.1; +http://www.google.com/bot.html)" "-"
66.249.79.74 - - [23/Dec/2024:11:22:34 +0900] "GET /zbwmg/a2279882.html HTTP/1.1" 200 34109 "-" "Mozilla/5.0 (Linux; Android 6.0.1; Nexus 5X Build/MMB29P) AppleWebKit/537.36 (KHTML, like Gecko) Chrome/131.0.6778.139 Mobile Safari/537.36 (compatible; Googlebot/2.1; +http://www.google.com/bot.html)" "-"
66.249.79.4 - - [23/Dec/2024:11:24:58 +0900] "GET /tssdu/c1162378.html HTTP/1.1" 200 34701 "-" "Mozilla/5.0 (Linux; Android 6.0.1; Nexus 5X Build/MMB29P) AppleWebKit/537.36 (KHTML, like Gecko) Chrome/131.0.6778.139 Mobile Safari/537.36 (compatible; Googlebot/2.1; +http://www.google.com/bot.html)" "-"
66.249.79.3 - - [23/Dec/2024:11:26:19 +0900] "GET /080843219.shtml HTTP/1.1" 301 162 "-" "Mozilla/5.0 (Linux; Android 6.0.1; Nexus 5X Build/MMB29P) AppleWebKit/537.36 (KHTML, like Gecko) Chrome/131.0.6778.139 Mobile Safari/537.36 (compatible; Googlebot/2.1; +http://www.google.com/bot.html)" "-"
51.222.253.10 - - [23/Dec/2024:11:26:26 +0900] "GET /2024/04/ HTTP/2.0" 200 246 "-" "Mozilla/5.0 (compatible; AhrefsBot/7.0; +http://ahrefs.com/robot/)" "-"
66.249.79.3 - - [23/Dec/2024:11:26:28 +0900] "GET /080843219.shtml HTTP/1.1" 200 34486 "-" "Mozilla/5.0 (Linux; Android 6.0.1; Nexus 5X Build/MMB29P) AppleWebKit/537.36 (KHTML, like Gecko) Chrome/131.0.6778.139 Mobile Safari/537.36 (compatible; Googlebot/2.1; +http://www.google.com/bot.html)" "-"
66.249.79.73 - - [23/Dec/2024:11:27:26 +0900] "GET /cxqsj/n1958639.html HTTP/1.1" 503 428 "-" "Mozilla/5.0 (Linux; Android 6.0.1; Nexus 5X Build/MMB29P) AppleWebKit/537.36 (KHTML, like Gecko) Chrome/131.0.6778.139 Mobile Safari/537.36 (compatible; Googlebot/2.1; +http://www.google.com/bot.html)" "-"
54.65.199.25 - - [23/Dec/2024:11:27:58 +0900] "GET / HTTP/1.1" 200 511 "-" "Chatwork LinkPreview v1" "-"
66.249.79.72 - - [23/Dec/2024:11:29:27 +0900] "GET /inqzh/l2384725.html HTTP/1.1" 200 27421 "-" "Mozilla/5.0 (compatible; Googlebot/2.1; +http://www.google.com/bot.html)" "-"
52.167.144.173 - - [23/Dec/2024:11:29:38 +0900] "GET /blsjp/ HTTP/2.0" 200 246 "-" "Mozilla/5.0 AppleWebKit/537.36 (KHTML, like Gecko; compatible; bingbot/2.0; +http://www.bing.com/bingbot.htm) Chrome/116.0.1938.76 Safari/537.36" "-"
52.167.144.173 - - [23/Dec/2024:11:31:58 +0900] "GET /contents/content8/ HTTP/2.0" 503 428 "-" "Mozilla/5.0 AppleWebKit/537.36 (KHTML, like Gecko; compatible; bingbot/2.0; +http://www.bing.com/bingbot.htm) Chrome/116.0.1938.76 Safari/537.36" "-"
66.249.79.74 - - [23/Dec/2024:11:32:10 +0900] "GET /kkfoo/q315520.html HTTP/1.1" 503 428 "-" "Mozilla/5.0 (Linux; Android 6.0.1; Nexus 5X Build/MMB29P) AppleWebKit/537.36 (KHTML, like Gecko) Chrome/131.0.6778.139 Mobile Safari/537.36 (compatible; Googlebot/2.1; +http://www.google.com/bot.html)" "-"
66.249.79.72 - - [23/Dec/2024:11:32:48 +0900] "GET /wlqva/b1798519.html HTTP/1.1" 200 27393 "-" "Mozilla/5.0 (compatible; Googlebot/2.1; +http://www.google.com/bot.html)" "-"
66.249.79.3 - - [23/Dec/2024:11:34:06 +0900] "GET /yeozm/g1102504.html HTTP/1.1" 503 428 "-" "Mozilla/5.0 (Linux; Android 6.0.1; Nexus 5X Build/MMB29P) AppleWebKit/537.36 (KHTML, like Gecko) Chrome/131.0.6778.204 Mobile Safari/537.36 (compatible; Googlebot/2.1; +http://www.google.com/bot.html)" "-"
66.249.79.2 - - [23/Dec/2024:11:37:06 +0900] "GET /yeozm/g1102504.html HTTP/1.1" 503 428 "-" "Mozilla/5.0 (Linux; Android 6.0.1; Nexus 5X Build/MMB29P) AppleWebKit/537.36 (KHTML, like Gecko) Chrome/131.0.6778.204 Mobile Safari/537.36 (compatible; Googlebot/2.1; +http://www.google.com/bot.html)" "-"
66.249.79.3 - - [23/Dec/2024:11:37:18 +0900] "GET /spfvu/w2565748.html HTTP/1.1" 200 35774 "-" "Mozilla/5.0 (Linux; Android 6.0.1; Nexus 5X Build/MMB29P) AppleWebKit/537.36 (KHTML, like Gecko) Chrome/131.0.6778.204 Mobile Safari/537.36 (compatible; Googlebot/2.1; +http://www.google.com/bot.html)" "-"
40.77.167.121 - - [23/Dec/2024:11:39:39 +0900] "GET /2024/06/05/1269/ HTTP/2.0" 200 246 "-" "Mozilla/5.0 AppleWebKit/537.36 (KHTML, like Gecko; compatible; bingbot/2.0; +http://www.bing.com/bingbot.htm) Chrome/116.0.1938.76 Safari/537.36" "-"
66.249.79.2 - - [23/Dec/2024:11:40:47 +0900] "GET /uejnp/b1973655.html HTTP/1.1" 200 34342 "-" "Mozilla/5.0 (Linux; Android 6.0.1; Nexus 5X Build/MMB29P) AppleWebKit/537.36 (KHTML, like Gecko) Chrome/131.0.6778.139 Mobile Safari/537.36 (compatible; Googlebot/2.1; +http://www.google.com/bot.html)" "-"
66.249.79.72 - - [23/Dec/2024:11:41:01 +0900] "GET /bmhep/r1992053.html HTTP/1.1" 503 428 "-" "Mozilla/5.0 (Linux; Android 6.0.1; Nexus 5X Build/MMB29P) AppleWebKit/537.36 (KHTML, like Gecko) Chrome/131.0.6778.139 Mobile Safari/537.36 (compatible; Googlebot/2.1; +http://www.google.com/bot.html)" "-"
40.77.167.121 - - [23/Dec/2024:11:41:31 +0900] "GET /fsvnm/ HTTP/2.0" 200 246 "-" "Mozilla/5.0 AppleWebKit/537.36 (KHTML, like Gecko; compatible; bingbot/2.0; +http://www.bing.com/bingbot.htm) Chrome/116.0.1938.76 Safari/537.36" "-"
66.249.79.3 - - [23/Dec/2024:11:41:56 +0900] "GET /66489118249.shtml HTTP/1.1" 503 428 "-" "Mozilla/5.0 (Linux; Android 6.0.1; Nexus 5X Build/MMB29P) AppleWebKit/537.36 (KHTML, like Gecko) Chrome/131.0.6778.139 Mobile Safari/537.36 (compatible; Googlebot/2.1; +http://www.google.com/bot.html)" "-"
66.249.79.74 - - [23/Dec/2024:11:42:07 +0900] "GET /rqnxp/g641810.html HTTP/1.1" 200 35457 "-" "Mozilla/5.0 (Linux; Android 6.0.1; Nexus 5X Build/MMB29P) AppleWebKit/537.36 (KHTML, like Gecko) Chrome/131.0.6778.139 Mobile Safari/537.36 (compatible; Googlebot/2.1; +http://www.google.com/bot.html)" "-"
66.249.79.73 - - [23/Dec/2024:11:42:09 +0900] "GET /tnmoj/q2330910.html HTTP/1.1" 503 428 "-" "Mozilla/5.0 (Linux; Android 6.0.1; Nexus 5X Build/MMB29P) AppleWebKit/537.36 (KHTML, like Gecko) Chrome/131.0.6778.139 Mobile Safari/537.36 (compatible; Googlebot/2.1; +http://www.google.com/bot.html)" "-"
66.249.79.73 - - [23/Dec/2024:11:42:13 +0900] "GET /cclwh/j2514307.html HTTP/1.1" 200 34204 "-" "Mozilla/5.0 (Linux; Android 6.0.1; Nexus 5X Build/MMB29P) AppleWebKit/537.36 (KHTML, like Gecko) Chrome/131.0.6778.139 Mobile Safari/537.36 (compatible; Googlebot/2.1; +http://www.google.com/bot.html)" "-"
66.249.79.2 - - [23/Dec/2024:11:42:25 +0900] "GET /becsp/v2688415.html HTTP/1.1" 200 34110 "-" "Mozilla/5.0 (Linux; Android 6.0.1; Nexus 5X Build/MMB29P) AppleWebKit/537.36 (KHTML, like Gecko) Chrome/131.0.6778.139 Mobile Safari/537.36 (compatible; Googlebot/2.1; +http://www.google.com/bot.html)" "-"
66.249.79.2 - - [23/Dec/2024:11:42:26 +0900] "GET /xnsbm/m2911746.html HTTP/1.1" 200 34060 "-" "Mozilla/5.0 (Linux; Android 6.0.1; Nexus 5X Build/MMB29P) AppleWebKit/537.36 (KHTML, like Gecko) Chrome/131.0.6778.139 Mobile Safari/537.36 (compatible; Googlebot/2.1; +http://www.google.com/bot.html)" "-"
66.249.79.72 - - [23/Dec/2024:11:42:31 +0900] "GET /gwcvx/i1756146.html HTTP/1.1" 200 33789 "-" "Mozilla/5.0 (Linux; Android 6.0.1; Nexus 5X Build/MMB29P) AppleWebKit/537.36 (KHTML, like Gecko) Chrome/131.0.6778.139 Mobile Safari/537.36 (compatible; Googlebot/2.1; +http://www.google.com/bot.html)" "-"
66.249.79.72 - - [23/Dec/2024:11:42:33 +0900] "GET /jkmjs/g1109186.html HTTP/1.1" 200 34301 "-" "Mozilla/5.0 (Linux; Android 6.0.1; Nexus 5X Build/MMB29P) AppleWebKit/537.36 (KHTML, like Gecko) Chrome/131.0.6778.139 Mobile Safari/537.36 (compatible; Googlebot/2.1; +http://www.google.com/bot.html)" "-"
66.249.79.3 - - [23/Dec/2024:11:42:34 +0900] "GET /kastv/o968768.html HTTP/1.1" 503 428 "-" "Mozilla/5.0 (Linux; Android 6.0.1; Nexus 5X Build/MMB29P) AppleWebKit/537.36 (KHTML, like Gecko) Chrome/131.0.6778.139 Mobile Safari/537.36 (compatible; Googlebot/2.1; +http://www.google.com/bot.html)" "-"
66.249.79.2 - - [23/Dec/2024:11:42:39 +0900] "GET /trmfc/z2800193.html HTTP/1.1" 200 33779 "-" "Mozilla/5.0 (Linux; Android 6.0.1; Nexus 5X Build/MMB29P) AppleWebKit/537.36 (KHTML, like Gecko) Chrome/131.0.6778.139 Mobile Safari/537.36 (compatible; Googlebot/2.1; +http://www.google.com/bot.html)" "-"
66.249.79.2 - - [23/Dec/2024:11:42:40 +0900] "GET /ttzme/r1042663.html HTTP/1.1" 200 34869 "-" "Mozilla/5.0 (Linux; Android 6.0.1; Nexus 5X Build/MMB29P) AppleWebKit/537.36 (KHTML, like Gecko) Chrome/131.0.6778.139 Mobile Safari/537.36 (compatible; Googlebot/2.1; +http://www.google.com/bot.html)" "-"
66.249.79.2 - - [23/Dec/2024:11:42:42 +0900] "GET /xbgqh/j1692005.html HTTP/1.1" 503 428 "-" "Mozilla/5.0 (Linux; Android 6.0.1; Nexus 5X Build/MMB29P) AppleWebKit/537.36 (KHTML, like Gecko) Chrome/131.0.6778.139 Mobile Safari/537.36 (compatible; Googlebot/2.1; +http://www.google.com/bot.html)" "-"
66.249.79.72 - - [23/Dec/2024:11:42:53 +0900] "GET /hdiml/q480178.html HTTP/1.1" 200 34514 "-" "Mozilla/5.0 (Linux; Android 6.0.1; Nexus 5X Build/MMB29P) AppleWebKit/537.36 (KHTML, like Gecko) Chrome/131.0.6778.139 Mobile Safari/537.36 (compatible; Googlebot/2.1; +http://www.google.com/bot.html)" "-"
66.249.79.72 - - [23/Dec/2024:11:42:55 +0900] "GET /pxdim/l399339.html HTTP/1.1" 200 35073 "-" "Mozilla/5.0 (Linux; Android 6.0.1; Nexus 5X Build/MMB29P) AppleWebKit/537.36 (KHTML, like Gecko) Chrome/131.0.6778.139 Mobile Safari/537.36 (compatible; Googlebot/2.1; +http://www.google.com/bot.html)" "-"
66.249.79.74 - - [23/Dec/2024:11:43:09 +0900] "GET /wkyti/o721534.html HTTP/1.1" 200 34570 "-" "Mozilla/5.0 (Linux; Android 6.0.1; Nexus 5X Build/MMB29P) AppleWebKit/537.36 (KHTML, like Gecko) Chrome/131.0.6778.139 Mobile Safari/537.36 (compatible; Googlebot/2.1; +http://www.google.com/bot.html)" "-"
66.249.79.4 - - [23/Dec/2024:11:43:10 +0900] "GET /kszuh/i298274.html HTTP/1.1" 503 428 "-" "Mozilla/5.0 (Linux; Android 6.0.1; Nexus 5X Build/MMB29P) AppleWebKit/537.36 (KHTML, like Gecko) Chrome/131.0.6778.139 Mobile Safari/537.36 (compatible; Googlebot/2.1; +http://www.google.com/bot.html)" "-"
66.249.79.2 - - [23/Dec/2024:11:45:17 +0900] "GET /tvgcz/a3047688.html HTTP/1.1" 503 428 "-" "Mozilla/5.0 (Linux; Android 6.0.1; Nexus 5X Build/MMB29P) AppleWebKit/537.36 (KHTML, like Gecko) Chrome/131.0.6778.139 Mobile Safari/537.36 (compatible; Googlebot/2.1; +http://www.google.com/bot.html)" "-"
66.249.79.74 - - [23/Dec/2024:11:46:04 +0900] "GET /wivga/t2917447.html HTTP/1.1" 200 34948 "-" "Mozilla/5.0 (Linux; Android 6.0.1; Nexus 5X Build/MMB29P) AppleWebKit/537.36 (KHTML, like Gecko) Chrome/131.0.6778.139 Mobile Safari/537.36 (compatible; Googlebot/2.1; +http://www.google.com/bot.html)" "-"
52.167.144.182 - - [23/Dec/2024:11:46:27 +0900] "GET /fozcs/ HTTP/2.0" 200 246 "-" "Mozilla/5.0 AppleWebKit/537.36 (KHTML, like Gecko; compatible; bingbot/2.0; +http://www.bing.com/bingbot.htm) Chrome/116.0.1938.76 Safari/537.36" "-"
66.249.79.74 - - [23/Dec/2024:11:47:18 +0900] "GET /qperr/j2136189.html HTTP/1.1" 200 34633 "-" "Mozilla/5.0 (Linux; Android 6.0.1; Nexus 5X Build/MMB29P) AppleWebKit/537.36 (KHTML, like Gecko) Chrome/131.0.6778.139 Mobile Safari/537.36 (compatible; Googlebot/2.1; +http://www.google.com/bot.html)" "-"
52.167.144.207 - - [23/Dec/2024:11:47:31 +0900] "GET /pgrdu/ HTTP/2.0" 503 428 "-" "Mozilla/5.0 AppleWebKit/537.36 (KHTML, like Gecko; compatible; bingbot/2.0; +http://www.bing.com/bingbot.htm) Chrome/116.0.1938.76 Safari/537.36" "-"
66.249.79.2 - - [23/Dec/2024:11:47:48 +0900] "GET /fcntv/i2305370.html HTTP/1.1" 200 34217 "-" "Mozilla/5.0 (Linux; Android 6.0.1; Nexus 5X Build/MMB29P) AppleWebKit/537.36 (KHTML, like Gecko) Chrome/131.0.6778.204 Mobile Safari/537.36 (compatible; Googlebot/2.1; +http://www.google.com/bot.html)" "-"
66.249.79.3 - - [23/Dec/2024:11:48:00 +0900] "GET /xfnvt/g2662192.html HTTP/1.1" 200 34021 "-" "Mozilla/5.0 (Linux; Android 6.0.1; Nexus 5X Build/MMB29P) AppleWebKit/537.36 (KHTML, like Gecko) Chrome/131.0.6778.204 Mobile Safari/537.36 (compatible; Googlebot/2.1; +http://www.google.com/bot.html)" "-"
66.249.79.74 - - [23/Dec/2024:11:49:14 +0900] "GET /niysc/w1854518.html HTTP/1.1" 200 33851 "-" "Mozilla/5.0 (Linux; Android 6.0.1; Nexus 5X Build/MMB29P) AppleWebKit/537.36 (KHTML, like Gecko) Chrome/131.0.6778.139 Mobile Safari/537.36 (compatible; Googlebot/2.1; +http://www.google.com/bot.html)" "-"
66.249.79.72 - - [23/Dec/2024:11:49:59 +0900] "GET /tywfw/c2014996.html HTTP/1.1" 200 34128 "-" "Mozilla/5.0 (Linux; Android 6.0.1; Nexus 5X Build/MMB29P) AppleWebKit/537.36 (KHTML, like Gecko) Chrome/131.0.6778.139 Mobile Safari/537.36 (compatible; Googlebot/2.1; +http://www.google.com/bot.html)" "-"
66.249.79.73 - - [23/Dec/2024:11:51:17 +0900] "GET /sxoyi/d1249947.html HTTP/1.1" 200 33933 "-" "Mozilla/5.0 (Linux; Android 6.0.1; Nexus 5X Build/MMB29P) AppleWebKit/537.36 (KHTML, like Gecko) Chrome/131.0.6778.139 Mobile Safari/537.36 (compatible; Googlebot/2.1; +http://www.google.com/bot.html)" "-"
66.249.79.72 - - [23/Dec/2024:11:51:57 +0900] "GET /uwyea/d2713383.html HTTP/1.1" 200 34253 "-" "Mozilla/5.0 (Linux; Android 6.0.1; Nexus 5X Build/MMB29P) AppleWebKit/537.36 (KHTML, like Gecko) Chrome/131.0.6778.139 Mobile Safari/537.36 (compatible; Googlebot/2.1; +http://www.google.com/bot.html)" "-"
66.249.79.74 - - [23/Dec/2024:11:52:27 +0900] "GET /uhhot/m1769020.html HTTP/1.1" 503 428 "-" "Mozilla/5.0 (Linux; Android 6.0.1; Nexus 5X Build/MMB29P) AppleWebKit/537.36 (KHTML, like Gecko) Chrome/131.0.6778.204 Mobile Safari/537.36 (compatible; Googlebot/2.1; +http://www.google.com/bot.html)" "-"
66.249.79.73 - - [23/Dec/2024:11:52:45 +0900] "GET /wzfdp/s2547752.html HTTP/1.1" 200 34370 "-" "Mozilla/5.0 (Linux; Android 6.0.1; Nexus 5X Build/MMB29P) AppleWebKit/537.36 (KHTML, like Gecko) Chrome/131.0.6778.139 Mobile Safari/537.36 (compatible; Googlebot/2.1; +http://www.google.com/bot.html)" "-"
66.249.79.73 - - [23/Dec/2024:11:53:44 +0900] "GET /zdbau/r3016609.html HTTP/1.1" 503 428 "-" "Mozilla/5.0 (Linux; Android 6.0.1; Nexus 5X Build/MMB29P) AppleWebKit/537.36 (KHTML, like Gecko) Chrome/131.0.6778.139 Mobile Safari/537.36 (compatible; Googlebot/2.1; +http://www.google.com/bot.html)" "-"
66.249.79.3 - - [23/Dec/2024:11:54:03 +0900] "GET /zesid/z2893689.html HTTP/1.1" 503 428 "-" "Mozilla/5.0 (Linux; Android 6.0.1; Nexus 5X Build/MMB29P) AppleWebKit/537.36 (KHTML, like Gecko) Chrome/131.0.6778.139 Mobile Safari/537.36 (compatible; Googlebot/2.1; +http://www.google.com/bot.html)" "-"
66.249.79.73 - - [23/Dec/2024:11:54:09 +0900] "GET /owzon/v1327575.html HTTP/1.1" 200 34504 "-" "Mozilla/5.0 (Linux; Android 6.0.1; Nexus 5X Build/MMB29P) AppleWebKit/537.36 (KHTML, like Gecko) Chrome/131.0.6778.139 Mobile Safari/537.36 (compatible; Googlebot/2.1; +http://www.google.com/bot.html)" "-"
66.249.79.73 - - [23/Dec/2024:11:56:09 +0900] "GET /qfrzs/d1305509.html HTTP/1.1" 200 34289 "-" "Mozilla/5.0 (Linux; Android 6.0.1; Nexus 5X Build/MMB29P) AppleWebKit/537.36 (KHTML, like Gecko) Chrome/131.0.6778.139 Mobile Safari/537.36 (compatible; Googlebot/2.1; +http://www.google.com/bot.html)" "-"
66.249.79.73 - - [23/Dec/2024:11:57:17 +0900] "GET /vuzdw/l369933.html HTTP/1.1" 200 34458 "-" "Mozilla/5.0 (Linux; Android 6.0.1; Nexus 5X Build/MMB29P) AppleWebKit/537.36 (KHTML, like Gecko) Chrome/131.0.6778.139 Mobile Safari/537.36 (compatible; Googlebot/2.1; +http://www.google.com/bot.html)" "-"
66.249.79.72 - - [23/Dec/2024:11:57:23 +0900] "GET /tddgi/c1048004.html HTTP/1.1" 200 34790 "-" "Mozilla/5.0 (Linux; Android 6.0.1; Nexus 5X Build/MMB29P) AppleWebKit/537.36 (KHTML, like Gecko) Chrome/131.0.6778.139 Mobile Safari/537.36 (compatible; Googlebot/2.1; +http://www.google.com/bot.html)" "-"
66.249.79.72 - - [23/Dec/2024:11:57:55 +0900] "GET /ixwna/a1788898.html HTTP/1.1" 200 34555 "-" "Mozilla/5.0 (Linux; Android 6.0.1; Nexus 5X Build/MMB29P) AppleWebKit/537.36 (KHTML, like Gecko) Chrome/131.0.6778.139 Mobile Safari/537.36 (compatible; Googlebot/2.1; +http://www.google.com/bot.html)" "-"
66.249.79.72 - - [23/Dec/2024:11:58:41 +0900] "GET /jeira/j2068147.html HTTP/1.1" 200 34224 "-" "Mozilla/5.0 (Linux; Android 6.0.1; Nexus 5X Build/MMB29P) AppleWebKit/537.36 (KHTML, like Gecko) Chrome/131.0.6778.139 Mobile Safari/537.36 (compatible; Googlebot/2.1; +http://www.google.com/bot.html)" "-"
66.249.79.74 - - [23/Dec/2024:11:59:12 +0900] "GET /xqmqu/s2187236.html HTTP/1.1" 200 34032 "-" "Mozilla/5.0 (Linux; Android 6.0.1; Nexus 5X Build/MMB29P) AppleWebKit/537.36 (KHTML, like Gecko) Chrome/131.0.6778.139 Mobile Safari/537.36 (compatible; Googlebot/2.1; +http://www.google.com/bot.html)" "-"
66.249.79.74 - - [23/Dec/2024:12:00:58 +0900] "GET /dzykl/m671794.html HTTP/1.1" 200 34551 "-" "Mozilla/5.0 (Linux; Android 6.0.1; Nexus 5X Build/MMB29P) AppleWebKit/537.36 (KHTML, like Gecko) Chrome/131.0.6778.139 Mobile Safari/537.36 (compatible; Googlebot/2.1; +http://www.google.com/bot.html)" "-"
66.249.79.72 - - [23/Dec/2024:12:01:40 +0900] "GET /laptf/p2575335.html HTTP/1.1" 200 34231 "-" "Mozilla/5.0 (Linux; Android 6.0.1; Nexus 5X Build/MMB29P) AppleWebKit/537.36 (KHTML, like Gecko) Chrome/131.0.6778.139 Mobile Safari/537.36 (compatible; Googlebot/2.1; +http://www.google.com/bot.html)" "-"
3.112.55.85 - - [23/Dec/2024:12:02:22 +0900] "GET /wp-login.php HTTP/1.1" 503 299 "-" "Chatwork LinkPreview v1" "-"
66.249.79.3 - - [23/Dec/2024:12:02:44 +0900] "GET /contents/content3/ HTTP/1.1" 200 34024 "-" "Mozilla/5.0 (Linux; Android 6.0.1; Nexus 5X Build/MMB29P) AppleWebKit/537.36 (KHTML, like Gecko) Chrome/131.0.6778.139 Mobile Safari/537.36 (compatible; Googlebot/2.1; +http://www.google.com/bot.html)" "-"
66.249.79.72 - - [23/Dec/2024:12:02:54 +0900] "GET /snnmq/m222852.html HTTP/1.1" 503 428 "-" "Mozilla/5.0 (Linux; Android 6.0.1; Nexus 5X Build/MMB29P) AppleWebKit/537.36 (KHTML, like Gecko) Chrome/131.0.6778.139 Mobile Safari/537.36 (compatible; Googlebot/2.1; +http://www.google.com/bot.html)" "-"
66.249.79.72 - - [23/Dec/2024:12:03:21 +0900] "GET /ihlxb/g1912040.html HTTP/1.1" 200 34366 "-" "Mozilla/5.0 (Linux; Android 6.0.1; Nexus 5X Build/MMB29P) AppleWebKit/537.36 (KHTML, like Gecko) Chrome/131.0.6778.139 Mobile Safari/537.36 (compatible; Googlebot/2.1; +http://www.google.com/bot.html)" "-"
66.249.79.73 - - [23/Dec/2024:12:04:54 +0900] "GET /mmisj/l1323197.html HTTP/1.1" 200 33925 "-" "Mozilla/5.0 (Linux; Android 6.0.1; Nexus 5X Build/MMB29P) AppleWebKit/537.36 (KHTML, like Gecko) Chrome/131.0.6778.139 Mobile Safari/537.36 (compatible; Googlebot/2.1; +http://www.google.com/bot.html)" "-"
66.249.79.73 - - [23/Dec/2024:12:05:35 +0900] "GET /azdpa/d1830995.html HTTP/1.1" 503 428 "-" "Mozilla/5.0 (Linux; Android 6.0.1; Nexus 5X Build/MMB29P) AppleWebKit/537.36 (KHTML, like Gecko) Chrome/131.0.6778.139 Mobile Safari/537.36 (compatible; Googlebot/2.1; +http://www.google.com/bot.html)" "-"
66.249.79.74 - - [23/Dec/2024:12:07:44 +0900] "GET /akdld/p2440135.html HTTP/1.1" 200 35124 "-" "Mozilla/5.0 (Linux; Android 6.0.1; Nexus 5X Build/MMB29P) AppleWebKit/537.36 (KHTML, like Gecko) Chrome/131.0.6778.139 Mobile Safari/537.36 (compatible; Googlebot/2.1; +http://www.google.com/bot.html)" "-"
66.249.79.73 - - [23/Dec/2024:12:08:10 +0900] "GET /cykpo/y1914892.html HTTP/1.1" 200 34482 "-" "Mozilla/5.0 (Linux; Android 6.0.1; Nexus 5X Build/MMB29P) AppleWebKit/537.36 (KHTML, like Gecko) Chrome/131.0.6778.139 Mobile Safari/537.36 (compatible; Googlebot/2.1; +http://www.google.com/bot.html)" "-"
66.249.79.72 - - [23/Dec/2024:12:09:06 +0900] "GET /uxwyx/j1200735.html HTTP/1.1" 200 34481 "-" "Mozilla/5.0 (Linux; Android 6.0.1; Nexus 5X Build/MMB29P) AppleWebKit/537.36 (KHTML, like Gecko) Chrome/131.0.6778.139 Mobile Safari/537.36 (compatible; Googlebot/2.1; +http://www.google.com/bot.html)" "-"
66.249.79.4 - - [23/Dec/2024:12:09:24 +0900] "GET /zofsg/s3032418.html HTTP/1.1" 200 34502 "-" "Mozilla/5.0 (Linux; Android 6.0.1; Nexus 5X Build/MMB29P) AppleWebKit/537.36 (KHTML, like Gecko) Chrome/131.0.6778.139 Mobile Safari/537.36 (compatible; Googlebot/2.1; +http://www.google.com/bot.html)" "-"
66.249.79.74 - - [23/Dec/2024:12:10:56 +0900] "GET /rlofd/w739092.html HTTP/1.1" 200 34396 "-" "Mozilla/5.0 (Linux; Android 6.0.1; Nexus 5X Build/MMB29P) AppleWebKit/537.36 (KHTML, like Gecko) Chrome/131.0.6778.139 Mobile Safari/537.36 (compatible; Googlebot/2.1; +http://www.google.com/bot.html)" "-"
66.249.79.73 - - [23/Dec/2024:12:10:58 +0900] "GET /ltphi/v679499.html HTTP/1.1" 200 34050 "-" "Mozilla/5.0 (Linux; Android 6.0.1; Nexus 5X Build/MMB29P) AppleWebKit/537.36 (KHTML, like Gecko) Chrome/131.0.6778.139 Mobile Safari/537.36 (compatible; Googlebot/2.1; +http://www.google.com/bot.html)" "-"
66.249.79.72 - - [23/Dec/2024:12:10:59 +0900] "GET /bimii/z185919.html HTTP/1.1" 503 428 "-" "Mozilla/5.0 (Linux; Android 6.0.1; Nexus 5X Build/MMB29P) AppleWebKit/537.36 (KHTML, like Gecko) Chrome/131.0.6778.139 Mobile Safari/537.36 (compatible; Googlebot/2.1; +http://www.google.com/bot.html)" "-"
66.249.79.73 - - [23/Dec/2024:12:11:04 +0900] "GET /zadig/a122740.html HTTP/1.1" 200 34267 "-" "Mozilla/5.0 (Linux; Android 6.0.1; Nexus 5X Build/MMB29P) AppleWebKit/537.36 (KHTML, like Gecko) Chrome/131.0.6778.139 Mobile Safari/537.36 (compatible; Googlebot/2.1; +http://www.google.com/bot.html)" "-"
66.249.79.72 - - [23/Dec/2024:12:11:06 +0900] "GET /ysobo/v1642487.html HTTP/1.1" 200 34007 "-" "Mozilla/5.0 (Linux; Android 6.0.1; Nexus 5X Build/MMB29P) AppleWebKit/537.36 (KHTML, like Gecko) Chrome/131.0.6778.139 Mobile Safari/537.36 (compatible; Googlebot/2.1; +http://www.google.com/bot.html)" "-"
66.249.79.72 - - [23/Dec/2024:12:11:08 +0900] "GET /dcbtk/r2185311.html HTTP/1.1" 200 34371 "-" "Mozilla/5.0 (Linux; Android 6.0.1; Nexus 5X Build/MMB29P) AppleWebKit/537.36 (KHTML, like Gecko) Chrome/131.0.6778.139 Mobile Safari/537.36 (compatible; Googlebot/2.1; +http://www.google.com/bot.html)" "-"
66.249.79.72 - - [23/Dec/2024:12:11:10 +0900] "GET /dtqgs/p244201.html HTTP/1.1" 200 34295 "-" "Mozilla/5.0 (Linux; Android 6.0.1; Nexus 5X Build/MMB29P) AppleWebKit/537.36 (KHTML, like Gecko) Chrome/131.0.6778.139 Mobile Safari/537.36 (compatible; Googlebot/2.1; +http://www.google.com/bot.html)" "-"
66.249.79.72 - - [23/Dec/2024:12:11:12 +0900] "GET /dmagd/q3080412.html HTTP/1.1" 200 34793 "-" "Mozilla/5.0 (Linux; Android 6.0.1; Nexus 5X Build/MMB29P) AppleWebKit/537.36 (KHTML, like Gecko) Chrome/131.0.6778.139 Mobile Safari/537.36 (compatible; Googlebot/2.1; +http://www.google.com/bot.html)" "-"
66.249.79.72 - - [23/Dec/2024:12:11:14 +0900] "GET /tjkxu/r1818295.html HTTP/1.1" 200 34386 "-" "Mozilla/5.0 (Linux; Android 6.0.1; Nexus 5X Build/MMB29P) AppleWebKit/537.36 (KHTML, like Gecko) Chrome/131.0.6778.139 Mobile Safari/537.36 (compatible; Googlebot/2.1; +http://www.google.com/bot.html)" "-"
66.249.79.72 - - [23/Dec/2024:12:11:16 +0900] "GET /zvoun/c308096.html HTTP/1.1" 200 34351 "-" "Mozilla/5.0 (Linux; Android 6.0.1; Nexus 5X Build/MMB29P) AppleWebKit/537.36 (KHTML, like Gecko) Chrome/131.0.6778.139 Mobile Safari/537.36 (compatible; Googlebot/2.1; +http://www.google.com/bot.html)" "-"
66.249.79.72 - - [23/Dec/2024:12:11:18 +0900] "GET /pyvun/y1429498.html HTTP/1.1" 200 33917 "-" "Mozilla/5.0 (Linux; Android 6.0.1; Nexus 5X Build/MMB29P) AppleWebKit/537.36 (KHTML, like Gecko) Chrome/131.0.6778.139 Mobile Safari/537.36 (compatible; Googlebot/2.1; +http://www.google.com/bot.html)" "-"
66.249.79.72 - - [23/Dec/2024:12:11:21 +0900] "GET /xwccv/d2674695.html HTTP/1.1" 200 33772 "-" "Mozilla/5.0 (Linux; Android 6.0.1; Nexus 5X Build/MMB29P) AppleWebKit/537.36 (KHTML, like Gecko) Chrome/131.0.6778.139 Mobile Safari/537.36 (compatible; Googlebot/2.1; +http://www.google.com/bot.html)" "-"
66.249.79.73 - - [23/Dec/2024:12:11:24 +0900] "GET /grfzz/v762127.html HTTP/1.1" 200 33889 "-" "Mozilla/5.0 (Linux; Android 6.0.1; Nexus 5X Build/MMB29P) AppleWebKit/537.36 (KHTML, like Gecko) Chrome/131.0.6778.139 Mobile Safari/537.36 (compatible; Googlebot/2.1; +http://www.google.com/bot.html)" "-"
66.249.79.72 - - [23/Dec/2024:12:11:31 +0900] "GET /fsjff/x149803.html HTTP/1.1" 200 34306 "-" "Mozilla/5.0 (Linux; Android 6.0.1; Nexus 5X Build/MMB29P) AppleWebKit/537.36 (KHTML, like Gecko) Chrome/131.0.6778.139 Mobile Safari/537.36 (compatible; Googlebot/2.1; +http://www.google.com/bot.html)" "-"
66.249.79.3 - - [23/Dec/2024:12:12:04 +0900] "GET /ofaxl/d855553.html HTTP/1.1" 503 428 "-" "Mozilla/5.0 (Linux; Android 6.0.1; Nexus 5X Build/MMB29P) AppleWebKit/537.36 (KHTML, like Gecko) Chrome/131.0.6778.139 Mobile Safari/537.36 (compatible; Googlebot/2.1; +http://www.google.com/bot.html)" "-"
194.38.23.16 - - [23/Dec/2024:12:12:21 +0900] "GET /wp-content/plugins/formcraft/file-upload/server/content/upload.php HTTP/1.1" 301 162 "-" "ALittle Client" "-"
40.77.167.151 - - [23/Dec/2024:12:13:08 +0900] "GET /neadp/ HTTP/2.0" 200 246 "-" "Mozilla/5.0 AppleWebKit/537.36 (KHTML, like Gecko; compatible; bingbot/2.0; +http://www.bing.com/bingbot.htm) Chrome/116.0.1938.76 Safari/537.36" "-"
66.249.79.3 - - [23/Dec/2024:12:13:25 +0900] "GET /hwzjb/p957381.html HTTP/1.1" 503 428 "-" "Mozilla/5.0 (Linux; Android 6.0.1; Nexus 5X Build/MMB29P) AppleWebKit/537.36 (KHTML, like Gecko) Chrome/131.0.6778.139 Mobile Safari/537.36 (compatible; Googlebot/2.1; +http://www.google.com/bot.html)" "-"
194.38.23.16 - - [23/Dec/2024:12:13:28 +0900] "GET /wp-content/plugins/formcraft/file-upload/server/content/upload.php HTTP/1.1" 200 511 "-" "ALittle Client" "-"
168.199.227.120 - - [23/Dec/2024:12:13:53 +0900] "GET / HTTP/1.1" 301 162 "-" "Mozilla/5.0 (Windows NT 10.0; Win64; x64) AppleWebKit/537.36 (KHTML, like Gecko) Chrome/114.0.0.0 Safari/537.36 Vivaldi/5.3.2679.68" "-"
168.199.227.120 - - [23/Dec/2024:12:13:54 +0900] "GET / HTTP/1.1" 200 257 "http://honest-reform.jp" "Mozilla/5.0 (Windows NT 10.0; Win64; x64) AppleWebKit/537.36 (KHTML, like Gecko) Chrome/114.0.0.0 Safari/537.36 Vivaldi/5.3.2679.68" "-"
66.249.79.4 - - [23/Dec/2024:12:14:37 +0900] "GET /knljd/v2622011.html HTTP/1.1" 200 34117 "-" "Mozilla/5.0 (Linux; Android 6.0.1; Nexus 5X Build/MMB29P) AppleWebKit/537.36 (KHTML, like Gecko) Chrome/131.0.6778.139 Mobile Safari/537.36 (compatible; Googlebot/2.1; +http://www.google.com/bot.html)" "-"
66.249.79.75 - - [23/Dec/2024:12:14:50 +0900] "GET /828573631.shtml HTTP/1.1" 301 162 "-" "Mozilla/5.0 (Linux; Android 6.0.1; Nexus 5X Build/MMB29P) AppleWebKit/537.36 (KHTML, like Gecko) Chrome/131.0.6778.139 Mobile Safari/537.36 (compatible; Googlebot/2.1; +http://www.google.com/bot.html)" "-"
66.249.79.76 - - [23/Dec/2024:12:15:14 +0900] "GET /092193578.shtml HTTP/1.1" 301 162 "-" "Mozilla/5.0 (Linux; Android 6.0.1; Nexus 5X Build/MMB29P) AppleWebKit/537.36 (KHTML, like Gecko) Chrome/131.0.6778.139 Mobile Safari/537.36 (compatible; Googlebot/2.1; +http://www.google.com/bot.html)" "-"
66.249.79.73 - - [23/Dec/2024:12:15:20 +0900] "GET /ptyky/v1725661.html HTTP/1.1" 200 34592 "-" "Mozilla/5.0 (Linux; Android 6.0.1; Nexus 5X Build/MMB29P) AppleWebKit/537.36 (KHTML, like Gecko) Chrome/131.0.6778.139 Mobile Safari/537.36 (compatible; Googlebot/2.1; +http://www.google.com/bot.html)" "-"
66.249.79.5 - - [23/Dec/2024:12:15:24 +0900] "GET /sitemap.xml HTTP/1.1" 301 162 "-" "Mozilla/5.0 (compatible; Googlebot/2.1; +http://www.google.com/bot.html)" "-"
66.249.79.3 - - [23/Dec/2024:12:15:25 +0900] "GET /sitemap.xml HTTP/1.1" 200 9459 "-" "Mozilla/5.0 (compatible; Googlebot/2.1; +http://www.google.com/bot.html)" "-"
66.249.79.72 - - [23/Dec/2024:12:15:27 +0900] "GET /zqbax/h106887.html HTTP/1.1" 200 34394 "-" "Mozilla/5.0 (Linux; Android 6.0.1; Nexus 5X Build/MMB29P) AppleWebKit/537.36 (KHTML, like Gecko) Chrome/131.0.6778.139 Mobile Safari/537.36 (compatible; Googlebot/2.1; +http://www.google.com/bot.html)" "-"
66.249.79.72 - - [23/Dec/2024:12:15:52 +0900] "GET /828573631.shtml HTTP/1.1" 503 428 "-" "Mozilla/5.0 (Linux; Android 6.0.1; Nexus 5X Build/MMB29P) AppleWebKit/537.36 (KHTML, like Gecko) Chrome/131.0.6778.139 Mobile Safari/537.36 (compatible; Googlebot/2.1; +http://www.google.com/bot.html)" "-"
66.249.79.73 - - [23/Dec/2024:12:16:14 +0900] "GET /092193578.shtml HTTP/1.1" 503 428 "-" "Mozilla/5.0 (Linux; Android 6.0.1; Nexus 5X Build/MMB29P) AppleWebKit/537.36 (KHTML, like Gecko) Chrome/131.0.6778.139 Mobile Safari/537.36 (compatible; Googlebot/2.1; +http://www.google.com/bot.html)" "-"
66.249.79.3 - - [23/Dec/2024:12:17:17 +0900] "GET /tonhu/w2895558.html HTTP/1.1" 200 34225 "-" "Mozilla/5.0 (Linux; Android 6.0.1; Nexus 5X Build/MMB29P) AppleWebKit/537.36 (KHTML, like Gecko) Chrome/131.0.6778.139 Mobile Safari/537.36 (compatible; Googlebot/2.1; +http://www.google.com/bot.html)" "-"
66.249.79.74 - - [23/Dec/2024:12:17:22 +0900] "GET /bcdli/w772398.html HTTP/1.1" 503 428 "-" "Mozilla/5.0 (Linux; Android 6.0.1; Nexus 5X Build/MMB29P) AppleWebKit/537.36 (KHTML, like Gecko) Chrome/131.0.6778.139 Mobile Safari/537.36 (compatible; Googlebot/2.1; +http://www.google.com/bot.html)" "-"
66.249.79.73 - - [23/Dec/2024:12:17:31 +0900] "GET /iofxo/x2609091.html HTTP/1.1" 503 428 "-" "Mozilla/5.0 (compatible; Googlebot/2.1; +http://www.google.com/bot.html)" "-"
66.249.79.2 - - [23/Dec/2024:12:17:51 +0900] "GET /kqmhj/w856170.html HTTP/1.1" 200 34952 "-" "Mozilla/5.0 (Linux; Android 6.0.1; Nexus 5X Build/MMB29P) AppleWebKit/537.36 (KHTML, like Gecko) Chrome/131.0.6778.139 Mobile Safari/537.36 (compatible; Googlebot/2.1; +http://www.google.com/bot.html)" "-"
135.148.100.196 - - [23/Dec/2024:12:18:07 +0900] "GET / HTTP/1.1" 503 299 "-" "-" "-"
66.249.79.3 - - [23/Dec/2024:12:19:03 +0900] "GET /xguxt/z2253907.html HTTP/1.1" 200 34821 "-" "Mozilla/5.0 (Linux; Android 6.0.1; Nexus 5X Build/MMB29P) AppleWebKit/537.36 (KHTML, like Gecko) Chrome/131.0.6778.139 Mobile Safari/537.36 (compatible; Googlebot/2.1; +http://www.google.com/bot.html)" "-"
40.77.167.9 - - [23/Dec/2024:12:19:26 +0900] "GET /2024/05/10/1250/ HTTP/2.0" 503 428 "-" "Mozilla/5.0 AppleWebKit/537.36 (KHTML, like Gecko; compatible; bingbot/2.0; +http://www.bing.com/bingbot.htm) Chrome/116.0.1938.76 Safari/537.36" "-"
66.249.79.72 - - [23/Dec/2024:12:19:41 +0900] "GET /qaycq/p2773767.html HTTP/1.1" 200 33769 "-" "Mozilla/5.0 (Linux; Android 6.0.1; Nexus 5X Build/MMB29P) AppleWebKit/537.36 (KHTML, like Gecko) Chrome/131.0.6778.139 Mobile Safari/537.36 (compatible; Googlebot/2.1; +http://www.google.com/bot.html)" "-"
66.249.79.4 - - [23/Dec/2024:12:20:16 +0900] "GET /chjok/k1352212.html HTTP/1.1" 200 34021 "-" "Mozilla/5.0 (Linux; Android 6.0.1; Nexus 5X Build/MMB29P) AppleWebKit/537.36 (KHTML, like Gecko) Chrome/131.0.6778.139 Mobile Safari/537.36 (compatible; Googlebot/2.1; +http://www.google.com/bot.html)" "-"
40.77.167.9 - - [23/Dec/2024:12:20:37 +0900] "GET /itkni/l2806315.html HTTP/2.0" 200 246 "-" "Mozilla/5.0 AppleWebKit/537.36 (KHTML, like Gecko; compatible; bingbot/2.0; +http://www.bing.com/bingbot.htm) Chrome/116.0.1938.76 Safari/537.36" "-"
66.249.79.2 - - [23/Dec/2024:12:24:19 +0900] "GET /dufpr/s2690674.html HTTP/1.1" 200 34760 "-" "Mozilla/5.0 (Linux; Android 6.0.1; Nexus 5X Build/MMB29P) AppleWebKit/537.36 (KHTML, like Gecko) Chrome/131.0.6778.139 Mobile Safari/537.36 (compatible; Googlebot/2.1; +http://www.google.com/bot.html)" "-"
66.249.79.2 - - [23/Dec/2024:12:24:59 +0900] "GET /mikdc/l1231079.html HTTP/1.1" 200 34319 "-" "Mozilla/5.0 (Linux; Android 6.0.1; Nexus 5X Build/MMB29P) AppleWebKit/537.36 (KHTML, like Gecko) Chrome/131.0.6778.139 Mobile Safari/537.36 (compatible; Googlebot/2.1; +http://www.google.com/bot.html)" "-"
51.222.253.8 - - [23/Dec/2024:12:26:47 +0900] "GET /contact/ HTTP/2.0" 503 428 "-" "Mozilla/5.0 (compatible; AhrefsBot/7.0; +http://ahrefs.com/robot/)" "-"
51.222.253.17 - - [23/Dec/2024:12:27:32 +0900] "GET /works_category/wallpaint/ HTTP/2.0" 200 246 "-" "Mozilla/5.0 (compatible; AhrefsBot/7.0; +http://ahrefs.com/robot/)" "-"
66.249.79.2 - - [23/Dec/2024:12:28:50 +0900] "GET /idqai/j347805.html HTTP/1.1" 503 428 "-" "Mozilla/5.0 (compatible; Googlebot/2.1; +http://www.google.com/bot.html)" "-"
156.59.198.136 - - [23/Dec/2024:12:29:29 +0900] "GET /wp-content/uploads/2024/04/%C3%A7%C2%99%C2%BD%C3%A3%C2%81%C2%84%C3%A5%C2%A4%C2%96%C3%A5%C2%A3%C2%81%C3%A3%C2%81%C2%AF%C3%A6%C2%B1%C2%9A%C3%A3%C2%82%C2%8C%C3%A3%C2%81%C2%8C%C3%A7%C2%9B%C2%AE%C3%A7%C2%AB%C2%8B%C3%A3%C2%81%C2%A4%C3%AF%C2%BC%C2%9F%C3%A6%C2%B1%C2%9A%C3%A3%C2%82%C2%8C%C3%A3%C2%81%C2%AB%C3%A3%C2%81%C2%8F%C3%A3%C2%81%C2%8F%C3%A3%C2%81%C2%99%C3%A3%C2%82%C2%8B%C3%A5%C2%B7%C2%A5%C3%A5%C2%A4%C2%AB%C3%A3%C2%82%C2%92%C3%A3%C2%81%C2%94%C3%A7%C2%B4%C2%B9%C3%A4%C2%BB%C2%8B-150x150.png HTTP/2.0" 503 428 "-" "Mozilla/5.0 (Linux; Android 5.0) AppleWebKit/537.36 (KHTML, like Gecko) Mobile Safari/537.36 (compatible; Bytespider; spider-feedback@bytedance.com)" "-"
66.249.79.2 - - [23/Dec/2024:12:30:16 +0900] "GET /dxlqy/x2123749.html HTTP/1.1" 200 34015 "-" "Mozilla/5.0 (Linux; Android 6.0.1; Nexus 5X Build/MMB29P) AppleWebKit/537.36 (KHTML, like Gecko) Chrome/131.0.6778.139 Mobile Safari/537.36 (compatible; Googlebot/2.1; +http://www.google.com/bot.html)" "-"
43.135.172.89 - - [23/Dec/2024:12:31:08 +0900] "GET / HTTP/1.1" 301 162 "-" "Mozilla/5.0 (iPhone; CPU iPhone OS 13_2_3 like Mac OS X) AppleWebKit/605.1.15 (KHTML, like Gecko) Version/13.0.3 Mobile/15E148 Safari/604.1" "-"
43.135.172.89 - - [23/Dec/2024:12:31:11 +0900] "GET / HTTP/1.1" 503 299 "http://honest-reform.jp" "Mozilla/5.0 (iPhone; CPU iPhone OS 13_2_3 like Mac OS X) AppleWebKit/605.1.15 (KHTML, like Gecko) Version/13.0.3 Mobile/15E148 Safari/604.1" "-"
66.249.79.75 - - [23/Dec/2024:12:31:20 +0900] "GET /023803631.shtml HTTP/1.1" 301 162 "-" "Mozilla/5.0 (Linux; Android 6.0.1; Nexus 5X Build/MMB29P) AppleWebKit/537.36 (KHTML, like Gecko) Chrome/131.0.6778.139 Mobile Safari/537.36 (compatible; Googlebot/2.1; +http://www.google.com/bot.html)" "-"
66.249.79.72 - - [23/Dec/2024:12:32:23 +0900] "GET /023803631.shtml HTTP/1.1" 200 34080 "-" "Mozilla/5.0 (Linux; Android 6.0.1; Nexus 5X Build/MMB29P) AppleWebKit/537.36 (KHTML, like Gecko) Chrome/131.0.6778.139 Mobile Safari/537.36 (compatible; Googlebot/2.1; +http://www.google.com/bot.html)" "-"
66.249.79.74 - - [23/Dec/2024:12:33:02 +0900] "GET /nuiam/p2006143.html HTTP/1.1" 200 34860 "-" "Mozilla/5.0 (Linux; Android 6.0.1; Nexus 5X Build/MMB29P) AppleWebKit/537.36 (KHTML, like Gecko) Chrome/131.0.6778.139 Mobile Safari/537.36 (compatible; Googlebot/2.1; +http://www.google.com/bot.html)" "-"
156.59.198.135 - - [23/Dec/2024:12:33:31 +0900] "GET /wp-content/uploads/2024/05/%C3%A5%C2%A4%C2%96%C3%A5%C2%A3%C2%81%C3%A5%C2%A1%C2%97%C3%A8%C2%A3%C2%85%C3%A3%C2%81%C2%A7%C3%A7%C2%94%C2%A8%C3%A3%C2%81%C2%84%C3%A3%C2%82%C2%89%C3%A3%C2%82%C2%8C%C3%A3%C2%82%C2%8B%C3%A7%C2%84%C2%A1%C3%A6%C2%A9%C2%9F%C3%A5%C2%A1%C2%97%C3%A6%C2%96%C2%99%C3%A3%C2%81%C2%A8%C3%A3%C2%81%C2%AF%C3%AF%C2%BC%C2%9F%C3%A3%C2%83%C2%A1%C3%A3%C2%83%C2%AA%C3%A3%C2%83%C2%83%C3%A3%C2%83%C2%88%C3%A3%C2%82%C2%92%C3%A3%C2%81%C2%94%C3%A7%C2%B4%C2%B9%C3%A4%C2%BB%C2%8B-150x150.png HTTP/2.0" 200 246 "-" "Mozilla/5.0 (Linux; Android 5.0) AppleWebKit/537.36 (KHTML, like Gecko) Mobile Safari/537.36 (compatible; Bytespider; spider-feedback@bytedance.com)" "-"
66.249.79.73 - - [23/Dec/2024:12:36:32 +0900] "GET /pivxy/a2954270.html HTTP/1.1" 200 34356 "-" "Mozilla/5.0 (Linux; Android 6.0.1; Nexus 5X Build/MMB29P) AppleWebKit/537.36 (KHTML, like Gecko) Chrome/131.0.6778.139 Mobile Safari/537.36 (compatible; Googlebot/2.1; +http://www.google.com/bot.html)" "-"
47.128.62.20 - - [23/Dec/2024:12:37:31 +0900] "GET /hzwjr/f2765437.html HTTP/2.0" 200 246 "-" "Mozilla/5.0 (Linux; Android 5.0) AppleWebKit/537.36 (KHTML, like Gecko) Mobile Safari/537.36 (compatible; Bytespider; spider-feedback@bytedance.com)" "-"
40.77.167.78 - - [23/Dec/2024:12:38:30 +0900] "GET /uassx/p513743.html HTTP/2.0" 503 428 "-" "Mozilla/5.0 AppleWebKit/537.36 (KHTML, like Gecko; compatible; bingbot/2.0; +http://www.bing.com/bingbot.htm) Chrome/116.0.1938.76 Safari/537.36" "-"
66.249.79.2 - - [23/Dec/2024:12:39:52 +0900] "GET /nysbm/e1675932.html HTTP/1.1" 503 428 "-" "Mozilla/5.0 (Linux; Android 6.0.1; Nexus 5X Build/MMB29P) AppleWebKit/537.36 (KHTML, like Gecko) Chrome/131.0.6778.139 Mobile Safari/537.36 (compatible; Googlebot/2.1; +http://www.google.com/bot.html)" "-"
66.249.79.72 - - [23/Dec/2024:12:40:12 +0900] "GET /mswfo/g2876224.html HTTP/1.1" 503 428 "-" "Mozilla/5.0 (Linux; Android 6.0.1; Nexus 5X Build/MMB29P) AppleWebKit/537.36 (KHTML, like Gecko) Chrome/131.0.6778.139 Mobile Safari/537.36 (compatible; Googlebot/2.1; +http://www.google.com/bot.html)" "-"
66.249.79.73 - - [23/Dec/2024:12:40:15 +0900] "GET /byrrt/d693027.html HTTP/1.1" 200 35052 "-" "Mozilla/5.0 (Linux; Android 6.0.1; Nexus 5X Build/MMB29P) AppleWebKit/537.36 (KHTML, like Gecko) Chrome/131.0.6778.139 Mobile Safari/537.36 (compatible; Googlebot/2.1; +http://www.google.com/bot.html)" "-"
66.249.79.72 - - [23/Dec/2024:12:40:16 +0900] "GET /kjdgu/o2467772.html HTTP/1.1" 503 428 "-" "Mozilla/5.0 (Linux; Android 6.0.1; Nexus 5X Build/MMB29P) AppleWebKit/537.36 (KHTML, like Gecko) Chrome/131.0.6778.139 Mobile Safari/537.36 (compatible; Googlebot/2.1; +http://www.google.com/bot.html)" "-"
66.249.79.72 - - [23/Dec/2024:12:40:18 +0900] "GET /jcqrj/w1011624.html HTTP/1.1" 200 34283 "-" "Mozilla/5.0 (Linux; Android 6.0.1; Nexus 5X Build/MMB29P) AppleWebKit/537.36 (KHTML, like Gecko) Chrome/131.0.6778.139 Mobile Safari/537.36 (compatible; Googlebot/2.1; +http://www.google.com/bot.html)" "-"
66.249.79.72 - - [23/Dec/2024:12:40:20 +0900] "GET /lnelf/l1779887.html HTTP/1.1" 200 34167 "-" "Mozilla/5.0 (Linux; Android 6.0.1; Nexus 5X Build/MMB29P) AppleWebKit/537.36 (KHTML, like Gecko) Chrome/131.0.6778.139 Mobile Safari/537.36 (compatible; Googlebot/2.1; +http://www.google.com/bot.html)" "-"
66.249.79.4 - - [23/Dec/2024:12:40:23 +0900] "GET /iinrz/g1809184.html HTTP/1.1" 200 34669 "-" "Mozilla/5.0 (Linux; Android 6.0.1; Nexus 5X Build/MMB29P) AppleWebKit/537.36 (KHTML, like Gecko) Chrome/131.0.6778.139 Mobile Safari/537.36 (compatible; Googlebot/2.1; +http://www.google.com/bot.html)" "-"
66.249.79.3 - - [23/Dec/2024:12:40:29 +0900] "GET /faobp/v2081081.html HTTP/1.1" 200 34677 "-" "Mozilla/5.0 (Linux; Android 6.0.1; Nexus 5X Build/MMB29P) AppleWebKit/537.36 (KHTML, like Gecko) Chrome/131.0.6778.139 Mobile Safari/537.36 (compatible; Googlebot/2.1; +http://www.google.com/bot.html)" "-"
66.249.79.2 - - [23/Dec/2024:12:41:04 +0900] "GET /whijv/n2916089.html HTTP/1.1" 200 257 "-" "Mozilla/5.0 (Linux; Android 6.0.1; Nexus 5X Build/MMB29P) AppleWebKit/537.36 (KHTML, like Gecko) Chrome/131.0.6778.139 Mobile Safari/537.36 (compatible; GoogleOther)" "-"
66.249.79.3 - - [23/Dec/2024:12:41:23 +0900] "GET /wqfnc/i2116922.html HTTP/1.1" 200 34821 "-" "Mozilla/5.0 (Linux; Android 6.0.1; Nexus 5X Build/MMB29P) AppleWebKit/537.36 (KHTML, like Gecko) Chrome/131.0.6778.139 Mobile Safari/537.36 (compatible; Googlebot/2.1; +http://www.google.com/bot.html)" "-"
47.128.20.190 - - [23/Dec/2024:12:41:31 +0900] "GET /ojkcy/f2269591.html HTTP/2.0" 200 246 "-" "Mozilla/5.0 (Linux; Android 5.0) AppleWebKit/537.36 (KHTML, like Gecko) Mobile Safari/537.36 (compatible; Bytespider; spider-feedback@bytedance.com)" "-"
69.171.249.112 - - [23/Dec/2024:12:43:22 +0900] "GET /robots.txt HTTP/1.1" 301 162 "-" "facebookexternalhit/1.1 (+http://www.facebook.com/externalhit_uatext.php)" "-"
66.249.79.3 - - [23/Dec/2024:12:43:22 +0900] "GET /70729556298.shtml HTTP/1.1" 301 162 "-" "Mozilla/5.0 (Linux; Android 6.0.1; Nexus 5X Build/MMB29P) AppleWebKit/537.36 (KHTML, like Gecko) Chrome/131.0.6778.139 Mobile Safari/537.36 (compatible; GoogleOther)" "-"
69.171.249.8 - - [23/Dec/2024:12:43:23 +0900] "GET /robots.txt HTTP/2.0" 503 428 "-" "facebookexternalhit/1.1 (+http://www.facebook.com/externalhit_uatext.php)" "-"
66.249.79.4 - - [23/Dec/2024:12:43:24 +0900] "GET /70729556298.shtml HTTP/1.1" 503 428 "-" "Mozilla/5.0 (Linux; Android 6.0.1; Nexus 5X Build/MMB29P) AppleWebKit/537.36 (KHTML, like Gecko) Chrome/131.0.6778.139 Mobile Safari/537.36 (compatible; GoogleOther)" "-"
66.249.79.2 - - [23/Dec/2024:12:43:28 +0900] "GET /dszyh/r1850145.html HTTP/1.1" 200 35003 "-" "Mozilla/5.0 (Linux; Android 6.0.1; Nexus 5X Build/MMB29P) AppleWebKit/537.36 (KHTML, like Gecko) Chrome/131.0.6778.139 Mobile Safari/537.36 (compatible; Googlebot/2.1; +http://www.google.com/bot.html)" "-"
66.249.79.73 - - [23/Dec/2024:12:44:42 +0900] "GET /zterh/n1915115.html HTTP/1.1" 200 27641 "-" "Mozilla/5.0 (compatible; Googlebot/2.1; +http://www.google.com/bot.html)" "-"
47.128.33.102 - - [23/Dec/2024:12:45:30 +0900] "GET /iyvga/h2233063.html HTTP/2.0" 503 428 "-" "Mozilla/5.0 (Linux; Android 5.0) AppleWebKit/537.36 (KHTML, like Gecko) Mobile Safari/537.36 (compatible; Bytespider; spider-feedback@bytedance.com)" "-"
112.68.84.53 - - [23/Dec/2024:12:46:07 +0900] "GET /wp-content/uploads/2024/03/%E6%B0%B4%E6%80%A7%E5%A1%97%E6%96%99%E3%81%A8%E6%B2%B9%E6%80%A7%E5%A1%97%E6%96%99%E3%81%AE%E9%81%95%E3%81%84%E3%81%A8%E3%81%AF%EF%BC%9F%E3%81%A9%E3%81%A1%E3%82%89%E3%81%A7%E5%A4%96%E5%A3%81%E5%A1%97%E8%A3%85%E3%81%99%E3%81%B9%E3%81%8D%E3%81%8B%E3%81%AE%E5%9F%BA%E6%BA%96%E3%82%82%E3%81%94%E7%B4%B9%E4%BB%8B.png HTTP/2.0" 200 1468807 "https://www.bing.com/" "Mozilla/5.0 (Windows NT 10.0; Win64; x64) AppleWebKit/537.36 (KHTML, like Gecko) Chrome/131.0.0.0 Safari/537.36 Edg/131.0.0.0" "-"
40.77.167.108 - - [23/Dec/2024:12:46:18 +0900] "GET /robots.txt HTTP/2.0" 200 85 "-" "Mozilla/5.0 AppleWebKit/537.36 (KHTML, like Gecko; compatible; bingbot/2.0; +http://www.bing.com/bingbot.htm) Chrome/116.0.1938.76 Safari/537.36" "-"
52.167.144.158 - - [23/Dec/2024:12:46:25 +0900] "GET /ungx/ HTTP/2.0" 200 246 "-" "Mozilla/5.0 AppleWebKit/537.36 (KHTML, like Gecko; compatible; bingbot/2.0; +http://www.bing.com/bingbot.htm) Chrome/116.0.1938.76 Safari/537.36" "-"
52.167.144.150 - - [23/Dec/2024:12:46:49 +0900] "GET /mtsoz/ HTTP/2.0" 503 428 "-" "Mozilla/5.0 AppleWebKit/537.36 (KHTML, like Gecko; compatible; bingbot/2.0; +http://www.bing.com/bingbot.htm) Chrome/116.0.1938.76 Safari/537.36" "-"
66.249.79.2 - - [23/Dec/2024:12:49:27 +0900] "GET /wnrwa/z853989.html HTTP/1.1" 200 34411 "-" "Mozilla/5.0 (Linux; Android 6.0.1; Nexus 5X Build/MMB29P) AppleWebKit/537.36 (KHTML, like Gecko) Chrome/131.0.6778.204 Mobile Safari/537.36 (compatible; Googlebot/2.1; +http://www.google.com/bot.html)" "-"
47.128.16.55 - - [23/Dec/2024:12:49:31 +0900] "GET /njwdy/w1837384.html HTTP/2.0" 200 246 "-" "Mozilla/5.0 (Linux; Android 5.0) AppleWebKit/537.36 (KHTML, like Gecko) Mobile Safari/537.36 (compatible; Bytespider; spider-feedback@bytedance.com)" "-"
66.249.79.2 - - [23/Dec/2024:12:49:52 +0900] "GET /nysbm/e1675932.html HTTP/1.1" 200 34117 "-" "Mozilla/5.0 (Linux; Android 6.0.1; Nexus 5X Build/MMB29P) AppleWebKit/537.36 (KHTML, like Gecko) Chrome/131.0.6778.139 Mobile Safari/537.36 (compatible; Googlebot/2.1; +http://www.google.com/bot.html)" "-"
66.249.79.4 - - [23/Dec/2024:12:51:41 +0900] "GET /oktke/g2453386.html HTTP/1.1" 200 27482 "-" "Mozilla/5.0 (compatible; Googlebot/2.1; +http://www.google.com/bot.html)" "-"
66.249.79.4 - - [23/Dec/2024:12:53:25 +0900] "GET /widxj/e2102904.html HTTP/1.1" 200 34100 "-" "Mozilla/5.0 (Linux; Android 6.0.1; Nexus 5X Build/MMB29P) AppleWebKit/537.36 (KHTML, like Gecko) Chrome/131.0.6778.204 Mobile Safari/537.36 (compatible; Googlebot/2.1; +http://www.google.com/bot.html)" "-"
156.59.198.136 - - [23/Dec/2024:12:53:31 +0900] "GET /wp-content/uploads/2024/07/%E5%B1%8B%E6%A0%B9%E5%A1%97%E8%A3%85%E4%BD%95%E5%B9%B4%E3%81%A7%E5%A1%97%E3%82%8A%E6%9B%BF%E3%81%88?\xE5\xB1\x8B\xE6\xA0\xB9\xE6\x9D\x90\xE5\x88\xA5\xE3\x81\xA7\xE8\xA7\xA3\xE8\xAA\xAC!\xE5\x8A\xA3\xE5\x8C\x96\xE3\x82\xB5\xE3\x82\xA4\xE3\x83\xB3\xE3\x82\x92\xE8\xA6\x8B\xE9\x80\x83\xE3\x81\x95\xE3\x81\xAA\xE3\x81\x84-150x150.png= HTTP/2.0" 503 428 "-" "Mozilla/5.0 (Linux; Android 5.0) AppleWebKit/537.36 (KHTML, like Gecko) Mobile Safari/537.36 (compatible; Bytespider; spider-feedback@bytedance.com)" "-"
66.249.79.74 - - [23/Dec/2024:12:56:12 +0900] "GET /hxjlz/c318496.html HTTP/1.1" 200 35079 "-" "Mozilla/5.0 (Linux; Android 6.0.1; Nexus 5X Build/MMB29P) AppleWebKit/537.36 (KHTML, like Gecko) Chrome/131.0.6778.139 Mobile Safari/537.36 (compatible; Googlebot/2.1; +http://www.google.com/bot.html)" "-"
66.249.79.4 - - [23/Dec/2024:12:56:27 +0900] "GET /jwaji/r1771937.html HTTP/1.1" 200 33895 "-" "Mozilla/5.0 (Linux; Android 6.0.1; Nexus 5X Build/MMB29P) AppleWebKit/537.36 (KHTML, like Gecko) Chrome/131.0.6778.204 Mobile Safari/537.36 (compatible; Googlebot/2.1; +http://www.google.com/bot.html)" "-"
47.128.40.224 - - [23/Dec/2024:12:57:31 +0900] "GET /vpdvp/a1391670.html HTTP/2.0" 200 246 "-" "Mozilla/5.0 (Linux; Android 5.0) AppleWebKit/537.36 (KHTML, like Gecko) Mobile Safari/537.36 (compatible; Bytespider; spider-feedback@bytedance.com)" "-"
66.249.79.4 - - [23/Dec/2024:12:58:58 +0900] "GET /xhzso/p976153.html HTTP/1.1" 200 34333 "-" "Mozilla/5.0 (Linux; Android 6.0.1; Nexus 5X Build/MMB29P) AppleWebKit/537.36 (KHTML, like Gecko) Chrome/131.0.6778.139 Mobile Safari/537.36 (compatible; Googlebot/2.1; +http://www.google.com/bot.html)" "-"
66.249.79.4 - - [23/Dec/2024:13:00:24 +0900] "GET /kastv/o968768.html HTTP/1.1" 503 428 "-" "Mozilla/5.0 (Linux; Android 6.0.1; Nexus 5X Build/MMB29P) AppleWebKit/537.36 (KHTML, like Gecko) Chrome/131.0.6778.204 Mobile Safari/537.36 (compatible; Googlebot/2.1; +http://www.google.com/bot.html)" "-"
66.249.79.2 - - [23/Dec/2024:13:00:58 +0900] "GET /libsq/r2094753.html HTTP/1.1" 200 34394 "-" "Mozilla/5.0 (Linux; Android 6.0.1; Nexus 5X Build/MMB29P) AppleWebKit/537.36 (KHTML, like Gecko) Chrome/131.0.6778.139 Mobile Safari/537.36 (compatible; Googlebot/2.1; +http://www.google.com/bot.html)" "-"
85.192.30.175 - - [23/Dec/2024:13:00:58 +0900] "GET / HTTP/1.1" 301 162 "-" "-" "-"
85.192.30.175 - - [23/Dec/2024:13:01:01 +0900] "GET / HTTP/2.0" 200 499 "-" "-" "-"
85.192.30.175 - - [23/Dec/2024:13:01:02 +0900] "POST /wp-login.php?action=register HTTP/2.0" 403 199 "-" "-" "-"
66.249.79.72 - - [23/Dec/2024:13:01:14 +0900] "GET /epeza/u2707862.html HTTP/1.1" 200 34276 "-" "Mozilla/5.0 (Linux; Android 6.0.1; Nexus 5X Build/MMB29P) AppleWebKit/537.36 (KHTML, like Gecko) Chrome/131.0.6778.139 Mobile Safari/537.36 (compatible; Googlebot/2.1; +http://www.google.com/bot.html)" "-"
47.128.30.72 - - [23/Dec/2024:13:01:32 +0900] "GET /sahup/p3024095.html HTTP/2.0" 200 246 "-" "Mozilla/5.0 (Linux; Android 5.0) AppleWebKit/537.36 (KHTML, like Gecko) Mobile Safari/537.36 (compatible; Bytespider; spider-feedback@bytedance.com)" "-"
66.249.79.2 - - [23/Dec/2024:13:01:52 +0900] "GET /edeqq/s2605602.html HTTP/1.1" 200 34042 "-" "Mozilla/5.0 (Linux; Android 6.0.1; Nexus 5X Build/MMB29P) AppleWebKit/537.36 (KHTML, like Gecko) Chrome/131.0.6778.139 Mobile Safari/537.36 (compatible; Googlebot/2.1; +http://www.google.com/bot.html)" "-"
66.249.79.3 - - [23/Dec/2024:13:02:34 +0900] "GET /sgvii/p1866497.html HTTP/1.1" 200 34309 "-" "Mozilla/5.0 (Linux; Android 6.0.1; Nexus 5X Build/MMB29P) AppleWebKit/537.36 (KHTML, like Gecko) Chrome/131.0.6778.139 Mobile Safari/537.36 (compatible; Googlebot/2.1; +http://www.google.com/bot.html)" "-"
66.249.79.72 - - [23/Dec/2024:13:04:25 +0900] "GET /vgysv/h187071.html HTTP/1.1" 200 34346 "-" "Mozilla/5.0 (Linux; Android 6.0.1; Nexus 5X Build/MMB29P) AppleWebKit/537.36 (KHTML, like Gecko) Chrome/131.0.6778.139 Mobile Safari/537.36 (compatible; Googlebot/2.1; +http://www.google.com/bot.html)" "-"
66.249.79.73 - - [23/Dec/2024:13:04:41 +0900] "GET /tuczp/y2509252.html HTTP/1.1" 200 34159 "-" "Mozilla/5.0 (Linux; Android 6.0.1; Nexus 5X Build/MMB29P) AppleWebKit/537.36 (KHTML, like Gecko) Chrome/131.0.6778.139 Mobile Safari/537.36 (compatible; Googlebot/2.1; +http://www.google.com/bot.html)" "-"
66.249.79.72 - - [23/Dec/2024:13:05:20 +0900] "GET /cocyq/c1780710.html HTTP/1.1" 200 34922 "-" "Mozilla/5.0 (Linux; Android 6.0.1; Nexus 5X Build/MMB29P) AppleWebKit/537.36 (KHTML, like Gecko) Chrome/131.0.6778.139 Mobile Safari/537.36 (compatible; Googlebot/2.1; +http://www.google.com/bot.html)" "-"
