40.77.167.55 - - [23/Dec/2024:10:59:30 +0900] "GET /jjwpj/i2384405.html HTTP/2.0" 200 106466 "-" "Mozilla/5.0 AppleWebKit/537.36 (KHTML, like Gecko; compatible; bingbot/2.0; +http://www.bing.com/bingbot.htm) Chrome/116.0.1938.76 Safari/537.36" "-"
40.77.167.30 - - [23/Dec/2024:11:00:26 +0900] "GET /nludd/t2190118.html HTTP/2.0" 503 428 "-" "Mozilla/5.0 AppleWebKit/537.36 (KHTML, like Gecko; compatible; bingbot/2.0; +http://www.bing.com/bingbot.htm) Chrome/116.0.1938.76 Safari/537.36" "-"
118.27.99.84 - - [23/Dec/2024:11:01:00 +0900] "POST /wp-cron.php?doing_wp_cron=1734919260.6095860004425048828125 HTTP/1.1" 503 299 "-" "WordPress/6.7.1; https://fukuoka-toso.com" "-"
95.214.55.165 - - [23/Dec/2024:11:01:00 +0900] "GET /271/?unapproved=5&moderation-hash=b8a4ec39b2a207ba972884155d60f35d HTTP/1.0" 200 60139 "https://fukuoka-toso.com/271/?unapproved=5&moderation-hash=b8a4ec39b2a207ba972884155d60f35d#comment-5" "Mozilla/5.0 (Windows NT 10.0.0; Win64; x64; ) AppleWebKit/537.36 (KHTML, like Gecko) Chrome/124.0.6367.61 Chrome/124.0.6367.61 Not-A.Brand/99  Safari/537.36" "-"
95.214.55.165 - - [23/Dec/2024:11:01:16 +0900] "POST /wp-comments-post.php HTTP/1.0" 302 0 "https://fukuoka-toso.com/271/?unapproved=5&moderation-hash=b8a4ec39b2a207ba972884155d60f35d#comment-5" "Mozilla/5.0 (Windows NT 10.0.0; Win64; x64; ) AppleWebKit/537.36 (KHTML, like Gecko) Chrome/124.0.6367.61 Chrome/124.0.6367.61 Not-A.Brand/99  Safari/537.36" "-"
95.214.55.165 - - [23/Dec/2024:11:01:18 +0900] "GET /271/?unapproved=775&moderation-hash=f0d75f7af2bc2c0b8324f935111aefaf HTTP/1.0" 200 61726 "https://fukuoka-toso.com/271/?unapproved=775&moderation-hash=f0d75f7af2bc2c0b8324f935111aefaf#comment-775" "Mozilla/5.0 (Windows NT 10.0.0; Win64; x64; ) AppleWebKit/537.36 (KHTML, like Gecko) Chrome/124.0.6367.61 Chrome/124.0.6367.61 Not-A.Brand/99  Safari/537.36" "-"
40.77.167.55 - - [23/Dec/2024:11:01:46 +0900] "GET /xepuz/h2195254.html HTTP/2.0" 200 105045 "-" "Mozilla/5.0 AppleWebKit/537.36 (KHTML, like Gecko; compatible; bingbot/2.0; +http://www.bing.com/bingbot.htm) Chrome/116.0.1938.76 Safari/537.36" "-"
40.77.167.55 - - [23/Dec/2024:11:01:46 +0900] "GET /iikfb/b2364742.html HTTP/2.0" 503 428 "-" "Mozilla/5.0 AppleWebKit/537.36 (KHTML, like Gecko; compatible; bingbot/2.0; +http://www.bing.com/bingbot.htm) Chrome/116.0.1938.76 Safari/537.36" "-"
40.77.167.55 - - [23/Dec/2024:11:02:14 +0900] "GET /iikfb/b2364742.html HTTP/2.0" 503 428 "-" "Mozilla/5.0 AppleWebKit/537.36 (KHTML, like Gecko; compatible; bingbot/2.0; +http://www.bing.com/bingbot.htm) Chrome/116.0.1938.76 Safari/537.36" "-"
150.109.253.34 - - [23/Dec/2024:11:02:22 +0900] "GET / HTTP/1.1" 301 162 "-" "Mozilla/5.0 (iPhone; CPU iPhone OS 13_2_3 like Mac OS X) AppleWebKit/605.1.15 (KHTML, like Gecko) Version/13.0.3 Mobile/15E148 Safari/604.1" "-"
40.77.167.30 - - [23/Dec/2024:11:02:26 +0900] "GET /nludd/t2190118.html HTTP/2.0" 200 105003 "-" "Mozilla/5.0 AppleWebKit/537.36 (KHTML, like Gecko; compatible; bingbot/2.0; +http://www.bing.com/bingbot.htm) Chrome/116.0.1938.76 Safari/537.36" "-"
150.109.253.34 - - [23/Dec/2024:11:02:27 +0900] "GET / HTTP/1.1" 503 299 "http://fukuoka-toso.com" "Mozilla/5.0 (iPhone; CPU iPhone OS 13_2_3 like Mac OS X) AppleWebKit/605.1.15 (KHTML, like Gecko) Version/13.0.3 Mobile/15E148 Safari/604.1" "-"
40.77.167.30 - - [23/Dec/2024:11:02:28 +0900] "GET /gexcy/f2118214.html HTTP/2.0" 503 428 "-" "Mozilla/5.0 AppleWebKit/537.36 (KHTML, like Gecko; compatible; bingbot/2.0; +http://www.bing.com/bingbot.htm) Chrome/116.0.1938.76 Safari/537.36" "-"
40.77.167.30 - - [23/Dec/2024:11:02:57 +0900] "GET /gexcy/f2118214.html HTTP/2.0" 200 107688 "-" "Mozilla/5.0 AppleWebKit/537.36 (KHTML, like Gecko; compatible; bingbot/2.0; +http://www.bing.com/bingbot.htm) Chrome/116.0.1938.76 Safari/537.36" "-"
52.167.144.145 - - [23/Dec/2024:11:03:48 +0900] "GET /otmuc/z2392430.html HTTP/2.0" 503 428 "-" "Mozilla/5.0 AppleWebKit/537.36 (KHTML, like Gecko; compatible; bingbot/2.0; +http://www.bing.com/bingbot.htm) Chrome/116.0.1938.76 Safari/537.36" "-"
52.167.144.145 - - [23/Dec/2024:11:03:50 +0900] "GET /ucyux/p2152882.html HTTP/2.0" 200 106866 "-" "Mozilla/5.0 AppleWebKit/537.36 (KHTML, like Gecko; compatible; bingbot/2.0; +http://www.bing.com/bingbot.htm) Chrome/116.0.1938.76 Safari/537.36" "-"
52.167.144.145 - - [23/Dec/2024:11:03:53 +0900] "GET /qakzd/t2244770.html HTTP/2.0" 200 106120 "-" "Mozilla/5.0 AppleWebKit/537.36 (KHTML, like Gecko; compatible; bingbot/2.0; +http://www.bing.com/bingbot.htm) Chrome/116.0.1938.76 Safari/537.36" "-"
52.167.144.145 - - [23/Dec/2024:11:04:19 +0900] "GET /otmuc/z2392430.html HTTP/2.0" 200 105325 "-" "Mozilla/5.0 AppleWebKit/537.36 (KHTML, like Gecko; compatible; bingbot/2.0; +http://www.bing.com/bingbot.htm) Chrome/116.0.1938.76 Safari/537.36" "-"
40.77.167.45 - - [23/Dec/2024:11:04:55 +0900] "GET /cbuud/w2101201.html HTTP/2.0" 503 428 "-" "Mozilla/5.0 AppleWebKit/537.36 (KHTML, like Gecko; compatible; bingbot/2.0; +http://www.bing.com/bingbot.htm) Chrome/116.0.1938.76 Safari/537.36" "-"
40.77.167.45 - - [23/Dec/2024:11:05:16 +0900] "GET /cbuud/w2101201.html HTTP/2.0" 200 106512 "-" "Mozilla/5.0 AppleWebKit/537.36 (KHTML, like Gecko; compatible; bingbot/2.0; +http://www.bing.com/bingbot.htm) Chrome/116.0.1938.76 Safari/537.36" "-"
40.77.167.45 - - [23/Dec/2024:11:05:17 +0900] "GET /zrsmd/e2255363.html HTTP/2.0" 200 105756 "-" "Mozilla/5.0 AppleWebKit/537.36 (KHTML, like Gecko; compatible; bingbot/2.0; +http://www.bing.com/bingbot.htm) Chrome/116.0.1938.76 Safari/537.36" "-"
40.77.167.45 - - [23/Dec/2024:11:05:20 +0900] "GET /mdrze/j1553628.html HTTP/2.0" 200 106058 "-" "Mozilla/5.0 AppleWebKit/537.36 (KHTML, like Gecko; compatible; bingbot/2.0; +http://www.bing.com/bingbot.htm) Chrome/116.0.1938.76 Safari/537.36" "-"
40.77.167.30 - - [23/Dec/2024:11:06:06 +0900] "GET /tsbsj/f2206250.html HTTP/2.0" 200 105481 "-" "Mozilla/5.0 AppleWebKit/537.36 (KHTML, like Gecko; compatible; bingbot/2.0; +http://www.bing.com/bingbot.htm) Chrome/116.0.1938.76 Safari/537.36" "-"
52.167.144.145 - - [23/Dec/2024:11:06:11 +0900] "GET /efroi/p2336494.html HTTP/2.0" 200 105102 "-" "Mozilla/5.0 AppleWebKit/537.36 (KHTML, like Gecko; compatible; bingbot/2.0; +http://www.bing.com/bingbot.htm) Chrome/116.0.1938.76 Safari/537.36" "-"
52.167.144.145 - - [23/Dec/2024:11:06:12 +0900] "GET /qipcb/g2182175.html HTTP/2.0" 200 105502 "-" "Mozilla/5.0 AppleWebKit/537.36 (KHTML, like Gecko; compatible; bingbot/2.0; +http://www.bing.com/bingbot.htm) Chrome/116.0.1938.76 Safari/537.36" "-"
52.167.144.145 - - [23/Dec/2024:11:06:14 +0900] "GET /cjvrm/q2262343.html HTTP/2.0" 200 105251 "-" "Mozilla/5.0 AppleWebKit/537.36 (KHTML, like Gecko; compatible; bingbot/2.0; +http://www.bing.com/bingbot.htm) Chrome/116.0.1938.76 Safari/537.36" "-"
40.77.167.45 - - [23/Dec/2024:11:06:15 +0900] "GET /occqa/d2249824.html HTTP/2.0" 503 428 "-" "Mozilla/5.0 AppleWebKit/537.36 (KHTML, like Gecko; compatible; bingbot/2.0; +http://www.bing.com/bingbot.htm) Chrome/116.0.1938.76 Safari/537.36" "-"
40.77.167.45 - - [23/Dec/2024:11:06:44 +0900] "GET /occqa/d2249824.html HTTP/2.0" 503 428 "-" "Mozilla/5.0 AppleWebKit/537.36 (KHTML, like Gecko; compatible; bingbot/2.0; +http://www.bing.com/bingbot.htm) Chrome/116.0.1938.76 Safari/537.36" "-"
40.77.167.45 - - [23/Dec/2024:11:07:16 +0900] "GET /xsxnl/l2174068.html HTTP/2.0" 200 104884 "-" "Mozilla/5.0 AppleWebKit/537.36 (KHTML, like Gecko; compatible; bingbot/2.0; +http://www.bing.com/bingbot.htm) Chrome/116.0.1938.76 Safari/537.36" "-"
40.77.167.30 - - [23/Dec/2024:11:08:16 +0900] "GET /hbpca/g2432555.html HTTP/2.0" 200 105155 "-" "Mozilla/5.0 AppleWebKit/537.36 (KHTML, like Gecko; compatible; bingbot/2.0; +http://www.bing.com/bingbot.htm) Chrome/116.0.1938.76 Safari/537.36" "-"
40.77.167.30 - - [23/Dec/2024:11:08:36 +0900] "GET /yjjhm/q2337457.html HTTP/2.0" 503 428 "-" "Mozilla/5.0 AppleWebKit/537.36 (KHTML, like Gecko; compatible; bingbot/2.0; +http://www.bing.com/bingbot.htm) Chrome/116.0.1938.76 Safari/537.36" "-"
40.77.167.30 - - [23/Dec/2024:11:08:37 +0900] "GET /qlfvm/f2376940.html HTTP/2.0" 200 105751 "-" "Mozilla/5.0 AppleWebKit/537.36 (KHTML, like Gecko; compatible; bingbot/2.0; +http://www.bing.com/bingbot.htm) Chrome/116.0.1938.76 Safari/537.36" "-"
40.77.167.30 - - [23/Dec/2024:11:08:57 +0900] "GET /yjjhm/q2337457.html HTTP/2.0" 200 105710 "-" "Mozilla/5.0 AppleWebKit/537.36 (KHTML, like Gecko; compatible; bingbot/2.0; +http://www.bing.com/bingbot.htm) Chrome/116.0.1938.76 Safari/537.36" "-"
40.77.167.45 - - [23/Dec/2024:11:09:06 +0900] "GET /rciqq/j1470168.html HTTP/2.0" 200 107193 "-" "Mozilla/5.0 AppleWebKit/537.36 (KHTML, like Gecko; compatible; bingbot/2.0; +http://www.bing.com/bingbot.htm) Chrome/116.0.1938.76 Safari/537.36" "-"
52.167.144.145 - - [23/Dec/2024:11:10:49 +0900] "GET /lafbl/z1477230.html HTTP/2.0" 503 428 "-" "Mozilla/5.0 AppleWebKit/537.36 (KHTML, like Gecko; compatible; bingbot/2.0; +http://www.bing.com/bingbot.htm) Chrome/116.0.1938.76 Safari/537.36" "-"
52.167.144.145 - - [23/Dec/2024:11:10:49 +0900] "GET /pgxci/t323682.html HTTP/2.0" 503 428 "-" "Mozilla/5.0 AppleWebKit/537.36 (KHTML, like Gecko; compatible; bingbot/2.0; +http://www.bing.com/bingbot.htm) Chrome/116.0.1938.76 Safari/537.36" "-"
52.167.144.145 - - [23/Dec/2024:11:10:59 +0900] "GET /zhyhd/f2306402.html HTTP/2.0" 200 105961 "-" "Mozilla/5.0 AppleWebKit/537.36 (KHTML, like Gecko; compatible; bingbot/2.0; +http://www.bing.com/bingbot.htm) Chrome/116.0.1938.76 Safari/537.36" "-"
52.167.144.145 - - [23/Dec/2024:11:10:59 +0900] "GET /rqrpf/j2285216.html HTTP/2.0" 503 428 "-" "Mozilla/5.0 AppleWebKit/537.36 (KHTML, like Gecko; compatible; bingbot/2.0; +http://www.bing.com/bingbot.htm) Chrome/116.0.1938.76 Safari/537.36" "-"
52.167.144.145 - - [23/Dec/2024:11:11:03 +0900] "GET /lzlaq/b2285858.html HTTP/2.0" 200 108739 "-" "Mozilla/5.0 AppleWebKit/537.36 (KHTML, like Gecko; compatible; bingbot/2.0; +http://www.bing.com/bingbot.htm) Chrome/116.0.1938.76 Safari/537.36" "-"
52.167.144.225 - - [23/Dec/2024:11:11:29 +0900] "GET /rqrpf/j2285216.html HTTP/2.0" 503 428 "-" "Mozilla/5.0 AppleWebKit/537.36 (KHTML, like Gecko; compatible; bingbot/2.0; +http://www.bing.com/bingbot.htm) Chrome/116.0.1938.76 Safari/537.36" "-"
52.167.144.225 - - [23/Dec/2024:11:11:50 +0900] "GET /tffsg/z2208818.html HTTP/2.0" 200 106891 "-" "Mozilla/5.0 AppleWebKit/537.36 (KHTML, like Gecko; compatible; bingbot/2.0; +http://www.bing.com/bingbot.htm) Chrome/116.0.1938.76 Safari/537.36" "-"
52.167.144.225 - - [23/Dec/2024:11:11:54 +0900] "GET /ukeqh/m2162915.html HTTP/2.0" 200 107223 "-" "Mozilla/5.0 AppleWebKit/537.36 (KHTML, like Gecko; compatible; bingbot/2.0; +http://www.bing.com/bingbot.htm) Chrome/116.0.1938.76 Safari/537.36" "-"
52.167.144.225 - - [23/Dec/2024:11:11:55 +0900] "GET /cangw/z2175434.html HTTP/2.0" 200 104884 "-" "Mozilla/5.0 AppleWebKit/537.36 (KHTML, like Gecko; compatible; bingbot/2.0; +http://www.bing.com/bingbot.htm) Chrome/116.0.1938.76 Safari/537.36" "-"
40.77.167.35 - - [23/Dec/2024:11:16:07 +0900] "GET /esmys/i2334329.html HTTP/2.0" 200 104926 "-" "Mozilla/5.0 AppleWebKit/537.36 (KHTML, like Gecko; compatible; bingbot/2.0; +http://www.bing.com/bingbot.htm) Chrome/116.0.1938.76 Safari/537.36" "-"
40.77.167.72 - - [23/Dec/2024:11:16:11 +0900] "GET /oxoyu/x2273660.html HTTP/2.0" 200 105976 "-" "Mozilla/5.0 AppleWebKit/537.36 (KHTML, like Gecko; compatible; bingbot/2.0; +http://www.bing.com/bingbot.htm) Chrome/116.0.1938.76 Safari/537.36" "-"
52.167.144.225 - - [23/Dec/2024:11:16:29 +0900] "GET /giugq/h2249906.html HTTP/2.0" 503 428 "-" "Mozilla/5.0 AppleWebKit/537.36 (KHTML, like Gecko; compatible; bingbot/2.0; +http://www.bing.com/bingbot.htm) Chrome/116.0.1938.76 Safari/537.36" "-"
40.77.167.35 - - [23/Dec/2024:11:17:07 +0900] "GET /ruzpd/n2242762.html HTTP/2.0" 200 108084 "-" "Mozilla/5.0 AppleWebKit/537.36 (KHTML, like Gecko; compatible; bingbot/2.0; +http://www.bing.com/bingbot.htm) Chrome/116.0.1938.76 Safari/537.36" "-"
40.77.167.72 - - [23/Dec/2024:11:17:18 +0900] "GET /onlds/t2336576.html HTTP/2.0" 200 105868 "-" "Mozilla/5.0 AppleWebKit/537.36 (KHTML, like Gecko; compatible; bingbot/2.0; +http://www.bing.com/bingbot.htm) Chrome/116.0.1938.76 Safari/537.36" "-"
40.77.167.72 - - [23/Dec/2024:11:17:20 +0900] "GET /tvxii/o2365145.html HTTP/2.0" 200 105773 "-" "Mozilla/5.0 AppleWebKit/537.36 (KHTML, like Gecko; compatible; bingbot/2.0; +http://www.bing.com/bingbot.htm) Chrome/116.0.1938.76 Safari/537.36" "-"
52.167.144.225 - - [23/Dec/2024:11:17:22 +0900] "GET /giugq/h2249906.html HTTP/2.0" 503 428 "-" "Mozilla/5.0 AppleWebKit/537.36 (KHTML, like Gecko; compatible; bingbot/2.0; +http://www.bing.com/bingbot.htm) Chrome/116.0.1938.76 Safari/537.36" "-"
52.167.144.225 - - [23/Dec/2024:11:17:25 +0900] "GET /slaov/m2263067.html HTTP/2.0" 200 105563 "-" "Mozilla/5.0 AppleWebKit/537.36 (KHTML, like Gecko; compatible; bingbot/2.0; +http://www.bing.com/bingbot.htm) Chrome/116.0.1938.76 Safari/537.36" "-"
52.167.144.225 - - [23/Dec/2024:11:17:27 +0900] "GET /quxzx/w2172545.html HTTP/2.0" 200 105977 "-" "Mozilla/5.0 AppleWebKit/537.36 (KHTML, like Gecko; compatible; bingbot/2.0; +http://www.bing.com/bingbot.htm) Chrome/116.0.1938.76 Safari/537.36" "-"
52.167.144.225 - - [23/Dec/2024:11:17:29 +0900] "GET /bgohd/u2170619.html HTTP/2.0" 200 105826 "-" "Mozilla/5.0 AppleWebKit/537.36 (KHTML, like Gecko; compatible; bingbot/2.0; +http://www.bing.com/bingbot.htm) Chrome/116.0.1938.76 Safari/537.36" "-"
40.77.167.72 - - [23/Dec/2024:11:17:38 +0900] "GET /nyvtr/s2372767.html HTTP/2.0" 200 107326 "-" "Mozilla/5.0 AppleWebKit/537.36 (KHTML, like Gecko; compatible; bingbot/2.0; +http://www.bing.com/bingbot.htm) Chrome/116.0.1938.76 Safari/537.36" "-"
40.77.167.35 - - [23/Dec/2024:11:18:17 +0900] "GET /xhmav/u2124313.html HTTP/2.0" 200 105581 "-" "Mozilla/5.0 AppleWebKit/537.36 (KHTML, like Gecko; compatible; bingbot/2.0; +http://www.bing.com/bingbot.htm) Chrome/116.0.1938.76 Safari/537.36" "-"
40.77.167.35 - - [23/Dec/2024:11:19:27 +0900] "GET /aanma/a2410085.html HTTP/2.0" 200 105311 "-" "Mozilla/5.0 AppleWebKit/537.36 (KHTML, like Gecko; compatible; bingbot/2.0; +http://www.bing.com/bingbot.htm) Chrome/116.0.1938.76 Safari/537.36" "-"
40.77.167.72 - - [23/Dec/2024:11:19:31 +0900] "GET /smqgm/d2174710.html HTTP/2.0" 503 428 "-" "Mozilla/5.0 AppleWebKit/537.36 (KHTML, like Gecko; compatible; bingbot/2.0; +http://www.bing.com/bingbot.htm) Chrome/116.0.1938.76 Safari/537.36" "-"
40.77.167.72 - - [23/Dec/2024:11:19:32 +0900] "GET /pclxd/i2371483.html HTTP/2.0" 503 428 "-" "Mozilla/5.0 AppleWebKit/537.36 (KHTML, like Gecko; compatible; bingbot/2.0; +http://www.bing.com/bingbot.htm) Chrome/116.0.1938.76 Safari/537.36" "-"
40.77.167.72 - - [23/Dec/2024:11:19:59 +0900] "GET /smqgm/d2174710.html HTTP/2.0" 200 107540 "-" "Mozilla/5.0 AppleWebKit/537.36 (KHTML, like Gecko; compatible; bingbot/2.0; +http://www.bing.com/bingbot.htm) Chrome/116.0.1938.76 Safari/537.36" "-"
52.167.144.225 - - [23/Dec/2024:11:20:02 +0900] "GET /xpkny/r2096386.html HTTP/2.0" 503 428 "-" "Mozilla/5.0 AppleWebKit/537.36 (KHTML, like Gecko; compatible; bingbot/2.0; +http://www.bing.com/bingbot.htm) Chrome/116.0.1938.76 Safari/537.36" "-"
40.77.167.72 - - [23/Dec/2024:11:20:04 +0900] "GET /pclxd/i2371483.html HTTP/2.0" 200 106678 "-" "Mozilla/5.0 AppleWebKit/537.36 (KHTML, like Gecko; compatible; bingbot/2.0; +http://www.bing.com/bingbot.htm) Chrome/116.0.1938.76 Safari/537.36" "-"
40.77.167.72 - - [23/Dec/2024:11:20:07 +0900] "GET /kvyob/f2101522.html HTTP/2.0" 200 106224 "-" "Mozilla/5.0 AppleWebKit/537.36 (KHTML, like Gecko; compatible; bingbot/2.0; +http://www.bing.com/bingbot.htm) Chrome/116.0.1938.76 Safari/537.36" "-"
40.77.167.35 - - [23/Dec/2024:11:20:09 +0900] "GET /eeeei/t2098312.html HTTP/2.0" 200 105840 "-" "Mozilla/5.0 AppleWebKit/537.36 (KHTML, like Gecko; compatible; bingbot/2.0; +http://www.bing.com/bingbot.htm) Chrome/116.0.1938.76 Safari/537.36" "-"
40.77.167.35 - - [23/Dec/2024:11:20:13 +0900] "GET /mnpem/o2368915.html HTTP/2.0" 200 106500 "-" "Mozilla/5.0 AppleWebKit/537.36 (KHTML, like Gecko; compatible; bingbot/2.0; +http://www.bing.com/bingbot.htm) Chrome/116.0.1938.76 Safari/537.36" "-"
52.167.144.225 - - [23/Dec/2024:11:20:51 +0900] "GET /xpkny/r2096386.html HTTP/2.0" 200 106734 "-" "Mozilla/5.0 AppleWebKit/537.36 (KHTML, like Gecko; compatible; bingbot/2.0; +http://www.bing.com/bingbot.htm) Chrome/116.0.1938.76 Safari/537.36" "-"
52.167.144.225 - - [23/Dec/2024:11:20:53 +0900] "GET /giwcf/d2246054.html HTTP/2.0" 200 105699 "-" "Mozilla/5.0 AppleWebKit/537.36 (KHTML, like Gecko; compatible; bingbot/2.0; +http://www.bing.com/bingbot.htm) Chrome/116.0.1938.76 Safari/537.36" "-"
40.77.167.41 - - [23/Dec/2024:11:22:17 +0900] "GET /yynlj/l1480440.html HTTP/2.0" 503 428 "-" "Mozilla/5.0 AppleWebKit/537.36 (KHTML, like Gecko; compatible; bingbot/2.0; +http://www.bing.com/bingbot.htm) Chrome/116.0.1938.76 Safari/537.36" "-"
40.77.167.41 - - [23/Dec/2024:11:22:47 +0900] "GET /qcxxw/g2094139.html HTTP/2.0" 503 428 "-" "Mozilla/5.0 AppleWebKit/537.36 (KHTML, like Gecko; compatible; bingbot/2.0; +http://www.bing.com/bingbot.htm) Chrome/116.0.1938.76 Safari/537.36" "-"
40.77.167.41 - - [23/Dec/2024:11:22:49 +0900] "GET /xovrx/d2241478.html HTTP/2.0" 200 107699 "-" "Mozilla/5.0 AppleWebKit/537.36 (KHTML, like Gecko; compatible; bingbot/2.0; +http://www.bing.com/bingbot.htm) Chrome/116.0.1938.76 Safari/537.36" "-"
40.77.167.41 - - [23/Dec/2024:11:22:58 +0900] "GET /gkbal/g2332403.html HTTP/2.0" 200 105539 "-" "Mozilla/5.0 AppleWebKit/537.36 (KHTML, like Gecko; compatible; bingbot/2.0; +http://www.bing.com/bingbot.htm) Chrome/116.0.1938.76 Safari/537.36" "-"
40.77.167.41 - - [23/Dec/2024:11:24:28 +0900] "GET /qcxxw/g2094139.html HTTP/2.0" 200 105418 "-" "Mozilla/5.0 AppleWebKit/537.36 (KHTML, like Gecko; compatible; bingbot/2.0; +http://www.bing.com/bingbot.htm) Chrome/116.0.1938.76 Safari/537.36" "-"
40.77.167.41 - - [23/Dec/2024:11:24:30 +0900] "GET /yqwhs/i2359367.html HTTP/2.0" 200 105167 "-" "Mozilla/5.0 AppleWebKit/537.36 (KHTML, like Gecko; compatible; bingbot/2.0; +http://www.bing.com/bingbot.htm) Chrome/116.0.1938.76 Safari/537.36" "-"
52.167.144.163 - - [23/Dec/2024:11:24:33 +0900] "GET /cgcxo/b2373088.html HTTP/2.0" 200 105312 "-" "Mozilla/5.0 AppleWebKit/537.36 (KHTML, like Gecko; compatible; bingbot/2.0; +http://www.bing.com/bingbot.htm) Chrome/116.0.1938.76 Safari/537.36" "-"
52.167.144.163 - - [23/Dec/2024:11:26:31 +0900] "GET /tclav/x394302.html HTTP/2.0" 503 428 "-" "Mozilla/5.0 AppleWebKit/537.36 (KHTML, like Gecko; compatible; bingbot/2.0; +http://www.bing.com/bingbot.htm) Chrome/116.0.1938.76 Safari/537.36" "-"
52.167.144.219 - - [23/Dec/2024:11:31:38 +0900] "GET /gdkgp/j2210102.html HTTP/2.0" 200 106043 "-" "Mozilla/5.0 AppleWebKit/537.36 (KHTML, like Gecko; compatible; bingbot/2.0; +http://www.bing.com/bingbot.htm) Chrome/116.0.1938.76 Safari/537.36" "-"
52.167.144.163 - - [23/Dec/2024:11:32:22 +0900] "GET /pmnzl/f2256326.html HTTP/2.0" 200 104999 "-" "Mozilla/5.0 AppleWebKit/537.36 (KHTML, like Gecko; compatible; bingbot/2.0; +http://www.bing.com/bingbot.htm) Chrome/116.0.1938.76 Safari/537.36" "-"
40.77.167.65 - - [23/Dec/2024:11:32:39 +0900] "GET /llhun/b2197822.html HTTP/2.0" 200 106352 "-" "Mozilla/5.0 AppleWebKit/537.36 (KHTML, like Gecko; compatible; bingbot/2.0; +http://www.bing.com/bingbot.htm) Chrome/116.0.1938.76 Safari/537.36" "-"
40.77.167.65 - - [23/Dec/2024:11:32:42 +0900] "GET /aclko/g2219329.html HTTP/2.0" 503 428 "-" "Mozilla/5.0 AppleWebKit/537.36 (KHTML, like Gecko; compatible; bingbot/2.0; +http://www.bing.com/bingbot.htm) Chrome/116.0.1938.76 Safari/537.36" "-"
40.77.167.65 - - [23/Dec/2024:11:33:09 +0900] "GET /aclko/g2219329.html HTTP/2.0" 200 105170 "-" "Mozilla/5.0 AppleWebKit/537.36 (KHTML, like Gecko; compatible; bingbot/2.0; +http://www.bing.com/bingbot.htm) Chrome/116.0.1938.76 Safari/537.36" "-"
95.214.55.165 - - [23/Dec/2024:11:33:45 +0900] "GET /271/?unapproved=5&moderation-hash=b8a4ec39b2a207ba972884155d60f35d HTTP/1.0" 503 428 "https://fukuoka-toso.com/271/?unapproved=5&moderation-hash=b8a4ec39b2a207ba972884155d60f35d#comment-5" "Mozilla/5.0 (Windows NT 10.0.0; Win64; x64; ) AppleWebKit/537.36 (KHTML, like Gecko) Chrome/124.0.6367.62 Chrome/124.0.6367.62 Not-A.Brand/99  Safari/537.36" "-"
52.167.144.219 - - [23/Dec/2024:11:33:57 +0900] "GET /jakoo/r313410.html HTTP/2.0" 503 428 "-" "Mozilla/5.0 AppleWebKit/537.36 (KHTML, like Gecko; compatible; bingbot/2.0; +http://www.bing.com/bingbot.htm) Chrome/116.0.1938.76 Safari/537.36" "-"
40.77.167.22 - - [23/Dec/2024:11:34:32 +0900] "GET /dvdxv/i2221255.html HTTP/2.0" 200 105285 "-" "Mozilla/5.0 AppleWebKit/537.36 (KHTML, like Gecko; compatible; bingbot/2.0; +http://www.bing.com/bingbot.htm) Chrome/116.0.1938.76 Safari/537.36" "-"
52.167.144.219 - - [23/Dec/2024:11:34:48 +0900] "GET /fuvcw/s2214193.html HTTP/2.0" 200 106577 "-" "Mozilla/5.0 AppleWebKit/537.36 (KHTML, like Gecko; compatible; bingbot/2.0; +http://www.bing.com/bingbot.htm) Chrome/116.0.1938.76 Safari/537.36" "-"
52.167.144.219 - - [23/Dec/2024:11:34:49 +0900] "GET /saswk/k2365063.html HTTP/2.0" 200 105685 "-" "Mozilla/5.0 AppleWebKit/537.36 (KHTML, like Gecko; compatible; bingbot/2.0; +http://www.bing.com/bingbot.htm) Chrome/116.0.1938.76 Safari/537.36" "-"
40.77.167.22 - - [23/Dec/2024:11:35:01 +0900] "GET /rjnsi/s2247577.html HTTP/2.0" 200 105569 "-" "Mozilla/5.0 AppleWebKit/537.36 (KHTML, like Gecko; compatible; bingbot/2.0; +http://www.bing.com/bingbot.htm) Chrome/116.0.1938.76 Safari/537.36" "-"
40.77.167.22 - - [23/Dec/2024:11:35:02 +0900] "GET /voplo/k2164759.html HTTP/2.0" 503 428 "-" "Mozilla/5.0 AppleWebKit/537.36 (KHTML, like Gecko; compatible; bingbot/2.0; +http://www.bing.com/bingbot.htm) Chrome/116.0.1938.76 Safari/537.36" "-"
40.77.167.65 - - [23/Dec/2024:11:35:29 +0900] "GET /lnuke/c324003.html HTTP/2.0" 200 105735 "-" "Mozilla/5.0 AppleWebKit/537.36 (KHTML, like Gecko; compatible; bingbot/2.0; +http://www.bing.com/bingbot.htm) Chrome/116.0.1938.76 Safari/537.36" "-"
40.77.167.22 - - [23/Dec/2024:11:35:35 +0900] "GET /voplo/k2164759.html HTTP/2.0" 200 105372 "-" "Mozilla/5.0 AppleWebKit/537.36 (KHTML, like Gecko; compatible; bingbot/2.0; +http://www.bing.com/bingbot.htm) Chrome/116.0.1938.76 Safari/537.36" "-"
52.167.144.232 - - [23/Dec/2024:11:44:49 +0900] "GET /uukis/q254025.html HTTP/2.0" 503 428 "-" "Mozilla/5.0 AppleWebKit/537.36 (KHTML, like Gecko; compatible; bingbot/2.0; +http://www.bing.com/bingbot.htm) Chrome/116.0.1938.76 Safari/537.36" "-"
52.167.144.214 - - [23/Dec/2024:11:53:13 +0900] "GET /tqoui/x2248622.html HTTP/2.0" 200 106295 "-" "Mozilla/5.0 AppleWebKit/537.36 (KHTML, like Gecko; compatible; bingbot/2.0; +http://www.bing.com/bingbot.htm) Chrome/116.0.1938.76 Safari/537.36" "-"
52.167.144.214 - - [23/Dec/2024:11:53:14 +0900] "GET /ppjpp/x2198546.html HTTP/2.0" 503 428 "-" "Mozilla/5.0 AppleWebKit/537.36 (KHTML, like Gecko; compatible; bingbot/2.0; +http://www.bing.com/bingbot.htm) Chrome/116.0.1938.76 Safari/537.36" "-"
52.167.144.214 - - [23/Dec/2024:11:53:16 +0900] "GET /xxgej/d2221016.html HTTP/2.0" 200 108054 "-" "Mozilla/5.0 AppleWebKit/537.36 (KHTML, like Gecko; compatible; bingbot/2.0; +http://www.bing.com/bingbot.htm) Chrome/116.0.1938.76 Safari/537.36" "-"
52.167.144.214 - - [23/Dec/2024:11:53:43 +0900] "GET /ppjpp/x2198546.html HTTP/2.0" 503 428 "-" "Mozilla/5.0 AppleWebKit/537.36 (KHTML, like Gecko; compatible; bingbot/2.0; +http://www.bing.com/bingbot.htm) Chrome/116.0.1938.76 Safari/537.36" "-"
52.167.144.225 - - [23/Dec/2024:11:53:48 +0900] "GET /kyoyo/z2354470.html HTTP/2.0" 200 105475 "-" "Mozilla/5.0 AppleWebKit/537.36 (KHTML, like Gecko; compatible; bingbot/2.0; +http://www.bing.com/bingbot.htm) Chrome/116.0.1938.76 Safari/537.36" "-"
40.77.167.44 - - [23/Dec/2024:11:54:42 +0900] "GET /jpfgl/o393981.html HTTP/2.0" 503 428 "-" "Mozilla/5.0 AppleWebKit/537.36 (KHTML, like Gecko; compatible; bingbot/2.0; +http://www.bing.com/bingbot.htm) Chrome/116.0.1938.76 Safari/537.36" "-"
40.77.167.6 - - [23/Dec/2024:11:56:03 +0900] "GET /tehji/x2231930.html HTTP/2.0" 503 428 "-" "Mozilla/5.0 AppleWebKit/537.36 (KHTML, like Gecko; compatible; bingbot/2.0; +http://www.bing.com/bingbot.htm) Chrome/116.0.1938.76 Safari/537.36" "-"
40.77.167.44 - - [23/Dec/2024:11:56:09 +0900] "GET /blzef/p2174150.html HTTP/2.0" 503 428 "-" "Mozilla/5.0 AppleWebKit/537.36 (KHTML, like Gecko; compatible; bingbot/2.0; +http://www.bing.com/bingbot.htm) Chrome/116.0.1938.76 Safari/537.36" "-"
52.167.144.191 - - [23/Dec/2024:11:56:14 +0900] "GET /ceeqi/r2234498.html HTTP/2.0" 200 106081 "-" "Mozilla/5.0 AppleWebKit/537.36 (KHTML, like Gecko; compatible; bingbot/2.0; +http://www.bing.com/bingbot.htm) Chrome/116.0.1938.76 Safari/537.36" "-"
52.167.144.191 - - [23/Dec/2024:11:56:16 +0900] "GET /lebhd/m2404949.html HTTP/2.0" 200 105236 "-" "Mozilla/5.0 AppleWebKit/537.36 (KHTML, like Gecko; compatible; bingbot/2.0; +http://www.bing.com/bingbot.htm) Chrome/116.0.1938.76 Safari/537.36" "-"
40.77.167.6 - - [23/Dec/2024:11:56:24 +0900] "GET /tehji/x2231930.html HTTP/2.0" 200 105755 "-" "Mozilla/5.0 AppleWebKit/537.36 (KHTML, like Gecko; compatible; bingbot/2.0; +http://www.bing.com/bingbot.htm) Chrome/116.0.1938.76 Safari/537.36" "-"
52.167.144.191 - - [23/Dec/2024:11:56:41 +0900] "GET /dgggw/y2169895.html HTTP/2.0" 200 106474 "-" "Mozilla/5.0 AppleWebKit/537.36 (KHTML, like Gecko; compatible; bingbot/2.0; +http://www.bing.com/bingbot.htm) Chrome/116.0.1938.76 Safari/537.36" "-"
118.27.99.84 - - [23/Dec/2024:12:06:06 +0900] "POST /wp-cron.php?doing_wp_cron=1734923165.6487588882446289062500 HTTP/1.1" 200 118 "-" "WordPress/6.7.1; https://fukuoka-toso.com" "-"
95.214.55.165 - - [23/Dec/2024:12:06:06 +0900] "GET /271/?unapproved=5&moderation-hash=b8a4ec39b2a207ba972884155d60f35d HTTP/1.0" 200 60139 "https://fukuoka-toso.com/271/?unapproved=5&moderation-hash=b8a4ec39b2a207ba972884155d60f35d#comment-5" "Mozilla/5.0 (Windows NT 10.0; Win64; x64) AppleWebKit/537.36 (KHTML, like Gecko) Chrome/124.0.6367.92 Safari/537.36" "-"
95.214.55.165 - - [23/Dec/2024:12:06:22 +0900] "POST /wp-comments-post.php HTTP/1.0" 302 0 "https://fukuoka-toso.com/271/?unapproved=5&moderation-hash=b8a4ec39b2a207ba972884155d60f35d#comment-5" "Mozilla/5.0 (Windows NT 10.0; Win64; x64) AppleWebKit/537.36 (KHTML, like Gecko) Chrome/124.0.6367.92 Safari/537.36" "-"
95.214.55.165 - - [23/Dec/2024:12:06:23 +0900] "GET /271/?unapproved=776&moderation-hash=7a477d345d576acfce2a0cb8de2018f3 HTTP/1.0" 200 61715 "https://fukuoka-toso.com/271/?unapproved=776&moderation-hash=7a477d345d576acfce2a0cb8de2018f3#comment-776" "Mozilla/5.0 (Windows NT 10.0; Win64; x64) AppleWebKit/537.36 (KHTML, like Gecko) Chrome/124.0.6367.92 Safari/537.36" "-"
40.77.167.77 - - [23/Dec/2024:12:14:31 +0900] "GET /ddwyj/s514677.html HTTP/2.0" 503 428 "-" "Mozilla/5.0 AppleWebKit/537.36 (KHTML, like Gecko; compatible; bingbot/2.0; +http://www.bing.com/bingbot.htm) Chrome/116.0.1938.76 Safari/537.36" "-"
185.191.171.10 - - [23/Dec/2024:12:28:13 +0900] "GET /robots.txt HTTP/1.1" 200 185 "-" "Mozilla/5.0 (compatible; SemrushBot/7~bl; +http://www.semrush.com/bot.html)" "-"
85.208.96.199 - - [23/Dec/2024:12:28:20 +0900] "GET /treatment/ HTTP/1.1" 403 0 "-" "Mozilla/5.0 (compatible; SemrushBot/7~bl; +http://www.semrush.com/bot.html)" "-"
154.216.20.24 - - [23/Dec/2024:12:30:15 +0900] "GET / HTTP/2.0" 200 66747 "-" "Mozilla/5.0 (Windows NT 10.0; Win64; x64) AppleWebKit/537.36 (KHTML, like Gecko) Chrome/121.0.0.0 Safari/537.36 Edg/121.0.0.0 Agency/98.8.8188.80" "-"
154.216.20.24 - - [23/Dec/2024:12:30:20 +0900] "POST /contact/ HTTP/2.0" 404 42911 "-" "Mozilla/5.0 (Windows NT 10.0; Win64; x64) AppleWebKit/537.36 (KHTML, like Gecko) Chrome/121.0.0.0 Safari/537.36 Edg/121.0.0.0 Agency/98.8.8188.80" "-"
95.214.55.165 - - [23/Dec/2024:12:38:20 +0900] "GET /271/?unapproved=5&moderation-hash=b8a4ec39b2a207ba972884155d60f35d HTTP/1.0" 200 60139 "https://fukuoka-toso.com/271/?unapproved=5&moderation-hash=b8a4ec39b2a207ba972884155d60f35d#comment-5" "Mozilla/5.0 (Windows NT 10.0.0; Win64; x64; ) AppleWebKit/537.36 (KHTML, like Gecko) Chrome/124.0.6367.91 Chrome/124.0.6367.91 Not-A.Brand/99  Safari/537.36" "-"
95.214.55.165 - - [23/Dec/2024:12:38:35 +0900] "POST /wp-comments-post.php HTTP/1.0" 302 0 "https://fukuoka-toso.com/271/?unapproved=5&moderation-hash=b8a4ec39b2a207ba972884155d60f35d#comment-5" "Mozilla/5.0 (Windows NT 10.0.0; Win64; x64; ) AppleWebKit/537.36 (KHTML, like Gecko) Chrome/124.0.6367.91 Chrome/124.0.6367.91 Not-A.Brand/99  Safari/537.36" "-"
95.214.55.165 - - [23/Dec/2024:12:38:37 +0900] "GET /271/?unapproved=777&moderation-hash=8ef349312793771ea3f00915aac87d54 HTTP/1.0" 200 61717 "https://fukuoka-toso.com/271/?unapproved=777&moderation-hash=8ef349312793771ea3f00915aac87d54#comment-777" "Mozilla/5.0 (Windows NT 10.0.0; Win64; x64; ) AppleWebKit/537.36 (KHTML, like Gecko) Chrome/124.0.6367.91 Chrome/124.0.6367.91 Not-A.Brand/99  Safari/537.36" "-"
199.45.155.109 - - [23/Dec/2024:12:39:39 +0900] "GET / HTTP/1.1" 301 162 "-" "Mozilla/5.0 (compatible; CensysInspect/1.1; +https://about.censys.io/)" "-"
199.45.155.109 - - [23/Dec/2024:12:39:46 +0900] "GET / HTTP/1.1" 503 299 "-" "Mozilla/5.0 (compatible; CensysInspect/1.1; +https://about.censys.io/)" "-"
43.159.139.164 - - [23/Dec/2024:12:41:38 +0900] "GET / HTTP/1.1" 301 162 "-" "Mozilla/5.0 (iPhone; CPU iPhone OS 13_2_3 like Mac OS X) AppleWebKit/605.1.15 (KHTML, like Gecko) Version/13.0.3 Mobile/15E148 Safari/604.1" "-"
118.27.99.84 - - [23/Dec/2024:12:41:41 +0900] "POST /wp-cron.php?doing_wp_cron=1734925301.2280740737915039062500 HTTP/1.1" 503 299 "-" "WordPress/6.7.1; https://fukuoka-toso.com" "-"
43.159.139.164 - - [23/Dec/2024:12:41:41 +0900] "GET / HTTP/1.1" 200 16839 "http://fukuoka-toso.com" "Mozilla/5.0 (iPhone; CPU iPhone OS 13_2_3 like Mac OS X) AppleWebKit/605.1.15 (KHTML, like Gecko) Version/13.0.3 Mobile/15E148 Safari/604.1" "-"
52.167.144.230 - - [23/Dec/2024:12:44:05 +0900] "GET /tyafk/j355782.html HTTP/2.0" 200 106461 "-" "Mozilla/5.0 AppleWebKit/537.36 (KHTML, like Gecko; compatible; bingbot/2.0; +http://www.bing.com/bingbot.htm) Chrome/116.0.1938.76 Safari/537.36" "-"
52.167.144.218 - - [23/Dec/2024:12:44:25 +0900] "GET /zyqfq/a586887.html HTTP/2.0" 503 428 "-" "Mozilla/5.0 AppleWebKit/537.36 (KHTML, like Gecko; compatible; bingbot/2.0; +http://www.bing.com/bingbot.htm) Chrome/116.0.1938.76 Safari/537.36" "-"
52.167.144.230 - - [23/Dec/2024:12:44:55 +0900] "GET /ckgnx/l1588938.html HTTP/2.0" 200 106037 "-" "Mozilla/5.0 AppleWebKit/537.36 (KHTML, like Gecko; compatible; bingbot/2.0; +http://www.bing.com/bingbot.htm) Chrome/116.0.1938.76 Safari/537.36" "-"
52.167.144.218 - - [23/Dec/2024:12:44:58 +0900] "GET /wrzzv/w1641261.html HTTP/2.0" 503 428 "-" "Mozilla/5.0 AppleWebKit/537.36 (KHTML, like Gecko; compatible; bingbot/2.0; +http://www.bing.com/bingbot.htm) Chrome/116.0.1938.76 Safari/537.36" "-"
52.167.144.209 - - [23/Dec/2024:12:45:29 +0900] "GET /kmmxn/q345831.html HTTP/2.0" 200 105180 "-" "Mozilla/5.0 AppleWebKit/537.36 (KHTML, like Gecko; compatible; bingbot/2.0; +http://www.bing.com/bingbot.htm) Chrome/116.0.1938.76 Safari/537.36" "-"
52.167.144.136 - - [23/Dec/2024:12:51:27 +0900] "GET /tcpbn/x360918.html HTTP/2.0" 200 106197 "-" "Mozilla/5.0 AppleWebKit/537.36 (KHTML, like Gecko; compatible; bingbot/2.0; +http://www.bing.com/bingbot.htm) Chrome/116.0.1938.76 Safari/537.36" "-"
118.27.99.84 - - [23/Dec/2024:13:09:33 +0900] "POST /wp-cron.php?doing_wp_cron=1734926972.9980258941650390625000 HTTP/1.1" 503 299 "-" "WordPress/6.7.1; https://fukuoka-toso.com" "-"
80.85.245.241 - - [23/Dec/2024:13:09:33 +0900] "GET / HTTP/1.1" 200 16574 "-" "Mozilla/5.0 (Windows NT 10.0; Win64; x64) AppleWebKit/537.36 (KHTML, like Gecko) Chrome/120.0.0.0 Safari/537.36" "-"
80.85.245.241 - - [23/Dec/2024:13:09:35 +0900] "GET /comments/feed/ HTTP/1.1" 200 1028 "-" "Mozilla/5.0 (Windows NT 10.0; Win64; x64) AppleWebKit/537.36 (KHTML, like Gecko) Chrome/120.0.0.0 Safari/537.36" "-"
80.85.245.241 - - [23/Dec/2024:13:09:38 +0900] "GET /contact/ HTTP/1.1" 200 12024 "-" "Mozilla/5.0 (Windows NT 10.0; Win64; x64) AppleWebKit/537.36 (KHTML, like Gecko) Chrome/120.0.0.0 Safari/537.36" "-"
116.212.141.19 - - [23/Dec/2024:13:09:42 +0900] "POST /contact/ HTTP/1.1" 200 12158 "-" "Mozilla/5.0 (Windows NT 10.0; Win64; x64) AppleWebKit/537.36 (KHTML, like Gecko) Chrome/120.0.0.0 Safari/537.36" "-"
116.212.141.19 - - [23/Dec/2024:13:09:45 +0900] "POST /contact/ HTTP/1.1" 200 12023 "-" "Mozilla/5.0 (Windows NT 10.0; Win64; x64) AppleWebKit/537.36 (KHTML, like Gecko) Chrome/120.0.0.0 Safari/537.36" "-"
40.77.167.67 - - [23/Dec/2024:13:10:07 +0900] "GET /jrhzu/u399759.html HTTP/2.0" 200 105682 "-" "Mozilla/5.0 AppleWebKit/537.36 (KHTML, like Gecko; compatible; bingbot/2.0; +http://www.bing.com/bingbot.htm) Chrome/116.0.1938.76 Safari/537.36" "-"
124.236.100.56 - - [23/Dec/2024:13:10:48 +0900] "GET / HTTP/1.1" 503 299 "-" "Mozilla/5.0 (Windows NT 6.1; Win64; x64) AppleWebKit/537.36 (KHTML, like Gecko) Chrome/59.0.3071.115 Safari/537.36" "-"
95.214.55.165 - - [23/Dec/2024:13:11:06 +0900] "GET /271/?unapproved=5&moderation-hash=b8a4ec39b2a207ba972884155d60f35d HTTP/1.0" 503 428 "https://fukuoka-toso.com/271/?unapproved=5&moderation-hash=b8a4ec39b2a207ba972884155d60f35d#comment-5" "Mozilla/5.0 (Windows NT 10.0.0; Win64; x64; ) AppleWebKit/537.36 (KHTML, like Gecko) Chrome/124.0.6367.78 Chrome/124.0.6367.78 Not-A.Brand/99  Safari/537.36" "-"
40.77.167.41 - - [23/Dec/2024:13:13:09 +0900] "GET /vfzcj/w451761.html HTTP/2.0" 200 107052 "-" "Mozilla/5.0 AppleWebKit/537.36 (KHTML, like Gecko; compatible; bingbot/2.0; +http://www.bing.com/bingbot.htm) Chrome/116.0.1938.76 Safari/537.36" "-"
52.167.144.18 - - [23/Dec/2024:13:17:17 +0900] "GET /xqktn/n409710.html HTTP/2.0" 503 428 "-" "Mozilla/5.0 AppleWebKit/537.36 (KHTML, like Gecko; compatible; bingbot/2.0; +http://www.bing.com/bingbot.htm) Chrome/116.0.1938.76 Safari/537.36" "-"
52.167.144.18 - - [23/Dec/2024:13:25:49 +0900] "GET /onlla/h1660200.html HTTP/2.0" 200 106076 "-" "Mozilla/5.0 AppleWebKit/537.36 (KHTML, like Gecko; compatible; bingbot/2.0; +http://www.bing.com/bingbot.htm) Chrome/116.0.1938.76 Safari/537.36" "-"
124.236.100.56 - - [23/Dec/2024:13:27:50 +0900] "GET / HTTP/1.1" 301 162 "-" "Mozilla/5.0 (X11; Linux x86_64; rv:93.0) Gecko/20100101 Firefox/93.0" "-"
52.167.144.167 - - [23/Dec/2024:13:28:03 +0900] "GET /ilowu/w1194373.html HTTP/2.0" 200 107222 "-" "Mozilla/5.0 AppleWebKit/537.36 (KHTML, like Gecko; compatible; bingbot/2.0; +http://www.bing.com/bingbot.htm) Chrome/116.0.1938.76 Safari/537.36" "-"
118.27.99.84 - - [23/Dec/2024:13:34:01 +0900] "POST /wp-cron.php?doing_wp_cron=1734928441.2150890827178955078125 HTTP/1.1" 503 299 "-" "WordPress/6.7.1; https://fukuoka-toso.com" "-"
43.153.47.201 - - [23/Dec/2024:13:34:01 +0900] "GET /wall-paint/ HTTP/1.1" 200 13617 "-" "Mozilla/5.0 (iPhone; CPU iPhone OS 13_2_3 like Mac OS X) AppleWebKit/605.1.15 (KHTML, like Gecko) Version/13.0.3 Mobile/15E148 Safari/604.1" "-"
195.2.78.89 - - [23/Dec/2024:13:36:06 +0900] "GET / HTTP/1.1" 503 299 "-" "Mozilla/5.0 (Windows NT 10.0; Win64; x64) AppleWebKit/537.36 (KHTML, like Gecko) Chrome/120.0.0.0 Safari/537.36" "-"
52.167.144.163 - - [23/Dec/2024:13:38:00 +0900] "GET /ugpmg/n384672.html HTTP/2.0" 200 105975 "-" "Mozilla/5.0 AppleWebKit/537.36 (KHTML, like Gecko; compatible; bingbot/2.0; +http://www.bing.com/bingbot.htm) Chrome/116.0.1938.76 Safari/537.36" "-"
95.214.55.165 - - [23/Dec/2024:13:43:49 +0900] "GET /271/?unapproved=5&moderation-hash=b8a4ec39b2a207ba972884155d60f35d HTTP/1.0" 503 428 "https://fukuoka-toso.com/271/?unapproved=5&moderation-hash=b8a4ec39b2a207ba972884155d60f35d#comment-5" "Mozilla/5.0 (Windows NT 10.0.0; Win64; x64; ) AppleWebKit/537.36 (KHTML, like Gecko) Chrome/124.0.6367.119 Chrome/124.0.6367.119 Not-A.Brand/99  Safari/537.36" "-"
118.27.99.84 - - [23/Dec/2024:13:49:03 +0900] "POST /wp-cron.php?doing_wp_cron=1734929342.8955829143524169921875 HTTP/1.1" 200 118 "-" "WordPress/6.7.1; https://fukuoka-toso.com" "-"
43.153.48.240 - - [23/Dec/2024:13:49:03 +0900] "GET /roof-paint/ HTTP/1.1" 200 12857 "-" "Mozilla/5.0 (iPhone; CPU iPhone OS 13_2_3 like Mac OS X) AppleWebKit/605.1.15 (KHTML, like Gecko) Version/13.0.3 Mobile/15E148 Safari/604.1" "-"
43.157.207.78 - - [23/Dec/2024:13:52:39 +0900] "GET /price/ HTTP/1.1" 200 11841 "-" "Mozilla/5.0 (iPhone; CPU iPhone OS 13_2_3 like Mac OS X) AppleWebKit/605.1.15 (KHTML, like Gecko) Version/13.0.3 Mobile/15E148 Safari/604.1" "-"
195.2.78.89 - - [23/Dec/2024:13:53:52 +0900] "GET / HTTP/1.1" 200 16581 "-" "Mozilla/5.0 (Windows NT 10.0; Win64; x64) AppleWebKit/537.36 (KHTML, like Gecko) Chrome/120.0.0.0 Safari/537.36" "-"
195.2.78.89 - - [23/Dec/2024:13:53:55 +0900] "GET /comments/feed/ HTTP/1.1" 200 1028 "-" "Mozilla/5.0 (Windows NT 10.0; Win64; x64) AppleWebKit/537.36 (KHTML, like Gecko) Chrome/120.0.0.0 Safari/537.36" "-"
195.2.78.89 - - [23/Dec/2024:13:53:57 +0900] "GET /contact/ HTTP/1.1" 200 12026 "-" "Mozilla/5.0 (Windows NT 10.0; Win64; x64) AppleWebKit/537.36 (KHTML, like Gecko) Chrome/120.0.0.0 Safari/537.36" "-"
119.93.42.198 - - [23/Dec/2024:13:53:58 +0900] "POST /contact/ HTTP/1.1" 503 428 "-" "Mozilla/5.0 (Windows NT 10.0; Win64; x64) AppleWebKit/537.36 (KHTML, like Gecko) Chrome/120.0.0.0 Safari/537.36" "-"
119.93.42.198 - - [23/Dec/2024:13:54:01 +0900] "POST /contact/ HTTP/1.1" 200 12010 "-" "Mozilla/5.0 (Windows NT 10.0; Win64; x64) AppleWebKit/537.36 (KHTML, like Gecko) Chrome/120.0.0.0 Safari/537.36" "-"
40.77.167.65 - - [23/Dec/2024:13:56:52 +0900] "GET /edxhr/g981885.html HTTP/2.0" 200 106650 "-" "Mozilla/5.0 AppleWebKit/537.36 (KHTML, like Gecko; compatible; bingbot/2.0; +http://www.bing.com/bingbot.htm) Chrome/116.0.1938.76 Safari/537.36" "-"
124.236.100.56 - - [23/Dec/2024:14:04:04 +0900] "GET / HTTP/1.1" 200 16579 "-" "Mozilla/5.0 (Macintosh; Intel Mac OS X 10_9_3) AppleWebKit/537.75.14 (KHTML, like Gecko) Version/7.0.3 Safari/7046A194A" "-"
40.77.167.53 - - [23/Dec/2024:14:06:13 +0900] "GET /omjrn/l307632.html HTTP/2.0" 200 105716 "-" "Mozilla/5.0 AppleWebKit/537.36 (KHTML, like Gecko; compatible; bingbot/2.0; +http://www.bing.com/bingbot.htm) Chrome/116.0.1938.76 Safari/537.36" "-"
43.153.122.30 - - [23/Dec/2024:14:08:44 +0900] "GET /company/ HTTP/1.1" 503 428 "-" "Mozilla/5.0 (iPhone; CPU iPhone OS 13_2_3 like Mac OS X) AppleWebKit/605.1.15 (KHTML, like Gecko) Version/13.0.3 Mobile/15E148 Safari/604.1" "-"
95.214.55.165 - - [23/Dec/2024:14:16:59 +0900] "GET /271/?unapproved=5&moderation-hash=b8a4ec39b2a207ba972884155d60f35d HTTP/1.0" 200 60139 "https://fukuoka-toso.com/271/?unapproved=5&moderation-hash=b8a4ec39b2a207ba972884155d60f35d#comment-5" "Mozilla/5.0 (Windows NT 10.0.0; Win64; x64; ) AppleWebKit/537.36 (KHTML, like Gecko) Chrome/124.0.6367.93 Chrome/124.0.6367.93 Not-A.Brand/99  Safari/537.36" "-"
52.167.144.167 - - [23/Dec/2024:14:17:14 +0900] "GET /iakcf/z404574.html HTTP/2.0" 200 105821 "-" "Mozilla/5.0 AppleWebKit/537.36 (KHTML, like Gecko; compatible; bingbot/2.0; +http://www.bing.com/bingbot.htm) Chrome/116.0.1938.76 Safari/537.36" "-"
95.214.55.165 - - [23/Dec/2024:14:17:15 +0900] "POST /wp-comments-post.php HTTP/1.0" 302 0 "https://fukuoka-toso.com/271/?unapproved=5&moderation-hash=b8a4ec39b2a207ba972884155d60f35d#comment-5" "Mozilla/5.0 (Windows NT 10.0.0; Win64; x64; ) AppleWebKit/537.36 (KHTML, like Gecko) Chrome/124.0.6367.93 Chrome/124.0.6367.93 Not-A.Brand/99  Safari/537.36" "-"
95.214.55.165 - - [23/Dec/2024:14:17:17 +0900] "GET /271/?unapproved=778&moderation-hash=6f0336395b62741f60ec1d954fe07ea8 HTTP/1.0" 200 61728 "https://fukuoka-toso.com/271/?unapproved=778&moderation-hash=6f0336395b62741f60ec1d954fe07ea8#comment-778" "Mozilla/5.0 (Windows NT 10.0.0; Win64; x64; ) AppleWebKit/537.36 (KHTML, like Gecko) Chrome/124.0.6367.93 Chrome/124.0.6367.93 Not-A.Brand/99  Safari/537.36" "-"
40.77.167.58 - - [23/Dec/2024:14:21:28 +0900] "GET /fekrh/z1518960.html HTTP/2.0" 200 105545 "-" "Mozilla/5.0 AppleWebKit/537.36 (KHTML, like Gecko; compatible; bingbot/2.0; +http://www.bing.com/bingbot.htm) Chrome/116.0.1938.76 Safari/537.36" "-"
52.167.144.172 - - [23/Dec/2024:14:23:44 +0900] "GET /tkgnq/a380499.html HTTP/2.0" 200 105726 "-" "Mozilla/5.0 AppleWebKit/537.36 (KHTML, like Gecko; compatible; bingbot/2.0; +http://www.bing.com/bingbot.htm) Chrome/116.0.1938.76 Safari/537.36" "-"
40.77.167.17 - - [23/Dec/2024:14:23:55 +0900] "GET /dgimi/j1495206.html HTTP/2.0" 200 106275 "-" "Mozilla/5.0 AppleWebKit/537.36 (KHTML, like Gecko; compatible; bingbot/2.0; +http://www.bing.com/bingbot.htm) Chrome/116.0.1938.76 Safari/537.36" "-"
194.38.23.18 - - [23/Dec/2024:14:23:58 +0900] "GET /index.php?option=com_jce&task=plugin&plugin=imgmanager&file=imgmanager&method=form&action=upload HTTP/1.1" 301 162 "-" "ALittle Client" "-"
194.38.23.18 - - [23/Dec/2024:14:25:09 +0900] "GET /index.php?option=com_jce&task=plugin&plugin=imgmanager&file=imgmanager&method=form&action=upload HTTP/1.1" 503 299 "-" "ALittle Client" "-"
40.77.167.70 - - [23/Dec/2024:14:34:36 +0900] "GET /guppg/x1550418.html HTTP/2.0" 200 105219 "-" "Mozilla/5.0 AppleWebKit/537.36 (KHTML, like Gecko; compatible; bingbot/2.0; +http://www.bing.com/bingbot.htm) Chrome/116.0.1938.76 Safari/537.36" "-"
118.27.99.84 - - [23/Dec/2024:14:41:57 +0900] "POST /wp-cron.php?doing_wp_cron=1734932516.2162249088287353515625 HTTP/1.1" 200 118 "-" "WordPress/6.7.1; https://fukuoka-toso.com" "-"
43.159.148.221 - - [23/Dec/2024:14:41:57 +0900] "GET /358/ HTTP/1.1" 200 14260 "-" "Mozilla/5.0 (iPhone; CPU iPhone OS 13_2_3 like Mac OS X) AppleWebKit/605.1.15 (KHTML, like Gecko) Version/13.0.3 Mobile/15E148 Safari/604.1" "-"
40.77.167.74 - - [23/Dec/2024:14:43:37 +0900] "GET /tfnfg/u424797.html HTTP/2.0" 200 107768 "-" "Mozilla/5.0 AppleWebKit/537.36 (KHTML, like Gecko; compatible; bingbot/2.0; +http://www.bing.com/bingbot.htm) Chrome/116.0.1938.76 Safari/537.36" "-"
199.45.154.153 - - [23/Dec/2024:14:46:22 +0900] "GET / HTTP/1.1" 301 162 "-" "Mozilla/5.0 (compatible; CensysInspect/1.1; +https://about.censys.io/)" "-"
199.45.154.153 - - [23/Dec/2024:14:46:30 +0900] "GET / HTTP/1.1" 403 0 "-" "Mozilla/5.0 (compatible; CensysInspect/1.1; +https://about.censys.io/)" "-"
52.167.144.20 - - [23/Dec/2024:14:49:11 +0900] "GET /damvz/n468132.html HTTP/2.0" 200 106055 "-" "Mozilla/5.0 AppleWebKit/537.36 (KHTML, like Gecko; compatible; bingbot/2.0; +http://www.bing.com/bingbot.htm) Chrome/116.0.1938.76 Safari/537.36" "-"
40.77.167.74 - - [23/Dec/2024:14:49:28 +0900] "GET /ueces/z1158756.html HTTP/2.0" 200 106624 "-" "Mozilla/5.0 AppleWebKit/537.36 (KHTML, like Gecko; compatible; bingbot/2.0; +http://www.bing.com/bingbot.htm) Chrome/116.0.1938.76 Safari/537.36" "-"
52.167.144.160 - - [23/Dec/2024:14:50:16 +0900] "GET /lfbah/c307311.html HTTP/2.0" 200 106658 "-" "Mozilla/5.0 AppleWebKit/537.36 (KHTML, like Gecko; compatible; bingbot/2.0; +http://www.bing.com/bingbot.htm) Chrome/116.0.1938.76 Safari/537.36" "-"
40.77.167.77 - - [23/Dec/2024:14:52:21 +0900] "GET /gnwak/b1621038.html HTTP/2.0" 200 108142 "-" "Mozilla/5.0 AppleWebKit/537.36 (KHTML, like Gecko; compatible; bingbot/2.0; +http://www.bing.com/bingbot.htm) Chrome/116.0.1938.76 Safari/537.36" "-"
95.214.55.165 - - [23/Dec/2024:14:53:28 +0900] "GET /271/?unapproved=5&moderation-hash=b8a4ec39b2a207ba972884155d60f35d HTTP/1.0" 200 60139 "https://fukuoka-toso.com/271/?unapproved=5&moderation-hash=b8a4ec39b2a207ba972884155d60f35d#comment-5" "Mozilla/5.0 (Windows NT 10.0; Win64; x64) AppleWebKit/537.36 (KHTML, like Gecko) Chrome/125.0.0.0 Safari/537.36" "-"
95.214.55.165 - - [23/Dec/2024:14:54:12 +0900] "POST /wp-comments-post.php HTTP/1.0" 302 0 "https://fukuoka-toso.com/271/?unapproved=5&moderation-hash=b8a4ec39b2a207ba972884155d60f35d#comment-5" "Mozilla/5.0 (Windows NT 10.0; Win64; x64) AppleWebKit/537.36 (KHTML, like Gecko) Chrome/125.0.0.0 Safari/537.36" "-"
95.214.55.165 - - [23/Dec/2024:14:54:14 +0900] "GET /271/?unapproved=779&moderation-hash=da63f0f7f5aa1cd5afad306229560e84 HTTP/1.0" 200 61716 "https://fukuoka-toso.com/271/?unapproved=779&moderation-hash=da63f0f7f5aa1cd5afad306229560e84#comment-779" "Mozilla/5.0 (Windows NT 10.0; Win64; x64) AppleWebKit/537.36 (KHTML, like Gecko) Chrome/125.0.0.0 Safari/537.36" "-"
43.159.145.153 - - [23/Dec/2024:14:54:52 +0900] "GET /reason/ HTTP/1.1" 200 12877 "-" "Mozilla/5.0 (iPhone; CPU iPhone OS 13_2_3 like Mac OS X) AppleWebKit/605.1.15 (KHTML, like Gecko) Version/13.0.3 Mobile/15E148 Safari/604.1" "-"
52.167.144.183 - - [23/Dec/2024:14:55:17 +0900] "GET /gdibj/r355140.html HTTP/2.0" 200 107355 "-" "Mozilla/5.0 AppleWebKit/537.36 (KHTML, like Gecko; compatible; bingbot/2.0; +http://www.bing.com/bingbot.htm) Chrome/116.0.1938.76 Safari/537.36" "-"
40.77.167.55 - - [23/Dec/2024:15:05:32 +0900] "GET /epycd/t482256.html HTTP/2.0" 200 106639 "-" "Mozilla/5.0 AppleWebKit/537.36 (KHTML, like Gecko; compatible; bingbot/2.0; +http://www.bing.com/bingbot.htm) Chrome/116.0.1938.76 Safari/537.36" "-"
49.51.243.156 - - [23/Dec/2024:15:09:50 +0900] "GET /contact/ HTTP/1.1" 200 12294 "-" "Mozilla/5.0 (iPhone; CPU iPhone OS 13_2_3 like Mac OS X) AppleWebKit/605.1.15 (KHTML, like Gecko) Version/13.0.3 Mobile/15E148 Safari/604.1" "-"
91.246.41.166 - - [23/Dec/2024:15:10:12 +0900] "GET / HTTP/1.1" 200 16581 "-" "Mozilla/5.0 (Windows NT 10.0; Win64; x64) AppleWebKit/537.36 (KHTML, like Gecko) Chrome/120.0.0.0 Safari/537.36" "-"
91.246.41.166 - - [23/Dec/2024:15:10:15 +0900] "GET /comments/feed/ HTTP/1.1" 200 1028 "-" "Mozilla/5.0 (Windows NT 10.0; Win64; x64) AppleWebKit/537.36 (KHTML, like Gecko) Chrome/120.0.0.0 Safari/537.36" "-"
91.246.41.166 - - [23/Dec/2024:15:10:17 +0900] "GET /contact/ HTTP/1.1" 200 12026 "-" "Mozilla/5.0 (Windows NT 10.0; Win64; x64) AppleWebKit/537.36 (KHTML, like Gecko) Chrome/120.0.0.0 Safari/537.36" "-"
115.84.92.128 - - [23/Dec/2024:15:10:20 +0900] "POST /contact/ HTTP/1.1" 200 12153 "-" "Mozilla/5.0 (Windows NT 10.0; Win64; x64) AppleWebKit/537.36 (KHTML, like Gecko) Chrome/120.0.0.0 Safari/537.36" "-"
115.84.92.128 - - [23/Dec/2024:15:10:22 +0900] "POST /contact/ HTTP/1.1" 200 12025 "-" "Mozilla/5.0 (Windows NT 10.0; Win64; x64) AppleWebKit/537.36 (KHTML, like Gecko) Chrome/120.0.0.0 Safari/537.36" "-"
40.77.167.41 - - [23/Dec/2024:15:15:33 +0900] "GET /xhkzm/m283557.html HTTP/2.0" 200 107199 "-" "Mozilla/5.0 AppleWebKit/537.36 (KHTML, like Gecko; compatible; bingbot/2.0; +http://www.bing.com/bingbot.htm) Chrome/116.0.1938.76 Safari/537.36" "-"
52.167.144.194 - - [23/Dec/2024:15:18:29 +0900] "GET /qaccj/r1106098.html HTTP/2.0" 200 106207 "-" "Mozilla/5.0 AppleWebKit/537.36 (KHTML, like Gecko; compatible; bingbot/2.0; +http://www.bing.com/bingbot.htm) Chrome/116.0.1938.76 Safari/537.36" "-"
52.167.144.194 - - [23/Dec/2024:15:25:40 +0900] "GET /fxoru/g1550739.html HTTP/2.0" 200 105513 "-" "Mozilla/5.0 AppleWebKit/537.36 (KHTML, like Gecko; compatible; bingbot/2.0; +http://www.bing.com/bingbot.htm) Chrome/116.0.1938.76 Safari/537.36" "-"
95.214.55.165 - - [23/Dec/2024:15:26:58 +0900] "GET /271/?unapproved=5&moderation-hash=b8a4ec39b2a207ba972884155d60f35d HTTP/1.0" 200 60139 "https://fukuoka-toso.com/271/?unapproved=5&moderation-hash=b8a4ec39b2a207ba972884155d60f35d#comment-5" "Mozilla/5.0 (Windows NT 10.0.0; Win64; x64; ) AppleWebKit/537.36 (KHTML, like Gecko) Chrome/124.0.6367.60 Chrome/124.0.6367.60 Not-A.Brand/99  Safari/537.36" "-"
95.214.55.165 - - [23/Dec/2024:15:27:17 +0900] "POST /wp-comments-post.php HTTP/1.0" 302 0 "https://fukuoka-toso.com/271/?unapproved=5&moderation-hash=b8a4ec39b2a207ba972884155d60f35d#comment-5" "Mozilla/5.0 (Windows NT 10.0.0; Win64; x64; ) AppleWebKit/537.36 (KHTML, like Gecko) Chrome/124.0.6367.60 Chrome/124.0.6367.60 Not-A.Brand/99  Safari/537.36" "-"
95.214.55.165 - - [23/Dec/2024:15:27:19 +0900] "GET /271/?unapproved=780&moderation-hash=b64b7b46be98b7a44f822f4c049ed642 HTTP/1.0" 200 61722 "https://fukuoka-toso.com/271/?unapproved=780&moderation-hash=b64b7b46be98b7a44f822f4c049ed642#comment-780" "Mozilla/5.0 (Windows NT 10.0.0; Win64; x64; ) AppleWebKit/537.36 (KHTML, like Gecko) Chrome/124.0.6367.60 Chrome/124.0.6367.60 Not-A.Brand/99  Safari/537.36" "-"
43.131.243.208 - - [23/Dec/2024:15:30:00 +0900] "GET /wall-paint/ HTTP/1.1" 200 13616 "-" "Mozilla/5.0 (iPhone; CPU iPhone OS 13_2_3 like Mac OS X) AppleWebKit/605.1.15 (KHTML, like Gecko) Version/13.0.3 Mobile/15E148 Safari/604.1" "-"
52.2.83.227 - - [23/Dec/2024:15:31:55 +0900] "GET /robots.txt HTTP/1.1" 200 185 "-" "Mozilla/5.0 AppleWebKit/537.36 (KHTML, like Gecko; compatible; Amazonbot/0.1; +https://developer.amazon.com/support/amazonbot) Chrome/119.0.6045.214 Safari/537.36" "-"
94.103.93.19 - - [23/Dec/2024:15:38:01 +0900] "GET / HTTP/1.1" 200 16576 "-" "Mozilla/5.0 (Windows NT 10.0; Win64; x64) AppleWebKit/537.36 (KHTML, like Gecko) Chrome/120.0.0.0 Safari/537.36" "-"
94.103.93.19 - - [23/Dec/2024:15:38:26 +0900] "GET /contact/ HTTP/1.1" 200 12026 "-" "Mozilla/5.0 (Windows NT 10.0; Win64; x64) AppleWebKit/537.36 (KHTML, like Gecko) Chrome/120.0.0.0 Safari/537.36" "-"
125.20.134.174 - - [23/Dec/2024:15:38:39 +0900] "POST /contact/ HTTP/1.1" 503 428 "-" "Mozilla/5.0 (Windows NT 10.0; Win64; x64) AppleWebKit/537.36 (KHTML, like Gecko) Chrome/120.0.0.0 Safari/537.36" "-"
170.106.113.159 - - [23/Dec/2024:15:41:39 +0900] "GET /comments/feed/ HTTP/1.1" 503 428 "-" "Mozilla/5.0 (iPhone; CPU iPhone OS 13_2_3 like Mac OS X) AppleWebKit/605.1.15 (KHTML, like Gecko) Version/13.0.3 Mobile/15E148 Safari/604.1" "-"
40.77.167.23 - - [23/Dec/2024:15:44:25 +0900] "GET /rjhij/f2381516.html HTTP/2.0" 200 106293 "-" "Mozilla/5.0 AppleWebKit/537.36 (KHTML, like Gecko; compatible; bingbot/2.0; +http://www.bing.com/bingbot.htm) Chrome/116.0.1938.76 Safari/537.36" "-"
118.27.99.84 - - [23/Dec/2024:15:53:57 +0900] "POST /wp-cron.php?doing_wp_cron=1734936836.5775940418243408203125 HTTP/1.1" 200 118 "-" "WordPress/6.7.1; https://fukuoka-toso.com" "-"
