52.167.144.229 - - [23/Dec/2024:18:28:49 +0900] "GET /663326359 HTTP/1.1" 301 162 "-" "Mozilla/5.0 AppleWebKit/537.36 (KHTML, like Gecko; compatible; bingbot/2.0; +http://www.bing.com/bingbot.htm) Chrome/116.0.1938.76 Safari/537.36" "-"
52.167.144.229 - - [23/Dec/2024:18:28:49 +0900] "GET /743509114 HTTP/1.1" 301 162 "-" "Mozilla/5.0 AppleWebKit/537.36 (KHTML, like Gecko; compatible; bingbot/2.0; +http://www.bing.com/bingbot.htm) Chrome/116.0.1938.76 Safari/537.36" "-"
52.167.144.229 - - [23/Dec/2024:18:28:50 +0900] "GET /668801209 HTTP/1.1" 301 162 "-" "Mozilla/5.0 AppleWebKit/537.36 (KHTML, like Gecko; compatible; bingbot/2.0; +http://www.bing.com/bingbot.htm) Chrome/116.0.1938.76 Safari/537.36" "-"
172.172.130.74 - - [23/Dec/2024:18:28:50 +0900] "GET /berlin.php HTTP/1.1" 404 59199 "-" "-" "-"
52.167.144.229 - - [23/Dec/2024:18:28:50 +0900] "GET /736362169 HTTP/1.1" 301 162 "-" "Mozilla/5.0 AppleWebKit/537.36 (KHTML, like Gecko; compatible; bingbot/2.0; +http://www.bing.com/bingbot.htm) Chrome/116.0.1938.76 Safari/537.36" "-"
172.172.130.74 - - [23/Dec/2024:18:28:51 +0900] "GET /wp-admin/network/index.php/.well-known/acme-challenge/admin.php HTTP/1.1" 301 162 "-" "-" "-"
52.167.144.229 - - [23/Dec/2024:18:28:51 +0900] "GET /735640264 HTTP/1.1" 301 162 "-" "Mozilla/5.0 AppleWebKit/537.36 (KHTML, like Gecko; compatible; bingbot/2.0; +http://www.bing.com/bingbot.htm) Chrome/116.0.1938.76 Safari/537.36" "-"
172.172.130.74 - - [23/Dec/2024:18:28:51 +0900] "GET /wp-admin/network/index.php/.well-known/acme-challenge/admin.php HTTP/1.1" 403 199 "-" "-" "-"
172.172.130.74 - - [23/Dec/2024:18:28:51 +0900] "GET /.well-known/acme-challenge/autoload_classmap.php HTTP/1.1" 301 162 "-" "-" "-"
52.167.144.229 - - [23/Dec/2024:18:28:51 +0900] "GET /744560194 HTTP/1.1" 301 162 "-" "Mozilla/5.0 AppleWebKit/537.36 (KHTML, like Gecko; compatible; bingbot/2.0; +http://www.bing.com/bingbot.htm) Chrome/116.0.1938.76 Safari/537.36" "-"
172.172.130.74 - - [23/Dec/2024:18:28:51 +0900] "GET /.well-known/acme-challenge/autoload_classmap.php HTTP/1.1" 503 428 "-" "-" "-"
172.172.130.74 - - [23/Dec/2024:18:28:51 +0900] "GET /.well-known/acme-challenge/cloud.php HTTP/1.1" 301 162 "-" "-" "-"
172.172.130.74 - - [23/Dec/2024:18:28:51 +0900] "GET /.well-known/acme-challenge/cloud.php HTTP/1.1" 503 428 "-" "-" "-"
172.172.130.74 - - [23/Dec/2024:18:28:52 +0900] "GET /.well-known/acme-challenge/makeasmtp.php HTTP/1.1" 301 162 "-" "-" "-"
172.172.130.74 - - [23/Dec/2024:18:28:52 +0900] "GET /.well-known/acme-challenge/makeasmtp.php HTTP/1.1" 503 428 "-" "-" "-"
172.172.130.74 - - [23/Dec/2024:18:28:52 +0900] "GET /.well-known/acme-challenge/plugins.php HTTP/1.1" 301 162 "-" "-" "-"
172.172.130.74 - - [23/Dec/2024:18:28:52 +0900] "GET /.well-known/acme-challenge/plugins.php HTTP/1.1" 503 428 "-" "-" "-"
172.172.130.74 - - [23/Dec/2024:18:28:52 +0900] "GET /.well-known/acme-challenge/radio.php HTTP/1.1" 301 162 "-" "-" "-"
172.172.130.74 - - [23/Dec/2024:18:28:53 +0900] "GET /.well-known/acme-challenge/radio.php HTTP/1.1" 503 428 "-" "-" "-"
172.172.130.74 - - [23/Dec/2024:18:28:53 +0900] "GET /.well-known/acme-challenge/xmrlpc.php?p= HTTP/1.1" 301 162 "-" "-" "-"
172.172.130.74 - - [23/Dec/2024:18:28:53 +0900] "GET /.well-known/acme-challenge/xmrlpc.php?p= HTTP/1.1" 503 428 "-" "-" "-"
172.172.130.74 - - [23/Dec/2024:18:28:53 +0900] "GET /.well-known/cloud.php HTTP/1.1" 301 162 "-" "-" "-"
172.172.130.74 - - [23/Dec/2024:18:28:53 +0900] "GET /.well-known/cloud.php HTTP/1.1" 503 428 "-" "-" "-"
172.172.130.74 - - [23/Dec/2024:18:28:53 +0900] "GET /.well-known/dropdown.php HTTP/1.1" 301 162 "-" "-" "-"
52.167.144.18 - - [23/Dec/2024:18:28:55 +0900] "GET /617098504 HTTP/1.1" 301 162 "-" "Mozilla/5.0 AppleWebKit/537.36 (KHTML, like Gecko; compatible; bingbot/2.0; +http://www.bing.com/bingbot.htm) Chrome/116.0.1938.76 Safari/537.36" "-"
52.167.144.18 - - [23/Dec/2024:18:28:56 +0900] "GET /715120549 HTTP/1.1" 301 162 "-" "Mozilla/5.0 AppleWebKit/537.36 (KHTML, like Gecko; compatible; bingbot/2.0; +http://www.bing.com/bingbot.htm) Chrome/116.0.1938.76 Safari/537.36" "-"
118.27.99.84 - - [23/Dec/2024:18:28:56 +0900] "POST /wp-cron.php?doing_wp_cron=1734946135.6497418880462646484375 HTTP/1.1" 200 118 "-" "WordPress/6.7.1; https://kagoshima-toso.com" "-"
172.172.130.74 - - [23/Dec/2024:18:28:56 +0900] "GET /.well-known/dropdown.php HTTP/1.1" 404 59319 "-" "-" "-"
52.167.144.18 - - [23/Dec/2024:18:28:56 +0900] "GET /699314449 HTTP/1.1" 301 162 "-" "Mozilla/5.0 AppleWebKit/537.36 (KHTML, like Gecko; compatible; bingbot/2.0; +http://www.bing.com/bingbot.htm) Chrome/116.0.1938.76 Safari/537.36" "-"
52.167.144.18 - - [23/Dec/2024:18:28:57 +0900] "GET /756890719 HTTP/1.1" 301 162 "-" "Mozilla/5.0 AppleWebKit/537.36 (KHTML, like Gecko; compatible; bingbot/2.0; +http://www.bing.com/bingbot.htm) Chrome/116.0.1938.76 Safari/537.36" "-"
172.172.130.74 - - [23/Dec/2024:18:28:57 +0900] "GET /.well-known/file.php HTTP/1.1" 301 162 "-" "-" "-"
52.167.144.18 - - [23/Dec/2024:18:28:57 +0900] "GET /806178334 HTTP/1.1" 301 162 "-" "Mozilla/5.0 AppleWebKit/537.36 (KHTML, like Gecko; compatible; bingbot/2.0; +http://www.bing.com/bingbot.htm) Chrome/116.0.1938.76 Safari/537.36" "-"
52.167.144.18 - - [23/Dec/2024:18:28:58 +0900] "GET /714774844 HTTP/1.1" 301 162 "-" "Mozilla/5.0 AppleWebKit/537.36 (KHTML, like Gecko; compatible; bingbot/2.0; +http://www.bing.com/bingbot.htm) Chrome/116.0.1938.76 Safari/537.36" "-"
172.172.130.74 - - [23/Dec/2024:18:28:58 +0900] "GET /.well-known/file.php HTTP/1.1" 404 59287 "-" "-" "-"
52.167.144.18 - - [23/Dec/2024:18:28:59 +0900] "GET /747192739 HTTP/1.1" 301 162 "-" "Mozilla/5.0 AppleWebKit/537.36 (KHTML, like Gecko; compatible; bingbot/2.0; +http://www.bing.com/bingbot.htm) Chrome/116.0.1938.76 Safari/537.36" "-"
172.172.130.74 - - [23/Dec/2024:18:28:59 +0900] "GET /.well-known/makeasmtp.php HTTP/1.1" 301 162 "-" "-" "-"
52.167.144.18 - - [23/Dec/2024:18:28:59 +0900] "GET /757162039 HTTP/1.1" 301 162 "-" "Mozilla/5.0 AppleWebKit/537.36 (KHTML, like Gecko; compatible; bingbot/2.0; +http://www.bing.com/bingbot.htm) Chrome/116.0.1938.76 Safari/537.36" "-"
172.172.130.74 - - [23/Dec/2024:18:29:01 +0900] "GET /.well-known/makeasmtp.php HTTP/1.1" 404 59327 "-" "-" "-"
172.172.130.74 - - [23/Dec/2024:18:29:01 +0900] "GET /.well-known/pki-validation/about.php HTTP/1.1" 301 162 "-" "-" "-"
172.172.130.74 - - [23/Dec/2024:18:29:01 +0900] "GET /.well-known/pki-validation/about.php HTTP/1.1" 503 428 "-" "-" "-"
172.172.130.74 - - [23/Dec/2024:18:29:02 +0900] "GET /.well-known/pki-validation/afnew.php HTTP/1.1" 301 162 "-" "-" "-"
172.172.130.74 - - [23/Dec/2024:18:29:03 +0900] "GET /.well-known/pki-validation/afnew.php HTTP/1.1" 404 59423 "-" "-" "-"
52.167.144.229 - - [23/Dec/2024:18:29:03 +0900] "GET /653572804 HTTP/1.1" 301 162 "-" "Mozilla/5.0 AppleWebKit/537.36 (KHTML, like Gecko; compatible; bingbot/2.0; +http://www.bing.com/bingbot.htm) Chrome/116.0.1938.76 Safari/537.36" "-"
172.172.130.74 - - [23/Dec/2024:18:29:04 +0900] "GET /.well-known/pki-validation/cloud.php HTTP/1.1" 301 162 "-" "-" "-"
52.167.144.229 - - [23/Dec/2024:18:29:04 +0900] "GET /714496684 HTTP/1.1" 301 162 "-" "Mozilla/5.0 AppleWebKit/537.36 (KHTML, like Gecko; compatible; bingbot/2.0; +http://www.bing.com/bingbot.htm) Chrome/116.0.1938.76 Safari/537.36" "-"
52.167.144.229 - - [23/Dec/2024:18:29:04 +0900] "GET /676371379 HTTP/1.1" 301 162 "-" "Mozilla/5.0 AppleWebKit/537.36 (KHTML, like Gecko; compatible; bingbot/2.0; +http://www.bing.com/bingbot.htm) Chrome/116.0.1938.76 Safari/537.36" "-"
52.167.144.229 - - [23/Dec/2024:18:29:05 +0900] "GET /645261634 HTTP/1.1" 301 162 "-" "Mozilla/5.0 AppleWebKit/537.36 (KHTML, like Gecko; compatible; bingbot/2.0; +http://www.bing.com/bingbot.htm) Chrome/116.0.1938.76 Safari/537.36" "-"
172.172.130.74 - - [23/Dec/2024:18:29:06 +0900] "GET /.well-known/pki-validation/cloud.php HTTP/1.1" 404 59423 "-" "-" "-"
52.167.144.229 - - [23/Dec/2024:18:29:06 +0900] "GET /651940039 HTTP/1.1" 301 162 "-" "Mozilla/5.0 AppleWebKit/537.36 (KHTML, like Gecko; compatible; bingbot/2.0; +http://www.bing.com/bingbot.htm) Chrome/116.0.1938.76 Safari/537.36" "-"
172.172.130.74 - - [23/Dec/2024:18:29:06 +0900] "GET /.well-known/pki-validation/index.php HTTP/1.1" 301 162 "-" "-" "-"
172.172.130.74 - - [23/Dec/2024:18:29:08 +0900] "GET /.well-known/pki-validation/index.php HTTP/1.1" 301 157 "-" "-" "-"
52.167.144.229 - - [23/Dec/2024:18:29:08 +0900] "GET /713733454 HTTP/1.1" 301 162 "-" "Mozilla/5.0 AppleWebKit/537.36 (KHTML, like Gecko; compatible; bingbot/2.0; +http://www.bing.com/bingbot.htm) Chrome/116.0.1938.76 Safari/537.36" "-"
52.167.144.18 - - [23/Dec/2024:18:29:08 +0900] "GET /622532884 HTTP/1.1" 301 162 "-" "Mozilla/5.0 AppleWebKit/537.36 (KHTML, like Gecko; compatible; bingbot/2.0; +http://www.bing.com/bingbot.htm) Chrome/116.0.1938.76 Safari/537.36" "-"
172.172.130.74 - - [23/Dec/2024:18:29:08 +0900] "GET /.well-known/pki-validation/ HTTP/1.1" 503 428 "-" "-" "-"
172.172.130.74 - - [23/Dec/2024:18:29:09 +0900] "GET /.well-known/pki-validation/wp-config.php HTTP/1.1" 301 162 "-" "-" "-"
52.167.144.18 - - [23/Dec/2024:18:29:09 +0900] "GET /721681249 HTTP/1.1" 301 162 "-" "Mozilla/5.0 AppleWebKit/537.36 (KHTML, like Gecko; compatible; bingbot/2.0; +http://www.bing.com/bingbot.htm) Chrome/116.0.1938.76 Safari/537.36" "-"
52.167.144.18 - - [23/Dec/2024:18:29:09 +0900] "GET /713342434 HTTP/1.1" 301 162 "-" "Mozilla/5.0 AppleWebKit/537.36 (KHTML, like Gecko; compatible; bingbot/2.0; +http://www.bing.com/bingbot.htm) Chrome/116.0.1938.76 Safari/537.36" "-"
52.167.144.18 - - [23/Dec/2024:18:29:10 +0900] "GET /631805359 HTTP/1.1" 301 162 "-" "Mozilla/5.0 AppleWebKit/537.36 (KHTML, like Gecko; compatible; bingbot/2.0; +http://www.bing.com/bingbot.htm) Chrome/116.0.1938.76 Safari/537.36" "-"
172.172.130.74 - - [23/Dec/2024:18:29:10 +0900] "GET /.well-known/pki-validation/wp-config.php HTTP/1.1" 404 59455 "-" "-" "-"
172.172.130.74 - - [23/Dec/2024:18:29:11 +0900] "GET /.well-known/pki-validation/xmrlpc.php?p= HTTP/1.1" 301 162 "-" "-" "-"
20.15.133.175 - - [23/Dec/2024:18:29:12 +0900] "GET /686545594 HTTP/1.1" 301 162 "-" "Mozilla/5.0 AppleWebKit/537.36 (KHTML, like Gecko; compatible; bingbot/2.0; +http://www.bing.com/bingbot.htm) Chrome/116.0.1938.76 Safari/537.36" "-"
172.172.130.74 - - [23/Dec/2024:18:29:12 +0900] "GET /.well-known/pki-validation/xmrlpc.php?p= HTTP/1.1" 301 157 "-" "-" "-"
172.172.130.74 - - [23/Dec/2024:18:29:12 +0900] "GET /.well-known/pki-validation/xmrlpc.php HTTP/1.1" 503 428 "-" "-" "-"
172.172.130.74 - - [23/Dec/2024:18:29:13 +0900] "GET /.well-known/radio.php HTTP/1.1" 301 162 "-" "-" "-"
52.167.144.184 - - [23/Dec/2024:18:29:13 +0900] "GET /640341394 HTTP/1.1" 301 162 "-" "Mozilla/5.0 AppleWebKit/537.36 (KHTML, like Gecko; compatible; bingbot/2.0; +http://www.bing.com/bingbot.htm) Chrome/116.0.1938.76 Safari/537.36" "-"
52.167.144.184 - - [23/Dec/2024:18:29:13 +0900] "GET /611814604 HTTP/1.1" 301 162 "-" "Mozilla/5.0 AppleWebKit/537.36 (KHTML, like Gecko; compatible; bingbot/2.0; +http://www.bing.com/bingbot.htm) Chrome/116.0.1938.76 Safari/537.36" "-"
52.167.144.184 - - [23/Dec/2024:18:29:14 +0900] "GET /611176489 HTTP/1.1" 301 162 "-" "Mozilla/5.0 AppleWebKit/537.36 (KHTML, like Gecko; compatible; bingbot/2.0; +http://www.bing.com/bingbot.htm) Chrome/116.0.1938.76 Safari/537.36" "-"
52.167.144.184 - - [23/Dec/2024:18:29:14 +0900] "GET /717226699 HTTP/1.1" 301 162 "-" "Mozilla/5.0 AppleWebKit/537.36 (KHTML, like Gecko; compatible; bingbot/2.0; +http://www.bing.com/bingbot.htm) Chrome/116.0.1938.76 Safari/537.36" "-"
172.172.130.74 - - [23/Dec/2024:18:29:14 +0900] "GET /.well-known/radio.php HTTP/1.1" 404 59295 "-" "-" "-"
52.167.144.184 - - [23/Dec/2024:18:29:14 +0900] "GET /609721279 HTTP/1.1" 301 162 "-" "Mozilla/5.0 AppleWebKit/537.36 (KHTML, like Gecko; compatible; bingbot/2.0; +http://www.bing.com/bingbot.htm) Chrome/116.0.1938.76 Safari/537.36" "-"
52.167.144.184 - - [23/Dec/2024:18:29:15 +0900] "GET /737126254 HTTP/1.1" 301 162 "-" "Mozilla/5.0 AppleWebKit/537.36 (KHTML, like Gecko; compatible; bingbot/2.0; +http://www.bing.com/bingbot.htm) Chrome/116.0.1938.76 Safari/537.36" "-"
172.172.130.74 - - [23/Dec/2024:18:29:15 +0900] "GET /.well-known/wp-load.php HTTP/1.1" 301 162 "-" "-" "-"
52.167.144.184 - - [23/Dec/2024:18:29:15 +0900] "GET /842961859 HTTP/1.1" 301 162 "-" "Mozilla/5.0 AppleWebKit/537.36 (KHTML, like Gecko; compatible; bingbot/2.0; +http://www.bing.com/bingbot.htm) Chrome/116.0.1938.76 Safari/537.36" "-"
52.167.144.184 - - [23/Dec/2024:18:29:16 +0900] "GET /657260134 HTTP/1.1" 301 162 "-" "Mozilla/5.0 AppleWebKit/537.36 (KHTML, like Gecko; compatible; bingbot/2.0; +http://www.bing.com/bingbot.htm) Chrome/116.0.1938.76 Safari/537.36" "-"
52.167.144.184 - - [23/Dec/2024:18:29:16 +0900] "GET /650595979 HTTP/1.1" 301 162 "-" "Mozilla/5.0 AppleWebKit/537.36 (KHTML, like Gecko; compatible; bingbot/2.0; +http://www.bing.com/bingbot.htm) Chrome/116.0.1938.76 Safari/537.36" "-"
172.172.130.74 - - [23/Dec/2024:18:29:16 +0900] "GET /.well-known/wp-load.php HTTP/1.1" 404 59311 "-" "-" "-"
172.172.130.74 - - [23/Dec/2024:18:29:17 +0900] "GET /.well-known/wp-login.php HTTP/1.1" 301 162 "-" "-" "-"
172.172.130.74 - - [23/Dec/2024:18:29:17 +0900] "GET /.well-known/wp-login.php HTTP/1.1" 403 199 "-" "-" "-"
172.172.130.74 - - [23/Dec/2024:18:29:17 +0900] "GET /about.php7 HTTP/1.1" 301 162 "-" "-" "-"
172.172.130.74 - - [23/Dec/2024:18:29:19 +0900] "GET /about.php7 HTTP/1.1" 404 59207 "-" "-" "-"
172.172.130.74 - - [23/Dec/2024:18:29:19 +0900] "GET /admin-post.php HTTP/1.1" 301 162 "-" "-" "-"
172.172.130.74 - - [23/Dec/2024:18:29:21 +0900] "GET /admin-post.php HTTP/1.1" 404 59231 "-" "-" "-"
172.172.130.74 - - [23/Dec/2024:18:29:21 +0900] "GET /admin/upload/css.php HTTP/1.1" 301 162 "-" "-" "-"
52.167.144.18 - - [23/Dec/2024:18:29:22 +0900] "GET /833085754 HTTP/1.1" 301 162 "-" "Mozilla/5.0 AppleWebKit/537.36 (KHTML, like Gecko; compatible; bingbot/2.0; +http://www.bing.com/bingbot.htm) Chrome/116.0.1938.76 Safari/537.36" "-"
52.167.144.18 - - [23/Dec/2024:18:29:23 +0900] "GET /688310599 HTTP/1.1" 301 162 "-" "Mozilla/5.0 AppleWebKit/537.36 (KHTML, like Gecko; compatible; bingbot/2.0; +http://www.bing.com/bingbot.htm) Chrome/116.0.1938.76 Safari/537.36" "-"
172.172.130.74 - - [23/Dec/2024:18:29:23 +0900] "GET /admin/upload/css.php HTTP/1.1" 404 59295 "-" "-" "-"
172.172.130.74 - - [23/Dec/2024:18:29:23 +0900] "GET /adminfuns.php7 HTTP/1.1" 301 162 "-" "-" "-"
172.172.130.74 - - [23/Dec/2024:18:29:24 +0900] "GET /adminfuns.php7 HTTP/1.1" 503 428 "-" "-" "-"
172.172.130.74 - - [23/Dec/2024:18:29:24 +0900] "GET /ajax-actions.php HTTP/1.1" 301 162 "-" "-" "-"
172.172.130.74 - - [23/Dec/2024:18:29:24 +0900] "GET /ajax-actions.php HTTP/1.1" 503 428 "-" "-" "-"
172.172.130.74 - - [23/Dec/2024:18:29:24 +0900] "GET /alfa-rex.php7 HTTP/1.1" 301 162 "-" "-" "-"
172.172.130.74 - - [23/Dec/2024:18:29:26 +0900] "GET /alfa-rex.php7 HTTP/1.1" 404 59215 "-" "-" "-"
172.172.130.74 - - [23/Dec/2024:18:29:26 +0900] "GET /alfa-rex2.php7 HTTP/1.1" 301 162 "-" "-" "-"
52.167.144.18 - - [23/Dec/2024:18:29:27 +0900] "GET /719240509 HTTP/1.1" 301 162 "-" "Mozilla/5.0 AppleWebKit/537.36 (KHTML, like Gecko; compatible; bingbot/2.0; +http://www.bing.com/bingbot.htm) Chrome/116.0.1938.76 Safari/537.36" "-"
172.172.130.74 - - [23/Dec/2024:18:29:28 +0900] "GET /alfa-rex2.php7 HTTP/1.1" 404 59223 "-" "-" "-"
172.172.130.74 - - [23/Dec/2024:18:29:28 +0900] "GET /alfanew2.php7 HTTP/1.1" 301 162 "-" "-" "-"
172.172.130.74 - - [23/Dec/2024:18:29:28 +0900] "GET /alfanew2.php7 HTTP/1.1" 503 428 "-" "-" "-"
172.172.130.74 - - [23/Dec/2024:18:29:29 +0900] "GET /avaa.php HTTP/1.1" 301 162 "-" "-" "-"
52.167.144.18 - - [23/Dec/2024:18:29:29 +0900] "GET /219445129 HTTP/1.1" 301 162 "-" "Mozilla/5.0 AppleWebKit/537.36 (KHTML, like Gecko; compatible; bingbot/2.0; +http://www.bing.com/bingbot.htm) Chrome/116.0.1938.76 Safari/537.36" "-"
172.172.130.74 - - [23/Dec/2024:18:29:30 +0900] "GET /avaa.php HTTP/1.1" 404 59191 "-" "-" "-"
172.172.130.74 - - [23/Dec/2024:18:29:30 +0900] "GET /cache-compat.php HTTP/1.1" 301 162 "-" "-" "-"
52.167.144.229 - - [23/Dec/2024:18:29:32 +0900] "GET /751074724 HTTP/1.1" 301 162 "-" "Mozilla/5.0 AppleWebKit/537.36 (KHTML, like Gecko; compatible; bingbot/2.0; +http://www.bing.com/bingbot.htm) Chrome/116.0.1938.76 Safari/537.36" "-"
52.167.144.229 - - [23/Dec/2024:18:29:32 +0900] "GET /738524179 HTTP/1.1" 301 162 "-" "Mozilla/5.0 AppleWebKit/537.36 (KHTML, like Gecko; compatible; bingbot/2.0; +http://www.bing.com/bingbot.htm) Chrome/116.0.1938.76 Safari/537.36" "-"
172.172.130.74 - - [23/Dec/2024:18:29:32 +0900] "GET /cache-compat.php HTTP/1.1" 404 59247 "-" "-" "-"
52.167.144.229 - - [23/Dec/2024:18:29:32 +0900] "GET /629963404 HTTP/1.1" 301 162 "-" "Mozilla/5.0 AppleWebKit/537.36 (KHTML, like Gecko; compatible; bingbot/2.0; +http://www.bing.com/bingbot.htm) Chrome/116.0.1938.76 Safari/537.36" "-"
172.172.130.74 - - [23/Dec/2024:18:29:32 +0900] "GET /cgi-bin/404.php HTTP/1.1" 301 162 "-" "-" "-"
52.167.144.229 - - [23/Dec/2024:18:29:33 +0900] "GET /655334104 HTTP/1.1" 301 162 "-" "Mozilla/5.0 AppleWebKit/537.36 (KHTML, like Gecko; compatible; bingbot/2.0; +http://www.bing.com/bingbot.htm) Chrome/116.0.1938.76 Safari/537.36" "-"
52.167.144.229 - - [23/Dec/2024:18:29:33 +0900] "GET /649656619 HTTP/1.1" 301 162 "-" "Mozilla/5.0 AppleWebKit/537.36 (KHTML, like Gecko; compatible; bingbot/2.0; +http://www.bing.com/bingbot.htm) Chrome/116.0.1938.76 Safari/537.36" "-"
52.167.144.229 - - [23/Dec/2024:18:29:33 +0900] "GET /752427049 HTTP/1.1" 301 162 "-" "Mozilla/5.0 AppleWebKit/537.36 (KHTML, like Gecko; compatible; bingbot/2.0; +http://www.bing.com/bingbot.htm) Chrome/116.0.1938.76 Safari/537.36" "-"
52.167.144.229 - - [23/Dec/2024:18:29:34 +0900] "GET /638624269 HTTP/1.1" 301 162 "-" "Mozilla/5.0 AppleWebKit/537.36 (KHTML, like Gecko; compatible; bingbot/2.0; +http://www.bing.com/bingbot.htm) Chrome/116.0.1938.76 Safari/537.36" "-"
172.172.130.74 - - [23/Dec/2024:18:29:34 +0900] "GET /cgi-bin/404.php HTTP/1.1" 404 59247 "-" "-" "-"
52.167.144.229 - - [23/Dec/2024:18:29:34 +0900] "GET /748645669 HTTP/1.1" 301 162 "-" "Mozilla/5.0 AppleWebKit/537.36 (KHTML, like Gecko; compatible; bingbot/2.0; +http://www.bing.com/bingbot.htm) Chrome/116.0.1938.76 Safari/537.36" "-"
52.167.144.229 - - [23/Dec/2024:18:29:34 +0900] "GET /635179474 HTTP/1.1" 301 162 "-" "Mozilla/5.0 AppleWebKit/537.36 (KHTML, like Gecko; compatible; bingbot/2.0; +http://www.bing.com/bingbot.htm) Chrome/116.0.1938.76 Safari/537.36" "-"
172.172.130.74 - - [23/Dec/2024:18:29:35 +0900] "GET /cgi-bin/cloud.php HTTP/1.1" 301 162 "-" "-" "-"
52.167.144.229 - - [23/Dec/2024:18:29:35 +0900] "GET /737613319 HTTP/1.1" 301 162 "-" "Mozilla/5.0 AppleWebKit/537.36 (KHTML, like Gecko; compatible; bingbot/2.0; +http://www.bing.com/bingbot.htm) Chrome/116.0.1938.76 Safari/537.36" "-"
172.172.130.74 - - [23/Dec/2024:18:29:36 +0900] "GET /cgi-bin/cloud.php HTTP/1.1" 404 59263 "-" "-" "-"
172.172.130.74 - - [23/Dec/2024:18:29:37 +0900] "GET /cgi-bin/file.php HTTP/1.1" 301 162 "-" "-" "-"
172.172.130.74 - - [23/Dec/2024:18:29:38 +0900] "GET /cgi-bin/file.php HTTP/1.1" 404 59247 "-" "-" "-"
52.167.144.229 - - [23/Dec/2024:18:29:39 +0900] "GET /637080139 HTTP/1.1" 301 162 "-" "Mozilla/5.0 AppleWebKit/537.36 (KHTML, like Gecko; compatible; bingbot/2.0; +http://www.bing.com/bingbot.htm) Chrome/116.0.1938.76 Safari/537.36" "-"
172.172.130.74 - - [23/Dec/2024:18:29:39 +0900] "GET /cgi-bin/radio.php HTTP/1.1" 301 162 "-" "-" "-"
172.172.130.74 - - [23/Dec/2024:18:29:40 +0900] "GET /cgi-bin/radio.php HTTP/1.1" 404 59263 "-" "-" "-"
172.172.130.74 - - [23/Dec/2024:18:29:41 +0900] "GET /cgi-bin/themes.php HTTP/1.1" 301 162 "-" "-" "-"
172.172.130.74 - - [23/Dec/2024:18:29:42 +0900] "GET /cgi-bin/themes.php HTTP/1.1" 404 59271 "-" "-" "-"
52.167.144.18 - - [23/Dec/2024:18:29:42 +0900] "GET /377375599 HTTP/1.1" 301 162 "-" "Mozilla/5.0 AppleWebKit/537.36 (KHTML, like Gecko; compatible; bingbot/2.0; +http://www.bing.com/bingbot.htm) Chrome/116.0.1938.76 Safari/537.36" "-"
172.172.130.74 - - [23/Dec/2024:18:29:43 +0900] "GET /cgi-bin/xmrlpc.php?p= HTTP/1.1" 301 162 "-" "-" "-"
52.167.144.18 - - [23/Dec/2024:18:29:43 +0900] "GET /672388789 HTTP/1.1" 301 162 "-" "Mozilla/5.0 AppleWebKit/537.36 (KHTML, like Gecko; compatible; bingbot/2.0; +http://www.bing.com/bingbot.htm) Chrome/116.0.1938.76 Safari/537.36" "-"
52.167.144.18 - - [23/Dec/2024:18:29:43 +0900] "GET /739849429 HTTP/1.1" 301 162 "-" "Mozilla/5.0 AppleWebKit/537.36 (KHTML, like Gecko; compatible; bingbot/2.0; +http://www.bing.com/bingbot.htm) Chrome/116.0.1938.76 Safari/537.36" "-"
172.172.130.74 - - [23/Dec/2024:18:29:44 +0900] "GET /cgi-bin/xmrlpc.php?p= HTTP/1.1" 301 157 "-" "-" "-"
172.172.130.74 - - [23/Dec/2024:18:29:46 +0900] "GET /cgi-bin/xmrlpc.php HTTP/1.1" 404 59271 "-" "-" "-"
172.172.130.74 - - [23/Dec/2024:18:29:46 +0900] "GET /cloud.php HTTP/1.1" 301 162 "-" "-" "-"
172.172.130.74 - - [23/Dec/2024:18:29:48 +0900] "GET /cloud.php HTTP/1.1" 404 59183 "-" "-" "-"
172.172.130.74 - - [23/Dec/2024:18:29:48 +0900] "GET /contact.php HTTP/1.1" 301 162 "-" "-" "-"
172.172.130.74 - - [23/Dec/2024:18:29:49 +0900] "GET /contact.php HTTP/1.1" 503 428 "-" "-" "-"
172.172.130.74 - - [23/Dec/2024:18:29:49 +0900] "GET /css/cloud.php HTTP/1.1" 301 162 "-" "-" "-"
52.167.144.184 - - [23/Dec/2024:18:29:50 +0900] "GET /700679884 HTTP/1.1" 301 162 "-" "Mozilla/5.0 AppleWebKit/537.36 (KHTML, like Gecko; compatible; bingbot/2.0; +http://www.bing.com/bingbot.htm) Chrome/116.0.1938.76 Safari/537.36" "-"
52.167.144.184 - - [23/Dec/2024:18:29:50 +0900] "GET /679399504 HTTP/1.1" 301 162 "-" "Mozilla/5.0 AppleWebKit/537.36 (KHTML, like Gecko; compatible; bingbot/2.0; +http://www.bing.com/bingbot.htm) Chrome/116.0.1938.76 Safari/537.36" "-"
52.167.144.184 - - [23/Dec/2024:18:29:50 +0900] "GET /616240084 HTTP/1.1" 301 162 "-" "Mozilla/5.0 AppleWebKit/537.36 (KHTML, like Gecko; compatible; bingbot/2.0; +http://www.bing.com/bingbot.htm) Chrome/116.0.1938.76 Safari/537.36" "-"
52.167.144.184 - - [23/Dec/2024:18:29:50 +0900] "GET /736105669 HTTP/1.1" 301 162 "-" "Mozilla/5.0 AppleWebKit/537.36 (KHTML, like Gecko; compatible; bingbot/2.0; +http://www.bing.com/bingbot.htm) Chrome/116.0.1938.76 Safari/537.36" "-"
52.167.144.184 - - [23/Dec/2024:18:29:51 +0900] "GET /710381569 HTTP/1.1" 301 162 "-" "Mozilla/5.0 AppleWebKit/537.36 (KHTML, like Gecko; compatible; bingbot/2.0; +http://www.bing.com/bingbot.htm) Chrome/116.0.1938.76 Safari/537.36" "-"
172.172.130.74 - - [23/Dec/2024:18:29:51 +0900] "GET /css/cloud.php HTTP/1.1" 404 59231 "-" "-" "-"
52.167.144.184 - - [23/Dec/2024:18:29:51 +0900] "GET /697007944 HTTP/1.1" 301 162 "-" "Mozilla/5.0 AppleWebKit/537.36 (KHTML, like Gecko; compatible; bingbot/2.0; +http://www.bing.com/bingbot.htm) Chrome/116.0.1938.76 Safari/537.36" "-"
172.172.130.74 - - [23/Dec/2024:18:29:52 +0900] "GET /css/xmrlpc.php?p= HTTP/1.1" 301 162 "-" "-" "-"
52.167.144.184 - - [23/Dec/2024:18:29:52 +0900] "GET /719914819 HTTP/1.1" 301 162 "-" "Mozilla/5.0 AppleWebKit/537.36 (KHTML, like Gecko; compatible; bingbot/2.0; +http://www.bing.com/bingbot.htm) Chrome/116.0.1938.76 Safari/537.36" "-"
172.172.130.74 - - [23/Dec/2024:18:29:52 +0900] "GET /css/xmrlpc.php?p= HTTP/1.1" 507 519 "-" "-" "-"
172.172.130.74 - - [23/Dec/2024:18:29:52 +0900] "GET /ebs.php7 HTTP/1.1" 301 162 "-" "-" "-"
52.167.144.184 - - [23/Dec/2024:18:29:52 +0900] "GET /727466464 HTTP/1.1" 301 162 "-" "Mozilla/5.0 AppleWebKit/537.36 (KHTML, like Gecko; compatible; bingbot/2.0; +http://www.bing.com/bingbot.htm) Chrome/116.0.1938.76 Safari/537.36" "-"
172.172.130.74 - - [23/Dec/2024:18:29:52 +0900] "GET /ebs.php7 HTTP/1.1" 503 428 "-" "-" "-"
172.172.130.74 - - [23/Dec/2024:18:29:52 +0900] "GET /filemanager/dialog.php HTTP/1.1" 301 162 "-" "-" "-"
172.172.130.74 - - [23/Dec/2024:18:29:52 +0900] "GET /filemanager/dialog.php HTTP/1.1" 503 428 "-" "-" "-"
52.167.144.184 - - [23/Dec/2024:18:29:52 +0900] "GET /642006079 HTTP/1.1" 301 162 "-" "Mozilla/5.0 AppleWebKit/537.36 (KHTML, like Gecko; compatible; bingbot/2.0; +http://www.bing.com/bingbot.htm) Chrome/116.0.1938.76 Safari/537.36" "-"
172.172.130.74 - - [23/Dec/2024:18:29:53 +0900] "GET /files/index.php HTTP/1.1" 301 162 "-" "-" "-"
52.167.144.184 - - [23/Dec/2024:18:29:53 +0900] "GET /648696454 HTTP/1.1" 301 162 "-" "Mozilla/5.0 AppleWebKit/537.36 (KHTML, like Gecko; compatible; bingbot/2.0; +http://www.bing.com/bingbot.htm) Chrome/116.0.1938.76 Safari/537.36" "-"
118.27.99.84 - - [23/Dec/2024:18:29:55 +0900] "POST /wp-cron.php?doing_wp_cron=1734946194.8003549575805664062500 HTTP/1.1" 200 118 "-" "WordPress/6.7.1; https://kagoshima-toso.com" "-"
172.172.130.74 - - [23/Dec/2024:18:29:55 +0900] "GET /files/index.php HTTP/1.1" 301 157 "-" "-" "-"
172.172.130.74 - - [23/Dec/2024:18:29:57 +0900] "GET /files/ HTTP/1.1" 404 59159 "-" "-" "-"
172.172.130.74 - - [23/Dec/2024:18:29:57 +0900] "GET /images/about.php HTTP/1.1" 301 162 "-" "-" "-"
172.172.130.74 - - [23/Dec/2024:18:29:59 +0900] "GET /images/about.php HTTP/1.1" 404 59255 "-" "-" "-"
172.172.130.74 - - [23/Dec/2024:18:29:59 +0900] "GET /images/cloud.php HTTP/1.1" 301 162 "-" "-" "-"
52.167.144.18 - - [23/Dec/2024:18:29:59 +0900] "GET /667206919 HTTP/1.1" 301 162 "-" "Mozilla/5.0 AppleWebKit/537.36 (KHTML, like Gecko; compatible; bingbot/2.0; +http://www.bing.com/bingbot.htm) Chrome/116.0.1938.76 Safari/537.36" "-"
172.172.130.74 - - [23/Dec/2024:18:30:01 +0900] "GET /images/cloud.php HTTP/1.1" 404 59255 "-" "-" "-"
172.172.130.74 - - [23/Dec/2024:18:30:02 +0900] "GET /images/xmrlpc.php?p= HTTP/1.1" 301 162 "-" "-" "-"
172.172.130.74 - - [23/Dec/2024:18:30:03 +0900] "GET /images/xmrlpc.php?p= HTTP/1.1" 301 157 "-" "-" "-"
172.172.130.74 - - [23/Dec/2024:18:30:03 +0900] "GET /images/xmrlpc.php HTTP/1.1" 503 428 "-" "-" "-"
172.172.130.74 - - [23/Dec/2024:18:30:04 +0900] "GET /img/about.php HTTP/1.1" 301 162 "-" "-" "-"
172.172.130.74 - - [23/Dec/2024:18:30:04 +0900] "GET /img/about.php HTTP/1.1" 503 428 "-" "-" "-"
172.172.130.74 - - [23/Dec/2024:18:30:04 +0900] "GET /img/cloud.php HTTP/1.1" 301 162 "-" "-" "-"
172.172.130.74 - - [23/Dec/2024:18:30:05 +0900] "GET /img/cloud.php HTTP/1.1" 404 59231 "-" "-" "-"
172.172.130.74 - - [23/Dec/2024:18:30:06 +0900] "GET /img/xmrlpc.php?p= HTTP/1.1" 301 162 "-" "-" "-"
172.172.130.74 - - [23/Dec/2024:18:30:08 +0900] "GET /img/xmrlpc.php?p= HTTP/1.1" 301 157 "-" "-" "-"
172.172.130.74 - - [23/Dec/2024:18:30:08 +0900] "GET /img/xmrlpc.php HTTP/1.1" 503 428 "-" "-" "-"
172.172.130.74 - - [23/Dec/2024:18:30:08 +0900] "GET /libraries/legacy/updates.php HTTP/1.1" 301 162 "-" "-" "-"
52.167.144.229 - - [23/Dec/2024:18:30:09 +0900] "GET /707713399 HTTP/1.1" 301 162 "-" "Mozilla/5.0 AppleWebKit/537.36 (KHTML, like Gecko; compatible; bingbot/2.0; +http://www.bing.com/bingbot.htm) Chrome/116.0.1938.76 Safari/537.36" "-"
172.172.130.74 - - [23/Dec/2024:18:30:10 +0900] "GET /libraries/legacy/updates.php HTTP/1.1" 404 59359 "-" "-" "-"
172.172.130.74 - - [23/Dec/2024:18:30:10 +0900] "GET /libraries/phpmailer/updates.php HTTP/1.1" 301 162 "-" "-" "-"
172.172.130.74 - - [23/Dec/2024:18:30:10 +0900] "GET /libraries/phpmailer/updates.php HTTP/1.1" 503 428 "-" "-" "-"
172.172.130.74 - - [23/Dec/2024:18:30:10 +0900] "GET /libraries/vendor/updates.php HTTP/1.1" 301 162 "-" "-" "-"
172.172.130.74 - - [23/Dec/2024:18:30:12 +0900] "GET /libraries/vendor/updates.php HTTP/1.1" 404 59351 "-" "-" "-"
172.172.130.74 - - [23/Dec/2024:18:30:13 +0900] "GET /lufix.php HTTP/1.1" 301 162 "-" "-" "-"
172.172.130.74 - - [23/Dec/2024:18:30:14 +0900] "GET /lufix.php HTTP/1.1" 404 59191 "-" "-" "-"
172.172.130.74 - - [23/Dec/2024:18:30:15 +0900] "GET /media.php HTTP/1.1" 301 162 "-" "-" "-"
172.172.130.74 - - [23/Dec/2024:18:30:16 +0900] "GET /media.php HTTP/1.1" 404 59191 "-" "-" "-"
172.172.130.74 - - [23/Dec/2024:18:30:17 +0900] "GET /readme.php HTTP/1.1" 301 162 "-" "-" "-"
172.172.130.74 - - [23/Dec/2024:18:30:19 +0900] "GET /readme.php HTTP/1.1" 404 59199 "-" "-" "-"
172.172.130.74 - - [23/Dec/2024:18:30:19 +0900] "GET /repeater.php HTTP/1.1" 301 162 "-" "-" "-"
172.172.130.74 - - [23/Dec/2024:18:30:21 +0900] "GET /repeater.php HTTP/1.1" 404 59215 "-" "-" "-"
172.172.130.74 - - [23/Dec/2024:18:30:21 +0900] "GET /wp-admin/404.php HTTP/1.1" 301 162 "-" "-" "-"
172.172.130.74 - - [23/Dec/2024:18:30:21 +0900] "GET /wp-admin/404.php HTTP/1.1" 403 199 "-" "-" "-"
172.172.130.74 - - [23/Dec/2024:18:30:22 +0900] "GET /wp-admin/about.php HTTP/1.1" 301 162 "-" "-" "-"
172.172.130.74 - - [23/Dec/2024:18:30:22 +0900] "GET /wp-admin/about.php HTTP/1.1" 403 199 "-" "-" "-"
172.172.130.74 - - [23/Dec/2024:18:30:22 +0900] "GET /wp-admin/ajax-actions.php HTTP/1.1" 301 162 "-" "-" "-"
172.172.130.74 - - [23/Dec/2024:18:30:22 +0900] "GET /wp-admin/ajax-actions.php HTTP/1.1" 403 199 "-" "-" "-"
172.172.130.74 - - [23/Dec/2024:18:30:22 +0900] "GET /wp-admin/autoload_classmap.php HTTP/1.1" 301 162 "-" "-" "-"
172.172.130.74 - - [23/Dec/2024:18:30:22 +0900] "GET /wp-admin/autoload_classmap.php HTTP/1.1" 403 199 "-" "-" "-"
172.172.130.74 - - [23/Dec/2024:18:30:23 +0900] "GET /wp-admin/cloud.php HTTP/1.1" 301 162 "-" "-" "-"
172.172.130.74 - - [23/Dec/2024:18:30:23 +0900] "GET /wp-admin/cloud.php HTTP/1.1" 403 199 "-" "-" "-"
172.172.130.74 - - [23/Dec/2024:18:30:23 +0900] "GET /wp-admin/css/colors/blue/cloud.php HTTP/1.1" 301 162 "-" "-" "-"
172.172.130.74 - - [23/Dec/2024:18:30:23 +0900] "GET /wp-admin/css/colors/blue/cloud.php HTTP/1.1" 403 199 "-" "-" "-"
172.172.130.74 - - [23/Dec/2024:18:30:23 +0900] "GET /wp-admin/css/colors/blue/xmrlpc.php?p= HTTP/1.1" 301 162 "-" "-" "-"
172.172.130.74 - - [23/Dec/2024:18:30:25 +0900] "GET /wp-admin/css/colors/blue/xmrlpc.php?p= HTTP/1.1" 403 199 "-" "-" "-"
172.172.130.74 - - [23/Dec/2024:18:30:25 +0900] "GET /wp-admin/css/colors/cloud.php HTTP/1.1" 301 162 "-" "-" "-"
172.172.130.74 - - [23/Dec/2024:18:30:25 +0900] "GET /wp-admin/css/colors/cloud.php HTTP/1.1" 403 199 "-" "-" "-"
172.172.130.74 - - [23/Dec/2024:18:30:26 +0900] "GET /wp-admin/css/colors/coffee/cloud.php HTTP/1.1" 301 162 "-" "-" "-"
172.172.130.74 - - [23/Dec/2024:18:30:26 +0900] "GET /wp-admin/css/colors/coffee/cloud.php HTTP/1.1" 403 199 "-" "-" "-"
172.172.130.74 - - [23/Dec/2024:18:30:26 +0900] "GET /wp-admin/css/colors/coffee/xmrlpc.php?p= HTTP/1.1" 301 162 "-" "-" "-"
172.172.130.74 - - [23/Dec/2024:18:30:26 +0900] "GET /wp-admin/css/colors/coffee/xmrlpc.php?p= HTTP/1.1" 403 199 "-" "-" "-"
172.172.130.74 - - [23/Dec/2024:18:30:26 +0900] "GET /wp-admin/css/colors/index.php HTTP/1.1" 301 162 "-" "-" "-"
172.172.130.74 - - [23/Dec/2024:18:30:26 +0900] "GET /wp-admin/css/colors/index.php HTTP/1.1" 403 199 "-" "-" "-"
172.172.130.74 - - [23/Dec/2024:18:30:27 +0900] "GET /wp-admin/css/colors/xmrlpc.php?p= HTTP/1.1" 301 162 "-" "-" "-"
172.172.130.74 - - [23/Dec/2024:18:30:27 +0900] "GET /wp-admin/css/colors/xmrlpc.php?p= HTTP/1.1" 403 199 "-" "-" "-"
172.172.130.74 - - [23/Dec/2024:18:30:27 +0900] "GET /wp-admin/css/license.php HTTP/1.1" 301 162 "-" "-" "-"
172.172.130.74 - - [23/Dec/2024:18:30:27 +0900] "GET /wp-admin/css/license.php HTTP/1.1" 403 199 "-" "-" "-"
172.172.130.74 - - [23/Dec/2024:18:30:27 +0900] "GET /wp-admin/css/wp-login.php HTTP/1.1" 301 162 "-" "-" "-"
172.172.130.74 - - [23/Dec/2024:18:30:27 +0900] "GET /wp-admin/css/wp-login.php HTTP/1.1" 403 199 "-" "-" "-"
172.172.130.74 - - [23/Dec/2024:18:30:28 +0900] "GET /wp-admin/dropdown.php HTTP/1.1" 301 162 "-" "-" "-"
172.172.130.74 - - [23/Dec/2024:18:30:28 +0900] "GET /wp-admin/dropdown.php HTTP/1.1" 403 199 "-" "-" "-"
172.172.130.74 - - [23/Dec/2024:18:30:28 +0900] "GET /wp-admin/file.php HTTP/1.1" 301 162 "-" "-" "-"
172.172.130.74 - - [23/Dec/2024:18:30:28 +0900] "GET /wp-admin/file.php HTTP/1.1" 403 199 "-" "-" "-"
172.172.130.74 - - [23/Dec/2024:18:30:28 +0900] "GET /wp-admin/images/cloud.php HTTP/1.1" 301 162 "-" "-" "-"
172.172.130.74 - - [23/Dec/2024:18:30:28 +0900] "GET /wp-admin/images/cloud.php HTTP/1.1" 403 199 "-" "-" "-"
172.172.130.74 - - [23/Dec/2024:18:30:29 +0900] "GET /wp-admin/images/file.php HTTP/1.1" 301 162 "-" "-" "-"
172.172.130.74 - - [23/Dec/2024:18:30:29 +0900] "GET /wp-admin/images/file.php HTTP/1.1" 403 199 "-" "-" "-"
172.172.130.74 - - [23/Dec/2024:18:30:29 +0900] "GET /wp-admin/includes/cloud.php HTTP/1.1" 301 162 "-" "-" "-"
172.172.130.74 - - [23/Dec/2024:18:30:29 +0900] "GET /wp-admin/includes/cloud.php HTTP/1.1" 403 199 "-" "-" "-"
172.172.130.74 - - [23/Dec/2024:18:30:29 +0900] "GET /wp-admin/includes/xmrlpc.php?p= HTTP/1.1" 301 162 "-" "-" "-"
172.172.130.74 - - [23/Dec/2024:18:30:29 +0900] "GET /wp-admin/includes/xmrlpc.php?p= HTTP/1.1" 403 199 "-" "-" "-"
172.172.130.74 - - [23/Dec/2024:18:30:30 +0900] "GET /wp-admin/js/about.php HTTP/1.1" 301 162 "-" "-" "-"
172.172.130.74 - - [23/Dec/2024:18:30:30 +0900] "GET /wp-admin/js/about.php HTTP/1.1" 403 199 "-" "-" "-"
172.172.130.74 - - [23/Dec/2024:18:30:30 +0900] "GET /wp-admin/js/widgets/about.php7 HTTP/1.1" 301 162 "-" "-" "-"
172.172.130.74 - - [23/Dec/2024:18:30:30 +0900] "GET /wp-admin/js/widgets/about.php7 HTTP/1.1" 403 199 "-" "-" "-"
172.172.130.74 - - [23/Dec/2024:18:30:30 +0900] "GET /wp-admin/js/widgets/cloud.php HTTP/1.1" 301 162 "-" "-" "-"
172.172.130.74 - - [23/Dec/2024:18:30:30 +0900] "GET /wp-admin/js/widgets/cloud.php HTTP/1.1" 403 199 "-" "-" "-"
172.172.130.74 - - [23/Dec/2024:18:30:31 +0900] "GET /wp-admin/js/widgets/xmrlpc.php?p= HTTP/1.1" 301 162 "-" "-" "-"
172.172.130.74 - - [23/Dec/2024:18:30:31 +0900] "GET /wp-admin/js/widgets/xmrlpc.php?p= HTTP/1.1" 403 199 "-" "-" "-"
172.172.130.74 - - [23/Dec/2024:18:30:31 +0900] "GET /wp-admin/license.php HTTP/1.1" 301 162 "-" "-" "-"
172.172.130.74 - - [23/Dec/2024:18:30:31 +0900] "GET /wp-admin/license.php HTTP/1.1" 403 199 "-" "-" "-"
172.172.130.74 - - [23/Dec/2024:18:30:31 +0900] "GET /wp-admin/maint/maint/ajax-actions.php HTTP/1.1" 301 162 "-" "-" "-"
172.172.130.74 - - [23/Dec/2024:18:30:31 +0900] "GET /wp-admin/maint/maint/ajax-actions.php HTTP/1.1" 403 199 "-" "-" "-"
172.172.130.74 - - [23/Dec/2024:18:30:32 +0900] "GET /wp-admin/network/cloud.php HTTP/1.1" 301 162 "-" "-" "-"
172.172.130.74 - - [23/Dec/2024:18:30:32 +0900] "GET /wp-admin/network/cloud.php HTTP/1.1" 403 199 "-" "-" "-"
172.172.130.74 - - [23/Dec/2024:18:30:32 +0900] "GET /wp-admin/network/xmrlpc.php?p= HTTP/1.1" 301 162 "-" "-" "-"
172.172.130.74 - - [23/Dec/2024:18:30:32 +0900] "GET /wp-admin/network/xmrlpc.php?p= HTTP/1.1" 403 199 "-" "-" "-"
172.172.130.74 - - [23/Dec/2024:18:30:32 +0900] "GET /wp-admin/repeater.php HTTP/1.1" 301 162 "-" "-" "-"
172.172.130.74 - - [23/Dec/2024:18:30:32 +0900] "GET /wp-admin/repeater.php HTTP/1.1" 403 199 "-" "-" "-"
172.172.130.74 - - [23/Dec/2024:18:30:34 +0900] "GET /wp-admin/themes.php HTTP/1.1" 301 162 "-" "-" "-"
172.172.130.74 - - [23/Dec/2024:18:30:34 +0900] "GET /wp-admin/themes.php HTTP/1.1" 403 199 "-" "-" "-"
172.172.130.74 - - [23/Dec/2024:18:30:34 +0900] "GET /wp-admin/user/index.php HTTP/1.1" 301 162 "-" "-" "-"
172.172.130.74 - - [23/Dec/2024:18:30:34 +0900] "GET /wp-admin/user/index.php HTTP/1.1" 403 199 "-" "-" "-"
172.172.130.74 - - [23/Dec/2024:18:30:34 +0900] "GET /wp-admin/user/themes.php HTTP/1.1" 301 162 "-" "-" "-"
172.172.130.74 - - [23/Dec/2024:18:30:35 +0900] "GET /wp-admin/user/themes.php HTTP/1.1" 403 199 "-" "-" "-"
172.172.130.74 - - [23/Dec/2024:18:30:35 +0900] "GET /wp-admin/user/xmrlpc.php?p= HTTP/1.1" 301 162 "-" "-" "-"
172.172.130.74 - - [23/Dec/2024:18:30:35 +0900] "GET /wp-admin/user/xmrlpc.php?p= HTTP/1.1" 403 199 "-" "-" "-"
172.172.130.74 - - [23/Dec/2024:18:30:35 +0900] "GET /wp-admin/wp-login.php HTTP/1.1" 301 162 "-" "-" "-"
52.167.144.18 - - [23/Dec/2024:18:30:35 +0900] "GET /593190709 HTTP/1.1" 301 162 "-" "Mozilla/5.0 AppleWebKit/537.36 (KHTML, like Gecko; compatible; bingbot/2.0; +http://www.bing.com/bingbot.htm) Chrome/116.0.1938.76 Safari/537.36" "-"
172.172.130.74 - - [23/Dec/2024:18:30:35 +0900] "GET /wp-admin/wp-login.php HTTP/1.1" 403 199 "-" "-" "-"
52.167.144.18 - - [23/Dec/2024:18:30:35 +0900] "GET /747957394 HTTP/1.1" 301 162 "-" "Mozilla/5.0 AppleWebKit/537.36 (KHTML, like Gecko; compatible; bingbot/2.0; +http://www.bing.com/bingbot.htm) Chrome/116.0.1938.76 Safari/537.36" "-"
172.172.130.74 - - [23/Dec/2024:18:30:35 +0900] "GET /wp-admin/wp-signup.php HTTP/1.1" 301 162 "-" "-" "-"
172.172.130.74 - - [23/Dec/2024:18:30:36 +0900] "GET /wp-admin/wp-signup.php HTTP/1.1" 403 199 "-" "-" "-"
172.172.130.74 - - [23/Dec/2024:18:30:36 +0900] "GET /wp-admin/xmrlpc.php?p= HTTP/1.1" 301 162 "-" "-" "-"
172.172.130.74 - - [23/Dec/2024:18:30:36 +0900] "GET /wp-admin/xmrlpc.php?p= HTTP/1.1" 403 199 "-" "-" "-"
52.167.144.18 - - [23/Dec/2024:18:30:36 +0900] "GET /532295044 HTTP/1.1" 301 162 "-" "Mozilla/5.0 AppleWebKit/537.36 (KHTML, like Gecko; compatible; bingbot/2.0; +http://www.bing.com/bingbot.htm) Chrome/116.0.1938.76 Safari/537.36" "-"
172.172.130.74 - - [23/Dec/2024:18:30:36 +0900] "GET /wp-configs.php HTTP/1.1" 301 162 "-" "-" "-"
172.172.130.74 - - [23/Dec/2024:18:30:38 +0900] "GET /wp-configs.php HTTP/1.1" 404 59231 "-" "-" "-"
172.172.130.74 - - [23/Dec/2024:18:30:38 +0900] "GET /wp-consar.php HTTP/1.1" 301 162 "-" "-" "-"
43.157.148.38 - - [23/Dec/2024:18:30:39 +0900] "GET /category/bousui/ HTTP/1.1" 200 15227 "-" "Mozilla/5.0 (iPhone; CPU iPhone OS 13_2_3 like Mac OS X) AppleWebKit/605.1.15 (KHTML, like Gecko) Version/13.0.3 Mobile/15E148 Safari/604.1" "-"
52.167.144.229 - - [23/Dec/2024:18:30:39 +0900] "GET /700776784 HTTP/1.1" 301 162 "-" "Mozilla/5.0 AppleWebKit/537.36 (KHTML, like Gecko; compatible; bingbot/2.0; +http://www.bing.com/bingbot.htm) Chrome/116.0.1938.76 Safari/537.36" "-"
172.172.130.74 - - [23/Dec/2024:18:30:40 +0900] "GET /wp-consar.php HTTP/1.1" 404 59215 "-" "-" "-"
172.172.130.74 - - [23/Dec/2024:18:30:40 +0900] "GET /wp-content/about.php HTTP/1.1" 301 162 "-" "-" "-"
172.172.130.74 - - [23/Dec/2024:18:30:40 +0900] "GET /wp-content/about.php HTTP/1.1" 503 428 "-" "-" "-"
172.172.130.74 - - [23/Dec/2024:18:30:41 +0900] "GET /wp-content/banners/about.php HTTP/1.1" 301 162 "-" "-" "-"
52.167.144.229 - - [23/Dec/2024:18:30:41 +0900] "GET /377214289 HTTP/1.1" 301 162 "-" "Mozilla/5.0 AppleWebKit/537.36 (KHTML, like Gecko; compatible; bingbot/2.0; +http://www.bing.com/bingbot.htm) Chrome/116.0.1938.76 Safari/537.36" "-"
172.172.130.74 - - [23/Dec/2024:18:30:42 +0900] "GET /wp-content/banners/about.php HTTP/1.1" 404 59359 "-" "-" "-"
172.172.130.74 - - [23/Dec/2024:18:30:43 +0900] "GET /wp-content/blogs.dir/about.php HTTP/1.1" 301 162 "-" "-" "-"
52.167.144.184 - - [23/Dec/2024:18:30:44 +0900] "GET /735077389 HTTP/1.1" 301 162 "-" "Mozilla/5.0 AppleWebKit/537.36 (KHTML, like Gecko; compatible; bingbot/2.0; +http://www.bing.com/bingbot.htm) Chrome/116.0.1938.76 Safari/537.36" "-"
172.172.130.74 - - [23/Dec/2024:18:30:44 +0900] "GET /wp-content/blogs.dir/about.php HTTP/1.1" 404 59375 "-" "-" "-"
52.167.144.184 - - [23/Dec/2024:18:30:45 +0900] "GET /657335374 HTTP/1.1" 301 162 "-" "Mozilla/5.0 AppleWebKit/537.36 (KHTML, like Gecko; compatible; bingbot/2.0; +http://www.bing.com/bingbot.htm) Chrome/116.0.1938.76 Safari/537.36" "-"
172.172.130.74 - - [23/Dec/2024:18:30:45 +0900] "GET /wp-content/cloud.php HTTP/1.1" 301 162 "-" "-" "-"
172.172.130.74 - - [23/Dec/2024:18:30:46 +0900] "GET /wp-content/cloud.php HTTP/1.1" 404 59279 "-" "-" "-"
172.172.130.74 - - [23/Dec/2024:18:30:47 +0900] "GET /wp-content/dropdown.php HTTP/1.1" 301 162 "-" "-" "-"
172.172.130.74 - - [23/Dec/2024:18:30:49 +0900] "GET /wp-content/dropdown.php HTTP/1.1" 404 59311 "-" "-" "-"
172.172.130.74 - - [23/Dec/2024:18:30:49 +0900] "GET /wp-content/gallery/about.php HTTP/1.1" 301 162 "-" "-" "-"
172.172.130.74 - - [23/Dec/2024:18:30:51 +0900] "GET /wp-content/gallery/about.php HTTP/1.1" 404 59359 "-" "-" "-"
172.172.130.74 - - [23/Dec/2024:18:30:51 +0900] "GET /wp-content/plugins/Cache/Cache.php HTTP/1.1" 301 162 "-" "-" "-"
172.172.130.74 - - [23/Dec/2024:18:30:51 +0900] "GET /wp-content/plugins/Cache/Cache.php HTTP/1.1" 503 428 "-" "-" "-"
172.172.130.74 - - [23/Dec/2024:18:30:52 +0900] "GET /wp-content/plugins/awesome-coming-soon/come.php HTTP/1.1" 301 162 "-" "-" "-"
118.27.99.84 - - [23/Dec/2024:18:30:54 +0900] "POST /wp-cron.php?doing_wp_cron=1734946253.7162430286407470703125 HTTP/1.1" 200 118 "-" "WordPress/6.7.1; https://kagoshima-toso.com" "-"
172.172.130.74 - - [23/Dec/2024:18:30:54 +0900] "GET /wp-content/plugins/awesome-coming-soon/come.php HTTP/1.1" 404 59519 "-" "-" "-"
172.172.130.74 - - [23/Dec/2024:18:30:55 +0900] "GET /wp-content/plugins/dropdown.php HTTP/1.1" 301 162 "-" "-" "-"
172.172.130.74 - - [23/Dec/2024:18:30:56 +0900] "GET /wp-content/plugins/dropdown.php HTTP/1.1" 404 59375 "-" "-" "-"
172.172.130.74 - - [23/Dec/2024:18:30:57 +0900] "GET /wp-content/plugins/linkpreview/db.php?u HTTP/1.1" 301 162 "-" "-" "-"
172.172.130.74 - - [23/Dec/2024:18:30:57 +0900] "GET /wp-content/plugins/linkpreview/db.php?u HTTP/1.1" 503 428 "-" "-" "-"
172.172.130.74 - - [23/Dec/2024:18:30:57 +0900] "GET /wp-content/plugins/not/includes/about.php HTTP/1.1" 301 162 "-" "-" "-"
172.172.130.74 - - [23/Dec/2024:18:30:59 +0900] "GET /wp-content/plugins/not/includes/about.php HTTP/1.1" 404 59479 "-" "-" "-"
172.172.130.74 - - [23/Dec/2024:18:30:59 +0900] "GET /wp-content/plugins/seoo/wsoyanz.php HTTP/1.1" 301 162 "-" "-" "-"
172.172.130.74 - - [23/Dec/2024:18:31:01 +0900] "GET /wp-content/plugins/seoo/wsoyanz.php HTTP/1.1" 404 59423 "-" "-" "-"
172.172.130.74 - - [23/Dec/2024:18:31:01 +0900] "GET /wp-content/plugins/seoo/wsoyanz1.php HTTP/1.1" 301 162 "-" "-" "-"
172.172.130.74 - - [23/Dec/2024:18:31:01 +0900] "GET /wp-content/plugins/seoo/wsoyanz1.php HTTP/1.1" 503 428 "-" "-" "-"
172.172.130.74 - - [23/Dec/2024:18:31:02 +0900] "GET /wp-content/plugins/seoplugins/db.php?u HTTP/1.1" 301 162 "-" "-" "-"
172.172.130.74 - - [23/Dec/2024:18:31:03 +0900] "GET /wp-content/plugins/seoplugins/db.php?u HTTP/1.1" 404 59431 "-" "-" "-"
172.172.130.74 - - [23/Dec/2024:18:31:04 +0900] "GET /wp-content/plugins/seoplugins/mar.php HTTP/1.1" 301 162 "-" "-" "-"
172.172.130.74 - - [23/Dec/2024:18:31:06 +0900] "GET /wp-content/plugins/seoplugins/mar.php HTTP/1.1" 404 59431 "-" "-" "-"
172.172.130.74 - - [23/Dec/2024:18:31:06 +0900] "GET /wp-content/plugins/simple/simple.php HTTP/1.1" 301 162 "-" "-" "-"
172.172.130.74 - - [23/Dec/2024:18:31:06 +0900] "GET /wp-content/plugins/simple/simple.php HTTP/1.1" 503 428 "-" "-" "-"
172.172.130.74 - - [23/Dec/2024:18:31:06 +0900] "GET /wp-content/plugins/wp-conflg.php HTTP/1.1" 301 162 "-" "-" "-"
172.172.130.74 - - [23/Dec/2024:18:31:08 +0900] "GET /wp-content/plugins/wp-conflg.php HTTP/1.1" 404 59391 "-" "-" "-"
172.172.130.74 - - [23/Dec/2024:18:31:09 +0900] "GET /wp-content/plugins/wp-theme-editor/include.php HTTP/1.1" 301 162 "-" "-" "-"
172.172.130.74 - - [23/Dec/2024:18:31:10 +0900] "GET /wp-content/plugins/wp-theme-editor/include.php HTTP/1.1" 404 59511 "-" "-" "-"
172.172.130.74 - - [23/Dec/2024:18:31:11 +0900] "GET /wp-content/repeater.php HTTP/1.1" 301 162 "-" "-" "-"
172.172.130.74 - - [23/Dec/2024:18:31:12 +0900] "GET /wp-content/repeater.php HTTP/1.1" 404 59311 "-" "-" "-"
172.172.130.74 - - [23/Dec/2024:18:31:13 +0900] "GET /wp-content/themes.php HTTP/1.1" 301 162 "-" "-" "-"
172.172.130.74 - - [23/Dec/2024:18:31:13 +0900] "GET /wp-content/themes.php HTTP/1.1" 503 428 "-" "-" "-"
172.172.130.74 - - [23/Dec/2024:18:31:13 +0900] "GET /wp-content/themes/404.php HTTP/1.1" 301 162 "-" "-" "-"
172.172.130.74 - - [23/Dec/2024:18:31:13 +0900] "GET /wp-content/themes/404.php HTTP/1.1" 503 428 "-" "-" "-"
172.172.130.74 - - [23/Dec/2024:18:31:13 +0900] "GET /wp-content/themes/admin.php HTTP/1.1" 301 162 "-" "-" "-"
172.172.130.74 - - [23/Dec/2024:18:31:15 +0900] "GET /wp-content/themes/admin.php HTTP/1.1" 404 59343 "-" "-" "-"
172.172.130.74 - - [23/Dec/2024:18:31:16 +0900] "GET /wp-content/themes/pridmag/db.php?u HTTP/1.1" 301 162 "-" "-" "-"
172.172.130.74 - - [23/Dec/2024:18:31:17 +0900] "GET /wp-content/themes/pridmag/db.php?u HTTP/1.1" 404 59399 "-" "-" "-"
172.172.130.74 - - [23/Dec/2024:18:31:18 +0900] "GET /wp-content/themes/seotheme/db.php?u HTTP/1.1" 301 162 "-" "-" "-"
172.172.130.74 - - [23/Dec/2024:18:31:18 +0900] "GET /wp-content/themes/seotheme/db.php?u HTTP/1.1" 503 428 "-" "-" "-"
172.172.130.74 - - [23/Dec/2024:18:31:18 +0900] "GET /wp-content/themes/seotheme/mar.php HTTP/1.1" 301 162 "-" "-" "-"
172.172.130.74 - - [23/Dec/2024:18:31:18 +0900] "GET /wp-content/themes/seotheme/mar.php HTTP/1.1" 503 428 "-" "-" "-"
172.172.130.74 - - [23/Dec/2024:18:31:18 +0900] "GET /wp-content/themes/themes.php HTTP/1.1" 301 162 "-" "-" "-"
172.172.130.74 - - [23/Dec/2024:18:31:19 +0900] "GET /wp-content/themes/themes.php HTTP/1.1" 503 428 "-" "-" "-"
172.172.130.74 - - [23/Dec/2024:18:31:19 +0900] "GET /wp-content/updates.php HTTP/1.1" 301 162 "-" "-" "-"
172.172.130.74 - - [23/Dec/2024:18:31:19 +0900] "GET /wp-content/updates.php HTTP/1.1" 503 428 "-" "-" "-"
172.172.130.74 - - [23/Dec/2024:18:31:19 +0900] "GET /wp-content/updraft/about.php HTTP/1.1" 301 162 "-" "-" "-"
172.172.130.74 - - [23/Dec/2024:18:31:21 +0900] "GET /wp-content/updraft/about.php HTTP/1.1" 404 59359 "-" "-" "-"
172.172.130.74 - - [23/Dec/2024:18:31:21 +0900] "GET /wp-content/upgrade-temp-backup/about.php HTTP/1.1" 301 162 "-" "-" "-"
172.172.130.74 - - [23/Dec/2024:18:31:23 +0900] "GET /wp-content/upgrade-temp-backup/about.php HTTP/1.1" 404 59455 "-" "-" "-"
172.172.130.74 - - [23/Dec/2024:18:31:24 +0900] "GET /wp-content/upgrade/function.php HTTP/1.1" 301 162 "-" "-" "-"
172.172.130.74 - - [23/Dec/2024:18:31:25 +0900] "GET /wp-content/upgrade/function.php HTTP/1.1" 404 59383 "-" "-" "-"
172.172.130.74 - - [23/Dec/2024:18:31:26 +0900] "GET /wp-content/upgrade/index.php HTTP/1.1" 301 162 "-" "-" "-"
172.172.130.74 - - [23/Dec/2024:18:31:27 +0900] "GET /wp-content/upgrade/index.php HTTP/1.1" 301 157 "-" "-" "-"
172.172.130.74 - - [23/Dec/2024:18:31:28 +0900] "GET /wp-content/upgrade/ HTTP/1.1" 403 199 "-" "-" "-"
172.172.130.74 - - [23/Dec/2024:18:31:28 +0900] "GET /wp-includes.bak/html-api/about.php HTTP/1.1" 301 162 "-" "-" "-"
172.172.130.74 - - [23/Dec/2024:18:31:28 +0900] "GET /wp-includes.bak/html-api/about.php HTTP/1.1" 403 490 "-" "-" "-"
172.172.130.74 - - [23/Dec/2024:18:31:28 +0900] "GET /wp-includes/404.php HTTP/1.1" 301 162 "-" "-" "-"
52.167.144.229 - - [23/Dec/2024:18:31:30 +0900] "GET /610659214 HTTP/1.1" 301 162 "-" "Mozilla/5.0 AppleWebKit/537.36 (KHTML, like Gecko; compatible; bingbot/2.0; +http://www.bing.com/bingbot.htm) Chrome/116.0.1938.76 Safari/537.36" "-"
172.172.130.74 - - [23/Dec/2024:18:31:30 +0900] "GET /wp-includes/404.php HTTP/1.1" 404 59279 "-" "-" "-"
172.172.130.74 - - [23/Dec/2024:18:31:30 +0900] "GET /wp-includes/ID3/about.php HTTP/1.1" 301 162 "-" "-" "-"
172.172.130.74 - - [23/Dec/2024:18:31:30 +0900] "GET /wp-includes/ID3/about.php HTTP/1.1" 503 428 "-" "-" "-"
172.172.130.74 - - [23/Dec/2024:18:31:30 +0900] "GET /wp-includes/SimplePie/wp-login.php HTTP/1.1" 301 162 "-" "-" "-"
172.172.130.74 - - [23/Dec/2024:18:31:31 +0900] "GET /wp-includes/SimplePie/wp-login.php HTTP/1.1" 403 199 "-" "-" "-"
172.172.130.74 - - [23/Dec/2024:18:31:31 +0900] "GET /wp-includes/Text/about.php HTTP/1.1" 301 162 "-" "-" "-"
172.172.130.74 - - [23/Dec/2024:18:31:33 +0900] "GET /wp-includes/Text/about.php HTTP/1.1" 404 59335 "-" "-" "-"
172.172.130.74 - - [23/Dec/2024:18:31:33 +0900] "GET /wp-includes/bak.php HTTP/1.1" 301 162 "-" "-" "-"
172.172.130.74 - - [23/Dec/2024:18:31:33 +0900] "GET /wp-includes/bak.php HTTP/1.1" 503 428 "-" "-" "-"
172.172.130.74 - - [23/Dec/2024:18:31:33 +0900] "GET /wp-includes/block-patterns/about.php HTTP/1.1" 301 162 "-" "-" "-"
172.172.130.74 - - [23/Dec/2024:18:31:35 +0900] "GET /wp-includes/block-patterns/about.php HTTP/1.1" 404 59423 "-" "-" "-"
172.172.130.74 - - [23/Dec/2024:18:31:36 +0900] "GET /wp-includes/cloud.php HTTP/1.1" 301 162 "-" "-" "-"
172.172.130.74 - - [23/Dec/2024:18:31:37 +0900] "GET /wp-includes/cloud.php HTTP/1.1" 404 59287 "-" "-" "-"
172.172.130.74 - - [23/Dec/2024:18:31:38 +0900] "GET /wp-includes/customize/about.php HTTP/1.1" 301 162 "-" "-" "-"
52.167.144.229 - - [23/Dec/2024:18:31:39 +0900] "GET /560344174 HTTP/1.1" 301 162 "-" "Mozilla/5.0 AppleWebKit/537.36 (KHTML, like Gecko; compatible; bingbot/2.0; +http://www.bing.com/bingbot.htm) Chrome/116.0.1938.76 Safari/537.36" "-"
52.167.144.229 - - [23/Dec/2024:18:31:39 +0900] "GET /587550844 HTTP/1.1" 301 162 "-" "Mozilla/5.0 AppleWebKit/537.36 (KHTML, like Gecko; compatible; bingbot/2.0; +http://www.bing.com/bingbot.htm) Chrome/116.0.1938.76 Safari/537.36" "-"
52.167.144.229 - - [23/Dec/2024:18:31:39 +0900] "GET /668688349 HTTP/1.1" 301 162 "-" "Mozilla/5.0 AppleWebKit/537.36 (KHTML, like Gecko; compatible; bingbot/2.0; +http://www.bing.com/bingbot.htm) Chrome/116.0.1938.76 Safari/537.36" "-"
52.167.144.229 - - [23/Dec/2024:18:31:39 +0900] "GET /590227849 HTTP/1.1" 301 162 "-" "Mozilla/5.0 AppleWebKit/537.36 (KHTML, like Gecko; compatible; bingbot/2.0; +http://www.bing.com/bingbot.htm) Chrome/116.0.1938.76 Safari/537.36" "-"
172.172.130.74 - - [23/Dec/2024:18:31:40 +0900] "GET /wp-includes/customize/about.php HTTP/1.1" 404 59383 "-" "-" "-"
52.167.144.229 - - [23/Dec/2024:18:31:40 +0900] "GET /471685519 HTTP/1.1" 301 162 "-" "Mozilla/5.0 AppleWebKit/537.36 (KHTML, like Gecko; compatible; bingbot/2.0; +http://www.bing.com/bingbot.htm) Chrome/116.0.1938.76 Safari/537.36" "-"
172.172.130.74 - - [23/Dec/2024:18:31:40 +0900] "GET /wp-includes/function.php HTTP/1.1" 301 162 "-" "-" "-"
52.167.144.229 - - [23/Dec/2024:18:31:40 +0900] "GET /602722534 HTTP/1.1" 301 162 "-" "Mozilla/5.0 AppleWebKit/537.36 (KHTML, like Gecko; compatible; bingbot/2.0; +http://www.bing.com/bingbot.htm) Chrome/116.0.1938.76 Safari/537.36" "-"
