52.167.144.194 - - [23/Dec/2024:18:18:09 +0900] "GET /677160544 HTTP/1.1" 301 162 "-" "Mozilla/5.0 AppleWebKit/537.36 (KHTML, like Gecko; compatible; bingbot/2.0; +http://www.bing.com/bingbot.htm) Chrome/116.0.1938.76 Safari/537.36" "-"
40.77.167.71 - - [23/Dec/2024:18:18:17 +0900] "GET /763876069 HTTP/1.1" 301 162 "-" "Mozilla/5.0 AppleWebKit/537.36 (KHTML, like Gecko; compatible; bingbot/2.0; +http://www.bing.com/bingbot.htm) Chrome/116.0.1938.76 Safari/537.36" "-"
40.77.167.71 - - [23/Dec/2024:18:18:18 +0900] "GET /540957334 HTTP/1.1" 301 162 "-" "Mozilla/5.0 AppleWebKit/537.36 (KHTML, like Gecko; compatible; bingbot/2.0; +http://www.bing.com/bingbot.htm) Chrome/116.0.1938.76 Safari/537.36" "-"
40.77.167.71 - - [23/Dec/2024:18:18:38 +0900] "GET /449518789 HTTP/1.1" 301 162 "-" "Mozilla/5.0 AppleWebKit/537.36 (KHTML, like Gecko; compatible; bingbot/2.0; +http://www.bing.com/bingbot.htm) Chrome/116.0.1938.76 Safari/537.36" "-"
40.77.167.71 - - [23/Dec/2024:18:18:38 +0900] "GET /691820089 HTTP/1.1" 301 162 "-" "Mozilla/5.0 AppleWebKit/537.36 (KHTML, like Gecko; compatible; bingbot/2.0; +http://www.bing.com/bingbot.htm) Chrome/116.0.1938.76 Safari/537.36" "-"
40.77.167.77 - - [23/Dec/2024:18:19:15 +0900] "GET /584128279 HTTP/1.1" 301 162 "-" "Mozilla/5.0 AppleWebKit/537.36 (KHTML, like Gecko; compatible; bingbot/2.0; +http://www.bing.com/bingbot.htm) Chrome/116.0.1938.76 Safari/537.36" "-"
20.15.133.175 - - [23/Dec/2024:18:19:40 +0900] "GET /674652544 HTTP/1.1" 301 162 "-" "Mozilla/5.0 AppleWebKit/537.36 (KHTML, like Gecko; compatible; bingbot/2.0; +http://www.bing.com/bingbot.htm) Chrome/116.0.1938.76 Safari/537.36" "-"
40.77.167.77 - - [23/Dec/2024:18:19:54 +0900] "GET /595890799 HTTP/1.1" 301 162 "-" "Mozilla/5.0 AppleWebKit/537.36 (KHTML, like Gecko; compatible; bingbot/2.0; +http://www.bing.com/bingbot.htm) Chrome/116.0.1938.76 Safari/537.36" "-"
40.77.167.77 - - [23/Dec/2024:18:19:55 +0900] "GET /903949864 HTTP/1.1" 301 162 "-" "Mozilla/5.0 AppleWebKit/537.36 (KHTML, like Gecko; compatible; bingbot/2.0; +http://www.bing.com/bingbot.htm) Chrome/116.0.1938.76 Safari/537.36" "-"
40.77.167.77 - - [23/Dec/2024:18:19:55 +0900] "GET /650221204 HTTP/1.1" 301 162 "-" "Mozilla/5.0 AppleWebKit/537.36 (KHTML, like Gecko; compatible; bingbot/2.0; +http://www.bing.com/bingbot.htm) Chrome/116.0.1938.76 Safari/537.36" "-"
40.77.167.77 - - [23/Dec/2024:18:19:56 +0900] "GET /896955964 HTTP/1.1" 301 162 "-" "Mozilla/5.0 AppleWebKit/537.36 (KHTML, like Gecko; compatible; bingbot/2.0; +http://www.bing.com/bingbot.htm) Chrome/116.0.1938.76 Safari/537.36" "-"
40.77.167.77 - - [23/Dec/2024:18:19:57 +0900] "GET /782876449 HTTP/1.1" 301 162 "-" "Mozilla/5.0 AppleWebKit/537.36 (KHTML, like Gecko; compatible; bingbot/2.0; +http://www.bing.com/bingbot.htm) Chrome/116.0.1938.76 Safari/537.36" "-"
40.77.167.71 - - [23/Dec/2024:18:19:58 +0900] "GET /910213024 HTTP/1.1" 301 162 "-" "Mozilla/5.0 AppleWebKit/537.36 (KHTML, like Gecko; compatible; bingbot/2.0; +http://www.bing.com/bingbot.htm) Chrome/116.0.1938.76 Safari/537.36" "-"
40.77.167.71 - - [23/Dec/2024:18:19:59 +0900] "GET /826203004 HTTP/1.1" 301 162 "-" "Mozilla/5.0 AppleWebKit/537.36 (KHTML, like Gecko; compatible; bingbot/2.0; +http://www.bing.com/bingbot.htm) Chrome/116.0.1938.76 Safari/537.36" "-"
40.77.167.71 - - [23/Dec/2024:18:19:59 +0900] "GET /897743989 HTTP/1.1" 301 162 "-" "Mozilla/5.0 AppleWebKit/537.36 (KHTML, like Gecko; compatible; bingbot/2.0; +http://www.bing.com/bingbot.htm) Chrome/116.0.1938.76 Safari/537.36" "-"
40.77.167.71 - - [23/Dec/2024:18:19:59 +0900] "GET /784680499 HTTP/1.1" 301 162 "-" "Mozilla/5.0 AppleWebKit/537.36 (KHTML, like Gecko; compatible; bingbot/2.0; +http://www.bing.com/bingbot.htm) Chrome/116.0.1938.76 Safari/537.36" "-"
146.190.129.61 - - [23/Dec/2024:18:19:59 +0900] "GET / HTTP/1.1" 301 162 "-" "Mozilla/5.0 (Windows NT 10.0; Win64; x64) AppleWebKit/537.36 (KHTML, like Gecko) Chrome/80.0.3987.149 Safari/537.36" "-"
40.77.167.71 - - [23/Dec/2024:18:20:00 +0900] "GET /846070924 HTTP/1.1" 301 162 "-" "Mozilla/5.0 AppleWebKit/537.36 (KHTML, like Gecko; compatible; bingbot/2.0; +http://www.bing.com/bingbot.htm) Chrome/116.0.1938.76 Safari/537.36" "-"
40.77.167.71 - - [23/Dec/2024:18:20:00 +0900] "GET /825922279 HTTP/1.1" 301 162 "-" "Mozilla/5.0 AppleWebKit/537.36 (KHTML, like Gecko; compatible; bingbot/2.0; +http://www.bing.com/bingbot.htm) Chrome/116.0.1938.76 Safari/537.36" "-"
40.77.167.71 - - [23/Dec/2024:18:20:00 +0900] "GET /851215744 HTTP/1.1" 301 162 "-" "Mozilla/5.0 AppleWebKit/537.36 (KHTML, like Gecko; compatible; bingbot/2.0; +http://www.bing.com/bingbot.htm) Chrome/116.0.1938.76 Safari/537.36" "-"
118.27.99.84 - - [23/Dec/2024:18:20:02 +0900] "POST /wp-cron.php?doing_wp_cron=1734945602.7031989097595214843750 HTTP/1.1" 503 299 "-" "WordPress/6.7.1; https://kagoshima-toso.com" "-"
146.190.129.61 - - [23/Dec/2024:18:20:02 +0900] "GET / HTTP/1.1" 200 135598 "-" "Mozilla/5.0 (Windows NT 10.0; Win64; x64) AppleWebKit/537.36 (KHTML, like Gecko) Chrome/80.0.3987.149 Safari/537.36" "-"
146.190.129.61 - - [23/Dec/2024:18:20:03 +0900] "GET //wp-includes/wlwmanifest.xml HTTP/1.1" 403 199 "-" "Mozilla/5.0 (Windows NT 10.0; Win64; x64) AppleWebKit/537.36 (KHTML, like Gecko) Chrome/80.0.3987.149 Safari/537.36" "-"
146.190.129.61 - - [23/Dec/2024:18:20:03 +0900] "GET //xmlrpc.php?rsd HTTP/1.1" 403 199 "-" "Mozilla/5.0 (Windows NT 10.0; Win64; x64) AppleWebKit/537.36 (KHTML, like Gecko) Chrome/80.0.3987.149 Safari/537.36" "-"
146.190.129.61 - - [23/Dec/2024:18:20:04 +0900] "GET / HTTP/1.1" 503 299 "-" "Mozilla/5.0 (Windows NT 10.0; Win64; x64) AppleWebKit/537.36 (KHTML, like Gecko) Chrome/80.0.3987.149 Safari/537.36" "-"
146.190.129.61 - - [23/Dec/2024:18:20:04 +0900] "GET //blog/wp-includes/wlwmanifest.xml HTTP/1.1" 403 199 "-" "Mozilla/5.0 (Windows NT 10.0; Win64; x64) AppleWebKit/537.36 (KHTML, like Gecko) Chrome/80.0.3987.149 Safari/537.36" "-"
146.190.129.61 - - [23/Dec/2024:18:20:05 +0900] "GET //web/wp-includes/wlwmanifest.xml HTTP/1.1" 403 199 "-" "Mozilla/5.0 (Windows NT 10.0; Win64; x64) AppleWebKit/537.36 (KHTML, like Gecko) Chrome/80.0.3987.149 Safari/537.36" "-"
146.190.129.61 - - [23/Dec/2024:18:20:05 +0900] "GET //wordpress/wp-includes/wlwmanifest.xml HTTP/1.1" 403 199 "-" "Mozilla/5.0 (Windows NT 10.0; Win64; x64) AppleWebKit/537.36 (KHTML, like Gecko) Chrome/80.0.3987.149 Safari/537.36" "-"
146.190.129.61 - - [23/Dec/2024:18:20:05 +0900] "GET //website/wp-includes/wlwmanifest.xml HTTP/1.1" 403 199 "-" "Mozilla/5.0 (Windows NT 10.0; Win64; x64) AppleWebKit/537.36 (KHTML, like Gecko) Chrome/80.0.3987.149 Safari/537.36" "-"
146.190.129.61 - - [23/Dec/2024:18:20:06 +0900] "GET //wp/wp-includes/wlwmanifest.xml HTTP/1.1" 403 199 "-" "Mozilla/5.0 (Windows NT 10.0; Win64; x64) AppleWebKit/537.36 (KHTML, like Gecko) Chrome/80.0.3987.149 Safari/537.36" "-"
40.77.167.77 - - [23/Dec/2024:18:20:06 +0900] "GET /885206554 HTTP/1.1" 301 162 "-" "Mozilla/5.0 AppleWebKit/537.36 (KHTML, like Gecko; compatible; bingbot/2.0; +http://www.bing.com/bingbot.htm) Chrome/116.0.1938.76 Safari/537.36" "-"
40.77.167.77 - - [23/Dec/2024:18:20:06 +0900] "GET /819250714 HTTP/1.1" 301 162 "-" "Mozilla/5.0 AppleWebKit/537.36 (KHTML, like Gecko; compatible; bingbot/2.0; +http://www.bing.com/bingbot.htm) Chrome/116.0.1938.76 Safari/537.36" "-"
40.77.167.77 - - [23/Dec/2024:18:20:06 +0900] "GET /800556994 HTTP/1.1" 301 162 "-" "Mozilla/5.0 AppleWebKit/537.36 (KHTML, like Gecko; compatible; bingbot/2.0; +http://www.bing.com/bingbot.htm) Chrome/116.0.1938.76 Safari/537.36" "-"
40.77.167.77 - - [23/Dec/2024:18:20:07 +0900] "GET /784260409 HTTP/1.1" 301 162 "-" "Mozilla/5.0 AppleWebKit/537.36 (KHTML, like Gecko; compatible; bingbot/2.0; +http://www.bing.com/bingbot.htm) Chrome/116.0.1938.76 Safari/537.36" "-"
146.190.129.61 - - [23/Dec/2024:18:20:07 +0900] "GET //news/wp-includes/wlwmanifest.xml HTTP/1.1" 403 199 "-" "Mozilla/5.0 (Windows NT 10.0; Win64; x64) AppleWebKit/537.36 (KHTML, like Gecko) Chrome/80.0.3987.149 Safari/537.36" "-"
40.77.167.77 - - [23/Dec/2024:18:20:07 +0900] "GET /758547139 HTTP/1.1" 301 162 "-" "Mozilla/5.0 AppleWebKit/537.36 (KHTML, like Gecko; compatible; bingbot/2.0; +http://www.bing.com/bingbot.htm) Chrome/116.0.1938.76 Safari/537.36" "-"
146.190.129.61 - - [23/Dec/2024:18:20:07 +0900] "GET //2018/wp-includes/wlwmanifest.xml HTTP/1.1" 403 199 "-" "Mozilla/5.0 (Windows NT 10.0; Win64; x64) AppleWebKit/537.36 (KHTML, like Gecko) Chrome/80.0.3987.149 Safari/537.36" "-"
146.190.129.61 - - [23/Dec/2024:18:20:07 +0900] "GET //2019/wp-includes/wlwmanifest.xml HTTP/1.1" 403 199 "-" "Mozilla/5.0 (Windows NT 10.0; Win64; x64) AppleWebKit/537.36 (KHTML, like Gecko) Chrome/80.0.3987.149 Safari/537.36" "-"
146.190.129.61 - - [23/Dec/2024:18:20:08 +0900] "GET //shop/wp-includes/wlwmanifest.xml HTTP/1.1" 403 199 "-" "Mozilla/5.0 (Windows NT 10.0; Win64; x64) AppleWebKit/537.36 (KHTML, like Gecko) Chrome/80.0.3987.149 Safari/537.36" "-"
40.77.167.77 - - [23/Dec/2024:18:20:08 +0900] "GET /762309709 HTTP/1.1" 301 162 "-" "Mozilla/5.0 AppleWebKit/537.36 (KHTML, like Gecko; compatible; bingbot/2.0; +http://www.bing.com/bingbot.htm) Chrome/116.0.1938.76 Safari/537.36" "-"
146.190.129.61 - - [23/Dec/2024:18:20:08 +0900] "GET //wp1/wp-includes/wlwmanifest.xml HTTP/1.1" 403 199 "-" "Mozilla/5.0 (Windows NT 10.0; Win64; x64) AppleWebKit/537.36 (KHTML, like Gecko) Chrome/80.0.3987.149 Safari/537.36" "-"
146.190.129.61 - - [23/Dec/2024:18:20:08 +0900] "GET //test/wp-includes/wlwmanifest.xml HTTP/1.1" 403 199 "-" "Mozilla/5.0 (Windows NT 10.0; Win64; x64) AppleWebKit/537.36 (KHTML, like Gecko) Chrome/80.0.3987.149 Safari/537.36" "-"
146.190.129.61 - - [23/Dec/2024:18:20:08 +0900] "GET //media/wp-includes/wlwmanifest.xml HTTP/1.1" 403 199 "-" "Mozilla/5.0 (Windows NT 10.0; Win64; x64) AppleWebKit/537.36 (KHTML, like Gecko) Chrome/80.0.3987.149 Safari/537.36" "-"
146.190.129.61 - - [23/Dec/2024:18:20:09 +0900] "GET //wp2/wp-includes/wlwmanifest.xml HTTP/1.1" 403 199 "-" "Mozilla/5.0 (Windows NT 10.0; Win64; x64) AppleWebKit/537.36 (KHTML, like Gecko) Chrome/80.0.3987.149 Safari/537.36" "-"
146.190.129.61 - - [23/Dec/2024:18:20:09 +0900] "GET //site/wp-includes/wlwmanifest.xml HTTP/1.1" 403 199 "-" "Mozilla/5.0 (Windows NT 10.0; Win64; x64) AppleWebKit/537.36 (KHTML, like Gecko) Chrome/80.0.3987.149 Safari/537.36" "-"
146.190.129.61 - - [23/Dec/2024:18:20:10 +0900] "GET //cms/wp-includes/wlwmanifest.xml HTTP/1.1" 403 199 "-" "Mozilla/5.0 (Windows NT 10.0; Win64; x64) AppleWebKit/537.36 (KHTML, like Gecko) Chrome/80.0.3987.149 Safari/537.36" "-"
146.190.129.61 - - [23/Dec/2024:18:20:10 +0900] "GET //sito/wp-includes/wlwmanifest.xml HTTP/1.1" 403 199 "-" "Mozilla/5.0 (Windows NT 10.0; Win64; x64) AppleWebKit/537.36 (KHTML, like Gecko) Chrome/80.0.3987.149 Safari/537.36" "-"
40.77.167.71 - - [23/Dec/2024:18:20:11 +0900] "GET /770291419 HTTP/1.1" 301 162 "-" "Mozilla/5.0 AppleWebKit/537.36 (KHTML, like Gecko; compatible; bingbot/2.0; +http://www.bing.com/bingbot.htm) Chrome/116.0.1938.76 Safari/537.36" "-"
40.77.167.77 - - [23/Dec/2024:18:20:16 +0900] "GET /855947884 HTTP/1.1" 301 162 "-" "Mozilla/5.0 AppleWebKit/537.36 (KHTML, like Gecko; compatible; bingbot/2.0; +http://www.bing.com/bingbot.htm) Chrome/116.0.1938.76 Safari/537.36" "-"
40.77.167.77 - - [23/Dec/2024:18:20:17 +0900] "GET /876603259 HTTP/1.1" 301 162 "-" "Mozilla/5.0 AppleWebKit/537.36 (KHTML, like Gecko; compatible; bingbot/2.0; +http://www.bing.com/bingbot.htm) Chrome/116.0.1938.76 Safari/537.36" "-"
40.77.167.77 - - [23/Dec/2024:18:20:18 +0900] "GET /881951284 HTTP/1.1" 301 162 "-" "Mozilla/5.0 AppleWebKit/537.36 (KHTML, like Gecko; compatible; bingbot/2.0; +http://www.bing.com/bingbot.htm) Chrome/116.0.1938.76 Safari/537.36" "-"
40.77.167.77 - - [23/Dec/2024:18:20:18 +0900] "GET /811474774 HTTP/1.1" 301 162 "-" "Mozilla/5.0 AppleWebKit/537.36 (KHTML, like Gecko; compatible; bingbot/2.0; +http://www.bing.com/bingbot.htm) Chrome/116.0.1938.76 Safari/537.36" "-"
40.77.167.77 - - [23/Dec/2024:18:20:19 +0900] "GET /849494059 HTTP/1.1" 301 162 "-" "Mozilla/5.0 AppleWebKit/537.36 (KHTML, like Gecko; compatible; bingbot/2.0; +http://www.bing.com/bingbot.htm) Chrome/116.0.1938.76 Safari/537.36" "-"
52.167.144.194 - - [23/Dec/2024:18:20:22 +0900] "GET /858219904 HTTP/1.1" 301 162 "-" "Mozilla/5.0 AppleWebKit/537.36 (KHTML, like Gecko; compatible; bingbot/2.0; +http://www.bing.com/bingbot.htm) Chrome/116.0.1938.76 Safari/537.36" "-"
52.167.144.194 - - [23/Dec/2024:18:20:22 +0900] "GET /779254384 HTTP/1.1" 301 162 "-" "Mozilla/5.0 AppleWebKit/537.36 (KHTML, like Gecko; compatible; bingbot/2.0; +http://www.bing.com/bingbot.htm) Chrome/116.0.1938.76 Safari/537.36" "-"
52.167.144.194 - - [23/Dec/2024:18:20:22 +0900] "GET /873915424 HTTP/1.1" 301 162 "-" "Mozilla/5.0 AppleWebKit/537.36 (KHTML, like Gecko; compatible; bingbot/2.0; +http://www.bing.com/bingbot.htm) Chrome/116.0.1938.76 Safari/537.36" "-"
52.167.144.194 - - [23/Dec/2024:18:20:23 +0900] "GET /888915829 HTTP/1.1" 301 162 "-" "Mozilla/5.0 AppleWebKit/537.36 (KHTML, like Gecko; compatible; bingbot/2.0; +http://www.bing.com/bingbot.htm) Chrome/116.0.1938.76 Safari/537.36" "-"
52.167.144.194 - - [23/Dec/2024:18:20:24 +0900] "GET /802268989 HTTP/1.1" 301 162 "-" "Mozilla/5.0 AppleWebKit/537.36 (KHTML, like Gecko; compatible; bingbot/2.0; +http://www.bing.com/bingbot.htm) Chrome/116.0.1938.76 Safari/537.36" "-"
52.167.144.194 - - [23/Dec/2024:18:20:24 +0900] "GET /777395329 HTTP/1.1" 301 162 "-" "Mozilla/5.0 AppleWebKit/537.36 (KHTML, like Gecko; compatible; bingbot/2.0; +http://www.bing.com/bingbot.htm) Chrome/116.0.1938.76 Safari/537.36" "-"
52.167.144.194 - - [23/Dec/2024:18:20:24 +0900] "GET /761540494 HTTP/1.1" 301 162 "-" "Mozilla/5.0 AppleWebKit/537.36 (KHTML, like Gecko; compatible; bingbot/2.0; +http://www.bing.com/bingbot.htm) Chrome/116.0.1938.76 Safari/537.36" "-"
52.167.144.194 - - [23/Dec/2024:18:20:25 +0900] "GET /765665869 HTTP/1.1" 301 162 "-" "Mozilla/5.0 AppleWebKit/537.36 (KHTML, like Gecko; compatible; bingbot/2.0; +http://www.bing.com/bingbot.htm) Chrome/116.0.1938.76 Safari/537.36" "-"
52.167.144.194 - - [23/Dec/2024:18:20:25 +0900] "GET /895627864 HTTP/1.1" 301 162 "-" "Mozilla/5.0 AppleWebKit/537.36 (KHTML, like Gecko; compatible; bingbot/2.0; +http://www.bing.com/bingbot.htm) Chrome/116.0.1938.76 Safari/537.36" "-"
52.167.144.194 - - [23/Dec/2024:18:20:26 +0900] "GET /894756334 HTTP/1.1" 301 162 "-" "Mozilla/5.0 AppleWebKit/537.36 (KHTML, like Gecko; compatible; bingbot/2.0; +http://www.bing.com/bingbot.htm) Chrome/116.0.1938.76 Safari/537.36" "-"
52.167.144.194 - - [23/Dec/2024:18:20:26 +0900] "GET /752385154 HTTP/1.1" 301 162 "-" "Mozilla/5.0 AppleWebKit/537.36 (KHTML, like Gecko; compatible; bingbot/2.0; +http://www.bing.com/bingbot.htm) Chrome/116.0.1938.76 Safari/537.36" "-"
52.167.144.194 - - [23/Dec/2024:18:20:26 +0900] "GET /858290299 HTTP/1.1" 301 162 "-" "Mozilla/5.0 AppleWebKit/537.36 (KHTML, like Gecko; compatible; bingbot/2.0; +http://www.bing.com/bingbot.htm) Chrome/116.0.1938.76 Safari/537.36" "-"
172.172.130.74 - - [23/Dec/2024:18:20:38 +0900] "GET /admin/function.php HTTP/1.1" 301 162 "-" "-" "-"
172.172.130.74 - - [23/Dec/2024:18:20:41 +0900] "GET /admin/function.php HTTP/1.1" 404 59271 "-" "-" "-"
172.172.130.74 - - [23/Dec/2024:18:20:42 +0900] "GET /admin.php HTTP/1.1" 301 162 "-" "-" "-"
172.172.130.74 - - [23/Dec/2024:18:20:42 +0900] "GET /admin.php HTTP/1.1" 404 22 "-" "-" "-"
172.172.130.74 - - [23/Dec/2024:18:20:42 +0900] "GET /config.php HTTP/1.1" 301 162 "-" "-" "-"
172.172.130.74 - - [23/Dec/2024:18:20:44 +0900] "GET /config.php HTTP/1.1" 404 59199 "-" "-" "-"
172.172.130.74 - - [23/Dec/2024:18:20:44 +0900] "GET /about/function.php HTTP/1.1" 301 162 "-" "-" "-"
172.172.130.74 - - [23/Dec/2024:18:20:46 +0900] "GET /about/function.php HTTP/1.1" 404 59271 "-" "-" "-"
172.172.130.74 - - [23/Dec/2024:18:20:47 +0900] "GET /lock.php HTTP/1.1" 301 162 "-" "-" "-"
172.172.130.74 - - [23/Dec/2024:18:20:47 +0900] "GET /lock.php HTTP/1.1" 503 428 "-" "-" "-"
172.172.130.74 - - [23/Dec/2024:18:20:47 +0900] "GET /simple.php HTTP/1.1" 301 162 "-" "-" "-"
172.172.130.74 - - [23/Dec/2024:18:20:47 +0900] "GET /simple.php HTTP/1.1" 503 428 "-" "-" "-"
172.172.130.74 - - [23/Dec/2024:18:20:47 +0900] "GET /radio.php HTTP/1.1" 301 162 "-" "-" "-"
172.172.130.74 - - [23/Dec/2024:18:20:49 +0900] "GET /radio.php HTTP/1.1" 404 59191 "-" "-" "-"
172.172.130.74 - - [23/Dec/2024:18:20:50 +0900] "GET /wp-mail.php HTTP/1.1" 301 162 "-" "-" "-"
172.172.130.74 - - [23/Dec/2024:18:20:50 +0900] "GET /wp-mail.php HTTP/1.1" 503 299 "-" "-" "-"
172.172.130.74 - - [23/Dec/2024:18:20:50 +0900] "GET /wp-content/index.php HTTP/1.1" 301 162 "-" "-" "-"
172.172.130.74 - - [23/Dec/2024:18:20:50 +0900] "GET /wp-content/index.php HTTP/1.1" 503 299 "-" "-" "-"
172.172.130.74 - - [23/Dec/2024:18:20:51 +0900] "GET /alfa.php HTTP/1.1" 301 162 "-" "-" "-"
172.172.130.74 - - [23/Dec/2024:18:20:51 +0900] "GET /alfa.php HTTP/1.1" 503 428 "-" "-" "-"
172.172.130.74 - - [23/Dec/2024:18:20:51 +0900] "GET /.well-known/acme-challenge/index.php HTTP/1.1" 301 162 "-" "-" "-"
172.172.130.74 - - [23/Dec/2024:18:20:53 +0900] "GET /.well-known/acme-challenge/index.php HTTP/1.1" 301 157 "-" "-" "-"
40.77.167.77 - - [23/Dec/2024:18:20:54 +0900] "GET /843295309 HTTP/1.1" 301 162 "-" "Mozilla/5.0 AppleWebKit/537.36 (KHTML, like Gecko; compatible; bingbot/2.0; +http://www.bing.com/bingbot.htm) Chrome/116.0.1938.76 Safari/537.36" "-"
40.77.167.77 - - [23/Dec/2024:18:20:54 +0900] "GET /893511169 HTTP/1.1" 301 162 "-" "Mozilla/5.0 AppleWebKit/537.36 (KHTML, like Gecko; compatible; bingbot/2.0; +http://www.bing.com/bingbot.htm) Chrome/116.0.1938.76 Safari/537.36" "-"
172.172.130.74 - - [23/Dec/2024:18:20:55 +0900] "GET /.well-known/acme-challenge/ HTTP/1.1" 404 59335 "-" "-" "-"
40.77.167.77 - - [23/Dec/2024:18:20:55 +0900] "GET /767299774 HTTP/1.1" 301 162 "-" "Mozilla/5.0 AppleWebKit/537.36 (KHTML, like Gecko; compatible; bingbot/2.0; +http://www.bing.com/bingbot.htm) Chrome/116.0.1938.76 Safari/537.36" "-"
172.172.130.74 - - [23/Dec/2024:18:20:55 +0900] "GET /wp-content/plugins/index.php HTTP/1.1" 301 162 "-" "-" "-"
172.172.130.74 - - [23/Dec/2024:18:20:55 +0900] "GET /wp-content/plugins/index.php HTTP/1.1" 503 299 "-" "-" "-"
172.172.130.74 - - [23/Dec/2024:18:20:55 +0900] "GET /text.php HTTP/1.1" 301 162 "-" "-" "-"
40.77.167.77 - - [23/Dec/2024:18:20:56 +0900] "GET /862170859 HTTP/1.1" 301 162 "-" "Mozilla/5.0 AppleWebKit/537.36 (KHTML, like Gecko; compatible; bingbot/2.0; +http://www.bing.com/bingbot.htm) Chrome/116.0.1938.76 Safari/537.36" "-"
40.77.167.77 - - [23/Dec/2024:18:20:56 +0900] "GET /808599979 HTTP/1.1" 301 162 "-" "Mozilla/5.0 AppleWebKit/537.36 (KHTML, like Gecko; compatible; bingbot/2.0; +http://www.bing.com/bingbot.htm) Chrome/116.0.1938.76 Safari/537.36" "-"
40.77.167.77 - - [23/Dec/2024:18:20:56 +0900] "GET /857475769 HTTP/1.1" 301 162 "-" "Mozilla/5.0 AppleWebKit/537.36 (KHTML, like Gecko; compatible; bingbot/2.0; +http://www.bing.com/bingbot.htm) Chrome/116.0.1938.76 Safari/537.36" "-"
40.77.167.77 - - [23/Dec/2024:18:20:57 +0900] "GET /882436924 HTTP/1.1" 301 162 "-" "Mozilla/5.0 AppleWebKit/537.36 (KHTML, like Gecko; compatible; bingbot/2.0; +http://www.bing.com/bingbot.htm) Chrome/116.0.1938.76 Safari/537.36" "-"
40.77.167.77 - - [23/Dec/2024:18:20:57 +0900] "GET /883628794 HTTP/1.1" 301 162 "-" "Mozilla/5.0 AppleWebKit/537.36 (KHTML, like Gecko; compatible; bingbot/2.0; +http://www.bing.com/bingbot.htm) Chrome/116.0.1938.76 Safari/537.36" "-"
172.172.130.74 - - [23/Dec/2024:18:20:57 +0900] "GET /text.php HTTP/1.1" 404 59175 "-" "-" "-"
40.77.167.77 - - [23/Dec/2024:18:20:57 +0900] "GET /757787329 HTTP/1.1" 301 162 "-" "Mozilla/5.0 AppleWebKit/537.36 (KHTML, like Gecko; compatible; bingbot/2.0; +http://www.bing.com/bingbot.htm) Chrome/116.0.1938.76 Safari/537.36" "-"
172.172.130.74 - - [23/Dec/2024:18:20:58 +0900] "GET /autoload_classmap.php HTTP/1.1" 301 162 "-" "-" "-"
172.172.130.74 - - [23/Dec/2024:18:21:00 +0900] "GET /autoload_classmap.php HTTP/1.1" 404 59287 "-" "-" "-"
172.172.130.74 - - [23/Dec/2024:18:21:00 +0900] "GET /wp-includes/autoload_classmap.php HTTP/1.1" 301 162 "-" "-" "-"
172.172.130.74 - - [23/Dec/2024:18:21:02 +0900] "GET /wp-includes/autoload_classmap.php HTTP/1.1" 404 59391 "-" "-" "-"
172.172.130.74 - - [23/Dec/2024:18:21:02 +0900] "GET /item.php HTTP/1.1" 301 162 "-" "-" "-"
52.167.144.229 - - [23/Dec/2024:18:21:03 +0900] "GET /798754654 HTTP/1.1" 301 162 "-" "Mozilla/5.0 AppleWebKit/537.36 (KHTML, like Gecko; compatible; bingbot/2.0; +http://www.bing.com/bingbot.htm) Chrome/116.0.1938.76 Safari/537.36" "-"
52.167.144.229 - - [23/Dec/2024:18:21:03 +0900] "GET /901053409 HTTP/1.1" 301 162 "-" "Mozilla/5.0 AppleWebKit/537.36 (KHTML, like Gecko; compatible; bingbot/2.0; +http://www.bing.com/bingbot.htm) Chrome/116.0.1938.76 Safari/537.36" "-"
52.167.144.229 - - [23/Dec/2024:18:21:04 +0900] "GET /768478819 HTTP/1.1" 301 162 "-" "Mozilla/5.0 AppleWebKit/537.36 (KHTML, like Gecko; compatible; bingbot/2.0; +http://www.bing.com/bingbot.htm) Chrome/116.0.1938.76 Safari/537.36" "-"
40.77.167.77 - - [23/Dec/2024:18:21:04 +0900] "GET /899622424 HTTP/1.1" 301 162 "-" "Mozilla/5.0 AppleWebKit/537.36 (KHTML, like Gecko; compatible; bingbot/2.0; +http://www.bing.com/bingbot.htm) Chrome/116.0.1938.76 Safari/537.36" "-"
52.167.144.229 - - [23/Dec/2024:18:21:04 +0900] "GET /884763664 HTTP/1.1" 301 162 "-" "Mozilla/5.0 AppleWebKit/537.36 (KHTML, like Gecko; compatible; bingbot/2.0; +http://www.bing.com/bingbot.htm) Chrome/116.0.1938.76 Safari/537.36" "-"
52.167.144.229 - - [23/Dec/2024:18:21:05 +0900] "GET /803642974 HTTP/1.1" 301 162 "-" "Mozilla/5.0 AppleWebKit/537.36 (KHTML, like Gecko; compatible; bingbot/2.0; +http://www.bing.com/bingbot.htm) Chrome/116.0.1938.76 Safari/537.36" "-"
52.167.144.229 - - [23/Dec/2024:18:21:05 +0900] "GET /880395469 HTTP/1.1" 301 162 "-" "Mozilla/5.0 AppleWebKit/537.36 (KHTML, like Gecko; compatible; bingbot/2.0; +http://www.bing.com/bingbot.htm) Chrome/116.0.1938.76 Safari/537.36" "-"
118.27.99.84 - - [23/Dec/2024:18:21:05 +0900] "POST /wp-cron.php?doing_wp_cron=1734945664.7605459690093994140625 HTTP/1.1" 200 118 "-" "WordPress/6.7.1; https://kagoshima-toso.com" "-"
172.172.130.74 - - [23/Dec/2024:18:21:05 +0900] "GET /item.php HTTP/1.1" 404 59175 "-" "-" "-"
52.167.144.229 - - [23/Dec/2024:18:21:05 +0900] "GET /750822499 HTTP/1.1" 301 162 "-" "Mozilla/5.0 AppleWebKit/537.36 (KHTML, like Gecko; compatible; bingbot/2.0; +http://www.bing.com/bingbot.htm) Chrome/116.0.1938.76 Safari/537.36" "-"
172.172.130.74 - - [23/Dec/2024:18:21:06 +0900] "GET /file.php HTTP/1.1" 301 162 "-" "-" "-"
52.167.144.229 - - [23/Dec/2024:18:21:06 +0900] "GET /773724814 HTTP/1.1" 301 162 "-" "Mozilla/5.0 AppleWebKit/537.36 (KHTML, like Gecko; compatible; bingbot/2.0; +http://www.bing.com/bingbot.htm) Chrome/116.0.1938.76 Safari/537.36" "-"
172.172.130.74 - - [23/Dec/2024:18:21:06 +0900] "GET /file.php HTTP/1.1" 503 428 "-" "-" "-"
172.172.130.74 - - [23/Dec/2024:18:21:06 +0900] "GET /wp-includes/blocks/about.php HTTP/1.1" 301 162 "-" "-" "-"
172.172.130.74 - - [23/Dec/2024:18:21:06 +0900] "GET /wp-includes/blocks/about.php HTTP/1.1" 503 428 "-" "-" "-"
52.167.144.229 - - [23/Dec/2024:18:21:06 +0900] "GET /844621984 HTTP/1.1" 301 162 "-" "Mozilla/5.0 AppleWebKit/537.36 (KHTML, like Gecko; compatible; bingbot/2.0; +http://www.bing.com/bingbot.htm) Chrome/116.0.1938.76 Safari/537.36" "-"
172.172.130.74 - - [23/Dec/2024:18:21:06 +0900] "GET /mah.php HTTP/1.1" 301 162 "-" "-" "-"
52.167.144.229 - - [23/Dec/2024:18:21:07 +0900] "GET /849591244 HTTP/1.1" 301 162 "-" "Mozilla/5.0 AppleWebKit/537.36 (KHTML, like Gecko; compatible; bingbot/2.0; +http://www.bing.com/bingbot.htm) Chrome/116.0.1938.76 Safari/537.36" "-"
52.167.144.229 - - [23/Dec/2024:18:21:07 +0900] "GET /806282929 HTTP/1.1" 301 162 "-" "Mozilla/5.0 AppleWebKit/537.36 (KHTML, like Gecko; compatible; bingbot/2.0; +http://www.bing.com/bingbot.htm) Chrome/116.0.1938.76 Safari/537.36" "-"
52.167.144.229 - - [23/Dec/2024:18:21:07 +0900] "GET /775997689 HTTP/1.1" 301 162 "-" "Mozilla/5.0 AppleWebKit/537.36 (KHTML, like Gecko; compatible; bingbot/2.0; +http://www.bing.com/bingbot.htm) Chrome/116.0.1938.76 Safari/537.36" "-"
52.167.144.229 - - [23/Dec/2024:18:21:08 +0900] "GET /892542454 HTTP/1.1" 301 162 "-" "Mozilla/5.0 AppleWebKit/537.36 (KHTML, like Gecko; compatible; bingbot/2.0; +http://www.bing.com/bingbot.htm) Chrome/116.0.1938.76 Safari/537.36" "-"
52.167.144.229 - - [23/Dec/2024:18:21:08 +0900] "GET /768227164 HTTP/1.1" 301 162 "-" "Mozilla/5.0 AppleWebKit/537.36 (KHTML, like Gecko; compatible; bingbot/2.0; +http://www.bing.com/bingbot.htm) Chrome/116.0.1938.76 Safari/537.36" "-"
172.172.130.74 - - [23/Dec/2024:18:21:08 +0900] "GET /mah.php HTTP/1.1" 404 59175 "-" "-" "-"
172.172.130.74 - - [23/Dec/2024:18:21:09 +0900] "GET /themes/zMousse/otuz1.php HTTP/1.1" 301 162 "-" "-" "-"
172.172.130.74 - - [23/Dec/2024:18:21:09 +0900] "GET /themes/zMousse/otuz1.php HTTP/1.1" 503 428 "-" "-" "-"
172.172.130.74 - - [23/Dec/2024:18:21:09 +0900] "GET /lv.php HTTP/1.1" 301 162 "-" "-" "-"
172.172.130.74 - - [23/Dec/2024:18:21:09 +0900] "GET /lv.php HTTP/1.1" 503 428 "-" "-" "-"
172.172.130.74 - - [23/Dec/2024:18:21:09 +0900] "GET /inputs.php HTTP/1.1" 301 162 "-" "-" "-"
172.172.130.74 - - [23/Dec/2024:18:21:10 +0900] "GET /inputs.php HTTP/1.1" 503 428 "-" "-" "-"
172.172.130.74 - - [23/Dec/2024:18:21:10 +0900] "GET /wp-content/languages/index.php HTTP/1.1" 301 162 "-" "-" "-"
172.172.130.74 - - [23/Dec/2024:18:21:12 +0900] "GET /wp-content/languages/index.php HTTP/1.1" 301 157 "-" "-" "-"
172.172.130.74 - - [23/Dec/2024:18:21:12 +0900] "GET /wp-content/languages/ HTTP/1.1" 403 199 "-" "-" "-"
172.172.130.74 - - [23/Dec/2024:18:21:12 +0900] "GET /wp-admin/includes/index.php HTTP/1.1" 301 162 "-" "-" "-"
172.172.130.74 - - [23/Dec/2024:18:21:12 +0900] "GET /wp-admin/includes/index.php HTTP/1.1" 403 199 "-" "-" "-"
172.172.130.74 - - [23/Dec/2024:18:21:12 +0900] "GET /css/index.php HTTP/1.1" 301 162 "-" "-" "-"
172.172.130.74 - - [23/Dec/2024:18:21:14 +0900] "GET /css/index.php HTTP/1.1" 301 157 "-" "-" "-"
172.172.130.74 - - [23/Dec/2024:18:21:16 +0900] "GET /css/ HTTP/1.1" 404 59135 "-" "-" "-"
172.172.130.74 - - [23/Dec/2024:18:21:17 +0900] "GET /makeasmtp.php HTTP/1.1" 301 162 "-" "-" "-"
52.167.144.229 - - [23/Dec/2024:18:21:17 +0900] "GET /578489269 HTTP/1.1" 301 162 "-" "Mozilla/5.0 AppleWebKit/537.36 (KHTML, like Gecko; compatible; bingbot/2.0; +http://www.bing.com/bingbot.htm) Chrome/116.0.1938.76 Safari/537.36" "-"
172.172.130.74 - - [23/Dec/2024:18:21:18 +0900] "GET /makeasmtp.php HTTP/1.1" 404 59223 "-" "-" "-"
172.172.130.74 - - [23/Dec/2024:18:21:19 +0900] "GET /wp-content/radio.php HTTP/1.1" 301 162 "-" "-" "-"
172.172.130.74 - - [23/Dec/2024:18:21:21 +0900] "GET /wp-content/radio.php HTTP/1.1" 404 59279 "-" "-" "-"
172.172.130.74 - - [23/Dec/2024:18:21:21 +0900] "GET /wp-includes/IXR/index.php HTTP/1.1" 301 162 "-" "-" "-"
52.167.144.194 - - [23/Dec/2024:18:21:22 +0900] "GET /759413824 HTTP/1.1" 301 162 "-" "Mozilla/5.0 AppleWebKit/537.36 (KHTML, like Gecko; compatible; bingbot/2.0; +http://www.bing.com/bingbot.htm) Chrome/116.0.1938.76 Safari/537.36" "-"
52.167.144.194 - - [23/Dec/2024:18:21:22 +0900] "GET /792210199 HTTP/1.1" 301 162 "-" "Mozilla/5.0 AppleWebKit/537.36 (KHTML, like Gecko; compatible; bingbot/2.0; +http://www.bing.com/bingbot.htm) Chrome/116.0.1938.76 Safari/537.36" "-"
52.167.144.194 - - [23/Dec/2024:18:21:23 +0900] "GET /911095384 HTTP/1.1" 301 162 "-" "Mozilla/5.0 AppleWebKit/537.36 (KHTML, like Gecko; compatible; bingbot/2.0; +http://www.bing.com/bingbot.htm) Chrome/116.0.1938.76 Safari/537.36" "-"
172.172.130.74 - - [23/Dec/2024:18:21:23 +0900] "GET /wp-includes/IXR/index.php HTTP/1.1" 301 157 "-" "-" "-"
172.172.130.74 - - [23/Dec/2024:18:21:23 +0900] "GET /wp-includes/IXR/ HTTP/1.1" 403 199 "-" "-" "-"
172.172.130.74 - - [23/Dec/2024:18:21:23 +0900] "GET /wp-links.php HTTP/1.1" 301 162 "-" "-" "-"
52.167.144.194 - - [23/Dec/2024:18:21:23 +0900] "GET /812370814 HTTP/1.1" 301 162 "-" "Mozilla/5.0 AppleWebKit/537.36 (KHTML, like Gecko; compatible; bingbot/2.0; +http://www.bing.com/bingbot.htm) Chrome/116.0.1938.76 Safari/537.36" "-"
52.167.144.194 - - [23/Dec/2024:18:21:24 +0900] "GET /909055354 HTTP/1.1" 301 162 "-" "Mozilla/5.0 AppleWebKit/537.36 (KHTML, like Gecko; compatible; bingbot/2.0; +http://www.bing.com/bingbot.htm) Chrome/116.0.1938.76 Safari/537.36" "-"
52.167.144.194 - - [23/Dec/2024:18:21:25 +0900] "GET /847853314 HTTP/1.1" 301 162 "-" "Mozilla/5.0 AppleWebKit/537.36 (KHTML, like Gecko; compatible; bingbot/2.0; +http://www.bing.com/bingbot.htm) Chrome/116.0.1938.76 Safari/537.36" "-"
172.172.130.74 - - [23/Dec/2024:18:21:25 +0900] "GET /wp-links.php HTTP/1.1" 404 59207 "-" "-" "-"
52.167.144.194 - - [23/Dec/2024:18:21:25 +0900] "GET /907874884 HTTP/1.1" 301 162 "-" "Mozilla/5.0 AppleWebKit/537.36 (KHTML, like Gecko; compatible; bingbot/2.0; +http://www.bing.com/bingbot.htm) Chrome/116.0.1938.76 Safari/537.36" "-"
172.172.130.74 - - [23/Dec/2024:18:21:26 +0900] "GET /wp-content/cong.php HTTP/1.1" 301 162 "-" "-" "-"
172.172.130.74 - - [23/Dec/2024:18:21:26 +0900] "GET /wp-content/cong.php HTTP/1.1" 503 428 "-" "-" "-"
172.172.130.74 - - [23/Dec/2024:18:21:26 +0900] "GET /1.php HTTP/1.1" 301 162 "-" "-" "-"
52.167.144.194 - - [23/Dec/2024:18:21:26 +0900] "GET /747955399 HTTP/1.1" 301 162 "-" "Mozilla/5.0 AppleWebKit/537.36 (KHTML, like Gecko; compatible; bingbot/2.0; +http://www.bing.com/bingbot.htm) Chrome/116.0.1938.76 Safari/537.36" "-"
52.167.144.194 - - [23/Dec/2024:18:21:26 +0900] "GET /763620139 HTTP/1.1" 301 162 "-" "Mozilla/5.0 AppleWebKit/537.36 (KHTML, like Gecko; compatible; bingbot/2.0; +http://www.bing.com/bingbot.htm) Chrome/116.0.1938.76 Safari/537.36" "-"
172.172.130.74 - - [23/Dec/2024:18:21:28 +0900] "GET /1.php HTTP/1.1" 404 59159 "-" "-" "-"
172.172.130.74 - - [23/Dec/2024:18:21:28 +0900] "GET /.well-known/index.php HTTP/1.1" 301 162 "-" "-" "-"
172.172.130.74 - - [23/Dec/2024:18:21:28 +0900] "GET /.well-known/index.php HTTP/1.1" 503 428 "-" "-" "-"
172.172.130.74 - - [23/Dec/2024:18:21:29 +0900] "GET /alfanew.php HTTP/1.1" 301 162 "-" "-" "-"
172.172.130.74 - - [23/Dec/2024:18:21:29 +0900] "GET /alfanew.php HTTP/1.1" 503 428 "-" "-" "-"
172.172.130.74 - - [23/Dec/2024:18:21:29 +0900] "GET /wp-content/themes/twenty/twenty.php HTTP/1.1" 301 162 "-" "-" "-"
40.77.167.77 - - [23/Dec/2024:18:21:31 +0900] "GET /909811744 HTTP/1.1" 301 162 "-" "Mozilla/5.0 AppleWebKit/537.36 (KHTML, like Gecko; compatible; bingbot/2.0; +http://www.bing.com/bingbot.htm) Chrome/116.0.1938.76 Safari/537.36" "-"
172.172.130.74 - - [23/Dec/2024:18:21:31 +0900] "GET /wp-content/themes/twenty/twenty.php HTTP/1.1" 404 59423 "-" "-" "-"
172.172.130.74 - - [23/Dec/2024:18:21:31 +0900] "GET /cong.php HTTP/1.1" 301 162 "-" "-" "-"
40.77.167.77 - - [23/Dec/2024:18:21:31 +0900] "GET /822896149 HTTP/1.1" 301 162 "-" "Mozilla/5.0 AppleWebKit/537.36 (KHTML, like Gecko; compatible; bingbot/2.0; +http://www.bing.com/bingbot.htm) Chrome/116.0.1938.76 Safari/537.36" "-"
172.172.130.74 - - [23/Dec/2024:18:21:33 +0900] "GET /cong.php HTTP/1.1" 404 59183 "-" "-" "-"
172.172.130.74 - - [23/Dec/2024:18:21:34 +0900] "GET /as.php HTTP/1.1" 301 162 "-" "-" "-"
172.172.130.74 - - [23/Dec/2024:18:21:35 +0900] "GET /as.php HTTP/1.1" 404 59159 "-" "-" "-"
172.172.130.74 - - [23/Dec/2024:18:21:36 +0900] "GET /wp-content/themes/index.php HTTP/1.1" 301 162 "-" "-" "-"
172.172.130.74 - - [23/Dec/2024:18:21:36 +0900] "GET /wp-content/themes/index.php HTTP/1.1" 503 299 "-" "-" "-"
172.172.130.74 - - [23/Dec/2024:18:21:36 +0900] "GET /wp-includes/Requests/about.php HTTP/1.1" 301 162 "-" "-" "-"
172.172.130.74 - - [23/Dec/2024:18:21:38 +0900] "GET /wp-includes/Requests/about.php HTTP/1.1" 404 59367 "-" "-" "-"
172.172.130.74 - - [23/Dec/2024:18:21:39 +0900] "GET /wp-includes/images/about.php HTTP/1.1" 301 162 "-" "-" "-"
52.167.144.194 - - [23/Dec/2024:18:21:39 +0900] "GET /861146854 HTTP/1.1" 301 162 "-" "Mozilla/5.0 AppleWebKit/537.36 (KHTML, like Gecko; compatible; bingbot/2.0; +http://www.bing.com/bingbot.htm) Chrome/116.0.1938.76 Safari/537.36" "-"
52.167.144.194 - - [23/Dec/2024:18:21:39 +0900] "GET /606224329 HTTP/1.1" 301 162 "-" "Mozilla/5.0 AppleWebKit/537.36 (KHTML, like Gecko; compatible; bingbot/2.0; +http://www.bing.com/bingbot.htm) Chrome/116.0.1938.76 Safari/537.36" "-"
52.167.144.194 - - [23/Dec/2024:18:21:39 +0900] "GET /852971059 HTTP/1.1" 301 162 "-" "Mozilla/5.0 AppleWebKit/537.36 (KHTML, like Gecko; compatible; bingbot/2.0; +http://www.bing.com/bingbot.htm) Chrome/116.0.1938.76 Safari/537.36" "-"
52.167.144.194 - - [23/Dec/2024:18:21:40 +0900] "GET /458874769 HTTP/1.1" 301 162 "-" "Mozilla/5.0 AppleWebKit/537.36 (KHTML, like Gecko; compatible; bingbot/2.0; +http://www.bing.com/bingbot.htm) Chrome/116.0.1938.76 Safari/537.36" "-"
172.172.130.74 - - [23/Dec/2024:18:21:40 +0900] "GET /wp-includes/images/about.php HTTP/1.1" 404 59359 "-" "-" "-"
172.172.130.74 - - [23/Dec/2024:18:21:41 +0900] "GET /bak.php HTTP/1.1" 301 162 "-" "-" "-"
172.172.130.74 - - [23/Dec/2024:18:21:41 +0900] "GET /bak.php HTTP/1.1" 503 428 "-" "-" "-"
172.172.130.74 - - [23/Dec/2024:18:21:41 +0900] "GET /wp-info.php HTTP/1.1" 301 162 "-" "-" "-"
172.172.130.74 - - [23/Dec/2024:18:21:43 +0900] "GET /wp-info.php HTTP/1.1" 404 59215 "-" "-" "-"
172.172.130.74 - - [23/Dec/2024:18:21:44 +0900] "GET /wp-includes/style-engine/about.php HTTP/1.1" 301 162 "-" "-" "-"
172.172.130.74 - - [23/Dec/2024:18:21:45 +0900] "GET /wp-includes/style-engine/about.php HTTP/1.1" 404 59407 "-" "-" "-"
172.172.130.74 - - [23/Dec/2024:18:21:46 +0900] "GET /wp-admin/images/index.php HTTP/1.1" 301 162 "-" "-" "-"
172.172.130.74 - - [23/Dec/2024:18:21:46 +0900] "GET /wp-admin/images/index.php HTTP/1.1" 403 199 "-" "-" "-"
172.172.130.74 - - [23/Dec/2024:18:21:46 +0900] "GET /about.php HTTP/1.1" 301 162 "-" "-" "-"
172.172.130.74 - - [23/Dec/2024:18:21:48 +0900] "GET /about.php HTTP/1.1" 404 59191 "-" "-" "-"
172.172.130.74 - - [23/Dec/2024:18:21:49 +0900] "GET /wp-admin/maint/index.php HTTP/1.1" 301 162 "-" "-" "-"
172.172.130.74 - - [23/Dec/2024:18:21:49 +0900] "GET /wp-admin/maint/index.php HTTP/1.1" 403 199 "-" "-" "-"
172.172.130.74 - - [23/Dec/2024:18:21:49 +0900] "GET /index.html HTTP/1.1" 301 162 "-" "-" "-"
172.172.130.74 - - [23/Dec/2024:18:21:51 +0900] "GET /index.html HTTP/1.1" 404 59199 "-" "-" "-"
172.172.130.74 - - [23/Dec/2024:18:21:51 +0900] "GET /wp-admin/maint/about.php HTTP/1.1" 301 162 "-" "-" "-"
172.172.130.74 - - [23/Dec/2024:18:21:52 +0900] "GET /wp-admin/maint/about.php HTTP/1.1" 403 199 "-" "-" "-"
172.172.130.74 - - [23/Dec/2024:18:21:52 +0900] "GET /doc.php HTTP/1.1" 301 162 "-" "-" "-"
172.172.130.74 - - [23/Dec/2024:18:21:52 +0900] "GET /doc.php HTTP/1.1" 503 428 "-" "-" "-"
172.172.130.74 - - [23/Dec/2024:18:21:52 +0900] "GET /wp-admin/js/index.php HTTP/1.1" 301 162 "-" "-" "-"
172.172.130.74 - - [23/Dec/2024:18:21:52 +0900] "GET /wp-admin/js/index.php HTTP/1.1" 403 199 "-" "-" "-"
172.172.130.74 - - [23/Dec/2024:18:21:52 +0900] "GET /wp-content/autoload_classmap.php HTTP/1.1" 301 162 "-" "-" "-"
118.27.99.84 - - [23/Dec/2024:18:21:54 +0900] "POST /wp-cron.php?doing_wp_cron=1734945714.6930940151214599609375 HTTP/1.1" 503 299 "-" "WordPress/6.7.1; https://kagoshima-toso.com" "-"
172.172.130.74 - - [23/Dec/2024:18:21:54 +0900] "GET /wp-content/autoload_classmap.php HTTP/1.1" 404 59383 "-" "-" "-"
172.172.130.74 - - [23/Dec/2024:18:21:55 +0900] "GET /wp-trackback.php HTTP/1.1" 301 162 "-" "-" "-"
172.172.130.74 - - [23/Dec/2024:18:21:55 +0900] "GET /wp-trackback.php HTTP/1.1" 404 149 "-" "-" "-"
172.172.130.74 - - [23/Dec/2024:18:21:56 +0900] "GET /wp-admin/css/colors/blue/index.php HTTP/1.1" 301 162 "-" "-" "-"
172.172.130.74 - - [23/Dec/2024:18:21:56 +0900] "GET /wp-admin/css/colors/blue/index.php HTTP/1.1" 403 199 "-" "-" "-"
172.172.130.74 - - [23/Dec/2024:18:21:56 +0900] "GET /cgi-bin/about.php HTTP/1.1" 301 162 "-" "-" "-"
172.172.130.74 - - [23/Dec/2024:18:21:56 +0900] "GET /cgi-bin/about.php HTTP/1.1" 503 428 "-" "-" "-"
172.172.130.74 - - [23/Dec/2024:18:21:56 +0900] "GET /wp-includes/makeasmtp.php HTTP/1.1" 301 162 "-" "-" "-"
172.172.130.74 - - [23/Dec/2024:18:21:58 +0900] "GET /wp-includes/makeasmtp.php HTTP/1.1" 404 59327 "-" "-" "-"
172.172.130.74 - - [23/Dec/2024:18:21:58 +0900] "GET /13.php HTTP/1.1" 301 162 "-" "-" "-"
172.172.130.74 - - [23/Dec/2024:18:22:00 +0900] "GET /13.php HTTP/1.1" 404 59167 "-" "-" "-"
172.172.130.74 - - [23/Dec/2024:18:22:01 +0900] "GET /wp-includes/IXR/about.php HTTP/1.1" 301 162 "-" "-" "-"
172.172.130.74 - - [23/Dec/2024:18:22:01 +0900] "GET /wp-includes/IXR/about.php HTTP/1.1" 503 428 "-" "-" "-"
172.172.130.74 - - [23/Dec/2024:18:22:01 +0900] "GET /wp-includes/ID3/admin.php HTTP/1.1" 301 162 "-" "-" "-"
172.172.130.74 - - [23/Dec/2024:18:22:01 +0900] "GET /wp-includes/ID3/admin.php HTTP/1.1" 503 428 "-" "-" "-"
172.172.130.74 - - [23/Dec/2024:18:22:01 +0900] "GET /function.php HTTP/1.1" 301 162 "-" "-" "-"
172.172.130.74 - - [23/Dec/2024:18:22:03 +0900] "GET /function.php HTTP/1.1" 404 59215 "-" "-" "-"
172.172.130.74 - - [23/Dec/2024:18:22:04 +0900] "GET /jp.php HTTP/1.1" 301 162 "-" "-" "-"
172.172.130.74 - - [23/Dec/2024:18:22:04 +0900] "GET /jp.php HTTP/1.1" 503 428 "-" "-" "-"
172.172.130.74 - - [23/Dec/2024:18:22:04 +0900] "GET /wp-admin/includes/about.php HTTP/1.1" 301 162 "-" "-" "-"
172.172.130.74 - - [23/Dec/2024:18:22:04 +0900] "GET /wp-admin/includes/about.php HTTP/1.1" 403 199 "-" "-" "-"
172.172.130.74 - - [23/Dec/2024:18:22:04 +0900] "GET /shell20211028.php HTTP/1.1" 301 162 "-" "-" "-"
172.172.130.74 - - [23/Dec/2024:18:22:06 +0900] "GET /shell20211028.php HTTP/1.1" 404 59263 "-" "-" "-"
172.172.130.74 - - [23/Dec/2024:18:22:06 +0900] "GET /index/function.php HTTP/1.1" 301 162 "-" "-" "-"
172.172.130.74 - - [23/Dec/2024:18:22:07 +0900] "GET /index/function.php HTTP/1.1" 503 428 "-" "-" "-"
172.172.130.74 - - [23/Dec/2024:18:22:07 +0900] "GET /wp-signup.php HTTP/1.1" 301 162 "-" "-" "-"
172.172.130.74 - - [23/Dec/2024:18:22:08 +0900] "GET /wp-signup.php HTTP/1.1" 302 157 "-" "-" "-"
172.172.130.74 - - [23/Dec/2024:18:22:08 +0900] "GET /wp-login.php?action=register HTTP/1.1" 403 199 "-" "-" "-"
172.172.130.74 - - [23/Dec/2024:18:22:08 +0900] "GET /atomlib.php HTTP/1.1" 301 162 "-" "-" "-"
172.172.130.74 - - [23/Dec/2024:18:22:10 +0900] "GET /atomlib.php HTTP/1.1" 404 59207 "-" "-" "-"
172.172.130.74 - - [23/Dec/2024:18:22:11 +0900] "GET /cgi-bin/wp-login.php HTTP/1.1" 301 162 "-" "-" "-"
172.172.130.74 - - [23/Dec/2024:18:22:11 +0900] "GET /cgi-bin/wp-login.php HTTP/1.1" 403 199 "-" "-" "-"
172.172.130.74 - - [23/Dec/2024:18:22:11 +0900] "GET /css.php HTTP/1.1" 301 162 "-" "-" "-"
172.172.130.74 - - [23/Dec/2024:18:22:13 +0900] "GET /css.php HTTP/1.1" 404 59175 "-" "-" "-"
172.172.130.74 - - [23/Dec/2024:18:22:13 +0900] "GET /wp-admin/images/xmrlpc.php HTTP/1.1" 301 162 "-" "-" "-"
172.172.130.74 - - [23/Dec/2024:18:22:14 +0900] "GET /wp-admin/images/xmrlpc.php HTTP/1.1" 403 199 "-" "-" "-"
172.172.130.74 - - [23/Dec/2024:18:22:14 +0900] "GET /default.php HTTP/1.1" 301 162 "-" "-" "-"
172.172.130.74 - - [23/Dec/2024:18:22:14 +0900] "GET /default.php HTTP/1.1" 503 428 "-" "-" "-"
172.172.130.74 - - [23/Dec/2024:18:22:14 +0900] "GET /info.php HTTP/1.1" 301 162 "-" "-" "-"
172.172.130.74 - - [23/Dec/2024:18:22:14 +0900] "GET /info.php HTTP/1.1" 503 428 "-" "-" "-"
172.172.130.74 - - [23/Dec/2024:18:22:14 +0900] "GET /wp-content/plugins/pwnd/as.php HTTP/1.1" 301 162 "-" "-" "-"
172.172.130.74 - - [23/Dec/2024:18:22:15 +0900] "GET /wp-content/plugins/pwnd/as.php HTTP/1.1" 503 428 "-" "-" "-"
172.172.130.74 - - [23/Dec/2024:18:22:15 +0900] "GET /wp-includes/SimplePie/about.php HTTP/1.1" 301 162 "-" "-" "-"
172.172.130.74 - - [23/Dec/2024:18:22:17 +0900] "GET /wp-includes/SimplePie/about.php HTTP/1.1" 404 59375 "-" "-" "-"
172.172.130.74 - - [23/Dec/2024:18:22:17 +0900] "GET /chosen HTTP/1.1" 301 162 "-" "-" "-"
52.167.144.229 - - [23/Dec/2024:18:22:18 +0900] "GET /625940914 HTTP/1.1" 301 162 "-" "Mozilla/5.0 AppleWebKit/537.36 (KHTML, like Gecko; compatible; bingbot/2.0; +http://www.bing.com/bingbot.htm) Chrome/116.0.1938.76 Safari/537.36" "-"
172.172.130.74 - - [23/Dec/2024:18:22:19 +0900] "GET /chosen HTTP/1.1" 404 59159 "-" "-" "-"
172.172.130.74 - - [23/Dec/2024:18:22:19 +0900] "GET /wp-includes/SimplePie/index.php HTTP/1.1" 301 162 "-" "-" "-"
172.172.130.74 - - [23/Dec/2024:18:22:21 +0900] "GET /wp-includes/SimplePie/index.php HTTP/1.1" 301 157 "-" "-" "-"
172.172.130.74 - - [23/Dec/2024:18:22:21 +0900] "GET /wp-includes/SimplePie/ HTTP/1.1" 403 199 "-" "-" "-"
172.172.130.74 - - [23/Dec/2024:18:22:22 +0900] "GET /link.php HTTP/1.1" 301 162 "-" "-" "-"
172.172.130.74 - - [23/Dec/2024:18:22:23 +0900] "GET /link.php HTTP/1.1" 404 59183 "-" "-" "-"
172.172.130.74 - - [23/Dec/2024:18:22:24 +0900] "GET /.well-known/content.php HTTP/1.1" 301 162 "-" "-" "-"
172.172.130.74 - - [23/Dec/2024:18:22:26 +0900] "GET /.well-known/content.php HTTP/1.1" 404 59311 "-" "-" "-"
172.172.130.74 - - [23/Dec/2024:18:22:26 +0900] "GET /.well-known/pki-validation/mariju.php HTTP/1.1" 301 162 "-" "-" "-"
172.172.130.74 - - [23/Dec/2024:18:22:28 +0900] "GET /.well-known/pki-validation/mariju.php HTTP/1.1" 404 59431 "-" "-" "-"
172.172.130.74 - - [23/Dec/2024:18:22:28 +0900] "GET /wp-content/languages/about.php HTTP/1.1" 301 162 "-" "-" "-"
52.167.144.194 - - [23/Dec/2024:18:22:29 +0900] "GET /785070094 HTTP/1.1" 301 162 "-" "Mozilla/5.0 AppleWebKit/537.36 (KHTML, like Gecko; compatible; bingbot/2.0; +http://www.bing.com/bingbot.htm) Chrome/116.0.1938.76 Safari/537.36" "-"
52.167.144.194 - - [23/Dec/2024:18:22:29 +0900] "GET /602294749 HTTP/1.1" 301 162 "-" "Mozilla/5.0 AppleWebKit/537.36 (KHTML, like Gecko; compatible; bingbot/2.0; +http://www.bing.com/bingbot.htm) Chrome/116.0.1938.76 Safari/537.36" "-"
172.172.130.74 - - [23/Dec/2024:18:22:30 +0900] "GET /wp-content/languages/about.php HTTP/1.1" 404 59375 "-" "-" "-"
172.172.130.74 - - [23/Dec/2024:18:22:31 +0900] "GET /wp-content/plugins/about.php HTTP/1.1" 301 162 "-" "-" "-"
172.172.130.74 - - [23/Dec/2024:18:22:33 +0900] "GET /wp-content/plugins/about.php HTTP/1.1" 404 59359 "-" "-" "-"
172.172.130.74 - - [23/Dec/2024:18:22:33 +0900] "GET /wp-content/themes/astra/inc/ki1k.php HTTP/1.1" 301 162 "-" "-" "-"
40.77.167.77 - - [23/Dec/2024:18:22:35 +0900] "GET /765109264 HTTP/1.1" 301 162 "-" "Mozilla/5.0 AppleWebKit/537.36 (KHTML, like Gecko; compatible; bingbot/2.0; +http://www.bing.com/bingbot.htm) Chrome/116.0.1938.76 Safari/537.36" "-"
172.172.130.74 - - [23/Dec/2024:18:22:35 +0900] "GET /wp-content/themes/astra/inc/ki1k.php HTTP/1.1" 404 59439 "-" "-" "-"
172.172.130.74 - - [23/Dec/2024:18:22:35 +0900] "GET /moon.php HTTP/1.1" 301 162 "-" "-" "-"
172.172.130.74 - - [23/Dec/2024:18:22:36 +0900] "GET /moon.php HTTP/1.1" 503 428 "-" "-" "-"
172.172.130.74 - - [23/Dec/2024:18:22:36 +0900] "GET /wp-admin/css/about.php HTTP/1.1" 301 162 "-" "-" "-"
172.172.130.74 - - [23/Dec/2024:18:22:36 +0900] "GET /wp-admin/css/about.php HTTP/1.1" 403 199 "-" "-" "-"
172.172.130.74 - - [23/Dec/2024:18:22:36 +0900] "GET /wp-content/themes/about.php HTTP/1.1" 301 162 "-" "-" "-"
172.172.130.74 - - [23/Dec/2024:18:22:38 +0900] "GET /wp-content/themes/about.php HTTP/1.1" 404 59351 "-" "-" "-"
172.172.130.74 - - [23/Dec/2024:18:22:38 +0900] "GET /wp-includes/about.php HTTP/1.1" 301 162 "-" "-" "-"
172.172.130.74 - - [23/Dec/2024:18:22:40 +0900] "GET /wp-includes/about.php HTTP/1.1" 404 59295 "-" "-" "-"
172.172.130.74 - - [23/Dec/2024:18:22:40 +0900] "GET /404.php HTTP/1.1" 301 162 "-" "-" "-"
172.172.130.74 - - [23/Dec/2024:18:22:42 +0900] "GET /404.php HTTP/1.1" 404 59175 "-" "-" "-"
172.172.130.74 - - [23/Dec/2024:18:22:43 +0900] "GET /wp-content/themes/wp-pridmag/init.php HTTP/1.1" 301 162 "-" "-" "-"
172.172.130.74 - - [23/Dec/2024:18:22:45 +0900] "GET /wp-content/themes/wp-pridmag/init.php HTTP/1.1" 404 59431 "-" "-" "-"
172.172.130.74 - - [23/Dec/2024:18:22:45 +0900] "GET /x.php HTTP/1.1" 301 162 "-" "-" "-"
172.172.130.74 - - [23/Dec/2024:18:22:45 +0900] "GET /x.php HTTP/1.1" 503 428 "-" "-" "-"
172.172.130.74 - - [23/Dec/2024:18:22:46 +0900] "GET /widgets.php HTTP/1.1" 301 162 "-" "-" "-"
172.172.130.74 - - [23/Dec/2024:18:22:47 +0900] "GET /widgets.php HTTP/1.1" 404 59207 "-" "-" "-"
172.172.130.74 - - [23/Dec/2024:18:22:48 +0900] "GET /wp-content/plugins/revslider/includes/external/page/index.php HTTP/1.1" 301 162 "-" "-" "-"
172.172.130.74 - - [23/Dec/2024:18:22:49 +0900] "GET /wp-content/plugins/revslider/includes/external/page/index.php HTTP/1.1" 301 157 "-" "-" "-"
172.172.130.74 - - [23/Dec/2024:18:22:50 +0900] "GET /wp-content/plugins/revslider/includes/external/page/ HTTP/1.1" 503 428 "-" "-" "-"
172.172.130.74 - - [23/Dec/2024:18:22:50 +0900] "GET /classwithtostring.php HTTP/1.1" 301 162 "-" "-" "-"
172.172.130.74 - - [23/Dec/2024:18:22:51 +0900] "GET /classwithtostring.php HTTP/1.1" 404 59287 "-" "-" "-"
172.172.130.74 - - [23/Dec/2024:18:22:52 +0900] "GET /aks.php HTTP/1.1" 301 162 "-" "-" "-"
172.172.130.74 - - [23/Dec/2024:18:22:54 +0900] "GET /aks.php HTTP/1.1" 404 59175 "-" "-" "-"
172.172.130.74 - - [23/Dec/2024:18:22:54 +0900] "GET /wp-content/admin.php HTTP/1.1" 301 162 "-" "-" "-"
40.77.167.77 - - [23/Dec/2024:18:22:55 +0900] "GET /753970894 HTTP/1.1" 301 162 "-" "Mozilla/5.0 AppleWebKit/537.36 (KHTML, like Gecko; compatible; bingbot/2.0; +http://www.bing.com/bingbot.htm) Chrome/116.0.1938.76 Safari/537.36" "-"
118.27.99.84 - - [23/Dec/2024:18:22:57 +0900] "POST /wp-cron.php?doing_wp_cron=1734945776.3872640132904052734375 HTTP/1.1" 200 118 "-" "WordPress/6.7.1; https://kagoshima-toso.com" "-"
172.172.130.74 - - [23/Dec/2024:18:22:57 +0900] "GET /wp-content/admin.php HTTP/1.1" 404 59287 "-" "-" "-"
172.172.130.74 - - [23/Dec/2024:18:22:57 +0900] "GET /.well-known/acme-challenge/file HTTP/1.1" 301 162 "-" "-" "-"
172.172.130.74 - - [23/Dec/2024:18:22:57 +0900] "GET /.well-known/acme-challenge/file HTTP/1.1" 503 428 "-" "-" "-"
172.172.130.74 - - [23/Dec/2024:18:22:58 +0900] "GET /buy.php HTTP/1.1" 301 162 "-" "-" "-"
172.172.130.74 - - [23/Dec/2024:18:22:59 +0900] "GET /buy.php HTTP/1.1" 404 59175 "-" "-" "-"
172.172.130.74 - - [23/Dec/2024:18:23:00 +0900] "GET /wp-admin/css/index.php HTTP/1.1" 301 162 "-" "-" "-"
172.172.130.74 - - [23/Dec/2024:18:23:01 +0900] "GET /wp-admin/css/index.php HTTP/1.1" 403 199 "-" "-" "-"
172.172.130.74 - - [23/Dec/2024:18:23:02 +0900] "GET /install.php HTTP/1.1" 301 162 "-" "-" "-"
172.172.130.74 - - [23/Dec/2024:18:23:04 +0900] "GET /install.php HTTP/1.1" 404 59199 "-" "-" "-"
40.77.167.77 - - [23/Dec/2024:18:23:04 +0900] "GET /468415999 HTTP/1.1" 301 162 "-" "Mozilla/5.0 AppleWebKit/537.36 (KHTML, like Gecko; compatible; bingbot/2.0; +http://www.bing.com/bingbot.htm) Chrome/116.0.1938.76 Safari/537.36" "-"
172.172.130.74 - - [23/Dec/2024:18:23:04 +0900] "GET /cgi-bin/xmrlpc.php HTTP/1.1" 301 162 "-" "-" "-"
172.172.130.74 - - [23/Dec/2024:18:23:06 +0900] "GET /cgi-bin/xmrlpc.php HTTP/1.1" 404 59271 "-" "-" "-"
172.172.130.74 - - [23/Dec/2024:18:23:06 +0900] "GET /filemanager.php HTTP/1.1" 301 162 "-" "-" "-"
172.172.130.74 - - [23/Dec/2024:18:23:08 +0900] "GET /filemanager.php HTTP/1.1" 404 59231 "-" "-" "-"
52.167.144.229 - - [23/Dec/2024:18:23:09 +0900] "GET /563814334 HTTP/1.1" 301 162 "-" "Mozilla/5.0 AppleWebKit/537.36 (KHTML, like Gecko; compatible; bingbot/2.0; +http://www.bing.com/bingbot.htm) Chrome/116.0.1938.76 Safari/537.36" "-"
172.172.130.74 - - [23/Dec/2024:18:23:09 +0900] "GET /wp-includes/wp-load.php HTTP/1.1" 301 162 "-" "-" "-"
172.172.130.74 - - [23/Dec/2024:18:23:09 +0900] "GET /wp-includes/wp-load.php HTTP/1.1" 503 428 "-" "-" "-"
172.172.130.74 - - [23/Dec/2024:18:23:09 +0900] "GET /cgi-bin/index.php HTTP/1.1" 301 162 "-" "-" "-"
172.172.130.74 - - [23/Dec/2024:18:23:11 +0900] "GET /cgi-bin/index.php HTTP/1.1" 301 157 "-" "-" "-"
172.172.130.74 - - [23/Dec/2024:18:23:13 +0900] "GET /cgi-bin/ HTTP/1.1" 404 59175 "-" "-" "-"
172.172.130.74 - - [23/Dec/2024:18:23:13 +0900] "GET /log.php HTTP/1.1" 301 162 "-" "-" "-"
172.172.130.74 - - [23/Dec/2024:18:23:15 +0900] "GET /log.php HTTP/1.1" 404 59175 "-" "-" "-"
172.172.130.74 - - [23/Dec/2024:18:23:17 +0900] "GET /index.php HTTP/1.1" 301 162 "-" "-" "-"
172.172.130.74 - - [23/Dec/2024:18:23:18 +0900] "GET /index.php HTTP/1.1" 301 157 "-" "-" "-"
172.172.130.74 - - [23/Dec/2024:18:23:21 +0900] "GET / HTTP/1.1" 200 135582 "-" "-" "-"
172.172.130.74 - - [23/Dec/2024:18:23:21 +0900] "GET /mail.php HTTP/1.1" 301 162 "-" "-" "-"
172.172.130.74 - - [23/Dec/2024:18:23:21 +0900] "GET /mail.php HTTP/1.1" 503 428 "-" "-" "-"
172.172.130.74 - - [23/Dec/2024:18:23:21 +0900] "GET /content.php HTTP/1.1" 301 162 "-" "-" "-"
172.172.130.74 - - [23/Dec/2024:18:23:21 +0900] "GET /content.php HTTP/1.1" 503 428 "-" "-" "-"
172.172.130.74 - - [23/Dec/2024:18:23:22 +0900] "GET /upfile.php HTTP/1.1" 301 162 "-" "-" "-"
172.172.130.74 - - [23/Dec/2024:18:23:23 +0900] "GET /upfile.php HTTP/1.1" 404 59199 "-" "-" "-"
172.172.130.74 - - [23/Dec/2024:18:23:24 +0900] "GET /wp.php HTTP/1.1" 301 162 "-" "-" "-"
172.172.130.74 - - [23/Dec/2024:18:23:25 +0900] "GET /wp.php HTTP/1.1" 404 59159 "-" "-" "-"
172.172.130.74 - - [23/Dec/2024:18:23:26 +0900] "GET /wp-conflg.php HTTP/1.1" 301 162 "-" "-" "-"
172.172.130.74 - - [23/Dec/2024:18:23:28 +0900] "GET /wp-conflg.php HTTP/1.1" 404 59223 "-" "-" "-"
172.172.130.74 - - [23/Dec/2024:18:23:28 +0900] "GET /bypass.php HTTP/1.1" 301 162 "-" "-" "-"
52.167.144.229 - - [23/Dec/2024:18:23:28 +0900] "GET /530528899 HTTP/1.1" 301 162 "-" "Mozilla/5.0 AppleWebKit/537.36 (KHTML, like Gecko; compatible; bingbot/2.0; +http://www.bing.com/bingbot.htm) Chrome/116.0.1938.76 Safari/537.36" "-"
