198.144.175.139 - - [23/Dec/2024:12:15:44 +0900] "GET /wp-content/themes/ITO/images/company-banner.jpg HTTP/2.0" 200 62494 "https://hamamatsu-yanesyuri.com/" "Mozilla/5.0 (Windows NT 10.0; Win64; x64) AppleWebKit/537.36 (KHTML, like Gecko) Chrome/131.0.0.0 Safari/537.36" "-"
198.144.175.139 - - [23/Dec/2024:12:15:44 +0900] "GET /wp-content/uploads/2024/12/2178916_s.jpg HTTP/2.0" 200 24237 "https://hamamatsu-yanesyuri.com/" "Mozilla/5.0 (Windows NT 10.0; Win64; x64) AppleWebKit/537.36 (KHTML, like Gecko) Chrome/131.0.0.0 Safari/537.36" "-"
198.144.175.139 - - [23/Dec/2024:12:15:44 +0900] "GET /wp-content/themes/ITO/images/link/ee.png HTTP/2.0" 200 7502 "https://hamamatsu-yanesyuri.com/" "Mozilla/5.0 (Windows NT 10.0; Win64; x64) AppleWebKit/537.36 (KHTML, like Gecko) Chrome/131.0.0.0 Safari/537.36" "-"
198.144.175.139 - - [23/Dec/2024:12:15:44 +0900] "GET /wp-content/themes/ITO/images/link/ama.png HTTP/2.0" 200 9042 "https://hamamatsu-yanesyuri.com/" "Mozilla/5.0 (Windows NT 10.0; Win64; x64) AppleWebKit/537.36 (KHTML, like Gecko) Chrome/131.0.0.0 Safari/537.36" "-"
198.144.175.139 - - [23/Dec/2024:12:15:44 +0900] "GET /wp-content/themes/ITO/images/boshu.jpg HTTP/2.0" 200 31809 "https://hamamatsu-yanesyuri.com/" "Mozilla/5.0 (Windows NT 10.0; Win64; x64) AppleWebKit/537.36 (KHTML, like Gecko) Chrome/131.0.0.0 Safari/537.36" "-"
198.144.175.139 - - [23/Dec/2024:12:15:44 +0900] "GET /wp-content/themes/ITO/images/link/takumi.jpg HTTP/2.0" 200 21394 "https://hamamatsu-yanesyuri.com/" "Mozilla/5.0 (Windows NT 10.0; Win64; x64) AppleWebKit/537.36 (KHTML, like Gecko) Chrome/131.0.0.0 Safari/537.36" "-"
66.249.79.167 - - [23/Dec/2024:12:15:57 +0900] "GET /hooey/k2637588.html HTTP/1.1" 200 100246 "-" "Mozilla/5.0 (Linux; Android 6.0.1; Nexus 5X Build/MMB29P) AppleWebKit/537.36 (KHTML, like Gecko) Chrome/131.0.6778.139 Mobile Safari/537.36 (compatible; GoogleOther)" "-"
66.249.79.166 - - [23/Dec/2024:12:16:43 +0900] "GET /gwtki/s2608944.html HTTP/1.1" 200 101659 "-" "Mozilla/5.0 (Linux; Android 6.0.1; Nexus 5X Build/MMB29P) AppleWebKit/537.36 (KHTML, like Gecko) Chrome/131.0.6778.139 Mobile Safari/537.36 (compatible; GoogleOther)" "-"
66.249.79.168 - - [23/Dec/2024:12:19:29 +0900] "GET /lcfcj/c2584020.html HTTP/1.1" 200 100072 "-" "Mozilla/5.0 (Linux; Android 6.0.1; Nexus 5X Build/MMB29P) AppleWebKit/537.36 (KHTML, like Gecko) Chrome/131.0.6778.139 Mobile Safari/537.36 (compatible; GoogleOther)" "-"
20.15.133.175 - - [23/Dec/2024:12:19:50 +0900] "GET /ppnra/v1340329.html HTTP/2.0" 200 99898 "-" "Mozilla/5.0 AppleWebKit/537.36 (KHTML, like Gecko; compatible; bingbot/2.0; +http://www.bing.com/bingbot.htm) Chrome/116.0.1938.76 Safari/537.36" "-"
20.15.133.175 - - [23/Dec/2024:12:20:09 +0900] "GET /sgxdj/g2101776.html HTTP/2.0" 200 101152 "-" "Mozilla/5.0 AppleWebKit/537.36 (KHTML, like Gecko; compatible; bingbot/2.0; +http://www.bing.com/bingbot.htm) Chrome/116.0.1938.76 Safari/537.36" "-"
52.167.144.187 - - [23/Dec/2024:12:20:45 +0900] "GET /qbdlg/z1460375.html HTTP/2.0" 200 100862 "-" "Mozilla/5.0 AppleWebKit/537.36 (KHTML, like Gecko; compatible; bingbot/2.0; +http://www.bing.com/bingbot.htm) Chrome/116.0.1938.76 Safari/537.36" "-"
52.167.144.187 - - [23/Dec/2024:12:20:46 +0900] "GET /rtduh/p1586855.html HTTP/2.0" 503 428 "-" "Mozilla/5.0 AppleWebKit/537.36 (KHTML, like Gecko; compatible; bingbot/2.0; +http://www.bing.com/bingbot.htm) Chrome/116.0.1938.76 Safari/537.36" "-"
52.167.144.187 - - [23/Dec/2024:12:20:47 +0900] "GET /nqenn/z1407179.html HTTP/2.0" 200 100034 "-" "Mozilla/5.0 AppleWebKit/537.36 (KHTML, like Gecko; compatible; bingbot/2.0; +http://www.bing.com/bingbot.htm) Chrome/116.0.1938.76 Safari/537.36" "-"
52.167.144.220 - - [23/Dec/2024:12:20:49 +0900] "GET /jpysz/r1498691.html HTTP/2.0" 200 105127 "-" "Mozilla/5.0 AppleWebKit/537.36 (KHTML, like Gecko; compatible; bingbot/2.0; +http://www.bing.com/bingbot.htm) Chrome/116.0.1938.76 Safari/537.36" "-"
52.167.144.220 - - [23/Dec/2024:12:20:50 +0900] "GET /jyszo/p1564989.html HTTP/2.0" 503 428 "-" "Mozilla/5.0 AppleWebKit/537.36 (KHTML, like Gecko; compatible; bingbot/2.0; +http://www.bing.com/bingbot.htm) Chrome/116.0.1938.76 Safari/537.36" "-"
40.77.167.25 - - [23/Dec/2024:12:20:55 +0900] "GET /cxdvo/r1416479.html HTTP/2.0" 200 101121 "-" "Mozilla/5.0 AppleWebKit/537.36 (KHTML, like Gecko; compatible; bingbot/2.0; +http://www.bing.com/bingbot.htm) Chrome/116.0.1938.76 Safari/537.36" "-"
52.167.144.187 - - [23/Dec/2024:12:21:16 +0900] "GET /rtduh/p1586855.html HTTP/2.0" 200 101369 "-" "Mozilla/5.0 AppleWebKit/537.36 (KHTML, like Gecko; compatible; bingbot/2.0; +http://www.bing.com/bingbot.htm) Chrome/116.0.1938.76 Safari/537.36" "-"
66.249.79.166 - - [23/Dec/2024:12:21:38 +0900] "GET /cysco/q2556864.html HTTP/1.1" 200 101714 "-" "Mozilla/5.0 (Linux; Android 6.0.1; Nexus 5X Build/MMB29P) AppleWebKit/537.36 (KHTML, like Gecko) Chrome/131.0.6778.139 Mobile Safari/537.36 (compatible; GoogleOther)" "-"
66.249.79.167 - - [23/Dec/2024:12:21:50 +0900] "GET /cysco/q2556864.html HTTP/1.1" 200 101714 "-" "Mozilla/5.0 (Linux; Android 6.0.1; Nexus 5X Build/MMB29P) AppleWebKit/537.36 (KHTML, like Gecko) Chrome/131.0.6778.139 Mobile Safari/537.36 (compatible; Googlebot/2.1; +http://www.google.com/bot.html)" "-"
52.167.144.220 - - [23/Dec/2024:12:22:08 +0900] "GET /inzkc/n1672497.html HTTP/2.0" 200 99841 "-" "Mozilla/5.0 AppleWebKit/537.36 (KHTML, like Gecko; compatible; bingbot/2.0; +http://www.bing.com/bingbot.htm) Chrome/116.0.1938.76 Safari/537.36" "-"
52.167.144.220 - - [23/Dec/2024:12:22:26 +0900] "GET /povgy/j1129405.html HTTP/2.0" 503 428 "-" "Mozilla/5.0 AppleWebKit/537.36 (KHTML, like Gecko; compatible; bingbot/2.0; +http://www.bing.com/bingbot.htm) Chrome/116.0.1938.76 Safari/537.36" "-"
194.38.23.16 - - [23/Dec/2024:12:23:46 +0900] "GET /wp-content/plugins/formcraft/file-upload/server/content/upload.php HTTP/1.1" 301 162 "-" "ALittle Client" "-"
40.77.167.25 - - [23/Dec/2024:12:24:03 +0900] "GET /sitemap.rss HTTP/2.0" 200 100410 "-" "Mozilla/5.0 AppleWebKit/537.36 (KHTML, like Gecko; compatible; bingbot/2.0; +http://www.bing.com/bingbot.htm) Chrome/116.0.1938.76 Safari/537.36" "-"
52.167.144.220 - - [23/Dec/2024:12:24:08 +0900] "GET /povgy/j1129405.html HTTP/2.0" 200 101238 "-" "Mozilla/5.0 AppleWebKit/537.36 (KHTML, like Gecko; compatible; bingbot/2.0; +http://www.bing.com/bingbot.htm) Chrome/116.0.1938.76 Safari/537.36" "-"
52.167.144.220 - - [23/Dec/2024:12:24:10 +0900] "GET /xnnci/h495965.html HTTP/2.0" 200 99891 "-" "Mozilla/5.0 AppleWebKit/537.36 (KHTML, like Gecko; compatible; bingbot/2.0; +http://www.bing.com/bingbot.htm) Chrome/116.0.1938.76 Safari/537.36" "-"
118.27.99.84 - - [23/Dec/2024:12:24:48 +0900] "POST /wp-cron.php?doing_wp_cron=1734924287.4874839782714843750000 HTTP/1.1" 200 118 "-" "WordPress/6.7.1; https://hamamatsu-yanesyuri.com" "-"
194.38.23.16 - - [23/Dec/2024:12:24:48 +0900] "GET /wp-content/plugins/formcraft/file-upload/server/content/upload.php HTTP/1.1" 404 49755 "-" "ALittle Client" "-"
104.168.137.23 - - [23/Dec/2024:12:24:50 +0900] "GET /contact/ HTTP/1.1" 200 18010 "-" "Mozilla/5.0 (Windows NT 10.0; WOW64; x64) AppleWebKit/537.36 (KHTML, like Gecko) Chrome/114.0.0.0 Safari/537.36 OPR/89.0.4447.51" "-"
104.168.137.23 - - [23/Dec/2024:12:25:00 +0900] "POST /contact/ HTTP/1.1" 302 157 "https://hamamatsu-yanesyuri.com/contact/" "Mozilla/5.0 (Windows NT 10.0; WOW64; x64) AppleWebKit/537.36 (KHTML, like Gecko) Chrome/114.0.0.0 Safari/537.36 OPR/89.0.4447.51" "-"
104.168.137.23 - - [23/Dec/2024:12:25:07 +0900] "GET /contact/confirm/ HTTP/1.1" 200 16774 "https://hamamatsu-yanesyuri.com/contact/" "Mozilla/5.0 (Windows NT 10.0; WOW64; x64) AppleWebKit/537.36 (KHTML, like Gecko) Chrome/114.0.0.0 Safari/537.36 OPR/89.0.4447.51" "-"
52.167.144.145 - - [23/Dec/2024:12:28:08 +0900] "GET /udlbz/h283181.html HTTP/2.0" 200 100051 "-" "Mozilla/5.0 AppleWebKit/537.36 (KHTML, like Gecko; compatible; bingbot/2.0; +http://www.bing.com/bingbot.htm) Chrome/116.0.1938.76 Safari/537.36" "-"
17.241.219.162 - - [23/Dec/2024:12:29:07 +0900] "GET /knowledge/%E5%A4%A9%E7%AA%93%E3%81%AF%E9%9B%A8%E6%BC%8F%E3%82%8A%E3%81%97%E3%82%84%E3%81%99%E3%81%84%EF%BC%9F%E5%A4%A9%E7%AA%93%E3%81%AE%E3%83%A1%E3%83%AA%E3%83%83%E3%83%88%E3%83%BB%E3%83%87%E3%83%A1%E3%83%AA/ HTTP/1.1" 503 428 "-" "Mozilla/5.0 (Macintosh; Intel Mac OS X 10_15_7) AppleWebKit/605.1.15 (KHTML, like Gecko) Version/17.4 Safari/605.1.15 (Applebot/0.1; +http://www.apple.com/go/applebot)" "-"
66.249.79.167 - - [23/Dec/2024:12:30:06 +0900] "GET /nopmm/a2362680.html HTTP/1.1" 200 100158 "-" "Mozilla/5.0 (Linux; Android 6.0.1; Nexus 5X Build/MMB29P) AppleWebKit/537.36 (KHTML, like Gecko) Chrome/131.0.6778.139 Mobile Safari/537.36 (compatible; GoogleOther)" "-"
199.45.155.93 - - [23/Dec/2024:12:32:27 +0900] "GET / HTTP/1.1" 301 162 "-" "Mozilla/5.0 (compatible; CensysInspect/1.1; +https://about.censys.io/)" "-"
118.27.99.84 - - [23/Dec/2024:12:32:32 +0900] "POST /wp-cron.php?doing_wp_cron=1734924751.9910960197448730468750 HTTP/1.1" 200 118 "-" "WordPress/6.7.1; https://hamamatsu-yanesyuri.com" "-"
199.45.155.93 - - [23/Dec/2024:12:32:32 +0900] "GET / HTTP/1.1" 200 23551 "-" "Mozilla/5.0 (compatible; CensysInspect/1.1; +https://about.censys.io/)" "-"
199.45.155.93 - - [23/Dec/2024:12:32:36 +0900] "GET /wp-content/themes/ITO/images/favicon.ico HTTP/1.1" 200 34494 "-" "Mozilla/5.0 (compatible; CensysInspect/1.1; +https://about.censys.io/)" "-"
118.27.99.84 - - [23/Dec/2024:12:32:38 +0900] "POST /wp-cron.php?doing_wp_cron=1734924758.6286649703979492187500 HTTP/1.1" 503 299 "-" "WordPress/6.7.1; https://hamamatsu-yanesyuri.com" "-"
199.45.155.93 - - [23/Dec/2024:12:32:38 +0900] "GET /wp-content/themes/ITO/images/apple-touch-icon.png HTTP/1.1" 404 13633 "-" "Mozilla/5.0 (compatible; CensysInspect/1.1; +https://about.censys.io/)" "-"
199.45.155.93 - - [23/Dec/2024:12:32:39 +0900] "GET /favicon.ico HTTP/1.1" 503 428 "-" "Mozilla/5.0 (compatible; CensysInspect/1.1; +https://about.censys.io/)" "-"
66.249.79.166 - - [23/Dec/2024:12:36:13 +0900] "GET /njrlb/a2614152.html HTTP/1.1" 503 428 "-" "Mozilla/5.0 (Linux; Android 6.0.1; Nexus 5X Build/MMB29P) AppleWebKit/537.36 (KHTML, like Gecko) Chrome/131.0.6778.139 Mobile Safari/537.36 (compatible; GoogleOther)" "-"
40.77.167.64 - - [23/Dec/2024:12:38:08 +0900] "GET /pqwqu/t527957.html HTTP/2.0" 200 102441 "-" "Mozilla/5.0 AppleWebKit/537.36 (KHTML, like Gecko; compatible; bingbot/2.0; +http://www.bing.com/bingbot.htm) Chrome/116.0.1938.76 Safari/537.36" "-"
40.77.167.64 - - [23/Dec/2024:12:38:49 +0900] "GET /dmvrh/v420449.html HTTP/2.0" 200 100605 "-" "Mozilla/5.0 AppleWebKit/537.36 (KHTML, like Gecko; compatible; bingbot/2.0; +http://www.bing.com/bingbot.htm) Chrome/116.0.1938.76 Safari/537.36" "-"
40.77.167.64 - - [23/Dec/2024:12:39:18 +0900] "GET /ugdzg/t334517.html HTTP/2.0" 503 428 "-" "Mozilla/5.0 AppleWebKit/537.36 (KHTML, like Gecko; compatible; bingbot/2.0; +http://www.bing.com/bingbot.htm) Chrome/116.0.1938.76 Safari/537.36" "-"
40.77.167.64 - - [23/Dec/2024:12:39:40 +0900] "GET /adxqa/b1143541.html HTTP/2.0" 503 428 "-" "Mozilla/5.0 AppleWebKit/537.36 (KHTML, like Gecko; compatible; bingbot/2.0; +http://www.bing.com/bingbot.htm) Chrome/116.0.1938.76 Safari/537.36" "-"
118.27.99.84 - - [23/Dec/2024:12:45:00 +0900] "POST /wp-cron.php?doing_wp_cron=1734925500.8421800136566162109375 HTTP/1.1" 503 299 "-" "WordPress/6.7.1; https://hamamatsu-yanesyuri.com" "-"
45.148.10.236 - - [23/Dec/2024:12:45:01 +0900] "GET / HTTP/1.1" 200 23574 "-" "Mozilla/5.0 (X11; NetBSD) AppleWebKit/537.36 (KHTML, like Gecko) Chrome/27.0.1453.116 Safari/537.36" "-"
45.148.10.236 - - [23/Dec/2024:12:45:16 +0900] "GET //hamamatsu-yanesyuri.com/wp-includes/js/jquery/jquery-migrate.min.js?ver=3 HTTP/1.1" 503 428 "-" "Mozilla/5.0 (X11; Linux x86_64) AppleWebKit/537.36 (KHTML, like Gecko) Chrome/74.0.3729.169 YaBrowser/19.6.2.594 (beta) Yowser/2.5 Safari/537.36" "-"
45.148.10.236 - - [23/Dec/2024:12:45:17 +0900] "GET //hamamatsu-yanesyuri.com/wp-includes/js/jquery/jquery.masonry.min.js HTTP/1.1" 404 13654 "-" "Mozilla/5.0 (iPad; CPU OS 12_4 like Mac OS X) AppleWebKit/605.1.15 (KHTML, like Gecko) Version/12.1.2 Mobile/15E148 Safari/604.1" "-"
45.148.10.236 - - [23/Dec/2024:12:45:17 +0900] "GET /wp-emoji-release.min.js HTTP/1.1" 503 428 "-" "Mozilla/5.0 (Macintosh; Intel Mac OS X 10_14_1) AppleWebKit/537.36 (KHTML, like Gecko) Chrome/75.0.3770.80 Safari/537.36" "-"
45.148.10.236 - - [23/Dec/2024:12:45:17 +0900] "GET /%5C/hamamatsu-yanesyuri.com%5C/wp-includes%5C/js%5C/wp-emoji-release.min.js HTTP/1.1" 503 428 "-" "Mozilla/5.0 (X11; U; OpenBSD arm; en-us) AppleWebKit/531.2 (KHTML, like Gecko) Safari/531.2 Epiphany/2.30.0" "-"
45.148.10.236 - - [23/Dec/2024:12:45:17 +0900] "GET //hamamatsu-yanesyuri.com/wp-includes/js/jquery/jquery.min.js?ver=3 HTTP/1.1" 503 428 "-" "Mozilla/5.0 (Macintosh; Intel Mac OS X 10_10_5) AppleWebKit/537.36 (KHTML, like Gecko) Chrome/76.0.3809.100 Safari/537.36" "-"
45.148.10.236 - - [23/Dec/2024:12:45:17 +0900] "GET //hamamatsu-yanesyuri.com/wp-content/plugins/wp-smushit/app/assets/js/smush-lazy-load.min.js HTTP/1.1" 503 428 "-" "Mozilla/5.0 (Windows NT 10.0; WOW64) AppleWebKit/537.36 (KHTML, like Gecko) Chrome/72.0.3626.109 Safari/537.36" "-"
45.148.10.236 - - [23/Dec/2024:12:45:17 +0900] "GET //hamamatsu-yanesyuri.com/wp-includes/js/imagesloaded.min.js HTTP/1.1" 503 428 "-" "Mozilla/5.0 (X11; Linux x86_64) AppleWebKit/537.36 (KHTML, like Gecko) Chrome/75.0.3770.142 Safari/537.36 OPR/62.0.3331.116" "-"
45.148.10.236 - - [23/Dec/2024:12:45:17 +0900] "GET //hamamatsu-yanesyuri.com/wp-includes/js/imagesloaded.min.js?ver=5 HTTP/1.1" 404 13646 "-" "Mozilla/5.0 (Macintosh; Intel Mac OS X 10_14_0) AppleWebKit/537.36 (KHTML, like Gecko) Chrome/75.0.3770.80 Safari/537.36" "-"
45.148.10.236 - - [23/Dec/2024:12:45:17 +0900] "GET //hamamatsu-yanesyuri.com/wp-content/plugins/ewww-image-optimizer/includes/lazysizes.min.js HTTP/1.1" 404 13688 "-" "Mozilla/5.0 (BeOS; U; BeOS BePC; en-US; rv:1.9a1) Gecko/20060702 SeaMonkey/1.5a" "-"
45.148.10.236 - - [23/Dec/2024:12:45:17 +0900] "GET //hamamatsu-yanesyuri.com/wp-content/themes/ITO/js/vegas.min.js HTTP/1.1" 404 13646 "-" "Mozilla/5.0 (Linux; Android 9; SAMSUNG SM-G973F Build/PPR1.180610.011) AppleWebKit/537.36 (KHTML, like Gecko) SamsungBrowser/9.4 Chrome/67.0.3396.87 Mobile Safari/537.36" "-"
45.148.10.236 - - [23/Dec/2024:12:45:17 +0900] "GET //hamamatsu-yanesyuri.com/wp-content/plugins/wc-shortcodes/public/assets/js/rsvp.js?ver=3 HTTP/1.1" 404 13667 "-" "SonyEricssonK800i/R1CB Browser/NetFront/3.3 Profile/MIDP-2.0 Configuration/CLDC-1.1 UP.Link/6.3.0.0.0" "-"
45.148.10.236 - - [23/Dec/2024:12:45:17 +0900] "GET //hamamatsu-yanesyuri.com/wp-includes/js/jquery/jquery.masonry.min.js?ver=3 HTTP/1.1" 404 13657 "-" "Mozilla/5.0 (Windows NT 10.0; WOW64) AppleWebKit/537.36 (KHTML, like Gecko) Chrome/72.0.3626.121 YaBrowser/19.3.1.828 Yowser/2.5 Safari/537.36" "-"
45.148.10.236 - - [23/Dec/2024:12:45:18 +0900] "GET //hamamatsu-yanesyuri.com/wp-includes/js/jquery/jquery-migrate.min.js HTTP/1.1" 503 428 "-" "Mozilla/5.0 (Macintosh; Intel Mac OS X 10_14_1) AppleWebKit/537.36 (KHTML, like Gecko) Chrome/75.0.3770.142 Safari/537.36" "-"
45.148.10.236 - - [23/Dec/2024:12:45:18 +0900] "GET //hamamatsu-yanesyuri.com/wp-content/plugins/ewww-image-optimizer/includes/lazysizes.min.js?ver=800 HTTP/1.1" 503 428 "-" "Mozilla/5.0 (Android; Mobile; rv:35.0) Gecko/35.0 Firefox/35.0" "-"
45.148.10.236 - - [23/Dec/2024:12:45:18 +0900] "GET //hamamatsu-yanesyuri.com/wp-content/themes/ITO/js/wow.min.js HTTP/1.1" 503 428 "-" "Mozilla/5.0 (X11; U; Linux x86_64; en-US; rv:1.9.1.13) Gecko/20100916 Iceape/2.0.8" "-"
45.148.10.236 - - [23/Dec/2024:12:45:18 +0900] "GET //hamamatsu-yanesyuri.com/wp-content/themes/ITO/js/jquery.js HTTP/1.1" 503 428 "-" "Mozilla/5.0 (Windows NT 10.0; WOW64) AppleWebKit/537.36 (KHTML, like Gecko) Chrome/75.0.3770.143 YaBrowser/19.7.1.114 Yowser/2.5 Safari/537.36" "-"
45.148.10.236 - - [23/Dec/2024:12:45:18 +0900] "GET //hamamatsu-yanesyuri.com/wp-includes/js/jquery/jquery.min.js HTTP/1.1" 404 13645 "-" "Mozilla/5.0 (Linux; Android 9; SM-A600G) AppleWebKit/537.36 (KHTML, like Gecko) Chrome/76.0.3809.111 Mobile Safari/537.36" "-"
45.148.10.236 - - [23/Dec/2024:12:45:18 +0900] "GET //hamamatsu-yanesyuri.com/wp-includes/js/masonry.min.js?ver=4 HTTP/1.1" 404 13649 "-" "Opera/9.80 (Android; Opera Mini/9.0.1829/66.318; U; en) Presto/2.12.423 Version/12.16" "-"
45.148.10.236 - - [23/Dec/2024:12:45:18 +0900] "GET /wp-emoji-release.min.js?ver=6 HTTP/1.1" 404 13633 "-" "Mozilla/4.0 (compatible; MSIE 6.0; Windows NT 5.0; en) Opera 8.0" "-"
45.148.10.236 - - [23/Dec/2024:12:45:18 +0900] "GET /%5C/s.w.org%5C/images%5C/core%5C/emoji%5C/15.0.3%5C/72x72%5C/%22,%22ext%22:%22.png%22,%22svgUrl%22:%22https:%5C/%5C/s.w.org%5C/images%5C/core%5C/emoji%5C/15.0.3%5C/svg%5C/%22,%22svgExt%22:%22.svg%22,%22source%22:%7B%22concatemoji%22:%22https:%5C/%5C/hamamatsu-yanesyuri.com%5C/wp-includes%5C/js%5C/wp-emoji-release.min.js HTTP/1.1" 404 13885 "-" "Opera/9.80 (Macintosh; Intel Mac OS X 10.4.11; U; en) Presto/2.7.62 Version/11.00" "-"
45.148.10.236 - - [23/Dec/2024:12:45:18 +0900] "GET //hamamatsu-yanesyuri.com/wp-includes/js/masonry.min.js HTTP/1.1" 404 13646 "-" "Mozilla/5.0 (Macintosh; Intel Mac OS X 10_12_6) AppleWebKit/537.36 (KHTML, like Gecko) Chrome/74.0.3729.169 Safari/537.36" "-"
45.148.10.236 - - [23/Dec/2024:12:45:18 +0900] "GET //hamamatsu-yanesyuri.com/wp-content/plugins/wp-smushit/app/assets/js/smush-lazy-load.min.js?ver=3 HTTP/1.1" 404 13672 "-" "Mozilla/5.0 (Windows NT 5.1; rv:31.0) Gecko/20100101 Firefox/31.0" "-"
45.148.10.236 - - [23/Dec/2024:12:45:19 +0900] "GET //hamamatsu-yanesyuri.com/wp-content/plugins/wc-shortcodes/public/assets/js/rsvp.js HTTP/1.1" 404 13664 "-" "Mozilla/5.0 (Windows NT 10.0; WOW64) AppleWebKit/537.36 (KHTML, like Gecko) coc_coc_browser/80.0.180 Chrome/74.0.3729.180 Safari/537.36" "-"
40.77.167.14 - - [23/Dec/2024:12:48:40 +0900] "GET /pftuf/r548417.html HTTP/2.0" 200 99851 "-" "Mozilla/5.0 AppleWebKit/537.36 (KHTML, like Gecko; compatible; bingbot/2.0; +http://www.bing.com/bingbot.htm) Chrome/116.0.1938.76 Safari/537.36" "-"
66.249.79.168 - - [23/Dec/2024:12:49:30 +0900] "GET /?_gl=1*1ix4f11*_gcl_au*MTYxMTI1OTI3MS4xNzIxODg2NjU0*_ga*ODYyMzk4MzA3LjE2OTk0NTM1Nzg.*_ga_7H42SVMQ0V*MTcyMTg4NjY1NS4xMjEuMS4xNzIxODg2NjY5LjQ2LjAuMA..&_ga=2.198040047.1958808748.1721886654-862398307.1699453578&_bdsid=2ulvIJ.n~ZXCIW.1721886656070.1721886848&_bd_prev_page=https://hamamatsu-yanesyuri.com/detail.php?hlzds/b1822427.html HTTP/1.1" 200 103491 "-" "Mozilla/5.0 (Linux; Android 6.0.1; Nexus 5X Build/MMB29P) AppleWebKit/537.36 (KHTML, like Gecko) Chrome/131.0.6778.204 Mobile Safari/537.36 (compatible; Googlebot/2.1; +http://www.google.com/bot.html)" "-"
66.249.79.166 - - [23/Dec/2024:12:53:05 +0900] "GET /krsil/q2610060.html HTTP/1.1" 200 101222 "-" "Mozilla/5.0 (Linux; Android 6.0.1; Nexus 5X Build/MMB29P) AppleWebKit/537.36 (KHTML, like Gecko) Chrome/131.0.6778.139 Mobile Safari/537.36 (compatible; GoogleOther)" "-"
66.249.79.167 - - [23/Dec/2024:12:53:30 +0900] "GET /?_gl=1*1ix4f11*_gcl_au*MTYxMTI1OTI3MS4xNzIxODg2NjU0*_ga*ODYyMzk4MzA3LjE2OTk0NTM1Nzg.*_ga_7H42SVMQ0V*MTcyMTg4NjY1NS4xMjEuMS4xNzIxODg2NjY5LjQ2LjAuMA..&_ga=2.198040047.1958808748.1721886654-862398307.1699453578&_bdsid=2ulvIJ.n~ZXCIW.1721886656070.1721886848&_bd_prev_page=https://hamamatsu-yanesyuri.com/detail.php?jjygr/p2898737.html HTTP/1.1" 200 101525 "-" "Mozilla/5.0 (Linux; Android 6.0.1; Nexus 5X Build/MMB29P) AppleWebKit/537.36 (KHTML, like Gecko) Chrome/131.0.6778.204 Mobile Safari/537.36 (compatible; Googlebot/2.1; +http://www.google.com/bot.html)" "-"
40.77.167.14 - - [23/Dec/2024:12:53:41 +0900] "GET /kbcxv/l1576893.html HTTP/2.0" 200 100790 "-" "Mozilla/5.0 AppleWebKit/537.36 (KHTML, like Gecko; compatible; bingbot/2.0; +http://www.bing.com/bingbot.htm) Chrome/116.0.1938.76 Safari/537.36" "-"
52.167.144.225 - - [23/Dec/2024:12:56:46 +0900] "GET /antzf/d1736109.html HTTP/2.0" 200 104657 "-" "Mozilla/5.0 AppleWebKit/537.36 (KHTML, like Gecko; compatible; bingbot/2.0; +http://www.bing.com/bingbot.htm) Chrome/116.0.1938.76 Safari/537.36" "-"
40.77.167.14 - - [23/Dec/2024:12:58:01 +0900] "GET /tibcu/v270533.html HTTP/2.0" 200 100355 "-" "Mozilla/5.0 AppleWebKit/537.36 (KHTML, like Gecko; compatible; bingbot/2.0; +http://www.bing.com/bingbot.htm) Chrome/116.0.1938.76 Safari/537.36" "-"
66.249.79.168 - - [23/Dec/2024:13:01:06 +0900] "GET /dygte/c2545332.html HTTP/1.1" 200 100537 "-" "Mozilla/5.0 (Linux; Android 6.0.1; Nexus 5X Build/MMB29P) AppleWebKit/537.36 (KHTML, like Gecko) Chrome/131.0.6778.139 Mobile Safari/537.36 (compatible; GoogleOther)" "-"
43.163.1.85 - - [23/Dec/2024:13:04:56 +0900] "GET / HTTP/1.1" 301 162 "-" "Mozilla/5.0 (iPhone; CPU iPhone OS 13_2_3 like Mac OS X) AppleWebKit/605.1.15 (KHTML, like Gecko) Version/13.0.3 Mobile/15E148 Safari/604.1" "-"
43.163.1.85 - - [23/Dec/2024:13:04:58 +0900] "GET / HTTP/1.1" 503 299 "http://hamamatsu-yanesyuri.com" "Mozilla/5.0 (iPhone; CPU iPhone OS 13_2_3 like Mac OS X) AppleWebKit/605.1.15 (KHTML, like Gecko) Version/13.0.3 Mobile/15E148 Safari/604.1" "-"
80.85.245.5 - - [23/Dec/2024:13:13:45 +0900] "GET / HTTP/1.1" 503 299 "-" "Mozilla/5.0 (Windows NT 10.0; Win64; x64) AppleWebKit/537.36 (KHTML, like Gecko) Chrome/120.0.0.0 Safari/537.36" "-"
54.36.148.49 - - [23/Dec/2024:13:19:31 +0900] "GET /robots.txt HTTP/2.0" 200 91 "-" "Mozilla/5.0 (compatible; AhrefsBot/7.0; +http://ahrefs.com/robot/)" "-"
52.167.144.194 - - [23/Dec/2024:13:22:52 +0900] "GET /fexfu/v1486787.html HTTP/2.0" 200 101075 "-" "Mozilla/5.0 AppleWebKit/537.36 (KHTML, like Gecko; compatible; bingbot/2.0; +http://www.bing.com/bingbot.htm) Chrome/116.0.1938.76 Safari/537.36" "-"
52.167.144.136 - - [23/Dec/2024:13:24:23 +0900] "GET /lwunv/x1473477.html HTTP/2.0" 200 102696 "-" "Mozilla/5.0 AppleWebKit/537.36 (KHTML, like Gecko; compatible; bingbot/2.0; +http://www.bing.com/bingbot.htm) Chrome/116.0.1938.76 Safari/537.36" "-"
52.167.144.172 - - [23/Dec/2024:13:30:31 +0900] "GET /kpoee/v430121.html HTTP/2.0" 200 101650 "-" "Mozilla/5.0 AppleWebKit/537.36 (KHTML, like Gecko; compatible; bingbot/2.0; +http://www.bing.com/bingbot.htm) Chrome/116.0.1938.76 Safari/537.36" "-"
52.167.144.172 - - [23/Dec/2024:13:30:51 +0900] "GET /voijk/h1695189.html HTTP/2.0" 200 99952 "-" "Mozilla/5.0 AppleWebKit/537.36 (KHTML, like Gecko; compatible; bingbot/2.0; +http://www.bing.com/bingbot.htm) Chrome/116.0.1938.76 Safari/537.36" "-"
52.167.144.172 - - [23/Dec/2024:13:31:01 +0900] "GET /paguh/t1596609.html HTTP/2.0" 200 101894 "-" "Mozilla/5.0 AppleWebKit/537.36 (KHTML, like Gecko; compatible; bingbot/2.0; +http://www.bing.com/bingbot.htm) Chrome/116.0.1938.76 Safari/537.36" "-"
66.249.79.168 - - [23/Dec/2024:13:35:54 +0900] "GET /?_gl=1*1ix4f11*_gcl_au*MTYxMTI1OTI3MS4xNzIxODg2NjU0*_ga*ODYyMzk4MzA3LjE2OTk0NTM1Nzg.*_ga_7H42SVMQ0V*MTcyMTg4NjY1NS4xMjEuMS4xNzIxODg2NjY5LjQ2LjAuMA..&_ga=2.198040047.1958808748.1721886654-862398307.1699453578&_bdsid=2ulvIJ.n~ZXCIW.1721886656070.1721886848&_bd_prev_page=https://hamamatsu-yanesyuri.com/detail.php?yrkhz/b231123.html HTTP/1.1" 200 101948 "-" "Mozilla/5.0 (Linux; Android 6.0.1; Nexus 5X Build/MMB29P) AppleWebKit/537.36 (KHTML, like Gecko) Chrome/131.0.6778.139 Mobile Safari/537.36 (compatible; Googlebot/2.1; +http://www.google.com/bot.html)" "-"
20.15.133.175 - - [23/Dec/2024:13:45:17 +0900] "GET /zgyer/x1485671.html HTTP/2.0" 503 428 "-" "Mozilla/5.0 AppleWebKit/537.36 (KHTML, like Gecko; compatible; bingbot/2.0; +http://www.bing.com/bingbot.htm) Chrome/116.0.1938.76 Safari/537.36" "-"
20.15.133.175 - - [23/Dec/2024:13:45:38 +0900] "GET /zgyer/x1485671.html HTTP/2.0" 200 100861 "-" "Mozilla/5.0 AppleWebKit/537.36 (KHTML, like Gecko; compatible; bingbot/2.0; +http://www.bing.com/bingbot.htm) Chrome/116.0.1938.76 Safari/537.36" "-"
20.15.133.175 - - [23/Dec/2024:13:46:58 +0900] "GET /scaqt/z1163247.html HTTP/2.0" 200 102688 "-" "Mozilla/5.0 AppleWebKit/537.36 (KHTML, like Gecko; compatible; bingbot/2.0; +http://www.bing.com/bingbot.htm) Chrome/116.0.1938.76 Safari/537.36" "-"
52.167.144.190 - - [23/Dec/2024:13:48:04 +0900] "GET /uuppk/l1765497.html HTTP/2.0" 503 428 "-" "Mozilla/5.0 AppleWebKit/537.36 (KHTML, like Gecko; compatible; bingbot/2.0; +http://www.bing.com/bingbot.htm) Chrome/116.0.1938.76 Safari/537.36" "-"
52.167.144.24 - - [23/Dec/2024:13:48:20 +0900] "GET /koktr/l527585.html HTTP/2.0" 503 428 "-" "Mozilla/5.0 AppleWebKit/537.36 (KHTML, like Gecko; compatible; bingbot/2.0; +http://www.bing.com/bingbot.htm) Chrome/116.0.1938.76 Safari/537.36" "-"
66.249.79.166 - - [23/Dec/2024:13:48:50 +0900] "GET /?_gl=1*1ix4f11*_gcl_au*MTYxMTI1OTI3MS4xNzIxODg2NjU0*_ga*ODYyMzk4MzA3LjE2OTk0NTM1Nzg.*_ga_7H42SVMQ0V*MTcyMTg4NjY1NS4xMjEuMS4xNzIxODg2NjY5LjQ2LjAuMA..&_ga=2.198040047.1958808748.1721886654-862398307.1699453578&_bdsid=2ulvIJ.n~ZXCIW.1721886656070.1721886848&_bd_prev_page=https://hamamatsu-yanesyuri.com/detail.php?kbzqm/f1885403.html HTTP/1.1" 200 102896 "-" "Mozilla/5.0 (Linux; Android 6.0.1; Nexus 5X Build/MMB29P) AppleWebKit/537.36 (KHTML, like Gecko) Chrome/131.0.6778.139 Mobile Safari/537.36 (compatible; Googlebot/2.1; +http://www.google.com/bot.html)" "-"
66.249.79.167 - - [23/Dec/2024:13:50:21 +0900] "GET /?_gl=1*1ix4f11*_gcl_au*MTYxMTI1OTI3MS4xNzIxODg2NjU0*_ga*ODYyMzk4MzA3LjE2OTk0NTM1Nzg.*_ga_7H42SVMQ0V*MTcyMTg4NjY1NS4xMjEuMS4xNzIxODg2NjY5LjQ2LjAuMA..&_ga=2.198040047.1958808748.1721886654-862398307.1699453578&_bdsid=2ulvIJ.n~ZXCIW.1721886656070.1721886848&_bd_prev_page=https://hamamatsu-yanesyuri.com/detail.php?egetd/l2902971.html HTTP/1.1" 200 102095 "-" "Mozilla/5.0 (Linux; Android 6.0.1; Nexus 5X Build/MMB29P) AppleWebKit/537.36 (KHTML, like Gecko) Chrome/131.0.6778.139 Mobile Safari/537.36 (compatible; Googlebot/2.1; +http://www.google.com/bot.html)" "-"
66.249.79.166 - - [23/Dec/2024:13:52:51 +0900] "GET /?_gl=1*1ix4f11*_gcl_au*MTYxMTI1OTI3MS4xNzIxODg2NjU0*_ga*ODYyMzk4MzA3LjE2OTk0NTM1Nzg.*_ga_7H42SVMQ0V*MTcyMTg4NjY1NS4xMjEuMS4xNzIxODg2NjY5LjQ2LjAuMA..&_ga=2.198040047.1958808748.1721886654-862398307.1699453578&_bdsid=2ulvIJ.n~ZXCIW.1721886656070.1721886848&_bd_prev_page=https://hamamatsu-yanesyuri.com/detail.php?liumy/d1692975.html HTTP/1.1" 503 299 "-" "Mozilla/5.0 (Linux; Android 6.0.1; Nexus 5X Build/MMB29P) AppleWebKit/537.36 (KHTML, like Gecko) Chrome/131.0.6778.139 Mobile Safari/537.36 (compatible; Googlebot/2.1; +http://www.google.com/bot.html)" "-"
52.167.144.24 - - [23/Dec/2024:13:55:42 +0900] "GET /tgswi/x429005.html HTTP/2.0" 200 103024 "-" "Mozilla/5.0 AppleWebKit/537.36 (KHTML, like Gecko; compatible; bingbot/2.0; +http://www.bing.com/bingbot.htm) Chrome/116.0.1938.76 Safari/537.36" "-"
66.249.79.168 - - [23/Dec/2024:13:57:55 +0900] "GET /?_gl=1*1ix4f11*_gcl_au*MTYxMTI1OTI3MS4xNzIxODg2NjU0*_ga*ODYyMzk4MzA3LjE2OTk0NTM1Nzg.*_ga_7H42SVMQ0V*MTcyMTg4NjY1NS4xMjEuMS4xNzIxODg2NjY5LjQ2LjAuMA..&_ga=2.198040047.1958808748.1721886654-862398307.1699453578&_bdsid=2ulvIJ.n~ZXCIW.1721886656070.1721886848&_bd_prev_page=https://hamamatsu-yanesyuri.com/detail.php?gbbkn/a312814.html HTTP/1.1" 200 101994 "-" "Mozilla/5.0 (Linux; Android 6.0.1; Nexus 5X Build/MMB29P) AppleWebKit/537.36 (KHTML, like Gecko) Chrome/131.0.6778.139 Mobile Safari/537.36 (compatible; Googlebot/2.1; +http://www.google.com/bot.html)" "-"
66.249.79.167 - - [23/Dec/2024:14:00:46 +0900] "GET /?_gl=1*1ix4f11*_gcl_au*MTYxMTI1OTI3MS4xNzIxODg2NjU0*_ga*ODYyMzk4MzA3LjE2OTk0NTM1Nzg.*_ga_7H42SVMQ0V*MTcyMTg4NjY1NS4xMjEuMS4xNzIxODg2NjY5LjQ2LjAuMA..&_ga=2.198040047.1958808748.1721886654-862398307.1699453578&_bdsid=2ulvIJ.n~ZXCIW.1721886656070.1721886848&_bd_prev_page=https://hamamatsu-yanesyuri.com/detail.php?vmbad/j772633.html HTTP/1.1" 200 101923 "-" "Mozilla/5.0 (Linux; Android 6.0.1; Nexus 5X Build/MMB29P) AppleWebKit/537.36 (KHTML, like Gecko) Chrome/131.0.6778.139 Mobile Safari/537.36 (compatible; Googlebot/2.1; +http://www.google.com/bot.html)" "-"
66.249.79.167 - - [23/Dec/2024:14:02:51 +0900] "GET /?_gl=1*1ix4f11*_gcl_au*MTYxMTI1OTI3MS4xNzIxODg2NjU0*_ga*ODYyMzk4MzA3LjE2OTk0NTM1Nzg.*_ga_7H42SVMQ0V*MTcyMTg4NjY1NS4xMjEuMS4xNzIxODg2NjY5LjQ2LjAuMA..&_ga=2.198040047.1958808748.1721886654-862398307.1699453578&_bdsid=2ulvIJ.n~ZXCIW.1721886656070.1721886848&_bd_prev_page=https://hamamatsu-yanesyuri.com/detail.php?kkodb/f141167.html HTTP/1.1" 200 104865 "-" "Mozilla/5.0 (Linux; Android 6.0.1; Nexus 5X Build/MMB29P) AppleWebKit/537.36 (KHTML, like Gecko) Chrome/131.0.6778.139 Mobile Safari/537.36 (compatible; Googlebot/2.1; +http://www.google.com/bot.html)" "-"
66.249.79.168 - - [23/Dec/2024:14:06:23 +0900] "GET /?_gl=1*1ix4f11*_gcl_au*MTYxMTI1OTI3MS4xNzIxODg2NjU0*_ga*ODYyMzk4MzA3LjE2OTk0NTM1Nzg.*_ga_7H42SVMQ0V*MTcyMTg4NjY1NS4xMjEuMS4xNzIxODg2NjY5LjQ2LjAuMA..&_ga=2.198040047.1958808748.1721886654-862398307.1699453578&_bdsid=2ulvIJ.n~ZXCIW.1721886656070.1721886848&_bd_prev_page=https://hamamatsu-yanesyuri.com/detail.php?zyrtf/z1690709.html HTTP/1.1" 200 101939 "-" "Mozilla/5.0 (Linux; Android 6.0.1; Nexus 5X Build/MMB29P) AppleWebKit/537.36 (KHTML, like Gecko) Chrome/131.0.6778.139 Mobile Safari/537.36 (compatible; Googlebot/2.1; +http://www.google.com/bot.html)" "-"
66.249.79.166 - - [23/Dec/2024:14:07:55 +0900] "GET /?_gl=1*1ix4f11*_gcl_au*MTYxMTI1OTI3MS4xNzIxODg2NjU0*_ga*ODYyMzk4MzA3LjE2OTk0NTM1Nzg.*_ga_7H42SVMQ0V*MTcyMTg4NjY1NS4xMjEuMS4xNzIxODg2NjY5LjQ2LjAuMA..&_ga=2.198040047.1958808748.1721886654-862398307.1699453578&_bdsid=2ulvIJ.n~ZXCIW.1721886656070.1721886848&_bd_prev_page=https://hamamatsu-yanesyuri.com/detail.php?iqjje/l1277321.html HTTP/1.1" 503 299 "-" "Mozilla/5.0 (Linux; Android 6.0.1; Nexus 5X Build/MMB29P) AppleWebKit/537.36 (KHTML, like Gecko) Chrome/131.0.6778.139 Mobile Safari/537.36 (compatible; Googlebot/2.1; +http://www.google.com/bot.html)" "-"
66.249.79.167 - - [23/Dec/2024:14:09:24 +0900] "GET /?_gl=1*1ix4f11*_gcl_au*MTYxMTI1OTI3MS4xNzIxODg2NjU0*_ga*ODYyMzk4MzA3LjE2OTk0NTM1Nzg.*_ga_7H42SVMQ0V*MTcyMTg4NjY1NS4xMjEuMS4xNzIxODg2NjY5LjQ2LjAuMA..&_ga=2.198040047.1958808748.1721886654-862398307.1699453578&_bdsid=2ulvIJ.n~ZXCIW.1721886656070.1721886848&_bd_prev_page=https://hamamatsu-yanesyuri.com/detail.php?yoxlr/r1669667.html HTTP/1.1" 200 106245 "-" "Mozilla/5.0 (Linux; Android 6.0.1; Nexus 5X Build/MMB29P) AppleWebKit/537.36 (KHTML, like Gecko) Chrome/131.0.6778.139 Mobile Safari/537.36 (compatible; Googlebot/2.1; +http://www.google.com/bot.html)" "-"
66.249.79.167 - - [23/Dec/2024:14:10:59 +0900] "GET /mypage/recommendation_by_ai HTTP/1.1" 200 100999 "-" "Mozilla/5.0 (Linux; Android 6.0.1; Nexus 5X Build/MMB29P) AppleWebKit/537.36 (KHTML, like Gecko) Chrome/131.0.6778.139 Mobile Safari/537.36 (compatible; Googlebot/2.1; +http://www.google.com/bot.html)" "-"
66.249.79.167 - - [23/Dec/2024:14:14:35 +0900] "GET /kxdgp/w2379420.html HTTP/1.1" 200 101202 "-" "Mozilla/5.0 (Linux; Android 6.0.1; Nexus 5X Build/MMB29P) AppleWebKit/537.36 (KHTML, like Gecko) Chrome/131.0.6778.139 Mobile Safari/537.36 (compatible; GoogleOther)" "-"
66.249.79.167 - - [23/Dec/2024:14:14:50 +0900] "GET /kxdgp/w2379420.html HTTP/1.1" 200 101202 "-" "Mozilla/5.0 (Linux; Android 6.0.1; Nexus 5X Build/MMB29P) AppleWebKit/537.36 (KHTML, like Gecko) Chrome/131.0.6778.139 Mobile Safari/537.36 (compatible; Googlebot/2.1; +http://www.google.com/bot.html)" "-"
52.167.144.159 - - [23/Dec/2024:14:16:18 +0900] "GET /akfin/v1624509.html HTTP/2.0" 200 101620 "-" "Mozilla/5.0 AppleWebKit/537.36 (KHTML, like Gecko; compatible; bingbot/2.0; +http://www.bing.com/bingbot.htm) Chrome/116.0.1938.76 Safari/537.36" "-"
66.249.79.168 - - [23/Dec/2024:14:16:46 +0900] "GET /?_gl=1*1ix4f11*_gcl_au*MTYxMTI1OTI3MS4xNzIxODg2NjU0*_ga*ODYyMzk4MzA3LjE2OTk0NTM1Nzg.*_ga_7H42SVMQ0V*MTcyMTg4NjY1NS4xMjEuMS4xNzIxODg2NjY5LjQ2LjAuMA..&_ga=2.198040047.1958808748.1721886654-862398307.1699453578&_bdsid=2ulvIJ.n~ZXCIW.1721886656070.1721886848&_bd_prev_page=https://hamamatsu-yanesyuri.com/detail.php?fshpg/p1112225.html HTTP/1.1" 200 102698 "-" "Mozilla/5.0 (Linux; Android 6.0.1; Nexus 5X Build/MMB29P) AppleWebKit/537.36 (KHTML, like Gecko) Chrome/131.0.6778.139 Mobile Safari/537.36 (compatible; Googlebot/2.1; +http://www.google.com/bot.html)" "-"
66.249.79.168 - - [23/Dec/2024:14:18:16 +0900] "GET /?_gl=1*1ix4f11*_gcl_au*MTYxMTI1OTI3MS4xNzIxODg2NjU0*_ga*ODYyMzk4MzA3LjE2OTk0NTM1Nzg.*_ga_7H42SVMQ0V*MTcyMTg4NjY1NS4xMjEuMS4xNzIxODg2NjY5LjQ2LjAuMA..&_ga=2.198040047.1958808748.1721886654-862398307.1699453578&_bdsid=2ulvIJ.n~ZXCIW.1721886656070.1721886848&_bd_prev_page=https://hamamatsu-yanesyuri.com/detail.php?yspxj/r1344693.html HTTP/1.1" 200 102370 "-" "Mozilla/5.0 (Linux; Android 6.0.1; Nexus 5X Build/MMB29P) AppleWebKit/537.36 (KHTML, like Gecko) Chrome/131.0.6778.139 Mobile Safari/537.36 (compatible; Googlebot/2.1; +http://www.google.com/bot.html)" "-"
40.77.167.10 - - [23/Dec/2024:14:18:17 +0900] "GET /dfyrz/h292853.html HTTP/2.0" 200 101889 "-" "Mozilla/5.0 AppleWebKit/537.36 (KHTML, like Gecko; compatible; bingbot/2.0; +http://www.bing.com/bingbot.htm) Chrome/116.0.1938.76 Safari/537.36" "-"
66.249.79.167 - - [23/Dec/2024:14:19:57 +0900] "GET /?_gl=1*1ix4f11*_gcl_au*MTYxMTI1OTI3MS4xNzIxODg2NjU0*_ga*ODYyMzk4MzA3LjE2OTk0NTM1Nzg.*_ga_7H42SVMQ0V*MTcyMTg4NjY1NS4xMjEuMS4xNzIxODg2NjY5LjQ2LjAuMA..&_ga=2.198040047.1958808748.1721886654-862398307.1699453578&_bdsid=2ulvIJ.n~ZXCIW.1721886656070.1721886848&_bd_prev_page=https://hamamatsu-yanesyuri.com/detail.php?kufqk/b1464459.html HTTP/1.1" 503 299 "-" "Mozilla/5.0 (Linux; Android 6.0.1; Nexus 5X Build/MMB29P) AppleWebKit/537.36 (KHTML, like Gecko) Chrome/131.0.6778.139 Mobile Safari/537.36 (compatible; Googlebot/2.1; +http://www.google.com/bot.html)" "-"
66.249.79.166 - - [23/Dec/2024:14:21:52 +0900] "GET /?_gl=1*1ix4f11*_gcl_au*MTYxMTI1OTI3MS4xNzIxODg2NjU0*_ga*ODYyMzk4MzA3LjE2OTk0NTM1Nzg.*_ga_7H42SVMQ0V*MTcyMTg4NjY1NS4xMjEuMS4xNzIxODg2NjY5LjQ2LjAuMA..&_ga=2.198040047.1958808748.1721886654-862398307.1699453578&_bdsid=2ulvIJ.n~ZXCIW.1721886656070.1721886848&_bd_prev_page=https://hamamatsu-yanesyuri.com/detail.php?qwhsa/l1272225.html HTTP/1.1" 200 101433 "-" "Mozilla/5.0 (Linux; Android 6.0.1; Nexus 5X Build/MMB29P) AppleWebKit/537.36 (KHTML, like Gecko) Chrome/131.0.6778.139 Mobile Safari/537.36 (compatible; Googlebot/2.1; +http://www.google.com/bot.html)" "-"
52.167.144.159 - - [23/Dec/2024:14:22:39 +0900] "GET /ofvri/z355349.html HTTP/2.0" 200 101401 "-" "Mozilla/5.0 AppleWebKit/537.36 (KHTML, like Gecko; compatible; bingbot/2.0; +http://www.bing.com/bingbot.htm) Chrome/116.0.1938.76 Safari/537.36" "-"
66.249.79.168 - - [23/Dec/2024:14:25:16 +0900] "GET /?_gl=1*1ix4f11*_gcl_au*MTYxMTI1OTI3MS4xNzIxODg2NjU0*_ga*ODYyMzk4MzA3LjE2OTk0NTM1Nzg.*_ga_7H42SVMQ0V*MTcyMTg4NjY1NS4xMjEuMS4xNzIxODg2NjY5LjQ2LjAuMA..&_ga=2.198040047.1958808748.1721886654-862398307.1699453578&_bdsid=2ulvIJ.n~ZXCIW.1721886656070.1721886848&_bd_prev_page=https://hamamatsu-yanesyuri.com/detail.php?isuum/i209966.html HTTP/1.1" 200 102000 "-" "Mozilla/5.0 (Linux; Android 6.0.1; Nexus 5X Build/MMB29P) AppleWebKit/537.36 (KHTML, like Gecko) Chrome/131.0.6778.139 Mobile Safari/537.36 (compatible; Googlebot/2.1; +http://www.google.com/bot.html)" "-"
66.249.79.168 - - [23/Dec/2024:14:26:49 +0900] "GET /?_gl=1*1ix4f11*_gcl_au*MTYxMTI1OTI3MS4xNzIxODg2NjU0*_ga*ODYyMzk4MzA3LjE2OTk0NTM1Nzg.*_ga_7H42SVMQ0V*MTcyMTg4NjY1NS4xMjEuMS4xNzIxODg2NjY5LjQ2LjAuMA..&_ga=2.198040047.1958808748.1721886654-862398307.1699453578&_bdsid=2ulvIJ.n~ZXCIW.1721886656070.1721886848&_bd_prev_page=https://hamamatsu-yanesyuri.com/detail.php?jmqpk/e2282058.html HTTP/1.1" 200 101899 "-" "Mozilla/5.0 (Linux; Android 6.0.1; Nexus 5X Build/MMB29P) AppleWebKit/537.36 (KHTML, like Gecko) Chrome/131.0.6778.139 Mobile Safari/537.36 (compatible; Googlebot/2.1; +http://www.google.com/bot.html)" "-"
118.27.99.84 - - [23/Dec/2024:14:27:21 +0900] "POST /wp-cron.php?doing_wp_cron=1734931640.8431410789489746093750 HTTP/1.1" 200 118 "-" "WordPress/6.7.1; https://hamamatsu-yanesyuri.com" "-"
17.241.75.38 - - [23/Dec/2024:14:27:21 +0900] "GET /category/yane/ HTTP/1.1" 200 21110 "-" "Mozilla/5.0 (Macintosh; Intel Mac OS X 10_15_7) AppleWebKit/605.1.15 (KHTML, like Gecko) Version/17.4 Safari/605.1.15 (Applebot/0.1; +http://www.apple.com/go/applebot)" "-"
20.15.133.175 - - [23/Dec/2024:14:28:52 +0900] "GET /kalis/l1460855.html HTTP/2.0" 200 100871 "-" "Mozilla/5.0 AppleWebKit/537.36 (KHTML, like Gecko; compatible; bingbot/2.0; +http://www.bing.com/bingbot.htm) Chrome/116.0.1938.76 Safari/537.36" "-"
17.246.23.191 - - [23/Dec/2024:14:28:58 +0900] "GET /wp-content/themes/ITO/css/vegas.min.css HTTP/1.1" 200 1294 "https://hamamatsu-yanesyuri.com/category/yane/" "Mozilla/5.0 (Macintosh; Intel Mac OS X 10_15_7) AppleWebKit/605.1.15 (KHTML, like Gecko) Version/17.4 Safari/605.1.15 (Applebot/0.1; +http://www.apple.com/go/applebot)" "-"
17.246.19.84 - - [23/Dec/2024:14:28:58 +0900] "GET /wp-content/themes/ITO/css/animate.min.css HTTP/1.1" 200 6622 "https://hamamatsu-yanesyuri.com/category/yane/" "Mozilla/5.0 (Macintosh; Intel Mac OS X 10_15_7) AppleWebKit/605.1.15 (KHTML, like Gecko) Version/17.4 Safari/605.1.15 (Applebot/0.1; +http://www.apple.com/go/applebot)" "-"
17.246.23.113 - - [23/Dec/2024:14:28:59 +0900] "GET /wp-includes/js/jquery/jquery.min.js?ver=3.7.1 HTTP/1.1" 200 35459 "https://hamamatsu-yanesyuri.com/category/yane/" "Mozilla/5.0 (Macintosh; Intel Mac OS X 10_15_7) AppleWebKit/605.1.15 (KHTML, like Gecko) Version/17.4 Safari/605.1.15 (Applebot/0.1; +http://www.apple.com/go/applebot)" "-"
17.246.19.143 - - [23/Dec/2024:14:28:59 +0900] "GET /wp-content/plugins/wc-shortcodes/public/assets/css/font-awesome.min.css?ver=4.7.0 HTTP/1.1" 200 7962 "https://hamamatsu-yanesyuri.com/category/yane/" "Mozilla/5.0 (Macintosh; Intel Mac OS X 10_15_7) AppleWebKit/605.1.15 (KHTML, like Gecko) Version/17.4 Safari/605.1.15 (Applebot/0.1; +http://www.apple.com/go/applebot)" "-"
17.246.19.219 - - [23/Dec/2024:14:29:00 +0900] "GET /wp-content/themes/ITO/style.css HTTP/1.1" 200 29772 "https://hamamatsu-yanesyuri.com/category/yane/" "Mozilla/5.0 (Macintosh; Intel Mac OS X 10_15_7) AppleWebKit/605.1.15 (KHTML, like Gecko) Version/17.4 Safari/605.1.15 (Applebot/0.1; +http://www.apple.com/go/applebot)" "-"
17.246.15.40 - - [23/Dec/2024:14:29:00 +0900] "GET /wp-content/plugins/wc-shortcodes/public/assets/css/style.css?ver=3.46 HTTP/1.1" 200 13222 "https://hamamatsu-yanesyuri.com/category/yane/" "Mozilla/5.0 (Macintosh; Intel Mac OS X 10_15_7) AppleWebKit/605.1.15 (KHTML, like Gecko) Version/17.4 Safari/605.1.15 (Applebot/0.1; +http://www.apple.com/go/applebot)" "-"
17.246.23.191 - - [23/Dec/2024:14:29:01 +0900] "GET /wp-content/themes/ITO/js/jquery.js HTTP/1.1" 200 36084 "https://hamamatsu-yanesyuri.com/category/yane/" "Mozilla/5.0 (Macintosh; Intel Mac OS X 10_15_7) AppleWebKit/605.1.15 (KHTML, like Gecko) Version/17.4 Safari/605.1.15 (Applebot/0.1; +http://www.apple.com/go/applebot)" "-"
17.246.23.133 - - [23/Dec/2024:14:29:01 +0900] "GET /wp-includes/js/jquery/jquery-migrate.min.js?ver=3.4.1 HTTP/1.1" 200 5355 "https://hamamatsu-yanesyuri.com/category/yane/" "Mozilla/5.0 (Macintosh; Intel Mac OS X 10_15_7) AppleWebKit/605.1.15 (KHTML, like Gecko) Version/17.4 Safari/605.1.15 (Applebot/0.1; +http://www.apple.com/go/applebot)" "-"
17.246.23.236 - - [23/Dec/2024:14:29:02 +0900] "GET /wp-content/themes/ITO/js/vegas.min.js HTTP/1.1" 200 3676 "https://hamamatsu-yanesyuri.com/category/yane/" "Mozilla/5.0 (Macintosh; Intel Mac OS X 10_15_7) AppleWebKit/605.1.15 (KHTML, like Gecko) Version/17.4 Safari/605.1.15 (Applebot/0.1; +http://www.apple.com/go/applebot)" "-"
17.246.19.143 - - [23/Dec/2024:14:29:02 +0900] "GET /wp-includes/js/imagesloaded.min.js?ver=5.0.0 HTTP/1.1" 200 1987 "https://hamamatsu-yanesyuri.com/category/yane/" "Mozilla/5.0 (Macintosh; Intel Mac OS X 10_15_7) AppleWebKit/605.1.15 (KHTML, like Gecko) Version/17.4 Safari/605.1.15 (Applebot/0.1; +http://www.apple.com/go/applebot)" "-"
17.246.19.112 - - [23/Dec/2024:14:29:02 +0900] "GET /wp-content/themes/ITO/js/wow.min.js HTTP/1.1" 200 1861 "https://hamamatsu-yanesyuri.com/category/yane/" "Mozilla/5.0 (Macintosh; Intel Mac OS X 10_15_7) AppleWebKit/605.1.15 (KHTML, like Gecko) Version/17.4 Safari/605.1.15 (Applebot/0.1; +http://www.apple.com/go/applebot)" "-"
17.246.23.133 - - [23/Dec/2024:14:29:03 +0900] "GET /wp-includes/js/jquery/jquery.masonry.min.js?ver=3.1.2b HTTP/1.1" 200 759 "https://hamamatsu-yanesyuri.com/category/yane/" "Mozilla/5.0 (Macintosh; Intel Mac OS X 10_15_7) AppleWebKit/605.1.15 (KHTML, like Gecko) Version/17.4 Safari/605.1.15 (Applebot/0.1; +http://www.apple.com/go/applebot)" "-"
17.246.23.75 - - [23/Dec/2024:14:29:03 +0900] "GET /wp-includes/js/masonry.min.js?ver=4.2.2 HTTP/1.1" 200 8558 "https://hamamatsu-yanesyuri.com/category/yane/" "Mozilla/5.0 (Macintosh; Intel Mac OS X 10_15_7) AppleWebKit/605.1.15 (KHTML, like Gecko) Version/17.4 Safari/605.1.15 (Applebot/0.1; +http://www.apple.com/go/applebot)" "-"
17.246.23.191 - - [23/Dec/2024:14:29:04 +0900] "GET /wp-content/plugins/wc-shortcodes/public/assets/js/rsvp.js?ver=3.46 HTTP/1.1" 200 434 "https://hamamatsu-yanesyuri.com/category/yane/" "Mozilla/5.0 (Macintosh; Intel Mac OS X 10_15_7) AppleWebKit/605.1.15 (KHTML, like Gecko) Version/17.4 Safari/605.1.15 (Applebot/0.1; +http://www.apple.com/go/applebot)" "-"
17.246.23.53 - - [23/Dec/2024:14:29:05 +0900] "GET /wp-content/plugins/wp-smushit/app/assets/js/smush-lazy-load.min.js?ver=3.16.6 HTTP/1.1" 200 4048 "https://hamamatsu-yanesyuri.com/category/yane/" "Mozilla/5.0 (Macintosh; Intel Mac OS X 10_15_7) AppleWebKit/605.1.15 (KHTML, like Gecko) Version/17.4 Safari/605.1.15 (Applebot/0.1; +http://www.apple.com/go/applebot)" "-"
17.246.15.40 - - [23/Dec/2024:14:29:05 +0900] "GET /wp-includes/js/wp-emoji-release.min.js?ver=6.7.1 HTTP/1.1" 200 5870 "https://hamamatsu-yanesyuri.com/category/yane/" "Mozilla/5.0 (Macintosh; Intel Mac OS X 10_15_7) AppleWebKit/605.1.15 (KHTML, like Gecko) Version/17.4 Safari/605.1.15 (Applebot/0.1; +http://www.apple.com/go/applebot)" "-"
17.246.15.79 - - [23/Dec/2024:14:29:05 +0900] "GET /wp-content/plugins/ewww-image-optimizer/includes/lazysizes.min.js?ver=800 HTTP/1.1" 200 6591 "https://hamamatsu-yanesyuri.com/category/yane/" "Mozilla/5.0 (Macintosh; Intel Mac OS X 10_15_7) AppleWebKit/605.1.15 (KHTML, like Gecko) Version/17.4 Safari/605.1.15 (Applebot/0.1; +http://www.apple.com/go/applebot)" "-"
66.249.79.167 - - [23/Dec/2024:14:29:49 +0900] "GET /?_gl=1*1ix4f11*_gcl_au*MTYxMTI1OTI3MS4xNzIxODg2NjU0*_ga*ODYyMzk4MzA3LjE2OTk0NTM1Nzg.*_ga_7H42SVMQ0V*MTcyMTg4NjY1NS4xMjEuMS4xNzIxODg2NjY5LjQ2LjAuMA..&_ga=2.198040047.1958808748.1721886654-862398307.1699453578&_bdsid=2ulvIJ.n~ZXCIW.1721886656070.1721886848&_bd_prev_page=https://hamamatsu-yanesyuri.com/detail.php?pqgoh/n184387.html HTTP/1.1" 200 101316 "-" "Mozilla/5.0 (Linux; Android 6.0.1; Nexus 5X Build/MMB29P) AppleWebKit/537.36 (KHTML, like Gecko) Chrome/131.0.6778.139 Mobile Safari/537.36 (compatible; Googlebot/2.1; +http://www.google.com/bot.html)" "-"
52.167.144.183 - - [23/Dec/2024:14:30:08 +0900] "GET /twcfz/v1580985.html HTTP/2.0" 200 106702 "-" "Mozilla/5.0 AppleWebKit/537.36 (KHTML, like Gecko; compatible; bingbot/2.0; +http://www.bing.com/bingbot.htm) Chrome/116.0.1938.76 Safari/537.36" "-"
40.77.167.67 - - [23/Dec/2024:14:30:40 +0900] "GET /qbxmf/l1770333.html HTTP/2.0" 200 100122 "-" "Mozilla/5.0 AppleWebKit/537.36 (KHTML, like Gecko; compatible; bingbot/2.0; +http://www.bing.com/bingbot.htm) Chrome/116.0.1938.76 Safari/537.36" "-"
66.249.79.167 - - [23/Dec/2024:14:31:42 +0900] "GET /?_gl=1*1ix4f11*_gcl_au*MTYxMTI1OTI3MS4xNzIxODg2NjU0*_ga*ODYyMzk4MzA3LjE2OTk0NTM1Nzg.*_ga_7H42SVMQ0V*MTcyMTg4NjY1NS4xMjEuMS4xNzIxODg2NjY5LjQ2LjAuMA..&_ga=2.198040047.1958808748.1721886654-862398307.1699453578&_bdsid=2ulvIJ.n~ZXCIW.1721886656070.1721886848&_bd_prev_page=https://hamamatsu-yanesyuri.com/detail.php?dwnfu/r3049851.html HTTP/1.1" 503 299 "-" "Mozilla/5.0 (Linux; Android 6.0.1; Nexus 5X Build/MMB29P) AppleWebKit/537.36 (KHTML, like Gecko) Chrome/131.0.6778.139 Mobile Safari/537.36 (compatible; Googlebot/2.1; +http://www.google.com/bot.html)" "-"
52.167.144.183 - - [23/Dec/2024:14:31:47 +0900] "GET /fqexv/t1635297.html HTTP/2.0" 200 101908 "-" "Mozilla/5.0 AppleWebKit/537.36 (KHTML, like Gecko; compatible; bingbot/2.0; +http://www.bing.com/bingbot.htm) Chrome/116.0.1938.76 Safari/537.36" "-"
66.249.79.167 - - [23/Dec/2024:14:34:14 +0900] "GET /?_gl=1*1ix4f11*_gcl_au*MTYxMTI1OTI3MS4xNzIxODg2NjU0*_ga*ODYyMzk4MzA3LjE2OTk0NTM1Nzg.*_ga_7H42SVMQ0V*MTcyMTg4NjY1NS4xMjEuMS4xNzIxODg2NjY5LjQ2LjAuMA..&_ga=2.198040047.1958808748.1721886654-862398307.1699453578&_bdsid=2ulvIJ.n~ZXCIW.1721886656070.1721886848&_bd_prev_page=https://hamamatsu-yanesyuri.com/detail.php?oxxgk/n2025915.html HTTP/1.1" 200 102614 "-" "Mozilla/5.0 (Linux; Android 6.0.1; Nexus 5X Build/MMB29P) AppleWebKit/537.36 (KHTML, like Gecko) Chrome/131.0.6778.139 Mobile Safari/537.36 (compatible; Googlebot/2.1; +http://www.google.com/bot.html)" "-"
40.77.167.67 - - [23/Dec/2024:14:36:30 +0900] "GET /pefsj/n1469385.html HTTP/2.0" 200 100191 "-" "Mozilla/5.0 AppleWebKit/537.36 (KHTML, like Gecko; compatible; bingbot/2.0; +http://www.bing.com/bingbot.htm) Chrome/116.0.1938.76 Safari/537.36" "-"
66.249.79.166 - - [23/Dec/2024:14:37:08 +0900] "GET /?_gl=1*1ix4f11*_gcl_au*MTYxMTI1OTI3MS4xNzIxODg2NjU0*_ga*ODYyMzk4MzA3LjE2OTk0NTM1Nzg.*_ga_7H42SVMQ0V*MTcyMTg4NjY1NS4xMjEuMS4xNzIxODg2NjY5LjQ2LjAuMA..&_ga=2.198040047.1958808748.1721886654-862398307.1699453578&_bdsid=2ulvIJ.n~ZXCIW.1721886656070.1721886848&_bd_prev_page=https://hamamatsu-yanesyuri.com/detail.php?puhmu/g2500720.html HTTP/1.1" 503 299 "-" "Mozilla/5.0 (Linux; Android 6.0.1; Nexus 5X Build/MMB29P) AppleWebKit/537.36 (KHTML, like Gecko) Chrome/131.0.6778.139 Mobile Safari/537.36 (compatible; Googlebot/2.1; +http://www.google.com/bot.html)" "-"
66.249.79.168 - - [23/Dec/2024:14:39:21 +0900] "GET /?_gl=1*1ix4f11*_gcl_au*MTYxMTI1OTI3MS4xNzIxODg2NjU0*_ga*ODYyMzk4MzA3LjE2OTk0NTM1Nzg.*_ga_7H42SVMQ0V*MTcyMTg4NjY1NS4xMjEuMS4xNzIxODg2NjY5LjQ2LjAuMA..&_ga=2.198040047.1958808748.1721886654-862398307.1699453578&_bdsid=2ulvIJ.n~ZXCIW.1721886656070.1721886848&_bd_prev_page=https://hamamatsu-yanesyuri.com/detail.php?hxgrj/d1566875.html HTTP/1.1" 200 101499 "-" "Mozilla/5.0 (Linux; Android 6.0.1; Nexus 5X Build/MMB29P) AppleWebKit/537.36 (KHTML, like Gecko) Chrome/131.0.6778.139 Mobile Safari/537.36 (compatible; Googlebot/2.1; +http://www.google.com/bot.html)" "-"
66.249.79.168 - - [23/Dec/2024:14:40:06 +0900] "GET /pcrpv/h652407.html HTTP/1.1" 200 100077 "-" "Mozilla/5.0 (Linux; Android 6.0.1; Nexus 5X Build/MMB29P) AppleWebKit/537.36 (KHTML, like Gecko) Chrome/131.0.6778.139 Mobile Safari/537.36 (compatible; Googlebot/2.1; +http://www.google.com/bot.html)" "-"
66.249.79.168 - - [23/Dec/2024:14:41:52 +0900] "GET /?_gl=1*1ix4f11*_gcl_au*MTYxMTI1OTI3MS4xNzIxODg2NjU0*_ga*ODYyMzk4MzA3LjE2OTk0NTM1Nzg.*_ga_7H42SVMQ0V*MTcyMTg4NjY1NS4xMjEuMS4xNzIxODg2NjY5LjQ2LjAuMA..&_ga=2.198040047.1958808748.1721886654-862398307.1699453578&_bdsid=2ulvIJ.n~ZXCIW.1721886656070.1721886848&_bd_prev_page=https://hamamatsu-yanesyuri.com/detail.php?aoqxe/s731952.html HTTP/1.1" 200 104409 "-" "Mozilla/5.0 (Linux; Android 6.0.1; Nexus 5X Build/MMB29P) AppleWebKit/537.36 (KHTML, like Gecko) Chrome/131.0.6778.139 Mobile Safari/537.36 (compatible; Googlebot/2.1; +http://www.google.com/bot.html)" "-"
66.249.79.166 - - [23/Dec/2024:14:44:18 +0900] "GET /?_gl=1*1ix4f11*_gcl_au*MTYxMTI1OTI3MS4xNzIxODg2NjU0*_ga*ODYyMzk4MzA3LjE2OTk0NTM1Nzg.*_ga_7H42SVMQ0V*MTcyMTg4NjY1NS4xMjEuMS4xNzIxODg2NjY5LjQ2LjAuMA..&_ga=2.198040047.1958808748.1721886654-862398307.1699453578&_bdsid=2ulvIJ.n~ZXCIW.1721886656070.1721886848&_bd_prev_page=https://hamamatsu-yanesyuri.com/detail.php?hmsqf/v2864657.html HTTP/1.1" 200 101330 "-" "Mozilla/5.0 (Linux; Android 6.0.1; Nexus 5X Build/MMB29P) AppleWebKit/537.36 (KHTML, like Gecko) Chrome/131.0.6778.139 Mobile Safari/537.36 (compatible; Googlebot/2.1; +http://www.google.com/bot.html)" "-"
66.249.79.166 - - [23/Dec/2024:14:46:50 +0900] "GET /?_gl=1*1ix4f11*_gcl_au*MTYxMTI1OTI3MS4xNzIxODg2NjU0*_ga*ODYyMzk4MzA3LjE2OTk0NTM1Nzg.*_ga_7H42SVMQ0V*MTcyMTg4NjY1NS4xMjEuMS4xNzIxODg2NjY5LjQ2LjAuMA..&_ga=2.198040047.1958808748.1721886654-862398307.1699453578&_bdsid=2ulvIJ.n~ZXCIW.1721886656070.1721886848&_bd_prev_page=https://hamamatsu-yanesyuri.com/detail.php?zruvj/a493670.html HTTP/1.1" 200 102386 "-" "Mozilla/5.0 (Linux; Android 6.0.1; Nexus 5X Build/MMB29P) AppleWebKit/537.36 (KHTML, like Gecko) Chrome/131.0.6778.139 Mobile Safari/537.36 (compatible; Googlebot/2.1; +http://www.google.com/bot.html)" "-"
40.77.167.78 - - [23/Dec/2024:14:47:02 +0900] "GET /twzkr/h1593633.html HTTP/2.0" 200 102982 "-" "Mozilla/5.0 AppleWebKit/537.36 (KHTML, like Gecko; compatible; bingbot/2.0; +http://www.bing.com/bingbot.htm) Chrome/116.0.1938.76 Safari/537.36" "-"
66.249.79.167 - - [23/Dec/2024:14:48:19 +0900] "GET /?_gl=1*1ix4f11*_gcl_au*MTYxMTI1OTI3MS4xNzIxODg2NjU0*_ga*ODYyMzk4MzA3LjE2OTk0NTM1Nzg.*_ga_7H42SVMQ0V*MTcyMTg4NjY1NS4xMjEuMS4xNzIxODg2NjY5LjQ2LjAuMA..&_ga=2.198040047.1958808748.1721886654-862398307.1699453578&_bdsid=2ulvIJ.n~ZXCIW.1721886656070.1721886848&_bd_prev_page=https://hamamatsu-yanesyuri.com/detail.php?jmqcg/j2845431.html HTTP/1.1" 200 101966 "-" "Mozilla/5.0 (Linux; Android 6.0.1; Nexus 5X Build/MMB29P) AppleWebKit/537.36 (KHTML, like Gecko) Chrome/131.0.6778.204 Mobile Safari/537.36 (compatible; Googlebot/2.1; +http://www.google.com/bot.html)" "-"
66.249.79.166 - - [23/Dec/2024:14:48:45 +0900] "GET /psapu/g2475396.html HTTP/1.1" 200 102048 "-" "Mozilla/5.0 (Linux; Android 6.0.1; Nexus 5X Build/MMB29P) AppleWebKit/537.36 (KHTML, like Gecko) Chrome/131.0.6778.139 Mobile Safari/537.36 (compatible; GoogleOther)" "-"
