157.90.181.207 - - [23/Dec/2024:06:37:24 +0900] "GET /knowledge/%E9%98%B2%E7%81%BD%E7%93%A6%E3%81%A8%E3%81%AF%EF%BC%9F%E7%A8%AE%E9%A1%9E%E3%82%84%E3%83%A1%E3%83%AA%E3%83%83%E3%83%88%E3%83%BB%E3%83%87%E3%83%A1%E3%83%AA%E3%83%83%E3%83%88%E3%82%92%E8%A7%A3%E8%AA%AC/ HTTP/1.1" 200 28115 "-" "Mozilla/5.0 (compatible; BLEXBot/1.0; +https://help.seranking.com/en/blex-crawler)" "-"
157.90.181.207 - - [23/Dec/2024:06:37:30 +0900] "GET /leakage/ HTTP/1.1" 200 20718 "-" "Mozilla/5.0 (compatible; BLEXBot/1.0; +https://help.seranking.com/en/blex-crawler)" "-"
118.27.99.84 - - [23/Dec/2024:06:37:42 +0900] "POST /wp-cron.php?doing_wp_cron=1734903461.1041679382324218750000 HTTP/1.1" 200 118 "-" "WordPress/6.7.1; https://hamamatsu-yanesyuri.com" "-"
157.90.181.207 - - [23/Dec/2024:06:37:42 +0900] "GET /menu/ HTTP/1.1" 200 20294 "-" "Mozilla/5.0 (compatible; BLEXBot/1.0; +https://help.seranking.com/en/blex-crawler)" "-"
157.90.181.207 - - [23/Dec/2024:06:37:44 +0900] "GET /painting/ HTTP/1.1" 503 428 "-" "Mozilla/5.0 (compatible; BLEXBot/1.0; +https://help.seranking.com/en/blex-crawler)" "-"
157.90.181.207 - - [23/Dec/2024:06:37:50 +0900] "GET /price/ HTTP/1.1" 200 19778 "-" "Mozilla/5.0 (compatible; BLEXBot/1.0; +https://help.seranking.com/en/blex-crawler)" "-"
157.90.181.207 - - [23/Dec/2024:06:37:56 +0900] "GET /privacy/ HTTP/1.1" 503 428 "-" "Mozilla/5.0 (compatible; BLEXBot/1.0; +https://help.seranking.com/en/blex-crawler)" "-"
157.90.181.207 - - [23/Dec/2024:06:37:58 +0900] "GET /promise/ HTTP/1.1" 503 428 "-" "Mozilla/5.0 (compatible; BLEXBot/1.0; +https://help.seranking.com/en/blex-crawler)" "-"
66.249.79.168 - - [23/Dec/2024:06:38:01 +0900] "GET /?_gl=1*1ix4f11*_gcl_au*MTYxMTI1OTI3MS4xNzIxODg2NjU0*_ga*ODYyMzk4MzA3LjE2OTk0NTM1Nzg.*_ga_7H42SVMQ0V*MTcyMTg4NjY1NS4xMjEuMS4xNzIxODg2NjY5LjQ2LjAuMA..&_ga=2.198040047.1958808748.1721886654-862398307.1699453578&_bdsid=2ulvIJ.n~ZXCIW.1721886656070.1721886848&_bd_prev_page=https://hamamatsu-yanesyuri.com/detail.php?sgskd/w1704850.html HTTP/1.1" 200 102018 "-" "Mozilla/5.0 (Linux; Android 6.0.1; Nexus 5X Build/MMB29P) AppleWebKit/537.36 (KHTML, like Gecko) Chrome/131.0.6778.139 Mobile Safari/537.36 (compatible; Googlebot/2.1; +http://www.google.com/bot.html)" "-"
157.90.181.207 - - [23/Dec/2024:06:38:03 +0900] "GET /roofing/ HTTP/1.1" 200 19969 "-" "Mozilla/5.0 (compatible; BLEXBot/1.0; +https://help.seranking.com/en/blex-crawler)" "-"
157.90.181.207 - - [23/Dec/2024:06:38:12 +0900] "GET /subsidy/ HTTP/1.1" 200 16861 "-" "Mozilla/5.0 (compatible; BLEXBot/1.0; +https://help.seranking.com/en/blex-crawler)" "-"
157.90.181.207 - - [23/Dec/2024:06:38:16 +0900] "GET /suggestion/ HTTP/1.1" 200 17815 "-" "Mozilla/5.0 (compatible; BLEXBot/1.0; +https://help.seranking.com/en/blex-crawler)" "-"
157.90.181.207 - - [23/Dec/2024:06:38:20 +0900] "GET /works/ HTTP/1.1" 200 24010 "-" "Mozilla/5.0 (compatible; BLEXBot/1.0; +https://help.seranking.com/en/blex-crawler)" "-"
66.249.79.166 - - [23/Dec/2024:06:38:48 +0900] "GET /?_gl=1*1ix4f11*_gcl_au*MTYxMTI1OTI3MS4xNzIxODg2NjU0*_ga*ODYyMzk4MzA3LjE2OTk0NTM1Nzg.*_ga_7H42SVMQ0V*MTcyMTg4NjY1NS4xMjEuMS4xNzIxODg2NjY5LjQ2LjAuMA..&_ga=2.198040047.1958808748.1721886654-862398307.1699453578&_bdsid=2ulvIJ.n~ZXCIW.1721886656070.1721886848&_bd_prev_page=https://hamamatsu-yanesyuri.com/detail.php?qsohw/o1468762.html HTTP/1.1" 503 299 "-" "Mozilla/5.0 (Linux; Android 6.0.1; Nexus 5X Build/MMB29P) AppleWebKit/537.36 (KHTML, like Gecko) Chrome/131.0.6778.139 Mobile Safari/537.36 (compatible; Googlebot/2.1; +http://www.google.com/bot.html)" "-"
66.249.79.166 - - [23/Dec/2024:06:44:49 +0900] "GET /?_gl=1*1ix4f11*_gcl_au*MTYxMTI1OTI3MS4xNzIxODg2NjU0*_ga*ODYyMzk4MzA3LjE2OTk0NTM1Nzg.*_ga_7H42SVMQ0V*MTcyMTg4NjY1NS4xMjEuMS4xNzIxODg2NjY5LjQ2LjAuMA..&_ga=2.198040047.1958808748.1721886654-862398307.1699453578&_bdsid=2ulvIJ.n~ZXCIW.1721886656070.1721886848&_bd_prev_page=https://hamamatsu-yanesyuri.com/detail.php?niqkv/d3042271.html HTTP/1.1" 200 102861 "-" "Mozilla/5.0 (Linux; Android 6.0.1; Nexus 5X Build/MMB29P) AppleWebKit/537.36 (KHTML, like Gecko) Chrome/131.0.6778.139 Mobile Safari/537.36 (compatible; GoogleOther)" "-"
66.249.79.166 - - [23/Dec/2024:06:47:37 +0900] "GET /?_gl=1*1ix4f11*_gcl_au*MTYxMTI1OTI3MS4xNzIxODg2NjU0*_ga*ODYyMzk4MzA3LjE2OTk0NTM1Nzg.*_ga_7H42SVMQ0V*MTcyMTg4NjY1NS4xMjEuMS4xNzIxODg2NjY5LjQ2LjAuMA..&_ga=2.198040047.1958808748.1721886654-862398307.1699453578&_bdsid=2ulvIJ.n~ZXCIW.1721886656070.1721886848&_bd_prev_page=https://hamamatsu-yanesyuri.com/detail.php?drcer/c1247230.html HTTP/1.1" 200 101617 "-" "Mozilla/5.0 (Linux; Android 6.0.1; Nexus 5X Build/MMB29P) AppleWebKit/537.36 (KHTML, like Gecko) Chrome/131.0.6778.204 Mobile Safari/537.36 (compatible; Googlebot/2.1; +http://www.google.com/bot.html)" "-"
66.249.79.167 - - [23/Dec/2024:06:47:46 +0900] "GET /?_gl=1*1ix4f11*_gcl_au*MTYxMTI1OTI3MS4xNzIxODg2NjU0*_ga*ODYyMzk4MzA3LjE2OTk0NTM1Nzg.*_ga_7H42SVMQ0V*MTcyMTg4NjY1NS4xMjEuMS4xNzIxODg2NjY5LjQ2LjAuMA..&_ga=2.198040047.1958808748.1721886654-862398307.1699453578&_bdsid=2ulvIJ.n~ZXCIW.1721886656070.1721886848&_bd_prev_page=https://hamamatsu-yanesyuri.com/detail.php?tdtml/b1666843.html HTTP/1.1" 200 102254 "-" "Mozilla/5.0 (Linux; Android 6.0.1; Nexus 5X Build/MMB29P) AppleWebKit/537.36 (KHTML, like Gecko) Chrome/131.0.6778.139 Mobile Safari/537.36 (compatible; Googlebot/2.1; +http://www.google.com/bot.html)" "-"
118.27.99.84 - - [23/Dec/2024:06:49:32 +0900] "POST /wp-cron.php?doing_wp_cron=1734904171.7592439651489257812500 HTTP/1.1" 200 118 "-" "WordPress/6.7.1; https://hamamatsu-yanesyuri.com" "-"
75.131.174.170 - - [23/Dec/2024:06:49:32 +0900] "HEAD / HTTP/1.1" 200 0 "-" "Mozilla/5.0" "-"
66.249.79.167 - - [23/Dec/2024:06:50:21 +0900] "GET /?_gl=1*1ix4f11*_gcl_au*MTYxMTI1OTI3MS4xNzIxODg2NjU0*_ga*ODYyMzk4MzA3LjE2OTk0NTM1Nzg.*_ga_7H42SVMQ0V*MTcyMTg4NjY1NS4xMjEuMS4xNzIxODg2NjY5LjQ2LjAuMA..&_ga=2.198040047.1958808748.1721886654-862398307.1699453578&_bdsid=2ulvIJ.n~ZXCIW.1721886656070.1721886848&_bd_prev_page=https://hamamatsu-yanesyuri.com/detail.php?johsj/p722199.html HTTP/1.1" 200 102359 "-" "Mozilla/5.0 (Linux; Android 6.0.1; Nexus 5X Build/MMB29P) AppleWebKit/537.36 (KHTML, like Gecko) Chrome/131.0.6778.139 Mobile Safari/537.36 (compatible; Googlebot/2.1; +http://www.google.com/bot.html)" "-"
66.249.79.167 - - [23/Dec/2024:06:52:24 +0900] "GET /?_gl=1*1ix4f11*_gcl_au*MTYxMTI1OTI3MS4xNzIxODg2NjU0*_ga*ODYyMzk4MzA3LjE2OTk0NTM1Nzg.*_ga_7H42SVMQ0V*MTcyMTg4NjY1NS4xMjEuMS4xNzIxODg2NjY5LjQ2LjAuMA..&_ga=2.198040047.1958808748.1721886654-862398307.1699453578&_bdsid=2ulvIJ.n~ZXCIW.1721886656070.1721886848&_bd_prev_page=https://hamamatsu-yanesyuri.com/detail.php?mtpfc/m445660.html HTTP/1.1" 200 102748 "-" "Mozilla/5.0 (Linux; Android 6.0.1; Nexus 5X Build/MMB29P) AppleWebKit/537.36 (KHTML, like Gecko) Chrome/131.0.6778.139 Mobile Safari/537.36 (compatible; Googlebot/2.1; +http://www.google.com/bot.html)" "-"
52.167.144.209 - - [23/Dec/2024:06:52:51 +0900] "GET /xuzqi/p433469.html HTTP/2.0" 503 428 "-" "Mozilla/5.0 AppleWebKit/537.36 (KHTML, like Gecko; compatible; bingbot/2.0; +http://www.bing.com/bingbot.htm) Chrome/116.0.1938.76 Safari/537.36" "-"
66.249.79.168 - - [23/Dec/2024:06:53:06 +0900] "GET /?_gl=1*1ix4f11*_gcl_au*MTYxMTI1OTI3MS4xNzIxODg2NjU0*_ga*ODYyMzk4MzA3LjE2OTk0NTM1Nzg.*_ga_7H42SVMQ0V*MTcyMTg4NjY1NS4xMjEuMS4xNzIxODg2NjY5LjQ2LjAuMA..&_ga=2.198040047.1958808748.1721886654-862398307.1699453578&_bdsid=2ulvIJ.n~ZXCIW.1721886656070.1721886848&_bd_prev_page=https://hamamatsu-yanesyuri.com/detail.php?mskou/d1760731.html HTTP/1.1" 200 101784 "-" "Mozilla/5.0 (Linux; Android 6.0.1; Nexus 5X Build/MMB29P) AppleWebKit/537.36 (KHTML, like Gecko) Chrome/131.0.6778.139 Mobile Safari/537.36 (compatible; Googlebot/2.1; +http://www.google.com/bot.html)" "-"
66.249.79.166 - - [23/Dec/2024:06:53:34 +0900] "GET /sitemap-misc.xml HTTP/1.1" 503 428 "-" "Mozilla/5.0 (compatible; Googlebot/2.1; +http://www.google.com/bot.html)" "-"
66.249.79.168 - - [23/Dec/2024:06:54:35 +0900] "GET /sitemap-misc.xml HTTP/1.1" 200 9764 "-" "Mozilla/5.0 (compatible; Googlebot/2.1; +http://www.google.com/bot.html)" "-"
66.249.79.168 - - [23/Dec/2024:06:56:06 +0900] "GET /?_gl=1*1ix4f11*_gcl_au*MTYxMTI1OTI3MS4xNzIxODg2NjU0*_ga*ODYyMzk4MzA3LjE2OTk0NTM1Nzg.*_ga_7H42SVMQ0V*MTcyMTg4NjY1NS4xMjEuMS4xNzIxODg2NjY5LjQ2LjAuMA..&_ga=2.198040047.1958808748.1721886654-862398307.1699453578&_bdsid=2ulvIJ.n~ZXCIW.1721886656070.1721886848&_bd_prev_page=https://hamamatsu-yanesyuri.com/detail.php?kxwpg/w967932.html HTTP/1.1" 200 103307 "-" "Mozilla/5.0 (Linux; Android 6.0.1; Nexus 5X Build/MMB29P) AppleWebKit/537.36 (KHTML, like Gecko) Chrome/131.0.6778.139 Mobile Safari/537.36 (compatible; Googlebot/2.1; +http://www.google.com/bot.html)" "-"
66.249.79.166 - - [23/Dec/2024:06:56:16 +0900] "GET /?_gl=1*1ix4f11*_gcl_au*MTYxMTI1OTI3MS4xNzIxODg2NjU0*_ga*ODYyMzk4MzA3LjE2OTk0NTM1Nzg.*_ga_7H42SVMQ0V*MTcyMTg4NjY1NS4xMjEuMS4xNzIxODg2NjY5LjQ2LjAuMA..&_ga=2.198040047.1958808748.1721886654-862398307.1699453578&_bdsid=2ulvIJ.n~ZXCIW.1721886656070.1721886848&_bd_prev_page=https://hamamatsu-yanesyuri.com/detail.php?kcdbb/i3078910.html HTTP/1.1" 200 102291 "-" "Mozilla/5.0 (Linux; Android 6.0.1; Nexus 5X Build/MMB29P) AppleWebKit/537.36 (KHTML, like Gecko) Chrome/131.0.6778.139 Mobile Safari/537.36 (compatible; Googlebot/2.1; +http://www.google.com/bot.html)" "-"
66.249.79.167 - - [23/Dec/2024:06:58:48 +0900] "GET /?_gl=1*1ix4f11*_gcl_au*MTYxMTI1OTI3MS4xNzIxODg2NjU0*_ga*ODYyMzk4MzA3LjE2OTk0NTM1Nzg.*_ga_7H42SVMQ0V*MTcyMTg4NjY1NS4xMjEuMS4xNzIxODg2NjY5LjQ2LjAuMA..&_ga=2.198040047.1958808748.1721886654-862398307.1699453578&_bdsid=2ulvIJ.n~ZXCIW.1721886656070.1721886848&_bd_prev_page=https://hamamatsu-yanesyuri.com/detail.php?aavki/y297160.html HTTP/1.1" 503 299 "-" "Mozilla/5.0 (Linux; Android 6.0.1; Nexus 5X Build/MMB29P) AppleWebKit/537.36 (KHTML, like Gecko) Chrome/131.0.6778.139 Mobile Safari/537.36 (compatible; Googlebot/2.1; +http://www.google.com/bot.html)" "-"
52.167.144.25 - - [23/Dec/2024:06:59:36 +0900] "GET /empep/p1690725.html HTTP/2.0" 503 428 "-" "Mozilla/5.0 AppleWebKit/537.36 (KHTML, like Gecko; compatible; bingbot/2.0; +http://www.bing.com/bingbot.htm) Chrome/116.0.1938.76 Safari/537.36" "-"
66.249.79.167 - - [23/Dec/2024:07:00:10 +0900] "GET /?_gl=1*1ix4f11*_gcl_au*MTYxMTI1OTI3MS4xNzIxODg2NjU0*_ga*ODYyMzk4MzA3LjE2OTk0NTM1Nzg.*_ga_7H42SVMQ0V*MTcyMTg4NjY1NS4xMjEuMS4xNzIxODg2NjY5LjQ2LjAuMA..&_ga=2.198040047.1958808748.1721886654-862398307.1699453578&_bdsid=2ulvIJ.n~ZXCIW.1721886656070.1721886848&_bd_prev_page=https://hamamatsu-yanesyuri.com/detail.php?xratp/s2147028.html HTTP/1.1" 200 103707 "-" "Mozilla/5.0 (Linux; Android 6.0.1; Nexus 5X Build/MMB29P) AppleWebKit/537.36 (KHTML, like Gecko) Chrome/131.0.6778.139 Mobile Safari/537.36 (compatible; Googlebot/2.1; +http://www.google.com/bot.html)" "-"
66.249.79.167 - - [23/Dec/2024:07:01:05 +0900] "GET /?_gl=1*1ix4f11*_gcl_au*MTYxMTI1OTI3MS4xNzIxODg2NjU0*_ga*ODYyMzk4MzA3LjE2OTk0NTM1Nzg.*_ga_7H42SVMQ0V*MTcyMTg4NjY1NS4xMjEuMS4xNzIxODg2NjY5LjQ2LjAuMA..&_ga=2.198040047.1958808748.1721886654-862398307.1699453578&_bdsid=2ulvIJ.n~ZXCIW.1721886656070.1721886848&_bd_prev_page=https://hamamatsu-yanesyuri.com/detail.php?jzbua/l2089171.html HTTP/1.1" 200 102267 "-" "Mozilla/5.0 (Linux; Android 6.0.1; Nexus 5X Build/MMB29P) AppleWebKit/537.36 (KHTML, like Gecko) Chrome/131.0.6778.139 Mobile Safari/537.36 (compatible; Googlebot/2.1; +http://www.google.com/bot.html)" "-"
66.249.79.166 - - [23/Dec/2024:07:01:45 +0900] "GET /?_gl=1*1ix4f11*_gcl_au*MTYxMTI1OTI3MS4xNzIxODg2NjU0*_ga*ODYyMzk4MzA3LjE2OTk0NTM1Nzg.*_ga_7H42SVMQ0V*MTcyMTg4NjY1NS4xMjEuMS4xNzIxODg2NjY5LjQ2LjAuMA..&_ga=2.198040047.1958808748.1721886654-862398307.1699453578&_bdsid=2ulvIJ.n~ZXCIW.1721886656070.1721886848&_bd_prev_page=https://hamamatsu-yanesyuri.com/detail.php?kscum/i878426.html HTTP/1.1" 503 299 "-" "Mozilla/5.0 (Linux; Android 6.0.1; Nexus 5X Build/MMB29P) AppleWebKit/537.36 (KHTML, like Gecko) Chrome/131.0.6778.139 Mobile Safari/537.36 (compatible; Googlebot/2.1; +http://www.google.com/bot.html)" "-"
66.249.79.168 - - [23/Dec/2024:07:02:31 +0900] "GET /?_gl=1*1ix4f11*_gcl_au*MTYxMTI1OTI3MS4xNzIxODg2NjU0*_ga*ODYyMzk4MzA3LjE2OTk0NTM1Nzg.*_ga_7H42SVMQ0V*MTcyMTg4NjY1NS4xMjEuMS4xNzIxODg2NjY5LjQ2LjAuMA..&_ga=2.198040047.1958808748.1721886654-862398307.1699453578&_bdsid=2ulvIJ.n~ZXCIW.1721886656070.1721886848&_bd_prev_page=https://hamamatsu-yanesyuri.com/detail.php?rlcrj/v720853.html HTTP/1.1" 200 102896 "-" "Mozilla/5.0 (Linux; Android 6.0.1; Nexus 5X Build/MMB29P) AppleWebKit/537.36 (KHTML, like Gecko) Chrome/131.0.6778.139 Mobile Safari/537.36 (compatible; Googlebot/2.1; +http://www.google.com/bot.html)" "-"
66.249.79.167 - - [23/Dec/2024:07:05:30 +0900] "GET /xelrk/u1209080.html HTTP/1.1" 200 101005 "-" "Mozilla/5.0 (Linux; Android 6.0.1; Nexus 5X Build/MMB29P) AppleWebKit/537.36 (KHTML, like Gecko) Chrome/131.0.6778.139 Mobile Safari/537.36 (compatible; GoogleOther)" "-"
66.249.79.166 - - [23/Dec/2024:07:05:47 +0900] "GET /?_gl=1*1ix4f11*_gcl_au*MTYxMTI1OTI3MS4xNzIxODg2NjU0*_ga*ODYyMzk4MzA3LjE2OTk0NTM1Nzg.*_ga_7H42SVMQ0V*MTcyMTg4NjY1NS4xMjEuMS4xNzIxODg2NjY5LjQ2LjAuMA..&_ga=2.198040047.1958808748.1721886654-862398307.1699453578&_bdsid=2ulvIJ.n~ZXCIW.1721886656070.1721886848&_bd_prev_page=https://hamamatsu-yanesyuri.com/detail.php?mkosv/d1759925.html HTTP/1.1" 200 104572 "-" "Mozilla/5.0 (Linux; Android 6.0.1; Nexus 5X Build/MMB29P) AppleWebKit/537.36 (KHTML, like Gecko) Chrome/131.0.6778.139 Mobile Safari/537.36 (compatible; Googlebot/2.1; +http://www.google.com/bot.html)" "-"
118.27.99.84 - - [23/Dec/2024:07:05:54 +0900] "POST /wp-cron.php?doing_wp_cron=1734905154.3730568885803222656250 HTTP/1.1" 503 299 "-" "WordPress/6.7.1; https://hamamatsu-yanesyuri.com" "-"
17.241.75.25 - - [23/Dec/2024:07:05:54 +0900] "GET /knowledge/%E3%80%90%E9%87%91%E5%B1%9E%E5%B1%8B%E6%A0%B9%E3%80%91%E9%9B%A8%E6%BC%8F%E3%82%8A%E3%81%8C%E8%B5%B7%E3%81%93%E3%81%A3%E3%81%9F%E9%9A%9B%E3%81%AE%E7%97%87%E7%8A%B6%E3%81%A8%E4%BF%AE%E7%90%86%E6%96%B9/ HTTP/1.1" 200 29169 "-" "Mozilla/5.0 (Macintosh; Intel Mac OS X 10_15_7) AppleWebKit/605.1.15 (KHTML, like Gecko) Version/17.4 Safari/605.1.15 (Applebot/0.1; +http://www.apple.com/go/applebot)" "-"
17.246.19.138 - - [23/Dec/2024:07:07:00 +0900] "GET /wp-content/themes/ITO/css/animate.min.css HTTP/1.1" 200 6622 "https://hamamatsu-yanesyuri.com/knowledge/%E3%80%90%E9%87%91%E5%B1%9E%E5%B1%8B%E6%A0%B9%E3%80%91%E9%9B%A8%E6%BC%8F%E3%82%8A%E3%81%8C%E8%B5%B7%E3%81%93%E3%81%A3%E3%81%9F%E9%9A%9B%E3%81%AE%E7%97%87%E7%8A%B6%E3%81%A8%E4%BF%AE%E7%90%86%E6%96%B9/" "Mozilla/5.0 (Macintosh; Intel Mac OS X 10_15_7) AppleWebKit/605.1.15 (KHTML, like Gecko) Version/17.4 Safari/605.1.15 (Applebot/0.1; +http://www.apple.com/go/applebot)" "-"
17.246.19.220 - - [23/Dec/2024:07:07:00 +0900] "GET /wp-content/themes/ITO/css/vegas.min.css HTTP/1.1" 200 1294 "https://hamamatsu-yanesyuri.com/knowledge/%E3%80%90%E9%87%91%E5%B1%9E%E5%B1%8B%E6%A0%B9%E3%80%91%E9%9B%A8%E6%BC%8F%E3%82%8A%E3%81%8C%E8%B5%B7%E3%81%93%E3%81%A3%E3%81%9F%E9%9A%9B%E3%81%AE%E7%97%87%E7%8A%B6%E3%81%A8%E4%BF%AE%E7%90%86%E6%96%B9/" "Mozilla/5.0 (Macintosh; Intel Mac OS X 10_15_7) AppleWebKit/605.1.15 (KHTML, like Gecko) Version/17.4 Safari/605.1.15 (Applebot/0.1; +http://www.apple.com/go/applebot)" "-"
17.246.19.148 - - [23/Dec/2024:07:07:01 +0900] "GET /wp-content/themes/ITO/style.css HTTP/1.1" 200 29772 "https://hamamatsu-yanesyuri.com/knowledge/%E3%80%90%E9%87%91%E5%B1%9E%E5%B1%8B%E6%A0%B9%E3%80%91%E9%9B%A8%E6%BC%8F%E3%82%8A%E3%81%8C%E8%B5%B7%E3%81%93%E3%81%A3%E3%81%9F%E9%9A%9B%E3%81%AE%E7%97%87%E7%8A%B6%E3%81%A8%E4%BF%AE%E7%90%86%E6%96%B9/" "Mozilla/5.0 (Macintosh; Intel Mac OS X 10_15_7) AppleWebKit/605.1.15 (KHTML, like Gecko) Version/17.4 Safari/605.1.15 (Applebot/0.1; +http://www.apple.com/go/applebot)" "-"
17.246.19.50 - - [23/Dec/2024:07:07:01 +0900] "GET /wp-content/plugins/wc-shortcodes/public/assets/css/style.css?ver=3.46 HTTP/1.1" 200 13222 "https://hamamatsu-yanesyuri.com/knowledge/%E3%80%90%E9%87%91%E5%B1%9E%E5%B1%8B%E6%A0%B9%E3%80%91%E9%9B%A8%E6%BC%8F%E3%82%8A%E3%81%8C%E8%B5%B7%E3%81%93%E3%81%A3%E3%81%9F%E9%9A%9B%E3%81%AE%E7%97%87%E7%8A%B6%E3%81%A8%E4%BF%AE%E7%90%86%E6%96%B9/" "Mozilla/5.0 (Macintosh; Intel Mac OS X 10_15_7) AppleWebKit/605.1.15 (KHTML, like Gecko) Version/17.4 Safari/605.1.15 (Applebot/0.1; +http://www.apple.com/go/applebot)" "-"
17.246.19.192 - - [23/Dec/2024:07:07:02 +0900] "GET /wp-includes/js/jquery/jquery.min.js?ver=3.7.1 HTTP/1.1" 200 35459 "https://hamamatsu-yanesyuri.com/knowledge/%E3%80%90%E9%87%91%E5%B1%9E%E5%B1%8B%E6%A0%B9%E3%80%91%E9%9B%A8%E6%BC%8F%E3%82%8A%E3%81%8C%E8%B5%B7%E3%81%93%E3%81%A3%E3%81%9F%E9%9A%9B%E3%81%AE%E7%97%87%E7%8A%B6%E3%81%A8%E4%BF%AE%E7%90%86%E6%96%B9/" "Mozilla/5.0 (Macintosh; Intel Mac OS X 10_15_7) AppleWebKit/605.1.15 (KHTML, like Gecko) Version/17.4 Safari/605.1.15 (Applebot/0.1; +http://www.apple.com/go/applebot)" "-"
17.246.19.202 - - [23/Dec/2024:07:07:02 +0900] "GET /wp-content/plugins/wc-shortcodes/public/assets/css/font-awesome.min.css?ver=4.7.0 HTTP/1.1" 200 7962 "https://hamamatsu-yanesyuri.com/knowledge/%E3%80%90%E9%87%91%E5%B1%9E%E5%B1%8B%E6%A0%B9%E3%80%91%E9%9B%A8%E6%BC%8F%E3%82%8A%E3%81%8C%E8%B5%B7%E3%81%93%E3%81%A3%E3%81%9F%E9%9A%9B%E3%81%AE%E7%97%87%E7%8A%B6%E3%81%A8%E4%BF%AE%E7%90%86%E6%96%B9/" "Mozilla/5.0 (Macintosh; Intel Mac OS X 10_15_7) AppleWebKit/605.1.15 (KHTML, like Gecko) Version/17.4 Safari/605.1.15 (Applebot/0.1; +http://www.apple.com/go/applebot)" "-"
17.246.23.99 - - [23/Dec/2024:07:07:03 +0900] "GET /wp-content/themes/ITO/js/jquery.js HTTP/1.1" 200 36084 "https://hamamatsu-yanesyuri.com/knowledge/%E3%80%90%E9%87%91%E5%B1%9E%E5%B1%8B%E6%A0%B9%E3%80%91%E9%9B%A8%E6%BC%8F%E3%82%8A%E3%81%8C%E8%B5%B7%E3%81%93%E3%81%A3%E3%81%9F%E9%9A%9B%E3%81%AE%E7%97%87%E7%8A%B6%E3%81%A8%E4%BF%AE%E7%90%86%E6%96%B9/" "Mozilla/5.0 (Macintosh; Intel Mac OS X 10_15_7) AppleWebKit/605.1.15 (KHTML, like Gecko) Version/17.4 Safari/605.1.15 (Applebot/0.1; +http://www.apple.com/go/applebot)" "-"
17.246.19.82 - - [23/Dec/2024:07:07:03 +0900] "GET /wp-includes/js/jquery/jquery-migrate.min.js?ver=3.4.1 HTTP/1.1" 200 5355 "https://hamamatsu-yanesyuri.com/knowledge/%E3%80%90%E9%87%91%E5%B1%9E%E5%B1%8B%E6%A0%B9%E3%80%91%E9%9B%A8%E6%BC%8F%E3%82%8A%E3%81%8C%E8%B5%B7%E3%81%93%E3%81%A3%E3%81%9F%E9%9A%9B%E3%81%AE%E7%97%87%E7%8A%B6%E3%81%A8%E4%BF%AE%E7%90%86%E6%96%B9/" "Mozilla/5.0 (Macintosh; Intel Mac OS X 10_15_7) AppleWebKit/605.1.15 (KHTML, like Gecko) Version/17.4 Safari/605.1.15 (Applebot/0.1; +http://www.apple.com/go/applebot)" "-"
17.246.19.148 - - [23/Dec/2024:07:07:03 +0900] "GET /wp-content/themes/ITO/js/vegas.min.js HTTP/1.1" 200 3676 "https://hamamatsu-yanesyuri.com/knowledge/%E3%80%90%E9%87%91%E5%B1%9E%E5%B1%8B%E6%A0%B9%E3%80%91%E9%9B%A8%E6%BC%8F%E3%82%8A%E3%81%8C%E8%B5%B7%E3%81%93%E3%81%A3%E3%81%9F%E9%9A%9B%E3%81%AE%E7%97%87%E7%8A%B6%E3%81%A8%E4%BF%AE%E7%90%86%E6%96%B9/" "Mozilla/5.0 (Macintosh; Intel Mac OS X 10_15_7) AppleWebKit/605.1.15 (KHTML, like Gecko) Version/17.4 Safari/605.1.15 (Applebot/0.1; +http://www.apple.com/go/applebot)" "-"
17.246.19.50 - - [23/Dec/2024:07:07:04 +0900] "GET /wp-content/themes/ITO/js/wow.min.js HTTP/1.1" 200 1861 "https://hamamatsu-yanesyuri.com/knowledge/%E3%80%90%E9%87%91%E5%B1%9E%E5%B1%8B%E6%A0%B9%E3%80%91%E9%9B%A8%E6%BC%8F%E3%82%8A%E3%81%8C%E8%B5%B7%E3%81%93%E3%81%A3%E3%81%9F%E9%9A%9B%E3%81%AE%E7%97%87%E7%8A%B6%E3%81%A8%E4%BF%AE%E7%90%86%E6%96%B9/" "Mozilla/5.0 (Macintosh; Intel Mac OS X 10_15_7) AppleWebKit/605.1.15 (KHTML, like Gecko) Version/17.4 Safari/605.1.15 (Applebot/0.1; +http://www.apple.com/go/applebot)" "-"
17.246.19.202 - - [23/Dec/2024:07:07:05 +0900] "GET /wp-content/plugins/word-balloon/css/skin/word_balloon_talk.min.css?ver=4.22.2 HTTP/1.1" 200 274 "https://hamamatsu-yanesyuri.com/knowledge/%E3%80%90%E9%87%91%E5%B1%9E%E5%B1%8B%E6%A0%B9%E3%80%91%E9%9B%A8%E6%BC%8F%E3%82%8A%E3%81%8C%E8%B5%B7%E3%81%93%E3%81%A3%E3%81%9F%E9%9A%9B%E3%81%AE%E7%97%87%E7%8A%B6%E3%81%A8%E4%BF%AE%E7%90%86%E6%96%B9/" "Mozilla/5.0 (Macintosh; Intel Mac OS X 10_15_7) AppleWebKit/605.1.15 (KHTML, like Gecko) Version/17.4 Safari/605.1.15 (Applebot/0.1; +http://www.apple.com/go/applebot)" "-"
17.246.15.55 - - [23/Dec/2024:07:07:05 +0900] "GET /wp-content/plugins/word-balloon/css/word_balloon_user.min.css?ver=4.22.2 HTTP/1.1" 200 766 "https://hamamatsu-yanesyuri.com/knowledge/%E3%80%90%E9%87%91%E5%B1%9E%E5%B1%8B%E6%A0%B9%E3%80%91%E9%9B%A8%E6%BC%8F%E3%82%8A%E3%81%8C%E8%B5%B7%E3%81%93%E3%81%A3%E3%81%9F%E9%9A%9B%E3%81%AE%E7%97%87%E7%8A%B6%E3%81%A8%E4%BF%AE%E7%90%86%E6%96%B9/" "Mozilla/5.0 (Macintosh; Intel Mac OS X 10_15_7) AppleWebKit/605.1.15 (KHTML, like Gecko) Version/17.4 Safari/605.1.15 (Applebot/0.1; +http://www.apple.com/go/applebot)" "-"
17.246.23.99 - - [23/Dec/2024:07:07:05 +0900] "GET /wp-content/plugins/word-balloon/css/word_balloon_inview.min.css?ver=4.22.2 HTTP/1.1" 200 272 "https://hamamatsu-yanesyuri.com/knowledge/%E3%80%90%E9%87%91%E5%B1%9E%E5%B1%8B%E6%A0%B9%E3%80%91%E9%9B%A8%E6%BC%8F%E3%82%8A%E3%81%8C%E8%B5%B7%E3%81%93%E3%81%A3%E3%81%9F%E9%9A%9B%E3%81%AE%E7%97%87%E7%8A%B6%E3%81%A8%E4%BF%AE%E7%90%86%E6%96%B9/" "Mozilla/5.0 (Macintosh; Intel Mac OS X 10_15_7) AppleWebKit/605.1.15 (KHTML, like Gecko) Version/17.4 Safari/605.1.15 (Applebot/0.1; +http://www.apple.com/go/applebot)" "-"
17.246.19.148 - - [23/Dec/2024:07:07:06 +0900] "GET /wp-includes/js/masonry.min.js?ver=4.2.2 HTTP/1.1" 200 8558 "https://hamamatsu-yanesyuri.com/knowledge/%E3%80%90%E9%87%91%E5%B1%9E%E5%B1%8B%E6%A0%B9%E3%80%91%E9%9B%A8%E6%BC%8F%E3%82%8A%E3%81%8C%E8%B5%B7%E3%81%93%E3%81%A3%E3%81%9F%E9%9A%9B%E3%81%AE%E7%97%87%E7%8A%B6%E3%81%A8%E4%BF%AE%E7%90%86%E6%96%B9/" "Mozilla/5.0 (Macintosh; Intel Mac OS X 10_15_7) AppleWebKit/605.1.15 (KHTML, like Gecko) Version/17.4 Safari/605.1.15 (Applebot/0.1; +http://www.apple.com/go/applebot)" "-"
17.246.19.108 - - [23/Dec/2024:07:07:06 +0900] "GET /wp-includes/js/imagesloaded.min.js?ver=5.0.0 HTTP/1.1" 200 1987 "https://hamamatsu-yanesyuri.com/knowledge/%E3%80%90%E9%87%91%E5%B1%9E%E5%B1%8B%E6%A0%B9%E3%80%91%E9%9B%A8%E6%BC%8F%E3%82%8A%E3%81%8C%E8%B5%B7%E3%81%93%E3%81%A3%E3%81%9F%E9%9A%9B%E3%81%AE%E7%97%87%E7%8A%B6%E3%81%A8%E4%BF%AE%E7%90%86%E6%96%B9/" "Mozilla/5.0 (Macintosh; Intel Mac OS X 10_15_7) AppleWebKit/605.1.15 (KHTML, like Gecko) Version/17.4 Safari/605.1.15 (Applebot/0.1; +http://www.apple.com/go/applebot)" "-"
17.246.19.50 - - [23/Dec/2024:07:07:07 +0900] "GET /wp-includes/js/jquery/jquery.masonry.min.js?ver=3.1.2b HTTP/1.1" 200 759 "https://hamamatsu-yanesyuri.com/knowledge/%E3%80%90%E9%87%91%E5%B1%9E%E5%B1%8B%E6%A0%B9%E3%80%91%E9%9B%A8%E6%BC%8F%E3%82%8A%E3%81%8C%E8%B5%B7%E3%81%93%E3%81%A3%E3%81%9F%E9%9A%9B%E3%81%AE%E7%97%87%E7%8A%B6%E3%81%A8%E4%BF%AE%E7%90%86%E6%96%B9/" "Mozilla/5.0 (Macintosh; Intel Mac OS X 10_15_7) AppleWebKit/605.1.15 (KHTML, like Gecko) Version/17.4 Safari/605.1.15 (Applebot/0.1; +http://www.apple.com/go/applebot)" "-"
17.246.19.202 - - [23/Dec/2024:07:07:07 +0900] "GET /wp-content/plugins/wc-shortcodes/public/assets/js/rsvp.js?ver=3.46 HTTP/1.1" 200 434 "https://hamamatsu-yanesyuri.com/knowledge/%E3%80%90%E9%87%91%E5%B1%9E%E5%B1%8B%E6%A0%B9%E3%80%91%E9%9B%A8%E6%BC%8F%E3%82%8A%E3%81%8C%E8%B5%B7%E3%81%93%E3%81%A3%E3%81%9F%E9%9A%9B%E3%81%AE%E7%97%87%E7%8A%B6%E3%81%A8%E4%BF%AE%E7%90%86%E6%96%B9/" "Mozilla/5.0 (Macintosh; Intel Mac OS X 10_15_7) AppleWebKit/605.1.15 (KHTML, like Gecko) Version/17.4 Safari/605.1.15 (Applebot/0.1; +http://www.apple.com/go/applebot)" "-"
17.246.15.55 - - [23/Dec/2024:07:07:08 +0900] "GET /wp-content/plugins/wp-smushit/app/assets/js/smush-lazy-load.min.js?ver=3.16.6 HTTP/1.1" 200 4048 "https://hamamatsu-yanesyuri.com/knowledge/%E3%80%90%E9%87%91%E5%B1%9E%E5%B1%8B%E6%A0%B9%E3%80%91%E9%9B%A8%E6%BC%8F%E3%82%8A%E3%81%8C%E8%B5%B7%E3%81%93%E3%81%A3%E3%81%9F%E9%9A%9B%E3%81%AE%E7%97%87%E7%8A%B6%E3%81%A8%E4%BF%AE%E7%90%86%E6%96%B9/" "Mozilla/5.0 (Macintosh; Intel Mac OS X 10_15_7) AppleWebKit/605.1.15 (KHTML, like Gecko) Version/17.4 Safari/605.1.15 (Applebot/0.1; +http://www.apple.com/go/applebot)" "-"
17.246.15.96 - - [23/Dec/2024:07:07:09 +0900] "GET /wp-content/plugins/ewww-image-optimizer/includes/lazysizes.min.js?ver=800 HTTP/1.1" 200 6591 "https://hamamatsu-yanesyuri.com/knowledge/%E3%80%90%E9%87%91%E5%B1%9E%E5%B1%8B%E6%A0%B9%E3%80%91%E9%9B%A8%E6%BC%8F%E3%82%8A%E3%81%8C%E8%B5%B7%E3%81%93%E3%81%A3%E3%81%9F%E9%9A%9B%E3%81%AE%E7%97%87%E7%8A%B6%E3%81%A8%E4%BF%AE%E7%90%86%E6%96%B9/" "Mozilla/5.0 (Macintosh; Intel Mac OS X 10_15_7) AppleWebKit/605.1.15 (KHTML, like Gecko) Version/17.4 Safari/605.1.15 (Applebot/0.1; +http://www.apple.com/go/applebot)" "-"
66.249.79.168 - - [23/Dec/2024:07:07:09 +0900] "GET /?_gl=1*1ix4f11*_gcl_au*MTYxMTI1OTI3MS4xNzIxODg2NjU0*_ga*ODYyMzk4MzA3LjE2OTk0NTM1Nzg.*_ga_7H42SVMQ0V*MTcyMTg4NjY1NS4xMjEuMS4xNzIxODg2NjY5LjQ2LjAuMA..&_ga=2.198040047.1958808748.1721886654-862398307.1699453578&_bdsid=2ulvIJ.n~ZXCIW.1721886656070.1721886848&_bd_prev_page=https://hamamatsu-yanesyuri.com/detail.php?ijgrv/l1193081.html HTTP/1.1" 200 101980 "-" "Mozilla/5.0 (Linux; Android 6.0.1; Nexus 5X Build/MMB29P) AppleWebKit/537.36 (KHTML, like Gecko) Chrome/131.0.6778.139 Mobile Safari/537.36 (compatible; Googlebot/2.1; +http://www.google.com/bot.html)" "-"
17.246.15.156 - - [23/Dec/2024:07:07:14 +0900] "GET /wp-includes/js/wp-emoji-release.min.js?ver=6.7.1 HTTP/1.1" 200 5870 "https://hamamatsu-yanesyuri.com/knowledge/%E3%80%90%E9%87%91%E5%B1%9E%E5%B1%8B%E6%A0%B9%E3%80%91%E9%9B%A8%E6%BC%8F%E3%82%8A%E3%81%8C%E8%B5%B7%E3%81%93%E3%81%A3%E3%81%9F%E9%9A%9B%E3%81%AE%E7%97%87%E7%8A%B6%E3%81%A8%E4%BF%AE%E7%90%86%E6%96%B9/" "Mozilla/5.0 (Macintosh; Intel Mac OS X 10_15_7) AppleWebKit/605.1.15 (KHTML, like Gecko) Version/17.4 Safari/605.1.15 (Applebot/0.1; +http://www.apple.com/go/applebot)" "-"
66.249.79.168 - - [23/Dec/2024:07:08:11 +0900] "GET /uhumz/y2455680.html HTTP/1.1" 200 102892 "-" "Mozilla/5.0 (Linux; Android 6.0.1; Nexus 5X Build/MMB29P) AppleWebKit/537.36 (KHTML, like Gecko) Chrome/131.0.6778.139 Mobile Safari/537.36 (compatible; GoogleOther)" "-"
40.77.167.65 - - [23/Dec/2024:07:08:18 +0900] "GET /nbokf/d541721.html HTTP/2.0" 200 101391 "-" "Mozilla/5.0 AppleWebKit/537.36 (KHTML, like Gecko; compatible; bingbot/2.0; +http://www.bing.com/bingbot.htm) Chrome/116.0.1938.76 Safari/537.36" "-"
66.249.79.166 - - [23/Dec/2024:07:08:31 +0900] "GET /lnwyg/i2604852.html HTTP/1.1" 200 100649 "-" "Mozilla/5.0 (Linux; Android 6.0.1; Nexus 5X Build/MMB29P) AppleWebKit/537.36 (KHTML, like Gecko) Chrome/131.0.6778.139 Mobile Safari/537.36 (compatible; GoogleOther)" "-"
66.249.79.166 - - [23/Dec/2024:07:08:44 +0900] "GET /?_gl=1*1ix4f11*_gcl_au*MTYxMTI1OTI3MS4xNzIxODg2NjU0*_ga*ODYyMzk4MzA3LjE2OTk0NTM1Nzg.*_ga_7H42SVMQ0V*MTcyMTg4NjY1NS4xMjEuMS4xNzIxODg2NjY5LjQ2LjAuMA..&_ga=2.198040047.1958808748.1721886654-862398307.1699453578&_bdsid=2ulvIJ.n~ZXCIW.1721886656070.1721886848&_bd_prev_page=https://hamamatsu-yanesyuri.com/detail.php?rsfmi/d1891433.html HTTP/1.1" 200 102182 "-" "Mozilla/5.0 (Linux; Android 6.0.1; Nexus 5X Build/MMB29P) AppleWebKit/537.36 (KHTML, like Gecko) Chrome/131.0.6778.139 Mobile Safari/537.36 (compatible; Googlebot/2.1; +http://www.google.com/bot.html)" "-"
66.249.79.166 - - [23/Dec/2024:07:08:51 +0900] "GET /zeevx/u2482092.html HTTP/1.1" 200 99989 "-" "Mozilla/5.0 (Linux; Android 6.0.1; Nexus 5X Build/MMB29P) AppleWebKit/537.36 (KHTML, like Gecko) Chrome/131.0.6778.139 Mobile Safari/537.36 (compatible; GoogleOther)" "-"
66.249.79.168 - - [23/Dec/2024:07:09:04 +0900] "GET /rwzmj/b2114849.html HTTP/1.1" 200 99873 "-" "Mozilla/5.0 (Linux; Android 6.0.1; Nexus 5X Build/MMB29P) AppleWebKit/537.36 (KHTML, like Gecko) Chrome/131.0.6778.139 Mobile Safari/537.36 (compatible; Googlebot/2.1; +http://www.google.com/bot.html)" "-"
66.249.79.166 - - [23/Dec/2024:07:09:25 +0900] "GET /tvgpp/u2448240.html HTTP/1.1" 200 100029 "-" "Mozilla/5.0 (Linux; Android 6.0.1; Nexus 5X Build/MMB29P) AppleWebKit/537.36 (KHTML, like Gecko) Chrome/131.0.6778.139 Mobile Safari/537.36 (compatible; GoogleOther)" "-"
66.249.79.166 - - [23/Dec/2024:07:09:35 +0900] "GET /qsnys/y2537892.html HTTP/1.1" 200 99543 "-" "Mozilla/5.0 (Linux; Android 6.0.1; Nexus 5X Build/MMB29P) AppleWebKit/537.36 (KHTML, like Gecko) Chrome/131.0.6778.139 Mobile Safari/537.36 (compatible; GoogleOther)" "-"
66.249.79.166 - - [23/Dec/2024:07:09:56 +0900] "GET /rvirc/i2483952.html HTTP/1.1" 200 100248 "-" "Mozilla/5.0 (Linux; Android 6.0.1; Nexus 5X Build/MMB29P) AppleWebKit/537.36 (KHTML, like Gecko) Chrome/131.0.6778.139 Mobile Safari/537.36 (compatible; GoogleOther)" "-"
66.249.79.166 - - [23/Dec/2024:07:10:14 +0900] "GET /akcgs/o2393556.html HTTP/1.1" 503 428 "-" "Mozilla/5.0 (Linux; Android 6.0.1; Nexus 5X Build/MMB29P) AppleWebKit/537.36 (KHTML, like Gecko) Chrome/131.0.6778.139 Mobile Safari/537.36 (compatible; GoogleOther)" "-"
66.249.79.166 - - [23/Dec/2024:07:10:30 +0900] "GET /fiqbn/i2643540.html HTTP/1.1" 200 100387 "-" "Mozilla/5.0 (Linux; Android 6.0.1; Nexus 5X Build/MMB29P) AppleWebKit/537.36 (KHTML, like Gecko) Chrome/131.0.6778.139 Mobile Safari/537.36 (compatible; GoogleOther)" "-"
66.249.79.166 - - [23/Dec/2024:07:10:45 +0900] "GET /bbiiq/o2417736.html HTTP/1.1" 503 428 "-" "Mozilla/5.0 (Linux; Android 6.0.1; Nexus 5X Build/MMB29P) AppleWebKit/537.36 (KHTML, like Gecko) Chrome/131.0.6778.139 Mobile Safari/537.36 (compatible; GoogleOther)" "-"
66.249.79.166 - - [23/Dec/2024:07:10:55 +0900] "GET /?_gl=1*1ix4f11*_gcl_au*MTYxMTI1OTI3MS4xNzIxODg2NjU0*_ga*ODYyMzk4MzA3LjE2OTk0NTM1Nzg.*_ga_7H42SVMQ0V*MTcyMTg4NjY1NS4xMjEuMS4xNzIxODg2NjY5LjQ2LjAuMA..&_ga=2.198040047.1958808748.1721886654-862398307.1699453578&_bdsid=2ulvIJ.n~ZXCIW.1721886656070.1721886848&_bd_prev_page=https://hamamatsu-yanesyuri.com/detail.php?oehaf/m749912.html HTTP/1.1" 200 101986 "-" "Mozilla/5.0 (Linux; Android 6.0.1; Nexus 5X Build/MMB29P) AppleWebKit/537.36 (KHTML, like Gecko) Chrome/131.0.6778.139 Mobile Safari/537.36 (compatible; Googlebot/2.1; +http://www.google.com/bot.html)" "-"
66.249.79.168 - - [23/Dec/2024:07:11:05 +0900] "GET /fwgfk/y2542728.html HTTP/1.1" 503 428 "-" "Mozilla/5.0 (Linux; Android 6.0.1; Nexus 5X Build/MMB29P) AppleWebKit/537.36 (KHTML, like Gecko) Chrome/131.0.6778.139 Mobile Safari/537.36 (compatible; GoogleOther)" "-"
66.249.79.167 - - [23/Dec/2024:07:11:27 +0900] "GET /dbwsa/q2590716.html HTTP/1.1" 200 102879 "-" "Mozilla/5.0 (Linux; Android 6.0.1; Nexus 5X Build/MMB29P) AppleWebKit/537.36 (KHTML, like Gecko) Chrome/131.0.6778.139 Mobile Safari/537.36 (compatible; GoogleOther)" "-"
66.249.79.166 - - [23/Dec/2024:07:11:45 +0900] "GET /?_gl=1*1ix4f11*_gcl_au*MTYxMTI1OTI3MS4xNzIxODg2NjU0*_ga*ODYyMzk4MzA3LjE2OTk0NTM1Nzg.*_ga_7H42SVMQ0V*MTcyMTg4NjY1NS4xMjEuMS4xNzIxODg2NjY5LjQ2LjAuMA..&_ga=2.198040047.1958808748.1721886654-862398307.1699453578&_bdsid=2ulvIJ.n~ZXCIW.1721886656070.1721886848&_bd_prev_page=https://hamamatsu-yanesyuri.com/detail.php?czcat/t268815.html HTTP/1.1" 200 101671 "-" "Mozilla/5.0 (Linux; Android 6.0.1; Nexus 5X Build/MMB29P) AppleWebKit/537.36 (KHTML, like Gecko) Chrome/131.0.6778.139 Mobile Safari/537.36 (compatible; Googlebot/2.1; +http://www.google.com/bot.html)" "-"
66.249.79.166 - - [23/Dec/2024:07:11:59 +0900] "GET /zynzd/g2528592.html HTTP/1.1" 200 100295 "-" "Mozilla/5.0 (Linux; Android 6.0.1; Nexus 5X Build/MMB29P) AppleWebKit/537.36 (KHTML, like Gecko) Chrome/131.0.6778.139 Mobile Safari/537.36 (compatible; GoogleOther)" "-"
66.249.79.167 - - [23/Dec/2024:07:12:17 +0900] "GET /?_gl=1*1ix4f11*_gcl_au*MTYxMTI1OTI3MS4xNzIxODg2NjU0*_ga*ODYyMzk4MzA3LjE2OTk0NTM1Nzg.*_ga_7H42SVMQ0V*MTcyMTg4NjY1NS4xMjEuMS4xNzIxODg2NjY5LjQ2LjAuMA..&_ga=2.198040047.1958808748.1721886654-862398307.1699453578&_bdsid=2ulvIJ.n~ZXCIW.1721886656070.1721886848&_bd_prev_page=https://hamamatsu-yanesyuri.com/detail.php?capoy/i2771070.html HTTP/1.1" 200 101939 "-" "Mozilla/5.0 (Linux; Android 6.0.1; Nexus 5X Build/MMB29P) AppleWebKit/537.36 (KHTML, like Gecko) Chrome/131.0.6778.139 Mobile Safari/537.36 (compatible; Googlebot/2.1; +http://www.google.com/bot.html)" "-"
66.249.79.166 - - [23/Dec/2024:07:12:26 +0900] "GET /noqyw/w2413272.html HTTP/1.1" 503 428 "-" "Mozilla/5.0 (Linux; Android 6.0.1; Nexus 5X Build/MMB29P) AppleWebKit/537.36 (KHTML, like Gecko) Chrome/131.0.6778.139 Mobile Safari/537.36 (compatible; GoogleOther)" "-"
66.249.79.166 - - [23/Dec/2024:07:12:34 +0900] "GET /pigga/u2486928.html HTTP/1.1" 200 101104 "-" "Mozilla/5.0 (Linux; Android 6.0.1; Nexus 5X Build/MMB29P) AppleWebKit/537.36 (KHTML, like Gecko) Chrome/131.0.6778.139 Mobile Safari/537.36 (compatible; GoogleOther)" "-"
66.249.79.166 - - [23/Dec/2024:07:13:12 +0900] "GET /oqqzb/a2536776.html HTTP/1.1" 200 100437 "-" "Mozilla/5.0 (Linux; Android 6.0.1; Nexus 5X Build/MMB29P) AppleWebKit/537.36 (KHTML, like Gecko) Chrome/131.0.6778.139 Mobile Safari/537.36 (compatible; GoogleOther)" "-"
66.249.79.167 - - [23/Dec/2024:07:13:46 +0900] "GET /ueuhm/q2440800.html HTTP/1.1" 503 428 "-" "Mozilla/5.0 (Linux; Android 6.0.1; Nexus 5X Build/MMB29P) AppleWebKit/537.36 (KHTML, like Gecko) Chrome/131.0.6778.139 Mobile Safari/537.36 (compatible; GoogleOther)" "-"
66.249.79.166 - - [23/Dec/2024:07:13:57 +0900] "GET /razws/a2517432.html HTTP/1.1" 200 100277 "-" "Mozilla/5.0 (Linux; Android 6.0.1; Nexus 5X Build/MMB29P) AppleWebKit/537.36 (KHTML, like Gecko) Chrome/131.0.6778.139 Mobile Safari/537.36 (compatible; GoogleOther)" "-"
66.249.79.166 - - [23/Dec/2024:07:14:06 +0900] "GET /xnjix/i2401740.html HTTP/1.1" 200 100852 "-" "Mozilla/5.0 (Linux; Android 6.0.1; Nexus 5X Build/MMB29P) AppleWebKit/537.36 (KHTML, like Gecko) Chrome/131.0.6778.139 Mobile Safari/537.36 (compatible; GoogleOther)" "-"
66.249.79.166 - - [23/Dec/2024:07:14:16 +0900] "GET /csyfn/y2658792.html HTTP/1.1" 503 428 "-" "Mozilla/5.0 (Linux; Android 6.0.1; Nexus 5X Build/MMB29P) AppleWebKit/537.36 (KHTML, like Gecko) Chrome/131.0.6778.139 Mobile Safari/537.36 (compatible; GoogleOther)" "-"
66.249.79.166 - - [23/Dec/2024:07:14:25 +0900] "GET /xxybt/g2494740.html HTTP/1.1" 503 428 "-" "Mozilla/5.0 (Linux; Android 6.0.1; Nexus 5X Build/MMB29P) AppleWebKit/537.36 (KHTML, like Gecko) Chrome/131.0.6778.139 Mobile Safari/537.36 (compatible; GoogleOther)" "-"
66.249.79.166 - - [23/Dec/2024:07:14:52 +0900] "GET /slgfq/w2476140.html HTTP/1.1" 503 428 "-" "Mozilla/5.0 (Linux; Android 6.0.1; Nexus 5X Build/MMB29P) AppleWebKit/537.36 (KHTML, like Gecko) Chrome/131.0.6778.139 Mobile Safari/537.36 (compatible; GoogleOther)" "-"
40.77.167.65 - - [23/Dec/2024:07:14:55 +0900] "GET /ljkdp/n1479057.html HTTP/2.0" 200 101518 "-" "Mozilla/5.0 AppleWebKit/537.36 (KHTML, like Gecko; compatible; bingbot/2.0; +http://www.bing.com/bingbot.htm) Chrome/116.0.1938.76 Safari/537.36" "-"
66.249.79.168 - - [23/Dec/2024:07:15:02 +0900] "GET /?_gl=1*1ix4f11*_gcl_au*MTYxMTI1OTI3MS4xNzIxODg2NjU0*_ga*ODYyMzk4MzA3LjE2OTk0NTM1Nzg.*_ga_7H42SVMQ0V*MTcyMTg4NjY1NS4xMjEuMS4xNzIxODg2NjY5LjQ2LjAuMA..&_ga=2.198040047.1958808748.1721886654-862398307.1699453578&_bdsid=2ulvIJ.n~ZXCIW.1721886656070.1721886848&_bd_prev_page=https://hamamatsu-yanesyuri.com/detail.php?yjqjs/s2624206.html HTTP/1.1" 500 0 "-" "Mozilla/5.0 (Linux; Android 6.0.1; Nexus 5X Build/MMB29P) AppleWebKit/537.36 (KHTML, like Gecko) Chrome/131.0.6778.139 Mobile Safari/537.36 (compatible; Googlebot/2.1; +http://www.google.com/bot.html)" "-"
66.249.79.168 - - [23/Dec/2024:07:15:05 +0900] "GET /?_gl=1*1ix4f11*_gcl_au*MTYxMTI1OTI3MS4xNzIxODg2NjU0*_ga*ODYyMzk4MzA3LjE2OTk0NTM1Nzg.*_ga_7H42SVMQ0V*MTcyMTg4NjY1NS4xMjEuMS4xNzIxODg2NjY5LjQ2LjAuMA..&_ga=2.198040047.1958808748.1721886654-862398307.1699453578&_bdsid=2ulvIJ.n~ZXCIW.1721886656070.1721886848&_bd_prev_page=https://hamamatsu-yanesyuri.com/detail.php?fggza/e1954250.html HTTP/1.1" 503 299 "-" "Mozilla/5.0 (Linux; Android 6.0.1; Nexus 5X Build/MMB29P) AppleWebKit/537.36 (KHTML, like Gecko) Chrome/131.0.6778.139 Mobile Safari/537.36 (compatible; Googlebot/2.1; +http://www.google.com/bot.html)" "-"
40.77.167.65 - - [23/Dec/2024:07:15:07 +0900] "GET /bdsuz/n1662825.html HTTP/2.0" 503 428 "-" "Mozilla/5.0 AppleWebKit/537.36 (KHTML, like Gecko; compatible; bingbot/2.0; +http://www.bing.com/bingbot.htm) Chrome/116.0.1938.76 Safari/537.36" "-"
66.249.79.166 - - [23/Dec/2024:07:15:28 +0900] "GET /zexml/a2498088.html HTTP/1.1" 200 101904 "-" "Mozilla/5.0 (Linux; Android 6.0.1; Nexus 5X Build/MMB29P) AppleWebKit/537.36 (KHTML, like Gecko) Chrome/131.0.6778.139 Mobile Safari/537.36 (compatible; GoogleOther)" "-"
52.167.144.220 - - [23/Dec/2024:07:15:35 +0900] "GET /bcxrw/z1762521.html HTTP/2.0" 200 102096 "-" "Mozilla/5.0 AppleWebKit/537.36 (KHTML, like Gecko; compatible; bingbot/2.0; +http://www.bing.com/bingbot.htm) Chrome/116.0.1938.76 Safari/537.36" "-"
66.249.79.166 - - [23/Dec/2024:07:15:37 +0900] "GET /ulzgq/i2387232.html HTTP/1.1" 200 103367 "-" "Mozilla/5.0 (Linux; Android 6.0.1; Nexus 5X Build/MMB29P) AppleWebKit/537.36 (KHTML, like Gecko) Chrome/131.0.6778.139 Mobile Safari/537.36 (compatible; GoogleOther)" "-"
66.249.79.166 - - [23/Dec/2024:07:15:47 +0900] "GET /juwng/s2492880.html HTTP/1.1" 200 100340 "-" "Mozilla/5.0 (Linux; Android 6.0.1; Nexus 5X Build/MMB29P) AppleWebKit/537.36 (KHTML, like Gecko) Chrome/131.0.6778.139 Mobile Safari/537.36 (compatible; GoogleOther)" "-"
66.249.79.167 - - [23/Dec/2024:07:16:30 +0900] "GET /pmmso/o2374212.html HTTP/1.1" 200 100773 "-" "Mozilla/5.0 (Linux; Android 6.0.1; Nexus 5X Build/MMB29P) AppleWebKit/537.36 (KHTML, like Gecko) Chrome/131.0.6778.139 Mobile Safari/537.36 (compatible; GoogleOther)" "-"
66.249.79.166 - - [23/Dec/2024:07:16:52 +0900] "GET /gjwec/i2580672.html HTTP/1.1" 503 428 "-" "Mozilla/5.0 (Linux; Android 6.0.1; Nexus 5X Build/MMB29P) AppleWebKit/537.36 (KHTML, like Gecko) Chrome/131.0.6778.139 Mobile Safari/537.36 (compatible; GoogleOther)" "-"
66.249.79.168 - - [23/Dec/2024:07:17:02 +0900] "GET /aupve/m2375328.html HTTP/1.1" 200 100264 "-" "Mozilla/5.0 (Linux; Android 6.0.1; Nexus 5X Build/MMB29P) AppleWebKit/537.36 (KHTML, like Gecko) Chrome/131.0.6778.139 Mobile Safari/537.36 (compatible; GoogleOther)" "-"
66.249.79.167 - - [23/Dec/2024:07:17:35 +0900] "GET /nsvex/w2466468.html HTTP/1.1" 200 99732 "-" "Mozilla/5.0 (Linux; Android 6.0.1; Nexus 5X Build/MMB29P) AppleWebKit/537.36 (KHTML, like Gecko) Chrome/131.0.6778.139 Mobile Safari/537.36 (compatible; GoogleOther)" "-"
66.249.79.166 - - [23/Dec/2024:07:17:44 +0900] "GET /?_gl=1*1ix4f11*_gcl_au*MTYxMTI1OTI3MS4xNzIxODg2NjU0*_ga*ODYyMzk4MzA3LjE2OTk0NTM1Nzg.*_ga_7H42SVMQ0V*MTcyMTg4NjY1NS4xMjEuMS4xNzIxODg2NjY5LjQ2LjAuMA..&_ga=2.198040047.1958808748.1721886654-862398307.1699453578&_bdsid=2ulvIJ.n~ZXCIW.1721886656070.1721886848&_bd_prev_page=https://hamamatsu-yanesyuri.com/detail.php?rgfqw/v1982087.html HTTP/1.1" 200 102286 "-" "Mozilla/5.0 (Linux; Android 6.0.1; Nexus 5X Build/MMB29P) AppleWebKit/537.36 (KHTML, like Gecko) Chrome/131.0.6778.139 Mobile Safari/537.36 (compatible; Googlebot/2.1; +http://www.google.com/bot.html)" "-"
66.249.79.167 - - [23/Dec/2024:07:18:26 +0900] "GET /?_gl=1*1ix4f11*_gcl_au*MTYxMTI1OTI3MS4xNzIxODg2NjU0*_ga*ODYyMzk4MzA3LjE2OTk0NTM1Nzg.*_ga_7H42SVMQ0V*MTcyMTg4NjY1NS4xMjEuMS4xNzIxODg2NjY5LjQ2LjAuMA..&_ga=2.198040047.1958808748.1721886654-862398307.1699453578&_bdsid=2ulvIJ.n~ZXCIW.1721886656070.1721886848&_bd_prev_page=https://hamamatsu-yanesyuri.com/detail.php?iuyxo/x535241.html HTTP/1.1" 200 101233 "-" "Mozilla/5.0 (Linux; Android 6.0.1; Nexus 5X Build/MMB29P) AppleWebKit/537.36 (KHTML, like Gecko) Chrome/131.0.6778.139 Mobile Safari/537.36 (compatible; Googlebot/2.1; +http://www.google.com/bot.html)" "-"
66.249.79.166 - - [23/Dec/2024:07:19:35 +0900] "GET /aqmgo/v612069.html HTTP/1.1" 200 99938 "-" "Mozilla/5.0 (Linux; Android 6.0.1; Nexus 5X Build/MMB29P) AppleWebKit/537.36 (KHTML, like Gecko) Chrome/131.0.6778.139 Mobile Safari/537.36 (compatible; GoogleOther)" "-"
66.249.79.166 - - [23/Dec/2024:07:21:01 +0900] "GET /?_gl=1*1ix4f11*_gcl_au*MTYxMTI1OTI3MS4xNzIxODg2NjU0*_ga*ODYyMzk4MzA3LjE2OTk0NTM1Nzg.*_ga_7H42SVMQ0V*MTcyMTg4NjY1NS4xMjEuMS4xNzIxODg2NjY5LjQ2LjAuMA..&_ga=2.198040047.1958808748.1721886654-862398307.1699453578&_bdsid=2ulvIJ.n~ZXCIW.1721886656070.1721886848&_bd_prev_page=https://hamamatsu-yanesyuri.com/detail.php?gwqws/u1200422.html HTTP/1.1" 503 299 "-" "Mozilla/5.0 (Linux; Android 6.0.1; Nexus 5X Build/MMB29P) AppleWebKit/537.36 (KHTML, like Gecko) Chrome/131.0.6778.139 Mobile Safari/537.36 (compatible; Googlebot/2.1; +http://www.google.com/bot.html)" "-"
66.249.79.167 - - [23/Dec/2024:07:21:43 +0900] "GET /?_gl=1*1ix4f11*_gcl_au*MTYxMTI1OTI3MS4xNzIxODg2NjU0*_ga*ODYyMzk4MzA3LjE2OTk0NTM1Nzg.*_ga_7H42SVMQ0V*MTcyMTg4NjY1NS4xMjEuMS4xNzIxODg2NjY5LjQ2LjAuMA..&_ga=2.198040047.1958808748.1721886654-862398307.1699453578&_bdsid=2ulvIJ.n~ZXCIW.1721886656070.1721886848&_bd_prev_page=https://hamamatsu-yanesyuri.com/detail.php?ganlb/i1218402.html HTTP/1.1" 200 102780 "-" "Mozilla/5.0 (Linux; Android 6.0.1; Nexus 5X Build/MMB29P) AppleWebKit/537.36 (KHTML, like Gecko) Chrome/131.0.6778.139 Mobile Safari/537.36 (compatible; Googlebot/2.1; +http://www.google.com/bot.html)" "-"
66.249.79.166 - - [23/Dec/2024:07:23:30 +0900] "GET /?_gl=1*1ix4f11*_gcl_au*MTYxMTI1OTI3MS4xNzIxODg2NjU0*_ga*ODYyMzk4MzA3LjE2OTk0NTM1Nzg.*_ga_7H42SVMQ0V*MTcyMTg4NjY1NS4xMjEuMS4xNzIxODg2NjY5LjQ2LjAuMA..&_ga=2.198040047.1958808748.1721886654-862398307.1699453578&_bdsid=2ulvIJ.n~ZXCIW.1721886656070.1721886848&_bd_prev_page=https://hamamatsu-yanesyuri.com/detail.php?gqgyr/w1693176.html HTTP/1.1" 200 104233 "-" "Mozilla/5.0 (Linux; Android 6.0.1; Nexus 5X Build/MMB29P) AppleWebKit/537.36 (KHTML, like Gecko) Chrome/131.0.6778.139 Mobile Safari/537.36 (compatible; Googlebot/2.1; +http://www.google.com/bot.html)" "-"
66.249.79.167 - - [23/Dec/2024:07:23:54 +0900] "GET /?_gl=1*1ix4f11*_gcl_au*MTYxMTI1OTI3MS4xNzIxODg2NjU0*_ga*ODYyMzk4MzA3LjE2OTk0NTM1Nzg.*_ga_7H42SVMQ0V*MTcyMTg4NjY1NS4xMjEuMS4xNzIxODg2NjY5LjQ2LjAuMA..&_ga=2.198040047.1958808748.1721886654-862398307.1699453578&_bdsid=2ulvIJ.n~ZXCIW.1721886656070.1721886848&_bd_prev_page=https://hamamatsu-yanesyuri.com/detail.php?iuwkf/i1633726.html HTTP/1.1" 200 105727 "-" "Mozilla/5.0 (Linux; Android 6.0.1; Nexus 5X Build/MMB29P) AppleWebKit/537.36 (KHTML, like Gecko) Chrome/131.0.6778.139 Mobile Safari/537.36 (compatible; Googlebot/2.1; +http://www.google.com/bot.html)" "-"
52.167.144.17 - - [23/Dec/2024:07:24:06 +0900] "GET /mddqk/n323357.html HTTP/2.0" 503 428 "-" "Mozilla/5.0 AppleWebKit/537.36 (KHTML, like Gecko; compatible; bingbot/2.0; +http://www.bing.com/bingbot.htm) Chrome/116.0.1938.76 Safari/537.36" "-"
66.249.79.166 - - [23/Dec/2024:07:25:08 +0900] "GET /?_gl=1*1ix4f11*_gcl_au*MTYxMTI1OTI3MS4xNzIxODg2NjU0*_ga*ODYyMzk4MzA3LjE2OTk0NTM1Nzg.*_ga_7H42SVMQ0V*MTcyMTg4NjY1NS4xMjEuMS4xNzIxODg2NjY5LjQ2LjAuMA..&_ga=2.198040047.1958808748.1721886654-862398307.1699453578&_bdsid=2ulvIJ.n~ZXCIW.1721886656070.1721886848&_bd_prev_page=https://hamamatsu-yanesyuri.com/detail.php?xlltv/s962572.html HTTP/1.1" 200 101816 "-" "Mozilla/5.0 (Linux; Android 6.0.1; Nexus 5X Build/MMB29P) AppleWebKit/537.36 (KHTML, like Gecko) Chrome/131.0.6778.139 Mobile Safari/537.36 (compatible; Googlebot/2.1; +http://www.google.com/bot.html)" "-"
66.249.79.167 - - [23/Dec/2024:07:26:00 +0900] "GET /?_gl=1*1ix4f11*_gcl_au*MTYxMTI1OTI3MS4xNzIxODg2NjU0*_ga*ODYyMzk4MzA3LjE2OTk0NTM1Nzg.*_ga_7H42SVMQ0V*MTcyMTg4NjY1NS4xMjEuMS4xNzIxODg2NjY5LjQ2LjAuMA..&_ga=2.198040047.1958808748.1721886654-862398307.1699453578&_bdsid=2ulvIJ.n~ZXCIW.1721886656070.1721886848&_bd_prev_page=https://hamamatsu-yanesyuri.com/detail.php?gcpvr/v1944335.html HTTP/1.1" 200 102217 "-" "Mozilla/5.0 (Linux; Android 6.0.1; Nexus 5X Build/MMB29P) AppleWebKit/537.36 (KHTML, like Gecko) Chrome/131.0.6778.139 Mobile Safari/537.36 (compatible; Googlebot/2.1; +http://www.google.com/bot.html)" "-"
66.249.79.166 - - [23/Dec/2024:07:27:00 +0900] "GET /?_gl=1*1ix4f11*_gcl_au*MTYxMTI1OTI3MS4xNzIxODg2NjU0*_ga*ODYyMzk4MzA3LjE2OTk0NTM1Nzg.*_ga_7H42SVMQ0V*MTcyMTg4NjY1NS4xMjEuMS4xNzIxODg2NjY5LjQ2LjAuMA..&_ga=2.198040047.1958808748.1721886654-862398307.1699453578&_bdsid=2ulvIJ.n~ZXCIW.1721886656070.1721886848&_bd_prev_page=https://hamamatsu-yanesyuri.com/detail.php?oexev/w183018.html HTTP/1.1" 503 299 "-" "Mozilla/5.0 (Linux; Android 6.0.1; Nexus 5X Build/MMB29P) AppleWebKit/537.36 (KHTML, like Gecko) Chrome/131.0.6778.204 Mobile Safari/537.36 (compatible; Googlebot/2.1; +http://www.google.com/bot.html)" "-"
66.249.79.166 - - [23/Dec/2024:07:27:15 +0900] "GET /?_gl=1*1ix4f11*_gcl_au*MTYxMTI1OTI3MS4xNzIxODg2NjU0*_ga*ODYyMzk4MzA3LjE2OTk0NTM1Nzg.*_ga_7H42SVMQ0V*MTcyMTg4NjY1NS4xMjEuMS4xNzIxODg2NjY5LjQ2LjAuMA..&_ga=2.198040047.1958808748.1721886654-862398307.1699453578&_bdsid=2ulvIJ.n~ZXCIW.1721886656070.1721886848&_bd_prev_page=https://hamamatsu-yanesyuri.com/detail.php?cqvig/g1516204.html HTTP/1.1" 200 104229 "-" "Mozilla/5.0 (Linux; Android 6.0.1; Nexus 5X Build/MMB29P) AppleWebKit/537.36 (KHTML, like Gecko) Chrome/131.0.6778.139 Mobile Safari/537.36 (compatible; Googlebot/2.1; +http://www.google.com/bot.html)" "-"
66.249.79.167 - - [23/Dec/2024:07:29:01 +0900] "GET /?_gl=1*1ix4f11*_gcl_au*MTYxMTI1OTI3MS4xNzIxODg2NjU0*_ga*ODYyMzk4MzA3LjE2OTk0NTM1Nzg.*_ga_7H42SVMQ0V*MTcyMTg4NjY1NS4xMjEuMS4xNzIxODg2NjY5LjQ2LjAuMA..&_ga=2.198040047.1958808748.1721886654-862398307.1699453578&_bdsid=2ulvIJ.n~ZXCIW.1721886656070.1721886848&_bd_prev_page=https://hamamatsu-yanesyuri.com/detail.php?jmbqi/v2881453.html HTTP/1.1" 200 104299 "-" "Mozilla/5.0 (Linux; Android 6.0.1; Nexus 5X Build/MMB29P) AppleWebKit/537.36 (KHTML, like Gecko) Chrome/131.0.6778.139 Mobile Safari/537.36 (compatible; Googlebot/2.1; +http://www.google.com/bot.html)" "-"
40.77.167.2 - - [23/Dec/2024:07:29:29 +0900] "GET /mgevu/x506381.html HTTP/2.0" 200 100219 "-" "Mozilla/5.0 AppleWebKit/537.36 (KHTML, like Gecko; compatible; bingbot/2.0; +http://www.bing.com/bingbot.htm) Chrome/116.0.1938.76 Safari/537.36" "-"
66.249.79.167 - - [23/Dec/2024:07:30:02 +0900] "GET /?_gl=1*1ix4f11*_gcl_au*MTYxMTI1OTI3MS4xNzIxODg2NjU0*_ga*ODYyMzk4MzA3LjE2OTk0NTM1Nzg.*_ga_7H42SVMQ0V*MTcyMTg4NjY1NS4xMjEuMS4xNzIxODg2NjY5LjQ2LjAuMA..&_ga=2.198040047.1958808748.1721886654-862398307.1699453578&_bdsid=2ulvIJ.n~ZXCIW.1721886656070.1721886848&_bd_prev_page=https://hamamatsu-yanesyuri.com/detail.php?tnelo/i807420.html HTTP/1.1" 200 102615 "-" "Mozilla/5.0 (Linux; Android 6.0.1; Nexus 5X Build/MMB29P) AppleWebKit/537.36 (KHTML, like Gecko) Chrome/131.0.6778.139 Mobile Safari/537.36 (compatible; Googlebot/2.1; +http://www.google.com/bot.html)" "-"
66.249.79.167 - - [23/Dec/2024:07:31:10 +0900] "GET /?_gl=1*1ix4f11*_gcl_au*MTYxMTI1OTI3MS4xNzIxODg2NjU0*_ga*ODYyMzk4MzA3LjE2OTk0NTM1Nzg.*_ga_7H42SVMQ0V*MTcyMTg4NjY1NS4xMjEuMS4xNzIxODg2NjY5LjQ2LjAuMA..&_ga=2.198040047.1958808748.1721886654-862398307.1699453578&_bdsid=2ulvIJ.n~ZXCIW.1721886656070.1721886848&_bd_prev_page=https://hamamatsu-yanesyuri.com/detail.php?mcqwy/b3076693.html HTTP/1.1" 503 299 "-" "Mozilla/5.0 (Linux; Android 6.0.1; Nexus 5X Build/MMB29P) AppleWebKit/537.36 (KHTML, like Gecko) Chrome/131.0.6778.139 Mobile Safari/537.36 (compatible; Googlebot/2.1; +http://www.google.com/bot.html)" "-"
66.249.79.167 - - [23/Dec/2024:07:32:01 +0900] "GET /?_gl=1*1ix4f11*_gcl_au*MTYxMTI1OTI3MS4xNzIxODg2NjU0*_ga*ODYyMzk4MzA3LjE2OTk0NTM1Nzg.*_ga_7H42SVMQ0V*MTcyMTg4NjY1NS4xMjEuMS4xNzIxODg2NjY5LjQ2LjAuMA..&_ga=2.198040047.1958808748.1721886654-862398307.1699453578&_bdsid=2ulvIJ.n~ZXCIW.1721886656070.1721886848&_bd_prev_page=https://hamamatsu-yanesyuri.com/detail.php?xrhcq/q1635242.html HTTP/1.1" 200 102285 "-" "Mozilla/5.0 (Linux; Android 6.0.1; Nexus 5X Build/MMB29P) AppleWebKit/537.36 (KHTML, like Gecko) Chrome/131.0.6778.139 Mobile Safari/537.36 (compatible; Googlebot/2.1; +http://www.google.com/bot.html)" "-"
66.249.79.166 - - [23/Dec/2024:07:33:01 +0900] "GET /?_gl=1*1ix4f11*_gcl_au*MTYxMTI1OTI3MS4xNzIxODg2NjU0*_ga*ODYyMzk4MzA3LjE2OTk0NTM1Nzg.*_ga_7H42SVMQ0V*MTcyMTg4NjY1NS4xMjEuMS4xNzIxODg2NjY5LjQ2LjAuMA..&_ga=2.198040047.1958808748.1721886654-862398307.1699453578&_bdsid=2ulvIJ.n~ZXCIW.1721886656070.1721886848&_bd_prev_page=https://hamamatsu-yanesyuri.com/detail.php?ovnzk/t1959075.html HTTP/1.1" 200 102048 "-" "Mozilla/5.0 (Linux; Android 6.0.1; Nexus 5X Build/MMB29P) AppleWebKit/537.36 (KHTML, like Gecko) Chrome/131.0.6778.139 Mobile Safari/537.36 (compatible; Googlebot/2.1; +http://www.google.com/bot.html)" "-"
66.249.79.168 - - [23/Dec/2024:07:34:06 +0900] "GET /?_gl=1*1ix4f11*_gcl_au*MTYxMTI1OTI3MS4xNzIxODg2NjU0*_ga*ODYyMzk4MzA3LjE2OTk0NTM1Nzg.*_ga_7H42SVMQ0V*MTcyMTg4NjY1NS4xMjEuMS4xNzIxODg2NjY5LjQ2LjAuMA..&_ga=2.198040047.1958808748.1721886654-862398307.1699453578&_bdsid=2ulvIJ.n~ZXCIW.1721886656070.1721886848&_bd_prev_page=https://hamamatsu-yanesyuri.com/detail.php?xdrrz/o2986824.html HTTP/1.1" 503 299 "-" "Mozilla/5.0 (Linux; Android 6.0.1; Nexus 5X Build/MMB29P) AppleWebKit/537.36 (KHTML, like Gecko) Chrome/131.0.6778.139 Mobile Safari/537.36 (compatible; Googlebot/2.1; +http://www.google.com/bot.html)" "-"
66.249.79.168 - - [23/Dec/2024:07:35:03 +0900] "GET /?_gl=1*1ix4f11*_gcl_au*MTYxMTI1OTI3MS4xNzIxODg2NjU0*_ga*ODYyMzk4MzA3LjE2OTk0NTM1Nzg.*_ga_7H42SVMQ0V*MTcyMTg4NjY1NS4xMjEuMS4xNzIxODg2NjY5LjQ2LjAuMA..&_ga=2.198040047.1958808748.1721886654-862398307.1699453578&_bdsid=2ulvIJ.n~ZXCIW.1721886656070.1721886848&_bd_prev_page=https://hamamatsu-yanesyuri.com/detail.php?rxree/m2861736.html HTTP/1.1" 200 102998 "-" "Mozilla/5.0 (Linux; Android 6.0.1; Nexus 5X Build/MMB29P) AppleWebKit/537.36 (KHTML, like Gecko) Chrome/131.0.6778.139 Mobile Safari/537.36 (compatible; Googlebot/2.1; +http://www.google.com/bot.html)" "-"
