66.249.79.167 - - [23/Dec/2024:14:49:46 +0900] "GET /?_gl=1*1ix4f11*_gcl_au*MTYxMTI1OTI3MS4xNzIxODg2NjU0*_ga*ODYyMzk4MzA3LjE2OTk0NTM1Nzg.*_ga_7H42SVMQ0V*MTcyMTg4NjY1NS4xMjEuMS4xNzIxODg2NjY5LjQ2LjAuMA..&_ga=2.198040047.1958808748.1721886654-862398307.1699453578&_bdsid=2ulvIJ.n~ZXCIW.1721886656070.1721886848&_bd_prev_page=https://hamamatsu-yanesyuri.com/detail.php?nlgsn/y867912.html HTTP/1.1" 200 108826 "-" "Mozilla/5.0 (Linux; Android 6.0.1; Nexus 5X Build/MMB29P) AppleWebKit/537.36 (KHTML, like Gecko) Chrome/131.0.6778.139 Mobile Safari/537.36 (compatible; Googlebot/2.1; +http://www.google.com/bot.html)" "-"
66.249.79.167 - - [23/Dec/2024:14:51:33 +0900] "GET /qkpsm/e2626428.html HTTP/1.1" 200 102257 "-" "Mozilla/5.0 (Linux; Android 6.0.1; Nexus 5X Build/MMB29P) AppleWebKit/537.36 (KHTML, like Gecko) Chrome/131.0.6778.139 Mobile Safari/537.36 (compatible; GoogleOther)" "-"
52.167.144.187 - - [23/Dec/2024:14:52:00 +0900] "GET /kofcf/t1533741.html HTTP/2.0" 200 102332 "-" "Mozilla/5.0 AppleWebKit/537.36 (KHTML, like Gecko; compatible; bingbot/2.0; +http://www.bing.com/bingbot.htm) Chrome/116.0.1938.76 Safari/537.36" "-"
66.249.79.168 - - [23/Dec/2024:14:52:02 +0900] "GET /sitemap.xml HTTP/1.1" 200 461 "-" "Mozilla/5.0 (compatible; Googlebot/2.1; +http://www.google.com/bot.html)" "-"
66.249.79.167 - - [23/Dec/2024:14:52:21 +0900] "GET /?_gl=1*1ix4f11*_gcl_au*MTYxMTI1OTI3MS4xNzIxODg2NjU0*_ga*ODYyMzk4MzA3LjE2OTk0NTM1Nzg.*_ga_7H42SVMQ0V*MTcyMTg4NjY1NS4xMjEuMS4xNzIxODg2NjY5LjQ2LjAuMA..&_ga=2.198040047.1958808748.1721886654-862398307.1699453578&_bdsid=2ulvIJ.n~ZXCIW.1721886656070.1721886848&_bd_prev_page=https://hamamatsu-yanesyuri.com/detail.php?rksqj/a314738.html HTTP/1.1" 200 103199 "-" "Mozilla/5.0 (Linux; Android 6.0.1; Nexus 5X Build/MMB29P) AppleWebKit/537.36 (KHTML, like Gecko) Chrome/131.0.6778.139 Mobile Safari/537.36 (compatible; Googlebot/2.1; +http://www.google.com/bot.html)" "-"
66.249.79.166 - - [23/Dec/2024:14:52:23 +0900] "GET /zhiku/w2582532.html HTTP/1.1" 200 101130 "-" "Mozilla/5.0 (Linux; Android 6.0.1; Nexus 5X Build/MMB29P) AppleWebKit/537.36 (KHTML, like Gecko) Chrome/131.0.6778.139 Mobile Safari/537.36 (compatible; GoogleOther)" "-"
66.249.79.166 - - [23/Dec/2024:14:54:46 +0900] "GET /?_gl=1*1ix4f11*_gcl_au*MTYxMTI1OTI3MS4xNzIxODg2NjU0*_ga*ODYyMzk4MzA3LjE2OTk0NTM1Nzg.*_ga_7H42SVMQ0V*MTcyMTg4NjY1NS4xMjEuMS4xNzIxODg2NjY5LjQ2LjAuMA..&_ga=2.198040047.1958808748.1721886654-862398307.1699453578&_bdsid=2ulvIJ.n~ZXCIW.1721886656070.1721886848&_bd_prev_page=https://hamamatsu-yanesyuri.com/detail.php?mqgwi/g1148590.html HTTP/1.1" 200 101407 "-" "Mozilla/5.0 (Linux; Android 6.0.1; Nexus 5X Build/MMB29P) AppleWebKit/537.36 (KHTML, like Gecko) Chrome/131.0.6778.139 Mobile Safari/537.36 (compatible; Googlebot/2.1; +http://www.google.com/bot.html)" "-"
66.249.79.168 - - [23/Dec/2024:14:55:58 +0900] "GET /klcob/s2459028.html HTTP/1.1" 200 101420 "-" "Mozilla/5.0 (Linux; Android 6.0.1; Nexus 5X Build/MMB29P) AppleWebKit/537.36 (KHTML, like Gecko) Chrome/131.0.6778.139 Mobile Safari/537.36 (compatible; GoogleOther)" "-"
40.77.167.55 - - [23/Dec/2024:14:56:02 +0900] "GET /sppiw/p496337.html HTTP/2.0" 200 100185 "-" "Mozilla/5.0 AppleWebKit/537.36 (KHTML, like Gecko; compatible; bingbot/2.0; +http://www.bing.com/bingbot.htm) Chrome/116.0.1938.76 Safari/537.36" "-"
66.249.79.167 - - [23/Dec/2024:14:57:18 +0900] "GET /?_gl=1*1ix4f11*_gcl_au*MTYxMTI1OTI3MS4xNzIxODg2NjU0*_ga*ODYyMzk4MzA3LjE2OTk0NTM1Nzg.*_ga_7H42SVMQ0V*MTcyMTg4NjY1NS4xMjEuMS4xNzIxODg2NjY5LjQ2LjAuMA..&_ga=2.198040047.1958808748.1721886654-862398307.1699453578&_bdsid=2ulvIJ.n~ZXCIW.1721886656070.1721886848&_bd_prev_page=https://hamamatsu-yanesyuri.com/detail.php?wjkoe/t1212979.html HTTP/1.1" 200 101548 "-" "Mozilla/5.0 (Linux; Android 6.0.1; Nexus 5X Build/MMB29P) AppleWebKit/537.36 (KHTML, like Gecko) Chrome/131.0.6778.139 Mobile Safari/537.36 (compatible; Googlebot/2.1; +http://www.google.com/bot.html)" "-"
66.249.79.166 - - [23/Dec/2024:14:59:55 +0900] "GET /?_gl=1*1ix4f11*_gcl_au*MTYxMTI1OTI3MS4xNzIxODg2NjU0*_ga*ODYyMzk4MzA3LjE2OTk0NTM1Nzg.*_ga_7H42SVMQ0V*MTcyMTg4NjY1NS4xMjEuMS4xNzIxODg2NjY5LjQ2LjAuMA..&_ga=2.198040047.1958808748.1721886654-862398307.1699453578&_bdsid=2ulvIJ.n~ZXCIW.1721886656070.1721886848&_bd_prev_page=https://hamamatsu-yanesyuri.com/detail.php?pptmi/c1060784.html HTTP/1.1" 503 299 "-" "Mozilla/5.0 (Linux; Android 6.0.1; Nexus 5X Build/MMB29P) AppleWebKit/537.36 (KHTML, like Gecko) Chrome/131.0.6778.139 Mobile Safari/537.36 (compatible; Googlebot/2.1; +http://www.google.com/bot.html)" "-"
118.27.99.84 - - [23/Dec/2024:15:01:03 +0900] "POST /wp-cron.php?doing_wp_cron=1734933662.2850968837738037109375 HTTP/1.1" 200 118 "-" "WordPress/6.7.1; https://hamamatsu-yanesyuri.com" "-"
147.92.179.118 - - [23/Dec/2024:15:01:03 +0900] "GET /subsidy/ HTTP/1.1" 200 16861 "-" "facebookexternalhit/1.1;line-poker/1.0" "-"
66.249.79.166 - - [23/Dec/2024:15:02:24 +0900] "GET /?_gl=1*1ix4f11*_gcl_au*MTYxMTI1OTI3MS4xNzIxODg2NjU0*_ga*ODYyMzk4MzA3LjE2OTk0NTM1Nzg.*_ga_7H42SVMQ0V*MTcyMTg4NjY1NS4xMjEuMS4xNzIxODg2NjY5LjQ2LjAuMA..&_ga=2.198040047.1958808748.1721886654-862398307.1699453578&_bdsid=2ulvIJ.n~ZXCIW.1721886656070.1721886848&_bd_prev_page=https://hamamatsu-yanesyuri.com/detail.php?ltfmd/t1440271.html HTTP/1.1" 200 104276 "-" "Mozilla/5.0 (Linux; Android 6.0.1; Nexus 5X Build/MMB29P) AppleWebKit/537.36 (KHTML, like Gecko) Chrome/131.0.6778.139 Mobile Safari/537.36 (compatible; Googlebot/2.1; +http://www.google.com/bot.html)" "-"
40.77.167.17 - - [23/Dec/2024:15:02:24 +0900] "GET /phkgc/z1416851.html HTTP/2.0" 200 101362 "-" "Mozilla/5.0 AppleWebKit/537.36 (KHTML, like Gecko; compatible; bingbot/2.0; +http://www.bing.com/bingbot.htm) Chrome/116.0.1938.76 Safari/537.36" "-"
66.249.79.168 - - [23/Dec/2024:15:04:46 +0900] "GET /?_gl=1*1ix4f11*_gcl_au*MTYxMTI1OTI3MS4xNzIxODg2NjU0*_ga*ODYyMzk4MzA3LjE2OTk0NTM1Nzg.*_ga_7H42SVMQ0V*MTcyMTg4NjY1NS4xMjEuMS4xNzIxODg2NjY5LjQ2LjAuMA..&_ga=2.198040047.1958808748.1721886654-862398307.1699453578&_bdsid=2ulvIJ.n~ZXCIW.1721886656070.1721886848&_bd_prev_page=https://hamamatsu-yanesyuri.com/detail.php?ivjum/m546696.html HTTP/1.1" 200 103498 "-" "Mozilla/5.0 (Linux; Android 6.0.1; Nexus 5X Build/MMB29P) AppleWebKit/537.36 (KHTML, like Gecko) Chrome/131.0.6778.139 Mobile Safari/537.36 (compatible; Googlebot/2.1; +http://www.google.com/bot.html)" "-"
52.167.144.230 - - [23/Dec/2024:15:07:17 +0900] "GET /fuven/p312569.html HTTP/2.0" 503 428 "-" "Mozilla/5.0 AppleWebKit/537.36 (KHTML, like Gecko; compatible; bingbot/2.0; +http://www.bing.com/bingbot.htm) Chrome/116.0.1938.76 Safari/537.36" "-"
52.167.144.136 - - [23/Dec/2024:15:07:41 +0900] "GET /kqoyc/d420821.html HTTP/2.0" 200 101820 "-" "Mozilla/5.0 AppleWebKit/537.36 (KHTML, like Gecko; compatible; bingbot/2.0; +http://www.bing.com/bingbot.htm) Chrome/116.0.1938.76 Safari/537.36" "-"
66.249.79.167 - - [23/Dec/2024:15:07:58 +0900] "GET /?_gl=1*1ix4f11*_gcl_au*MTYxMTI1OTI3MS4xNzIxODg2NjU0*_ga*ODYyMzk4MzA3LjE2OTk0NTM1Nzg.*_ga_7H42SVMQ0V*MTcyMTg4NjY1NS4xMjEuMS4xNzIxODg2NjY5LjQ2LjAuMA..&_ga=2.198040047.1958808748.1721886654-862398307.1699453578&_bdsid=2ulvIJ.n~ZXCIW.1721886656070.1721886848&_bd_prev_page=https://hamamatsu-yanesyuri.com/detail.php?hraat/k770060.html HTTP/1.1" 200 102466 "-" "Mozilla/5.0 (Linux; Android 6.0.1; Nexus 5X Build/MMB29P) AppleWebKit/537.36 (KHTML, like Gecko) Chrome/131.0.6778.139 Mobile Safari/537.36 (compatible; Googlebot/2.1; +http://www.google.com/bot.html)" "-"
66.249.79.167 - - [23/Dec/2024:15:10:56 +0900] "GET /?_gl=1*1ix4f11*_gcl_au*MTYxMTI1OTI3MS4xNzIxODg2NjU0*_ga*ODYyMzk4MzA3LjE2OTk0NTM1Nzg.*_ga_7H42SVMQ0V*MTcyMTg4NjY1NS4xMjEuMS4xNzIxODg2NjY5LjQ2LjAuMA..&_ga=2.198040047.1958808748.1721886654-862398307.1699453578&_bdsid=2ulvIJ.n~ZXCIW.1721886656070.1721886848&_bd_prev_page=https://hamamatsu-yanesyuri.com/detail.php?eback/a1297122.html HTTP/1.1" 200 102853 "-" "Mozilla/5.0 (Linux; Android 6.0.1; Nexus 5X Build/MMB29P) AppleWebKit/537.36 (KHTML, like Gecko) Chrome/131.0.6778.139 Mobile Safari/537.36 (compatible; Googlebot/2.1; +http://www.google.com/bot.html)" "-"
66.249.79.168 - - [23/Dec/2024:15:11:51 +0900] "GET /dotlo/c808168.html HTTP/1.1" 200 101082 "-" "Mozilla/5.0 (Linux; Android 6.0.1; Nexus 5X Build/MMB29P) AppleWebKit/537.36 (KHTML, like Gecko) Chrome/131.0.6778.139 Mobile Safari/537.36 (compatible; Googlebot/2.1; +http://www.google.com/bot.html)" "-"
66.249.79.168 - - [23/Dec/2024:15:14:46 +0900] "GET /?_gl=1*1ix4f11*_gcl_au*MTYxMTI1OTI3MS4xNzIxODg2NjU0*_ga*ODYyMzk4MzA3LjE2OTk0NTM1Nzg.*_ga_7H42SVMQ0V*MTcyMTg4NjY1NS4xMjEuMS4xNzIxODg2NjY5LjQ2LjAuMA..&_ga=2.198040047.1958808748.1721886654-862398307.1699453578&_bdsid=2ulvIJ.n~ZXCIW.1721886656070.1721886848&_bd_prev_page=https://hamamatsu-yanesyuri.com/detail.php?yzwhf/z215209.html HTTP/1.1" 200 102471 "-" "Mozilla/5.0 (Linux; Android 6.0.1; Nexus 5X Build/MMB29P) AppleWebKit/537.36 (KHTML, like Gecko) Chrome/131.0.6778.139 Mobile Safari/537.36 (compatible; Googlebot/2.1; +http://www.google.com/bot.html)" "-"
65.0.121.150 - - [23/Dec/2024:15:14:57 +0900] "GET / HTTP/1.1" 301 162 "-" "Mozilla/5.0 (Windows NT 10.0; Win64; x64) AppleWebKit/537.36 (KHTML, like Gecko) Chrome/89.0.4389.114 Safari/537.36" "-"
65.0.121.150 - - [23/Dec/2024:15:14:57 +0900] "GET / HTTP/1.1" 503 299 "-" "Mozilla/5.0 (Windows NT 10.0; Win64; x64) AppleWebKit/537.36 (KHTML, like Gecko) Chrome/89.0.4389.114 Safari/537.36" "-"
65.0.121.150 - - [23/Dec/2024:15:14:58 +0900] "GET //wp-includes/wlwmanifest.xml HTTP/1.1" 403 199 "-" "Mozilla/5.0 (Windows NT 10.0; Win64; x64) AppleWebKit/537.36 (KHTML, like Gecko) Chrome/89.0.4389.114 Safari/537.36" "-"
65.0.121.150 - - [23/Dec/2024:15:14:58 +0900] "GET //xmlrpc.php?rsd HTTP/1.1" 403 199 "-" "Mozilla/5.0 (Windows NT 10.0; Win64; x64) AppleWebKit/537.36 (KHTML, like Gecko) Chrome/89.0.4389.114 Safari/537.36" "-"
118.27.99.84 - - [23/Dec/2024:15:15:00 +0900] "POST /wp-cron.php?doing_wp_cron=1734934499.5161149501800537109375 HTTP/1.1" 200 118 "-" "WordPress/6.7.1; https://hamamatsu-yanesyuri.com" "-"
65.0.121.150 - - [23/Dec/2024:15:15:00 +0900] "GET / HTTP/1.1" 200 117174 "-" "Mozilla/5.0 (Windows NT 10.0; Win64; x64) AppleWebKit/537.36 (KHTML, like Gecko) Chrome/89.0.4389.114 Safari/537.36" "-"
65.0.121.150 - - [23/Dec/2024:15:15:02 +0900] "GET //?author=1 HTTP/1.1" 200 94555 "-" "Mozilla/5.0 (Windows NT 10.0; Win64; x64) AppleWebKit/537.36 (KHTML, like Gecko) Chrome/89.0.4389.114 Safari/537.36" "-"
65.0.121.150 - - [23/Dec/2024:15:15:03 +0900] "GET //?author=2 HTTP/1.1" 404 48977 "-" "Mozilla/5.0 (Windows NT 10.0; Win64; x64) AppleWebKit/537.36 (KHTML, like Gecko) Chrome/89.0.4389.114 Safari/537.36" "-"
65.0.121.150 - - [23/Dec/2024:15:15:05 +0900] "GET //?author=3 HTTP/1.1" 404 48985 "-" "Mozilla/5.0 (Windows NT 10.0; Win64; x64) AppleWebKit/537.36 (KHTML, like Gecko) Chrome/89.0.4389.114 Safari/537.36" "-"
65.0.121.150 - - [23/Dec/2024:15:15:05 +0900] "GET //wp-json/wp/v2/users/ HTTP/1.1" 403 199 "-" "Mozilla/5.0 (Windows NT 10.0; Win64; x64) AppleWebKit/537.36 (KHTML, like Gecko) Chrome/89.0.4389.114 Safari/537.36" "-"
65.0.121.150 - - [23/Dec/2024:15:15:06 +0900] "GET //wp-json/oembed/1.0/embed?url=https://hamamatsu-yanesyuri.com/ HTTP/1.1" 403 199 "-" "Mozilla/5.0 (Windows NT 10.0; Win64; x64) AppleWebKit/537.36 (KHTML, like Gecko) Chrome/89.0.4389.114 Safari/537.36" "-"
65.0.121.150 - - [23/Dec/2024:15:15:06 +0900] "POST //xmlrpc.php HTTP/1.1" 403 199 "-" "Mozilla/5.0 (Windows NT 10.0; Win64; x64) AppleWebKit/537.36 (KHTML, like Gecko) Chrome/89.0.4389.114 Safari/537.36" "-"
45.61.161.101 - - [23/Dec/2024:15:16:50 +0900] "GET /admin.php HTTP/1.1" 301 162 "-" "Mozlila/5.0 (Linux; Android 7.0; SM-G892A Bulid/NRD90M; wv) AppleWebKit/537.36 (KHTML, like Gecko) Version/4.0 Chrome/60.0.3112.107 Moblie Safari/537.36" "-"
45.61.161.101 - - [23/Dec/2024:15:16:51 +0900] "GET /admin.php HTTP/1.1" 503 299 "-" "Mozlila/5.0 (Linux; Android 7.0; SM-G892A Bulid/NRD90M; wv) AppleWebKit/537.36 (KHTML, like Gecko) Version/4.0 Chrome/60.0.3112.107 Moblie Safari/537.36" "-"
45.61.161.101 - - [23/Dec/2024:15:16:52 +0900] "GET /mah.php HTTP/1.1" 301 162 "-" "Mozlila/5.0 (Linux; Android 7.0; SM-G892A Bulid/NRD90M; wv) AppleWebKit/537.36 (KHTML, like Gecko) Version/4.0 Chrome/60.0.3112.107 Moblie Safari/537.36" "-"
118.27.99.84 - - [23/Dec/2024:15:16:56 +0900] "POST /wp-cron.php?doing_wp_cron=1734934616.3663170337677001953125 HTTP/1.1" 503 299 "-" "WordPress/6.7.1; https://hamamatsu-yanesyuri.com" "-"
45.61.161.101 - - [23/Dec/2024:15:16:56 +0900] "GET /mah.php HTTP/1.1" 404 13598 "-" "Mozlila/5.0 (Linux; Android 7.0; SM-G892A Bulid/NRD90M; wv) AppleWebKit/537.36 (KHTML, like Gecko) Version/4.0 Chrome/60.0.3112.107 Moblie Safari/537.36" "-"
45.61.161.101 - - [23/Dec/2024:15:16:57 +0900] "GET /simple.php HTTP/1.1" 301 162 "-" "Mozlila/5.0 (Linux; Android 7.0; SM-G892A Bulid/NRD90M; wv) AppleWebKit/537.36 (KHTML, like Gecko) Version/4.0 Chrome/60.0.3112.107 Moblie Safari/537.36" "-"
45.61.161.101 - - [23/Dec/2024:15:16:59 +0900] "GET /simple.php HTTP/1.1" 404 13601 "-" "Mozlila/5.0 (Linux; Android 7.0; SM-G892A Bulid/NRD90M; wv) AppleWebKit/537.36 (KHTML, like Gecko) Version/4.0 Chrome/60.0.3112.107 Moblie Safari/537.36" "-"
45.61.161.101 - - [23/Dec/2024:15:17:01 +0900] "GET /chosen.php HTTP/1.1" 301 162 "-" "Mozlila/5.0 (Linux; Android 7.0; SM-G892A Bulid/NRD90M; wv) AppleWebKit/537.36 (KHTML, like Gecko) Version/4.0 Chrome/60.0.3112.107 Moblie Safari/537.36" "-"
45.61.161.101 - - [23/Dec/2024:15:17:04 +0900] "GET /chosen.php HTTP/1.1" 404 13606 "-" "Mozlila/5.0 (Linux; Android 7.0; SM-G892A Bulid/NRD90M; wv) AppleWebKit/537.36 (KHTML, like Gecko) Version/4.0 Chrome/60.0.3112.107 Moblie Safari/537.36" "-"
45.61.161.101 - - [23/Dec/2024:15:17:06 +0900] "GET /mah/function.php HTTP/1.1" 301 162 "-" "Mozlila/5.0 (Linux; Android 7.0; SM-G892A Bulid/NRD90M; wv) AppleWebKit/537.36 (KHTML, like Gecko) Version/4.0 Chrome/60.0.3112.107 Moblie Safari/537.36" "-"
45.61.161.101 - - [23/Dec/2024:15:17:08 +0900] "GET /mah/function.php HTTP/1.1" 404 13608 "-" "Mozlila/5.0 (Linux; Android 7.0; SM-G892A Bulid/NRD90M; wv) AppleWebKit/537.36 (KHTML, like Gecko) Version/4.0 Chrome/60.0.3112.107 Moblie Safari/537.36" "-"
45.61.161.101 - - [23/Dec/2024:15:17:09 +0900] "GET /wp-includes/ID3/index.php HTTP/1.1" 301 162 "-" "Mozlila/5.0 (Linux; Android 7.0; SM-G892A Bulid/NRD90M; wv) AppleWebKit/537.36 (KHTML, like Gecko) Version/4.0 Chrome/60.0.3112.107 Moblie Safari/537.36" "-"
45.61.161.101 - - [23/Dec/2024:15:17:12 +0900] "GET /wp-includes/ID3/index.php HTTP/1.1" 404 13621 "-" "Mozlila/5.0 (Linux; Android 7.0; SM-G892A Bulid/NRD90M; wv) AppleWebKit/537.36 (KHTML, like Gecko) Version/4.0 Chrome/60.0.3112.107 Moblie Safari/537.36" "-"
45.61.161.101 - - [23/Dec/2024:15:17:13 +0900] "GET /about.php HTTP/1.1" 301 162 "-" "Mozlila/5.0 (Linux; Android 7.0; SM-G892A Bulid/NRD90M; wv) AppleWebKit/537.36 (KHTML, like Gecko) Version/4.0 Chrome/60.0.3112.107 Moblie Safari/537.36" "-"
45.61.161.101 - - [23/Dec/2024:15:17:15 +0900] "GET /about.php HTTP/1.1" 503 428 "-" "Mozlila/5.0 (Linux; Android 7.0; SM-G892A Bulid/NRD90M; wv) AppleWebKit/537.36 (KHTML, like Gecko) Version/4.0 Chrome/60.0.3112.107 Moblie Safari/537.36" "-"
45.61.161.101 - - [23/Dec/2024:15:17:17 +0900] "GET /wp-content/plugins/newsfeed/nf.php HTTP/1.1" 301 162 "-" "Mozlila/5.0 (Linux; Android 7.0; SM-G892A Bulid/NRD90M; wv) AppleWebKit/537.36 (KHTML, like Gecko) Version/4.0 Chrome/60.0.3112.107 Moblie Safari/537.36" "-"
45.61.161.101 - - [23/Dec/2024:15:17:20 +0900] "GET /wp-content/plugins/newsfeed/nf.php HTTP/1.1" 404 13638 "-" "Mozlila/5.0 (Linux; Android 7.0; SM-G892A Bulid/NRD90M; wv) AppleWebKit/537.36 (KHTML, like Gecko) Version/4.0 Chrome/60.0.3112.107 Moblie Safari/537.36" "-"
45.61.161.101 - - [23/Dec/2024:15:17:22 +0900] "GET /wp-content/themes/deeto/login.php HTTP/1.1" 301 162 "-" "Mozlila/5.0 (Linux; Android 7.0; SM-G892A Bulid/NRD90M; wv) AppleWebKit/537.36 (KHTML, like Gecko) Version/4.0 Chrome/60.0.3112.107 Moblie Safari/537.36" "-"
45.61.161.101 - - [23/Dec/2024:15:17:25 +0900] "GET /wp-content/themes/deeto/login.php HTTP/1.1" 404 13642 "-" "Mozlila/5.0 (Linux; Android 7.0; SM-G892A Bulid/NRD90M; wv) AppleWebKit/537.36 (KHTML, like Gecko) Version/4.0 Chrome/60.0.3112.107 Moblie Safari/537.36" "-"
45.61.161.101 - - [23/Dec/2024:15:17:27 +0900] "GET /index/function.php HTTP/1.1" 301 162 "-" "Mozlila/5.0 (Linux; Android 7.0; SM-G892A Bulid/NRD90M; wv) AppleWebKit/537.36 (KHTML, like Gecko) Version/4.0 Chrome/60.0.3112.107 Moblie Safari/537.36" "-"
45.61.161.101 - - [23/Dec/2024:15:17:29 +0900] "GET /index/function.php HTTP/1.1" 503 428 "-" "Mozlila/5.0 (Linux; Android 7.0; SM-G892A Bulid/NRD90M; wv) AppleWebKit/537.36 (KHTML, like Gecko) Version/4.0 Chrome/60.0.3112.107 Moblie Safari/537.36" "-"
45.61.161.101 - - [23/Dec/2024:15:17:30 +0900] "GET /themes.php HTTP/1.1" 301 162 "-" "Mozlila/5.0 (Linux; Android 7.0; SM-G892A Bulid/NRD90M; wv) AppleWebKit/537.36 (KHTML, like Gecko) Version/4.0 Chrome/60.0.3112.107 Moblie Safari/537.36" "-"
45.61.161.101 - - [23/Dec/2024:15:17:33 +0900] "GET /themes.php HTTP/1.1" 404 13603 "-" "Mozlila/5.0 (Linux; Android 7.0; SM-G892A Bulid/NRD90M; wv) AppleWebKit/537.36 (KHTML, like Gecko) Version/4.0 Chrome/60.0.3112.107 Moblie Safari/537.36" "-"
45.61.161.101 - - [23/Dec/2024:15:17:34 +0900] "GET /wp-admin/network/index.php HTTP/1.1" 301 162 "-" "Mozlila/5.0 (Linux; Android 7.0; SM-G892A Bulid/NRD90M; wv) AppleWebKit/537.36 (KHTML, like Gecko) Version/4.0 Chrome/60.0.3112.107 Moblie Safari/537.36" "-"
45.61.161.101 - - [23/Dec/2024:15:17:35 +0900] "GET /wp-admin/network/index.php HTTP/1.1" 403 186 "-" "Mozlila/5.0 (Linux; Android 7.0; SM-G892A Bulid/NRD90M; wv) AppleWebKit/537.36 (KHTML, like Gecko) Version/4.0 Chrome/60.0.3112.107 Moblie Safari/537.36" "-"
45.61.161.101 - - [23/Dec/2024:15:17:37 +0900] "GET /wp-admin/images/index.php HTTP/1.1" 301 162 "-" "Mozlila/5.0 (Linux; Android 7.0; SM-G892A Bulid/NRD90M; wv) AppleWebKit/537.36 (KHTML, like Gecko) Version/4.0 Chrome/60.0.3112.107 Moblie Safari/537.36" "-"
45.61.161.101 - - [23/Dec/2024:15:17:39 +0900] "GET /wp-admin/images/index.php HTTP/1.1" 403 186 "-" "Mozlila/5.0 (Linux; Android 7.0; SM-G892A Bulid/NRD90M; wv) AppleWebKit/537.36 (KHTML, like Gecko) Version/4.0 Chrome/60.0.3112.107 Moblie Safari/537.36" "-"
45.61.161.101 - - [23/Dec/2024:15:17:40 +0900] "GET /wp-content/plugins/index.php HTTP/1.1" 301 162 "-" "Mozlila/5.0 (Linux; Android 7.0; SM-G892A Bulid/NRD90M; wv) AppleWebKit/537.36 (KHTML, like Gecko) Version/4.0 Chrome/60.0.3112.107 Moblie Safari/537.36" "-"
66.249.79.168 - - [23/Dec/2024:15:17:41 +0900] "GET /?_gl=1*1ix4f11*_gcl_au*MTYxMTI1OTI3MS4xNzIxODg2NjU0*_ga*ODYyMzk4MzA3LjE2OTk0NTM1Nzg.*_ga_7H42SVMQ0V*MTcyMTg4NjY1NS4xMjEuMS4xNzIxODg2NjY5LjQ2LjAuMA..&_ga=2.198040047.1958808748.1721886654-862398307.1699453578&_bdsid=2ulvIJ.n~ZXCIW.1721886656070.1721886848&_bd_prev_page=https://hamamatsu-yanesyuri.com/detail.php?yjupe/z2096257.html HTTP/1.1" 503 299 "-" "Mozilla/5.0 (Linux; Android 6.0.1; Nexus 5X Build/MMB29P) AppleWebKit/537.36 (KHTML, like Gecko) Chrome/131.0.6778.139 Mobile Safari/537.36 (compatible; Googlebot/2.1; +http://www.google.com/bot.html)" "-"
45.61.161.101 - - [23/Dec/2024:15:17:41 +0900] "GET /wp-content/plugins/index.php HTTP/1.1" 200 0 "-" "Mozlila/5.0 (Linux; Android 7.0; SM-G892A Bulid/NRD90M; wv) AppleWebKit/537.36 (KHTML, like Gecko) Version/4.0 Chrome/60.0.3112.107 Moblie Safari/537.36" "-"
45.61.161.101 - - [23/Dec/2024:15:17:42 +0900] "GET /dropdown.php HTTP/1.1" 301 162 "-" "Mozlila/5.0 (Linux; Android 7.0; SM-G892A Bulid/NRD90M; wv) AppleWebKit/537.36 (KHTML, like Gecko) Version/4.0 Chrome/60.0.3112.107 Moblie Safari/537.36" "-"
45.61.161.101 - - [23/Dec/2024:15:17:45 +0900] "GET /dropdown.php HTTP/1.1" 404 13605 "-" "Mozlila/5.0 (Linux; Android 7.0; SM-G892A Bulid/NRD90M; wv) AppleWebKit/537.36 (KHTML, like Gecko) Version/4.0 Chrome/60.0.3112.107 Moblie Safari/537.36" "-"
45.61.161.101 - - [23/Dec/2024:15:17:45 +0900] "GET /wp-add.php?a=c HTTP/1.1" 301 162 "-" "Mozlila/5.0 (Linux; Android 7.0; SM-G892A Bulid/NRD90M; wv) AppleWebKit/537.36 (KHTML, like Gecko) Version/4.0 Chrome/60.0.3112.107 Moblie Safari/537.36" "-"
45.61.161.101 - - [23/Dec/2024:15:17:48 +0900] "GET /wp-add.php?a=c HTTP/1.1" 404 13611 "-" "Mozlila/5.0 (Linux; Android 7.0; SM-G892A Bulid/NRD90M; wv) AppleWebKit/537.36 (KHTML, like Gecko) Version/4.0 Chrome/60.0.3112.107 Moblie Safari/537.36" "-"
45.61.161.101 - - [23/Dec/2024:15:17:50 +0900] "GET /wp-content/plugins/pwnd/pwnd.php HTTP/1.1" 301 162 "-" "Mozlila/5.0 (Linux; Android 7.0; SM-G892A Bulid/NRD90M; wv) AppleWebKit/537.36 (KHTML, like Gecko) Version/4.0 Chrome/60.0.3112.107 Moblie Safari/537.36" "-"
45.61.161.101 - - [23/Dec/2024:15:17:52 +0900] "GET /wp-content/plugins/pwnd/pwnd.php HTTP/1.1" 404 13633 "-" "Mozlila/5.0 (Linux; Android 7.0; SM-G892A Bulid/NRD90M; wv) AppleWebKit/537.36 (KHTML, like Gecko) Version/4.0 Chrome/60.0.3112.107 Moblie Safari/537.36" "-"
66.249.79.166 - - [23/Dec/2024:15:20:23 +0900] "GET /?_gl=1*1ix4f11*_gcl_au*MTYxMTI1OTI3MS4xNzIxODg2NjU0*_ga*ODYyMzk4MzA3LjE2OTk0NTM1Nzg.*_ga_7H42SVMQ0V*MTcyMTg4NjY1NS4xMjEuMS4xNzIxODg2NjY5LjQ2LjAuMA..&_ga=2.198040047.1958808748.1721886654-862398307.1699453578&_bdsid=2ulvIJ.n~ZXCIW.1721886656070.1721886848&_bd_prev_page=https://hamamatsu-yanesyuri.com/detail.php?qmtzk/l959783.html HTTP/1.1" 503 299 "-" "Mozilla/5.0 (Linux; Android 6.0.1; Nexus 5X Build/MMB29P) AppleWebKit/537.36 (KHTML, like Gecko) Chrome/131.0.6778.139 Mobile Safari/537.36 (compatible; Googlebot/2.1; +http://www.google.com/bot.html)" "-"
52.167.144.162 - - [23/Dec/2024:15:20:29 +0900] "GET /lgrzb/j282065.html HTTP/2.0" 200 100001 "-" "Mozilla/5.0 AppleWebKit/537.36 (KHTML, like Gecko; compatible; bingbot/2.0; +http://www.bing.com/bingbot.htm) Chrome/116.0.1938.76 Safari/537.36" "-"
40.77.167.6 - - [23/Dec/2024:15:20:48 +0900] "GET /cvlpv/f1078441.html HTTP/2.0" 200 101224 "-" "Mozilla/5.0 AppleWebKit/537.36 (KHTML, like Gecko; compatible; bingbot/2.0; +http://www.bing.com/bingbot.htm) Chrome/116.0.1938.76 Safari/537.36" "-"
66.249.79.167 - - [23/Dec/2024:15:23:50 +0900] "GET /?_gl=1*1ix4f11*_gcl_au*MTYxMTI1OTI3MS4xNzIxODg2NjU0*_ga*ODYyMzk4MzA3LjE2OTk0NTM1Nzg.*_ga_7H42SVMQ0V*MTcyMTg4NjY1NS4xMjEuMS4xNzIxODg2NjY5LjQ2LjAuMA..&_ga=2.198040047.1958808748.1721886654-862398307.1699453578&_bdsid=2ulvIJ.n~ZXCIW.1721886656070.1721886848&_bd_prev_page=https://hamamatsu-yanesyuri.com/detail.php?jgmjl/d1679975.html HTTP/1.1" 503 299 "-" "Mozilla/5.0 (Linux; Android 6.0.1; Nexus 5X Build/MMB29P) AppleWebKit/537.36 (KHTML, like Gecko) Chrome/131.0.6778.139 Mobile Safari/537.36 (compatible; Googlebot/2.1; +http://www.google.com/bot.html)" "-"
202.180.34.186 - - [23/Dec/2024:15:25:41 +0900] "GET /robots.txt HTTP/1.1" 200 77 "-" "ICC-Crawler/3.0 (Mozilla-compatible; ; https://ucri.nict.go.jp/en/icccrawler.html)" "-"
118.27.99.84 - - [23/Dec/2024:15:26:05 +0900] "POST /wp-cron.php?doing_wp_cron=1734935164.1878359317779541015625 HTTP/1.1" 200 118 "-" "WordPress/6.7.1; https://hamamatsu-yanesyuri.com" "-"
202.180.34.186 - - [23/Dec/2024:15:26:05 +0900] "GET /knowledge/%E3%81%94%E8%87%AA%E5%AE%85%E3%81%AE%E9%9B%A8%E6%BC%8F%E3%82%8A%E3%81%AF%E3%81%A9%E3%81%93%E3%81%8B%E3%82%89%EF%BC%9F%E3%82%88%E3%81%8F%E3%81%82%E3%82%8B%E9%9B%A8%E6%BC%8F%E3%82%8A%E7%99%BA%E7%94%9F/ HTTP/1.1" 200 146065 "-" "ICC-Crawler/3.0 (Mozilla-compatible; ; https://ucri.nict.go.jp/en/icccrawler.html)" "-"
202.180.34.186 - - [23/Dec/2024:15:26:26 +0900] "GET /knowledge/%E5%B1%8B%E6%A0%B9%E4%BF%AE%E7%90%86%E6%A5%AD%E8%80%85%E3%81%AE%E3%83%9B%E3%83%BC%E3%83%A0%E3%83%9A%E3%83%BC%E3%82%B8%E3%81%A7%E5%BF%85%E3%81%9A%E7%A2%BA%E8%AA%8D%E3%81%99%E3%81%B9%E3%81%8D%E3%81%93/ HTTP/1.1" 200 138343 "-" "ICC-Crawler/3.0 (Mozilla-compatible; ; https://ucri.nict.go.jp/en/icccrawler.html)" "-"
66.249.79.168 - - [23/Dec/2024:15:26:44 +0900] "GET /?_gl=1*1ix4f11*_gcl_au*MTYxMTI1OTI3MS4xNzIxODg2NjU0*_ga*ODYyMzk4MzA3LjE2OTk0NTM1Nzg.*_ga_7H42SVMQ0V*MTcyMTg4NjY1NS4xMjEuMS4xNzIxODg2NjY5LjQ2LjAuMA..&_ga=2.198040047.1958808748.1721886654-862398307.1699453578&_bdsid=2ulvIJ.n~ZXCIW.1721886656070.1721886848&_bd_prev_page=https://hamamatsu-yanesyuri.com/detail.php?ukwhc/a2982338.html HTTP/1.1" 200 101380 "-" "Mozilla/5.0 (Linux; Android 6.0.1; Nexus 5X Build/MMB29P) AppleWebKit/537.36 (KHTML, like Gecko) Chrome/131.0.6778.139 Mobile Safari/537.36 (compatible; Googlebot/2.1; +http://www.google.com/bot.html)" "-"
40.77.167.68 - - [23/Dec/2024:15:26:45 +0900] "GET /fecei/d1355209.html HTTP/2.0" 200 100803 "-" "Mozilla/5.0 AppleWebKit/537.36 (KHTML, like Gecko; compatible; bingbot/2.0; +http://www.bing.com/bingbot.htm) Chrome/116.0.1938.76 Safari/537.36" "-"
118.27.99.84 - - [23/Dec/2024:15:26:45 +0900] "POST /wp-cron.php?doing_wp_cron=1734935204.8687698841094970703125 HTTP/1.1" 200 118 "-" "WordPress/6.7.1; https://hamamatsu-yanesyuri.com" "-"
202.180.34.186 - - [23/Dec/2024:15:26:45 +0900] "GET /suggestion/ HTTP/1.1" 200 73386 "-" "ICC-Crawler/3.0 (Mozilla-compatible; ; https://ucri.nict.go.jp/en/icccrawler.html)" "-"
202.180.34.186 - - [23/Dec/2024:15:27:05 +0900] "GET /wp-json/oembed/1.0/embed?url=https%3A%2F%2Fhamamatsu-yanesyuri.com%2Fcompany%2F HTTP/1.1" 200 3157 "-" "ICC-Crawler/3.0 (Mozilla-compatible; ; https://ucri.nict.go.jp/en/icccrawler.html)" "-"
202.180.34.186 - - [23/Dec/2024:15:27:24 +0900] "GET /promise/ HTTP/1.1" 200 89471 "-" "ICC-Crawler/3.0 (Mozilla-compatible; ; https://ucri.nict.go.jp/en/icccrawler.html)" "-"
118.27.99.84 - - [23/Dec/2024:15:27:41 +0900] "POST /wp-cron.php?doing_wp_cron=1734935260.9646050930023193359375 HTTP/1.1" 200 118 "-" "WordPress/6.7.1; https://hamamatsu-yanesyuri.com" "-"
202.180.34.186 - - [23/Dec/2024:15:27:41 +0900] "GET /60/ HTTP/1.1" 200 121625 "-" "ICC-Crawler/3.0 (Mozilla-compatible; ; https://ucri.nict.go.jp/en/icccrawler.html)" "-"
202.180.34.186 - - [23/Dec/2024:15:27:55 +0900] "GET /?p=984 HTTP/1.1" 404 48974 "-" "ICC-Crawler/3.0 (Mozilla-compatible; ; https://ucri.nict.go.jp/en/icccrawler.html)" "-"
202.180.34.186 - - [23/Dec/2024:15:28:07 +0900] "GET /subsidy/ HTTP/1.1" 200 60435 "-" "ICC-Crawler/3.0 (Mozilla-compatible; ; https://ucri.nict.go.jp/en/icccrawler.html)" "-"
66.249.79.168 - - [23/Dec/2024:15:30:16 +0900] "GET /?_gl=1*1ix4f11*_gcl_au*MTYxMTI1OTI3MS4xNzIxODg2NjU0*_ga*ODYyMzk4MzA3LjE2OTk0NTM1Nzg.*_ga_7H42SVMQ0V*MTcyMTg4NjY1NS4xMjEuMS4xNzIxODg2NjY5LjQ2LjAuMA..&_ga=2.198040047.1958808748.1721886654-862398307.1699453578&_bdsid=2ulvIJ.n~ZXCIW.1721886656070.1721886848&_bd_prev_page=https://hamamatsu-yanesyuri.com/detail.php?hbmyr/w1221848.html HTTP/1.1" 200 101489 "-" "Mozilla/5.0 (Linux; Android 6.0.1; Nexus 5X Build/MMB29P) AppleWebKit/537.36 (KHTML, like Gecko) Chrome/131.0.6778.139 Mobile Safari/537.36 (compatible; Googlebot/2.1; +http://www.google.com/bot.html)" "-"
66.249.79.167 - - [23/Dec/2024:15:32:45 +0900] "GET /?_gl=1*1ix4f11*_gcl_au*MTYxMTI1OTI3MS4xNzIxODg2NjU0*_ga*ODYyMzk4MzA3LjE2OTk0NTM1Nzg.*_ga_7H42SVMQ0V*MTcyMTg4NjY1NS4xMjEuMS4xNzIxODg2NjY5LjQ2LjAuMA..&_ga=2.198040047.1958808748.1721886654-862398307.1699453578&_bdsid=2ulvIJ.n~ZXCIW.1721886656070.1721886848&_bd_prev_page=https://hamamatsu-yanesyuri.com/detail.php?vgzfp/a2658690.html HTTP/1.1" 503 299 "-" "Mozilla/5.0 (Linux; Android 6.0.1; Nexus 5X Build/MMB29P) AppleWebKit/537.36 (KHTML, like Gecko) Chrome/131.0.6778.139 Mobile Safari/537.36 (compatible; Googlebot/2.1; +http://www.google.com/bot.html)" "-"
205.169.39.53 - - [23/Dec/2024:15:34:18 +0900] "GET / HTTP/1.1" 301 162 "-" "Mozilla/5.0 (Windows NT 10.0) AppleWebKit/537.36 (KHTML, like Gecko) Chrome/106.0.0.0 Safari/537.36" "-"
205.169.39.53 - - [23/Dec/2024:15:34:20 +0900] "GET / HTTP/1.1" 503 299 "http://hamamatsu-yanesyuri.com" "Mozilla/5.0 (Windows NT 10.0) AppleWebKit/537.36 (KHTML, like Gecko) Chrome/106.0.0.0 Safari/537.36" "-"
66.249.79.168 - - [23/Dec/2024:15:35:46 +0900] "GET /?_gl=1*1ix4f11*_gcl_au*MTYxMTI1OTI3MS4xNzIxODg2NjU0*_ga*ODYyMzk4MzA3LjE2OTk0NTM1Nzg.*_ga_7H42SVMQ0V*MTcyMTg4NjY1NS4xMjEuMS4xNzIxODg2NjY5LjQ2LjAuMA..&_ga=2.198040047.1958808748.1721886654-862398307.1699453578&_bdsid=2ulvIJ.n~ZXCIW.1721886656070.1721886848&_bd_prev_page=https://hamamatsu-yanesyuri.com/detail.php?frqec/c2819112.html HTTP/1.1" 503 299 "-" "Mozilla/5.0 (Linux; Android 6.0.1; Nexus 5X Build/MMB29P) AppleWebKit/537.36 (KHTML, like Gecko) Chrome/131.0.6778.139 Mobile Safari/537.36 (compatible; Googlebot/2.1; +http://www.google.com/bot.html)" "-"
66.249.79.167 - - [23/Dec/2024:15:38:47 +0900] "GET /?_gl=1*1ix4f11*_gcl_au*MTYxMTI1OTI3MS4xNzIxODg2NjU0*_ga*ODYyMzk4MzA3LjE2OTk0NTM1Nzg.*_ga_7H42SVMQ0V*MTcyMTg4NjY1NS4xMjEuMS4xNzIxODg2NjY5LjQ2LjAuMA..&_ga=2.198040047.1958808748.1721886654-862398307.1699453578&_bdsid=2ulvIJ.n~ZXCIW.1721886656070.1721886848&_bd_prev_page=https://hamamatsu-yanesyuri.com/detail.php?qovqf/n1571019.html HTTP/1.1" 200 102638 "-" "Mozilla/5.0 (Linux; Android 6.0.1; Nexus 5X Build/MMB29P) AppleWebKit/537.36 (KHTML, like Gecko) Chrome/131.0.6778.139 Mobile Safari/537.36 (compatible; Googlebot/2.1; +http://www.google.com/bot.html)" "-"
66.249.79.168 - - [23/Dec/2024:15:40:53 +0900] "GET /noucn/k896108.html HTTP/1.1" 200 100379 "-" "Mozilla/5.0 (Linux; Android 6.0.1; Nexus 5X Build/MMB29P) AppleWebKit/537.36 (KHTML, like Gecko) Chrome/131.0.6778.139 Mobile Safari/537.36 (compatible; Googlebot/2.1; +http://www.google.com/bot.html)" "-"
66.249.79.166 - - [23/Dec/2024:15:41:24 +0900] "GET /eexgl/w2505156.html HTTP/1.1" 200 100068 "-" "Mozilla/5.0 (Linux; Android 6.0.1; Nexus 5X Build/MMB29P) AppleWebKit/537.36 (KHTML, like Gecko) Chrome/131.0.6778.139 Mobile Safari/537.36 (compatible; GoogleOther)" "-"
66.249.79.166 - - [23/Dec/2024:15:45:59 +0900] "GET /?_gl=1*1ix4f11*_gcl_au*MTYxMTI1OTI3MS4xNzIxODg2NjU0*_ga*ODYyMzk4MzA3LjE2OTk0NTM1Nzg.*_ga_7H42SVMQ0V*MTcyMTg4NjY1NS4xMjEuMS4xNzIxODg2NjY5LjQ2LjAuMA..&_ga=2.198040047.1958808748.1721886654-862398307.1699453578&_bdsid=2ulvIJ.n~ZXCIW.1721886656070.1721886848&_bd_prev_page=https://hamamatsu-yanesyuri.com/detail.php?wnfwm/v141885.html HTTP/1.1" 503 299 "-" "Mozilla/5.0 (Linux; Android 6.0.1; Nexus 5X Build/MMB29P) AppleWebKit/537.36 (KHTML, like Gecko) Chrome/131.0.6778.139 Mobile Safari/537.36 (compatible; Googlebot/2.1; +http://www.google.com/bot.html)" "-"
66.249.79.166 - - [23/Dec/2024:15:48:55 +0900] "GET /?_gl=1*1ix4f11*_gcl_au*MTYxMTI1OTI3MS4xNzIxODg2NjU0*_ga*ODYyMzk4MzA3LjE2OTk0NTM1Nzg.*_ga_7H42SVMQ0V*MTcyMTg4NjY1NS4xMjEuMS4xNzIxODg2NjY5LjQ2LjAuMA..&_ga=2.198040047.1958808748.1721886654-862398307.1699453578&_bdsid=2ulvIJ.n~ZXCIW.1721886656070.1721886848&_bd_prev_page=https://hamamatsu-yanesyuri.com/detail.php?pxjfy/e275872.html HTTP/1.1" 200 102206 "-" "Mozilla/5.0 (Linux; Android 6.0.1; Nexus 5X Build/MMB29P) AppleWebKit/537.36 (KHTML, like Gecko) Chrome/131.0.6778.139 Mobile Safari/537.36 (compatible; Googlebot/2.1; +http://www.google.com/bot.html)" "-"
66.249.79.168 - - [23/Dec/2024:15:52:13 +0900] "GET /?_gl=1*1ix4f11*_gcl_au*MTYxMTI1OTI3MS4xNzIxODg2NjU0*_ga*ODYyMzk4MzA3LjE2OTk0NTM1Nzg.*_ga_7H42SVMQ0V*MTcyMTg4NjY1NS4xMjEuMS4xNzIxODg2NjY5LjQ2LjAuMA..&_ga=2.198040047.1958808748.1721886654-862398307.1699453578&_bdsid=2ulvIJ.n~ZXCIW.1721886656070.1721886848&_bd_prev_page=https://hamamatsu-yanesyuri.com/detail.php?qguzy/t1305461.html HTTP/1.1" 200 101519 "-" "Mozilla/5.0 (Linux; Android 6.0.1; Nexus 5X Build/MMB29P) AppleWebKit/537.36 (KHTML, like Gecko) Chrome/131.0.6778.139 Mobile Safari/537.36 (compatible; Googlebot/2.1; +http://www.google.com/bot.html)" "-"
87.120.127.163 - - [23/Dec/2024:15:54:10 +0900] "GET /wp-admin/maint/file.php HTTP/1.1" 403 186 "-" "Mozlila/5.0 (Linux; Android 7.0; SM-G892A Bulid/NRD90M; wv) AppleWebKit/537.36 (KHTML, like Gecko) Version/4.0 Chrome/60.0.3112.107 Moblie Safari/537.36" "-"
87.120.127.163 - - [23/Dec/2024:15:54:12 +0900] "GET /wp-admin/maint/chosen.php HTTP/1.1" 403 186 "-" "Mozlila/5.0 (Linux; Android 7.0; SM-G892A Bulid/NRD90M; wv) AppleWebKit/537.36 (KHTML, like Gecko) Version/4.0 Chrome/60.0.3112.107 Moblie Safari/537.36" "-"
118.27.99.84 - - [23/Dec/2024:15:54:16 +0900] "POST /wp-cron.php?doing_wp_cron=1734936855.2325000762939453125000 HTTP/1.1" 200 118 "-" "WordPress/6.7.1; https://hamamatsu-yanesyuri.com" "-"
87.120.127.163 - - [23/Dec/2024:15:54:16 +0900] "GET /autoload_classmap.php HTTP/1.1" 404 13608 "-" "Mozlila/5.0 (Linux; Android 7.0; SM-G892A Bulid/NRD90M; wv) AppleWebKit/537.36 (KHTML, like Gecko) Version/4.0 Chrome/60.0.3112.107 Moblie Safari/537.36" "-"
87.120.127.163 - - [23/Dec/2024:15:54:17 +0900] "GET /wp-admin/includes/chosen.php HTTP/1.1" 403 186 "-" "Mozlila/5.0 (Linux; Android 7.0; SM-G892A Bulid/NRD90M; wv) AppleWebKit/537.36 (KHTML, like Gecko) Version/4.0 Chrome/60.0.3112.107 Moblie Safari/537.36" "-"
87.120.127.163 - - [23/Dec/2024:15:54:18 +0900] "GET /wp-admin/maint/wp-act.php HTTP/1.1" 403 186 "-" "Mozlila/5.0 (Linux; Android 7.0; SM-G892A Bulid/NRD90M; wv) AppleWebKit/537.36 (KHTML, like Gecko) Version/4.0 Chrome/60.0.3112.107 Moblie Safari/537.36" "-"
87.120.127.163 - - [23/Dec/2024:15:54:19 +0900] "GET /wp-admin/maint/go.php HTTP/1.1" 403 186 "-" "Mozlila/5.0 (Linux; Android 7.0; SM-G892A Bulid/NRD90M; wv) AppleWebKit/537.36 (KHTML, like Gecko) Version/4.0 Chrome/60.0.3112.107 Moblie Safari/537.36" "-"
87.120.127.163 - - [23/Dec/2024:15:54:21 +0900] "GET /wp-includes/157.php HTTP/1.1" 503 428 "-" "Mozlila/5.0 (Linux; Android 7.0; SM-G892A Bulid/NRD90M; wv) AppleWebKit/537.36 (KHTML, like Gecko) Version/4.0 Chrome/60.0.3112.107 Moblie Safari/537.36" "-"
87.120.127.163 - - [23/Dec/2024:15:54:22 +0900] "GET /wp-admin/includes/autoload_classmap.php HTTP/1.1" 403 186 "-" "Mozlila/5.0 (Linux; Android 7.0; SM-G892A Bulid/NRD90M; wv) AppleWebKit/537.36 (KHTML, like Gecko) Version/4.0 Chrome/60.0.3112.107 Moblie Safari/537.36" "-"
87.120.127.163 - - [23/Dec/2024:15:54:24 +0900] "GET /wp-includes/rk2.php HTTP/1.1" 404 13612 "-" "Mozlila/5.0 (Linux; Android 7.0; SM-G892A Bulid/NRD90M; wv) AppleWebKit/537.36 (KHTML, like Gecko) Version/4.0 Chrome/60.0.3112.107 Moblie Safari/537.36" "-"
87.120.127.163 - - [23/Dec/2024:15:54:27 +0900] "GET /wp-includes/Text/file.php HTTP/1.1" 404 13620 "-" "Mozlila/5.0 (Linux; Android 7.0; SM-G892A Bulid/NRD90M; wv) AppleWebKit/537.36 (KHTML, like Gecko) Version/4.0 Chrome/60.0.3112.107 Moblie Safari/537.36" "-"
87.120.127.163 - - [23/Dec/2024:15:54:29 +0900] "GET /wp-includes/assets/autoload_classmap.php HTTP/1.1" 404 13628 "-" "Mozlila/5.0 (Linux; Android 7.0; SM-G892A Bulid/NRD90M; wv) AppleWebKit/537.36 (KHTML, like Gecko) Version/4.0 Chrome/60.0.3112.107 Moblie Safari/537.36" "-"
87.120.127.163 - - [23/Dec/2024:15:54:31 +0900] "GET /wp-includes/blocks/autoload_classmap.php HTTP/1.1" 404 13632 "-" "Mozlila/5.0 (Linux; Android 7.0; SM-G892A Bulid/NRD90M; wv) AppleWebKit/537.36 (KHTML, like Gecko) Version/4.0 Chrome/60.0.3112.107 Moblie Safari/537.36" "-"
87.120.127.163 - - [23/Dec/2024:15:54:33 +0900] "GET /wp-includes/fonts/file.php HTTP/1.1" 404 13623 "-" "Mozlila/5.0 (Linux; Android 7.0; SM-G892A Bulid/NRD90M; wv) AppleWebKit/537.36 (KHTML, like Gecko) Version/4.0 Chrome/60.0.3112.107 Moblie Safari/537.36" "-"
118.27.99.84 - - [23/Dec/2024:15:54:36 +0900] "POST /wp-cron.php?doing_wp_cron=1734936876.4793040752410888671875 HTTP/1.1" 503 299 "-" "WordPress/6.7.1; https://hamamatsu-yanesyuri.com" "-"
87.120.127.163 - - [23/Dec/2024:15:54:36 +0900] "GET /wp-includes/PHPMailer/autoload_classmap.php HTTP/1.1" 404 13633 "-" "Mozlila/5.0 (Linux; Android 7.0; SM-G892A Bulid/NRD90M; wv) AppleWebKit/537.36 (KHTML, like Gecko) Version/4.0 Chrome/60.0.3112.107 Moblie Safari/537.36" "-"
87.120.127.163 - - [23/Dec/2024:15:54:37 +0900] "GET /wp-admin/includes/rk2.php HTTP/1.1" 403 186 "-" "Mozlila/5.0 (Linux; Android 7.0; SM-G892A Bulid/NRD90M; wv) AppleWebKit/537.36 (KHTML, like Gecko) Version/4.0 Chrome/60.0.3112.107 Moblie Safari/537.36" "-"
87.120.127.163 - - [23/Dec/2024:15:54:40 +0900] "GET /wp-includes/assets/chosen.php HTTP/1.1" 404 13620 "-" "Mozlila/5.0 (Linux; Android 7.0; SM-G892A Bulid/NRD90M; wv) AppleWebKit/537.36 (KHTML, like Gecko) Version/4.0 Chrome/60.0.3112.107 Moblie Safari/537.36" "-"
87.120.127.163 - - [23/Dec/2024:15:54:42 +0900] "GET /wp-includes/images/chosen.php HTTP/1.1" 404 13619 "-" "Mozlila/5.0 (Linux; Android 7.0; SM-G892A Bulid/NRD90M; wv) AppleWebKit/537.36 (KHTML, like Gecko) Version/4.0 Chrome/60.0.3112.107 Moblie Safari/537.36" "-"
87.120.127.163 - - [23/Dec/2024:15:54:44 +0900] "GET /wp-includes/chosen.php HTTP/1.1" 404 13613 "-" "Mozlila/5.0 (Linux; Android 7.0; SM-G892A Bulid/NRD90M; wv) AppleWebKit/537.36 (KHTML, like Gecko) Version/4.0 Chrome/60.0.3112.107 Moblie Safari/537.36" "-"
87.120.127.163 - - [23/Dec/2024:15:54:46 +0900] "GET /wp-includes/worksec.php HTTP/1.1" 503 428 "-" "Mozlila/5.0 (Linux; Android 7.0; SM-G892A Bulid/NRD90M; wv) AppleWebKit/537.36 (KHTML, like Gecko) Version/4.0 Chrome/60.0.3112.107 Moblie Safari/537.36" "-"
66.249.79.168 - - [23/Dec/2024:15:54:46 +0900] "GET /?_gl=1*1ix4f11*_gcl_au*MTYxMTI1OTI3MS4xNzIxODg2NjU0*_ga*ODYyMzk4MzA3LjE2OTk0NTM1Nzg.*_ga_7H42SVMQ0V*MTcyMTg4NjY1NS4xMjEuMS4xNzIxODg2NjY5LjQ2LjAuMA..&_ga=2.198040047.1958808748.1721886654-862398307.1699453578&_bdsid=2ulvIJ.n~ZXCIW.1721886656070.1721886848&_bd_prev_page=https://hamamatsu-yanesyuri.com/detail.php?xlksq/z2339331.html HTTP/1.1" 200 102151 "-" "Mozilla/5.0 (Linux; Android 6.0.1; Nexus 5X Build/MMB29P) AppleWebKit/537.36 (KHTML, like Gecko) Chrome/131.0.6778.139 Mobile Safari/537.36 (compatible; Googlebot/2.1; +http://www.google.com/bot.html)" "-"
87.120.127.163 - - [23/Dec/2024:15:54:46 +0900] "GET /wp-admin/maint/webdb.php HTTP/1.1" 403 186 "-" "Mozlila/5.0 (Linux; Android 7.0; SM-G892A Bulid/NRD90M; wv) AppleWebKit/537.36 (KHTML, like Gecko) Version/4.0 Chrome/60.0.3112.107 Moblie Safari/537.36" "-"
87.120.127.163 - - [23/Dec/2024:15:54:49 +0900] "GET /wp-includes/r.php HTTP/1.1" 404 13609 "-" "Mozlila/5.0 (Linux; Android 7.0; SM-G892A Bulid/NRD90M; wv) AppleWebKit/537.36 (KHTML, like Gecko) Version/4.0 Chrome/60.0.3112.107 Moblie Safari/537.36" "-"
87.120.127.163 - - [23/Dec/2024:15:54:49 +0900] "GET /wp-admin/maint/mlm.php HTTP/1.1" 403 186 "-" "Mozlila/5.0 (Linux; Android 7.0; SM-G892A Bulid/NRD90M; wv) AppleWebKit/537.36 (KHTML, like Gecko) Version/4.0 Chrome/60.0.3112.107 Moblie Safari/537.36" "-"
87.120.127.163 - - [23/Dec/2024:15:54:50 +0900] "GET /wp-admin/maint/wp-damin.php HTTP/1.1" 403 186 "-" "Mozlila/5.0 (Linux; Android 7.0; SM-G892A Bulid/NRD90M; wv) AppleWebKit/537.36 (KHTML, like Gecko) Version/4.0 Chrome/60.0.3112.107 Moblie Safari/537.36" "-"
87.120.127.163 - - [23/Dec/2024:15:54:52 +0900] "GET /worksec.php HTTP/1.1" 404 13610 "-" "Mozlila/5.0 (Linux; Android 7.0; SM-G892A Bulid/NRD90M; wv) AppleWebKit/537.36 (KHTML, like Gecko) Version/4.0 Chrome/60.0.3112.107 Moblie Safari/537.36" "-"
87.120.127.163 - - [23/Dec/2024:15:54:53 +0900] "GET /wp-admin/maint/smile.php HTTP/1.1" 403 186 "-" "Mozlila/5.0 (Linux; Android 7.0; SM-G892A Bulid/NRD90M; wv) AppleWebKit/537.36 (KHTML, like Gecko) Version/4.0 Chrome/60.0.3112.107 Moblie Safari/537.36" "-"
66.249.79.167 - - [23/Dec/2024:15:58:48 +0900] "GET /?_gl=1*1ix4f11*_gcl_au*MTYxMTI1OTI3MS4xNzIxODg2NjU0*_ga*ODYyMzk4MzA3LjE2OTk0NTM1Nzg.*_ga_7H42SVMQ0V*MTcyMTg4NjY1NS4xMjEuMS4xNzIxODg2NjY5LjQ2LjAuMA..&_ga=2.198040047.1958808748.1721886654-862398307.1699453578&_bdsid=2ulvIJ.n~ZXCIW.1721886656070.1721886848&_bd_prev_page=https://hamamatsu-yanesyuri.com/detail.php?noffy/m1942350.html HTTP/1.1" 200 102571 "-" "Mozilla/5.0 (Linux; Android 6.0.1; Nexus 5X Build/MMB29P) AppleWebKit/537.36 (KHTML, like Gecko) Chrome/131.0.6778.139 Mobile Safari/537.36 (compatible; Googlebot/2.1; +http://www.google.com/bot.html)" "-"
40.77.167.65 - - [23/Dec/2024:15:59:15 +0900] "GET /lwvsi/h370229.html HTTP/2.0" 503 428 "-" "Mozilla/5.0 AppleWebKit/537.36 (KHTML, like Gecko; compatible; bingbot/2.0; +http://www.bing.com/bingbot.htm) Chrome/116.0.1938.76 Safari/537.36" "-"
52.167.144.161 - - [23/Dec/2024:16:00:48 +0900] "GET /ctfvx/l343817.html HTTP/2.0" 200 100719 "-" "Mozilla/5.0 AppleWebKit/537.36 (KHTML, like Gecko; compatible; bingbot/2.0; +http://www.bing.com/bingbot.htm) Chrome/116.0.1938.76 Safari/537.36" "-"
66.249.79.166 - - [23/Dec/2024:16:02:43 +0900] "GET /?_gl=1*1ix4f11*_gcl_au*MTYxMTI1OTI3MS4xNzIxODg2NjU0*_ga*ODYyMzk4MzA3LjE2OTk0NTM1Nzg.*_ga_7H42SVMQ0V*MTcyMTg4NjY1NS4xMjEuMS4xNzIxODg2NjY5LjQ2LjAuMA..&_ga=2.198040047.1958808748.1721886654-862398307.1699453578&_bdsid=2ulvIJ.n~ZXCIW.1721886656070.1721886848&_bd_prev_page=https://hamamatsu-yanesyuri.com/detail.php?uaphu/k2775336.html HTTP/1.1" 200 102512 "-" "Mozilla/5.0 (Linux; Android 6.0.1; Nexus 5X Build/MMB29P) AppleWebKit/537.36 (KHTML, like Gecko) Chrome/131.0.6778.139 Mobile Safari/537.36 (compatible; Googlebot/2.1; +http://www.google.com/bot.html)" "-"
66.249.79.167 - - [23/Dec/2024:16:04:54 +0900] "GET /?_gl=1*1ix4f11*_gcl_au*MTYxMTI1OTI3MS4xNzIxODg2NjU0*_ga*ODYyMzk4MzA3LjE2OTk0NTM1Nzg.*_ga_7H42SVMQ0V*MTcyMTg4NjY1NS4xMjEuMS4xNzIxODg2NjY5LjQ2LjAuMA..&_ga=2.198040047.1958808748.1721886654-862398307.1699453578&_bdsid=2ulvIJ.n~ZXCIW.1721886656070.1721886848&_bd_prev_page=https://hamamatsu-yanesyuri.com/detail.php?bnexe/s1173224.html HTTP/1.1" 200 102964 "-" "Mozilla/5.0 (Linux; Android 6.0.1; Nexus 5X Build/MMB29P) AppleWebKit/537.36 (KHTML, like Gecko) Chrome/131.0.6778.139 Mobile Safari/537.36 (compatible; Googlebot/2.1; +http://www.google.com/bot.html)" "-"
66.249.79.168 - - [23/Dec/2024:16:07:18 +0900] "GET /?_gl=1*1ix4f11*_gcl_au*MTYxMTI1OTI3MS4xNzIxODg2NjU0*_ga*ODYyMzk4MzA3LjE2OTk0NTM1Nzg.*_ga_7H42SVMQ0V*MTcyMTg4NjY1NS4xMjEuMS4xNzIxODg2NjY5LjQ2LjAuMA..&_ga=2.198040047.1958808748.1721886654-862398307.1699453578&_bdsid=2ulvIJ.n~ZXCIW.1721886656070.1721886848&_bd_prev_page=https://hamamatsu-yanesyuri.com/detail.php?pvfqj/l1025641.html HTTP/1.1" 200 102450 "-" "Mozilla/5.0 (Linux; Android 6.0.1; Nexus 5X Build/MMB29P) AppleWebKit/537.36 (KHTML, like Gecko) Chrome/131.0.6778.139 Mobile Safari/537.36 (compatible; Googlebot/2.1; +http://www.google.com/bot.html)" "-"
66.249.79.166 - - [23/Dec/2024:16:09:04 +0900] "GET /hmlil/z1058727.html HTTP/1.1" 200 100192 "-" "Mozilla/5.0 (Linux; Android 6.0.1; Nexus 5X Build/MMB29P) AppleWebKit/537.36 (KHTML, like Gecko) Chrome/131.0.6778.139 Mobile Safari/537.36 (compatible; Googlebot/2.1; +http://www.google.com/bot.html)" "-"
118.27.99.84 - - [23/Dec/2024:16:14:41 +0900] "POST /wp-cron.php?doing_wp_cron=1734938081.2201530933380126953125 HTTP/1.1" 503 299 "-" "WordPress/6.7.1; https://hamamatsu-yanesyuri.com" "-"
210.136.52.122 - - [23/Dec/2024:16:14:41 +0900] "GET /wp-login.php?redirect_to=https%3A%2F%2Fhamamatsu-yanesyuri.com%2Fwp-admin%2Fpost.php%3Fpost%3D515%26action%3Dedit&reauth=1 HTTP/2.0" 200 3645 "-" "Mozilla/5.0 (Macintosh; Intel Mac OS X 10_15_7) AppleWebKit/537.36 (KHTML, like Gecko) Chrome/131.0.0.0 Safari/537.36" "-"
210.136.52.122 - - [23/Dec/2024:16:14:41 +0900] "GET /wp-includes/css/dashicons.min.css?ver=6.7.1 HTTP/2.0" 200 36701 "https://hamamatsu-yanesyuri.com/wp-login.php?redirect_to=https%3A%2F%2Fhamamatsu-yanesyuri.com%2Fwp-admin%2Fpost.php%3Fpost%3D515%26action%3Dedit&reauth=1" "Mozilla/5.0 (Macintosh; Intel Mac OS X 10_15_7) AppleWebKit/537.36 (KHTML, like Gecko) Chrome/131.0.0.0 Safari/537.36" "-"
210.136.52.122 - - [23/Dec/2024:16:14:41 +0900] "GET /wp-includes/js/jquery/jquery.min.js?ver=3.7.1 HTTP/2.0" 200 35438 "https://hamamatsu-yanesyuri.com/wp-login.php?redirect_to=https%3A%2F%2Fhamamatsu-yanesyuri.com%2Fwp-admin%2Fpost.php%3Fpost%3D515%26action%3Dedit&reauth=1" "Mozilla/5.0 (Macintosh; Intel Mac OS X 10_15_7) AppleWebKit/537.36 (KHTML, like Gecko) Chrome/131.0.0.0 Safari/537.36" "-"
210.136.52.122 - - [23/Dec/2024:16:14:41 +0900] "GET /wp-admin/css/forms.min.css?ver=6.7.1 HTTP/2.0" 304 0 "https://hamamatsu-yanesyuri.com/wp-login.php?redirect_to=https%3A%2F%2Fhamamatsu-yanesyuri.com%2Fwp-admin%2Fpost.php%3Fpost%3D515%26action%3Dedit&reauth=1" "Mozilla/5.0 (Macintosh; Intel Mac OS X 10_15_7) AppleWebKit/537.36 (KHTML, like Gecko) Chrome/131.0.0.0 Safari/537.36" "-"
210.136.52.122 - - [23/Dec/2024:16:14:41 +0900] "GET /wp-admin/css/login.min.css?ver=6.7.1 HTTP/2.0" 304 0 "https://hamamatsu-yanesyuri.com/wp-login.php?redirect_to=https%3A%2F%2Fhamamatsu-yanesyuri.com%2Fwp-admin%2Fpost.php%3Fpost%3D515%26action%3Dedit&reauth=1" "Mozilla/5.0 (Macintosh; Intel Mac OS X 10_15_7) AppleWebKit/537.36 (KHTML, like Gecko) Chrome/131.0.0.0 Safari/537.36" "-"
210.136.52.122 - - [23/Dec/2024:16:14:41 +0900] "GET /wp-includes/js/dist/hooks.min.js?ver=4d63a3d491d11ffd8ac6 HTTP/2.0" 304 0 "https://hamamatsu-yanesyuri.com/wp-login.php?redirect_to=https%3A%2F%2Fhamamatsu-yanesyuri.com%2Fwp-admin%2Fpost.php%3Fpost%3D515%26action%3Dedit&reauth=1" "Mozilla/5.0 (Macintosh; Intel Mac OS X 10_15_7) AppleWebKit/537.36 (KHTML, like Gecko) Chrome/131.0.0.0 Safari/537.36" "-"
210.136.52.122 - - [23/Dec/2024:16:14:41 +0900] "GET /wp-includes/js/underscore.min.js?ver=1.13.7 HTTP/2.0" 304 0 "https://hamamatsu-yanesyuri.com/wp-login.php?redirect_to=https%3A%2F%2Fhamamatsu-yanesyuri.com%2Fwp-admin%2Fpost.php%3Fpost%3D515%26action%3Dedit&reauth=1" "Mozilla/5.0 (Macintosh; Intel Mac OS X 10_15_7) AppleWebKit/537.36 (KHTML, like Gecko) Chrome/131.0.0.0 Safari/537.36" "-"
210.136.52.122 - - [23/Dec/2024:16:14:41 +0900] "GET /wp-includes/js/dist/a11y.min.js?ver=3156534cc54473497e14 HTTP/2.0" 304 0 "https://hamamatsu-yanesyuri.com/wp-login.php?redirect_to=https%3A%2F%2Fhamamatsu-yanesyuri.com%2Fwp-admin%2Fpost.php%3Fpost%3D515%26action%3Dedit&reauth=1" "Mozilla/5.0 (Macintosh; Intel Mac OS X 10_15_7) AppleWebKit/537.36 (KHTML, like Gecko) Chrome/131.0.0.0 Safari/537.36" "-"
210.136.52.122 - - [23/Dec/2024:16:14:41 +0900] "GET /wp-admin/js/user-profile.min.js?ver=6.7.1 HTTP/2.0" 304 0 "https://hamamatsu-yanesyuri.com/wp-login.php?redirect_to=https%3A%2F%2Fhamamatsu-yanesyuri.com%2Fwp-admin%2Fpost.php%3Fpost%3D515%26action%3Dedit&reauth=1" "Mozilla/5.0 (Macintosh; Intel Mac OS X 10_15_7) AppleWebKit/537.36 (KHTML, like Gecko) Chrome/131.0.0.0 Safari/537.36" "-"
210.136.52.122 - - [23/Dec/2024:16:14:42 +0900] "GET /wp-includes/js/zxcvbn.min.js HTTP/2.0" 200 440333 "https://hamamatsu-yanesyuri.com/wp-login.php?redirect_to=https%3A%2F%2Fhamamatsu-yanesyuri.com%2Fwp-admin%2Fpost.php%3Fpost%3D515%26action%3Dedit&reauth=1" "Mozilla/5.0 (Macintosh; Intel Mac OS X 10_15_7) AppleWebKit/537.36 (KHTML, like Gecko) Chrome/131.0.0.0 Safari/537.36" "-"
210.136.52.122 - - [23/Dec/2024:16:14:45 +0900] "POST /wp-login.php HTTP/2.0" 302 0 "https://hamamatsu-yanesyuri.com/wp-login.php?redirect_to=https%3A%2F%2Fhamamatsu-yanesyuri.com%2Fwp-admin%2Fpost.php%3Fpost%3D515%26action%3Dedit&reauth=1" "Mozilla/5.0 (Macintosh; Intel Mac OS X 10_15_7) AppleWebKit/537.36 (KHTML, like Gecko) Chrome/131.0.0.0 Safari/537.36" "-"
210.136.52.122 - - [23/Dec/2024:16:14:48 +0900] "GET /wp-content/plugins/all-in-one-seo-pack/dist/Lite/assets/css/index.b3043458.css?ver=4.7.7 HTTP/2.0" 304 0 "https://hamamatsu-yanesyuri.com/wp-admin/post.php?post=515&action=edit" "Mozilla/5.0 (Macintosh; Intel Mac OS X 10_15_7) AppleWebKit/537.36 (KHTML, like Gecko) Chrome/131.0.0.0 Safari/537.36" "-"
210.136.52.122 - - [23/Dec/2024:16:14:48 +0900] "GET /wp-content/plugins/advanced-custom-fields/assets/build/css/acf-global.min.css?ver=6.3.11 HTTP/2.0" 200 33159 "https://hamamatsu-yanesyuri.com/wp-admin/post.php?post=515&action=edit" "Mozilla/5.0 (Macintosh; Intel Mac OS X 10_15_7) AppleWebKit/537.36 (KHTML, like Gecko) Chrome/131.0.0.0 Safari/537.36" "-"
210.136.52.122 - - [23/Dec/2024:16:14:48 +0900] "GET /wp-content/plugins/all-in-one-seo-pack/dist/Lite/assets/css/App.ca9ce7a7.css?ver=4.7.7 HTTP/2.0" 304 0 "https://hamamatsu-yanesyuri.com/wp-admin/post.php?post=515&action=edit" "Mozilla/5.0 (Macintosh; Intel Mac OS X 10_15_7) AppleWebKit/537.36 (KHTML, like Gecko) Chrome/131.0.0.0 Safari/537.36" "-"
210.136.52.122 - - [23/Dec/2024:16:14:48 +0900] "GET /wp-content/plugins/all-in-one-seo-pack/dist/Lite/assets/css/main.b3e5792f.css?ver=4.7.7 HTTP/2.0" 304 0 "https://hamamatsu-yanesyuri.com/wp-admin/post.php?post=515&action=edit" "Mozilla/5.0 (Macintosh; Intel Mac OS X 10_15_7) AppleWebKit/537.36 (KHTML, like Gecko) Chrome/131.0.0.0 Safari/537.36" "-"
210.136.52.122 - - [23/Dec/2024:16:14:48 +0900] "GET /wp-content/plugins/all-in-one-seo-pack/dist/Lite/assets/css/SettingsRow.5605048c.css?ver=4.7.7 HTTP/2.0" 304 0 "https://hamamatsu-yanesyuri.com/wp-admin/post.php?post=515&action=edit" "Mozilla/5.0 (Macintosh; Intel Mac OS X 10_15_7) AppleWebKit/537.36 (KHTML, like Gecko) Chrome/131.0.0.0 Safari/537.36" "-"
210.136.52.122 - - [23/Dec/2024:16:14:48 +0900] "GET /wp-content/plugins/all-in-one-seo-pack/dist/Lite/assets/css/Caret.97928141.css?ver=4.7.7 HTTP/2.0" 304 0 "https://hamamatsu-yanesyuri.com/wp-admin/post.php?post=515&action=edit" "Mozilla/5.0 (Macintosh; Intel Mac OS X 10_15_7) AppleWebKit/537.36 (KHTML, like Gecko) Chrome/131.0.0.0 Safari/537.36" "-"
210.136.52.122 - - [23/Dec/2024:16:14:48 +0900] "GET /wp-content/plugins/all-in-one-seo-pack/dist/Lite/assets/css/Phone.c101dd90.css?ver=4.7.7 HTTP/2.0" 304 0 "https://hamamatsu-yanesyuri.com/wp-admin/post.php?post=515&action=edit" "Mozilla/5.0 (Macintosh; Intel Mac OS X 10_15_7) AppleWebKit/537.36 (KHTML, like Gecko) Chrome/131.0.0.0 Safari/537.36" "-"
210.136.52.122 - - [23/Dec/2024:16:14:48 +0900] "GET /wp-content/plugins/all-in-one-seo-pack/dist/Lite/assets/css/RadioToggle.367dd35d.css?ver=4.7.7 HTTP/2.0" 304 0 "https://hamamatsu-yanesyuri.com/wp-admin/post.php?post=515&action=edit" "Mozilla/5.0 (Macintosh; Intel Mac OS X 10_15_7) AppleWebKit/537.36 (KHTML, like Gecko) Chrome/131.0.0.0 Safari/537.36" "-"
210.136.52.122 - - [23/Dec/2024:16:14:48 +0900] "GET /wp-content/plugins/all-in-one-seo-pack/dist/Lite/assets/css/LicenseKeyBar.74afda48.css?ver=4.7.7 HTTP/2.0" 304 0 "https://hamamatsu-yanesyuri.com/wp-admin/post.php?post=515&action=edit" "Mozilla/5.0 (Macintosh; Intel Mac OS X 10_15_7) AppleWebKit/537.36 (KHTML, like Gecko) Chrome/131.0.0.0 Safari/537.36" "-"
