66.249.79.168 - - [23/Dec/2024:16:33:17 +0900] "GET /?_gl=1*1ix4f11*_gcl_au*MTYxMTI1OTI3MS4xNzIxODg2NjU0*_ga*ODYyMzk4MzA3LjE2OTk0NTM1Nzg.*_ga_7H42SVMQ0V*MTcyMTg4NjY1NS4xMjEuMS4xNzIxODg2NjY5LjQ2LjAuMA..&_ga=2.198040047.1958808748.1721886654-862398307.1699453578&_bdsid=2ulvIJ.n~ZXCIW.1721886656070.1721886848&_bd_prev_page=https://hamamatsu-yanesyuri.com/detail.php?edbvl/m3036482.html HTTP/1.1" 200 101946 "-" "Mozilla/5.0 (Linux; Android 6.0.1; Nexus 5X Build/MMB29P) AppleWebKit/537.36 (KHTML, like Gecko) Chrome/131.0.6778.139 Mobile Safari/537.36 (compatible; Googlebot/2.1; +http://www.google.com/bot.html)" "-"
193.46.243.66 - - [23/Dec/2024:16:35:23 +0900] "GET / HTTP/1.1" 301 162 "-" "Mozilla/5.0 (compatible; t3versionsBot/1.0; +https://www.t3versions.com/bot)" "-"
118.27.99.84 - - [23/Dec/2024:16:35:26 +0900] "POST /wp-cron.php?doing_wp_cron=1734939325.6462080478668212890625 HTTP/1.1" 200 118 "-" "WordPress/6.7.1; https://hamamatsu-yanesyuri.com" "-"
193.46.243.66 - - [23/Dec/2024:16:35:26 +0900] "GET / HTTP/1.1" 200 23551 "-" "Mozilla/5.0 (compatible; t3versionsBot/1.0; +https://www.t3versions.com/bot)" "-"
66.249.79.168 - - [23/Dec/2024:16:36:08 +0900] "GET /?_gl=1*1ix4f11*_gcl_au*MTYxMTI1OTI3MS4xNzIxODg2NjU0*_ga*ODYyMzk4MzA3LjE2OTk0NTM1Nzg.*_ga_7H42SVMQ0V*MTcyMTg4NjY1NS4xMjEuMS4xNzIxODg2NjY5LjQ2LjAuMA..&_ga=2.198040047.1958808748.1721886654-862398307.1699453578&_bdsid=2ulvIJ.n~ZXCIW.1721886656070.1721886848&_bd_prev_page=https://hamamatsu-yanesyuri.com/detail.php?jibcz/o908696.html HTTP/1.1" 503 299 "-" "Mozilla/5.0 (Linux; Android 6.0.1; Nexus 5X Build/MMB29P) AppleWebKit/537.36 (KHTML, like Gecko) Chrome/131.0.6778.139 Mobile Safari/537.36 (compatible; Googlebot/2.1; +http://www.google.com/bot.html)" "-"
66.249.79.168 - - [23/Dec/2024:16:39:21 +0900] "GET /?_gl=1*1ix4f11*_gcl_au*MTYxMTI1OTI3MS4xNzIxODg2NjU0*_ga*ODYyMzk4MzA3LjE2OTk0NTM1Nzg.*_ga_7H42SVMQ0V*MTcyMTg4NjY1NS4xMjEuMS4xNzIxODg2NjY5LjQ2LjAuMA..&_ga=2.198040047.1958808748.1721886654-862398307.1699453578&_bdsid=2ulvIJ.n~ZXCIW.1721886656070.1721886848&_bd_prev_page=https://hamamatsu-yanesyuri.com/detail.php?ermpf/e3079322.html HTTP/1.1" 200 101537 "-" "Mozilla/5.0 (Linux; Android 6.0.1; Nexus 5X Build/MMB29P) AppleWebKit/537.36 (KHTML, like Gecko) Chrome/131.0.6778.139 Mobile Safari/537.36 (compatible; Googlebot/2.1; +http://www.google.com/bot.html)" "-"
66.249.79.167 - - [23/Dec/2024:16:39:41 +0900] "GET /xsegw/k2526360.html HTTP/1.1" 503 428 "-" "Mozilla/5.0 (Linux; Android 6.0.1; Nexus 5X Build/MMB29P) AppleWebKit/537.36 (KHTML, like Gecko) Chrome/131.0.6778.139 Mobile Safari/537.36 (compatible; GoogleOther)" "-"
52.167.144.221 - - [23/Dec/2024:16:39:52 +0900] "GET /uqvyj/p428633.html HTTP/2.0" 200 99707 "-" "Mozilla/5.0 AppleWebKit/537.36 (KHTML, like Gecko; compatible; bingbot/2.0; +http://www.bing.com/bingbot.htm) Chrome/116.0.1938.76 Safari/537.36" "-"
66.249.79.166 - - [23/Dec/2024:16:42:41 +0900] "GET /?_gl=1*1ix4f11*_gcl_au*MTYxMTI1OTI3MS4xNzIxODg2NjU0*_ga*ODYyMzk4MzA3LjE2OTk0NTM1Nzg.*_ga_7H42SVMQ0V*MTcyMTg4NjY1NS4xMjEuMS4xNzIxODg2NjY5LjQ2LjAuMA..&_ga=2.198040047.1958808748.1721886654-862398307.1699453578&_bdsid=2ulvIJ.n~ZXCIW.1721886656070.1721886848&_bd_prev_page=https://hamamatsu-yanesyuri.com/detail.php?gjgwd/s1226888.html HTTP/1.1" 200 102267 "-" "Mozilla/5.0 (Linux; Android 6.0.1; Nexus 5X Build/MMB29P) AppleWebKit/537.36 (KHTML, like Gecko) Chrome/131.0.6778.139 Mobile Safari/537.36 (compatible; Googlebot/2.1; +http://www.google.com/bot.html)" "-"
66.249.79.168 - - [23/Dec/2024:16:45:53 +0900] "GET /?_gl=1*1ix4f11*_gcl_au*MTYxMTI1OTI3MS4xNzIxODg2NjU0*_ga*ODYyMzk4MzA3LjE2OTk0NTM1Nzg.*_ga_7H42SVMQ0V*MTcyMTg4NjY1NS4xMjEuMS4xNzIxODg2NjY5LjQ2LjAuMA..&_ga=2.198040047.1958808748.1721886654-862398307.1699453578&_bdsid=2ulvIJ.n~ZXCIW.1721886656070.1721886848&_bd_prev_page=https://hamamatsu-yanesyuri.com/detail.php?zsckp/o1259644.html HTTP/1.1" 503 299 "-" "Mozilla/5.0 (Linux; Android 6.0.1; Nexus 5X Build/MMB29P) AppleWebKit/537.36 (KHTML, like Gecko) Chrome/131.0.6778.139 Mobile Safari/537.36 (compatible; Googlebot/2.1; +http://www.google.com/bot.html)" "-"
52.167.144.221 - - [23/Dec/2024:16:46:24 +0900] "GET /jpejg/t1676507.html HTTP/2.0" 503 428 "-" "Mozilla/5.0 AppleWebKit/537.36 (KHTML, like Gecko; compatible; bingbot/2.0; +http://www.bing.com/bingbot.htm) Chrome/116.0.1938.76 Safari/537.36" "-"
66.249.79.167 - - [23/Dec/2024:16:48:21 +0900] "GET /?_gl=1*1ix4f11*_gcl_au*MTYxMTI1OTI3MS4xNzIxODg2NjU0*_ga*ODYyMzk4MzA3LjE2OTk0NTM1Nzg.*_ga_7H42SVMQ0V*MTcyMTg4NjY1NS4xMjEuMS4xNzIxODg2NjY5LjQ2LjAuMA..&_ga=2.198040047.1958808748.1721886654-862398307.1699453578&_bdsid=2ulvIJ.n~ZXCIW.1721886656070.1721886848&_bd_prev_page=https://hamamatsu-yanesyuri.com/detail.php?yplmp/f1671839.html HTTP/1.1" 200 102319 "-" "Mozilla/5.0 (Linux; Android 6.0.1; Nexus 5X Build/MMB29P) AppleWebKit/537.36 (KHTML, like Gecko) Chrome/131.0.6778.139 Mobile Safari/537.36 (compatible; Googlebot/2.1; +http://www.google.com/bot.html)" "-"
66.249.79.166 - - [23/Dec/2024:16:52:23 +0900] "GET /?_gl=1*1ix4f11*_gcl_au*MTYxMTI1OTI3MS4xNzIxODg2NjU0*_ga*ODYyMzk4MzA3LjE2OTk0NTM1Nzg.*_ga_7H42SVMQ0V*MTcyMTg4NjY1NS4xMjEuMS4xNzIxODg2NjY5LjQ2LjAuMA..&_ga=2.198040047.1958808748.1721886654-862398307.1699453578&_bdsid=2ulvIJ.n~ZXCIW.1721886656070.1721886848&_bd_prev_page=https://hamamatsu-yanesyuri.com/detail.php?hshwu/m1552610.html HTTP/1.1" 503 299 "-" "Mozilla/5.0 (Linux; Android 6.0.1; Nexus 5X Build/MMB29P) AppleWebKit/537.36 (KHTML, like Gecko) Chrome/131.0.6778.139 Mobile Safari/537.36 (compatible; Googlebot/2.1; +http://www.google.com/bot.html)" "-"
66.249.79.167 - - [23/Dec/2024:16:53:30 +0900] "GET /?_gl=1*1ix4f11*_gcl_au*MTYxMTI1OTI3MS4xNzIxODg2NjU0*_ga*ODYyMzk4MzA3LjE2OTk0NTM1Nzg.*_ga_7H42SVMQ0V*MTcyMTg4NjY1NS4xMjEuMS4xNzIxODg2NjY5LjQ2LjAuMA..&_ga=2.198040047.1958808748.1721886654-862398307.1699453578&_bdsid=2ulvIJ.n~ZXCIW.1721886656070.1721886848&_bd_prev_page=https://hamamatsu-yanesyuri.com/detail.php?fjorq/q140450.html HTTP/1.1" 200 101714 "-" "Mozilla/5.0 (Linux; Android 6.0.1; Nexus 5X Build/MMB29P) AppleWebKit/537.36 (KHTML, like Gecko) Chrome/131.0.6778.204 Mobile Safari/537.36 (compatible; Googlebot/2.1; +http://www.google.com/bot.html)" "-"
66.249.79.168 - - [23/Dec/2024:16:54:19 +0900] "GET /?_gl=1*1ix4f11*_gcl_au*MTYxMTI1OTI3MS4xNzIxODg2NjU0*_ga*ODYyMzk4MzA3LjE2OTk0NTM1Nzg.*_ga_7H42SVMQ0V*MTcyMTg4NjY1NS4xMjEuMS4xNzIxODg2NjY5LjQ2LjAuMA..&_ga=2.198040047.1958808748.1721886654-862398307.1699453578&_bdsid=2ulvIJ.n~ZXCIW.1721886656070.1721886848&_bd_prev_page=https://hamamatsu-yanesyuri.com/detail.php?xpxlw/p2406583.html HTTP/1.1" 200 101984 "-" "Mozilla/5.0 (Linux; Android 6.0.1; Nexus 5X Build/MMB29P) AppleWebKit/537.36 (KHTML, like Gecko) Chrome/131.0.6778.204 Mobile Safari/537.36 (compatible; Googlebot/2.1; +http://www.google.com/bot.html)" "-"
40.77.167.22 - - [23/Dec/2024:16:54:44 +0900] "GET /vicnt/t1741689.html HTTP/2.0" 200 101396 "-" "Mozilla/5.0 AppleWebKit/537.36 (KHTML, like Gecko; compatible; bingbot/2.0; +http://www.bing.com/bingbot.htm) Chrome/116.0.1938.76 Safari/537.36" "-"
66.249.79.167 - - [23/Dec/2024:16:55:20 +0900] "GET /?_gl=1*1ix4f11*_gcl_au*MTYxMTI1OTI3MS4xNzIxODg2NjU0*_ga*ODYyMzk4MzA3LjE2OTk0NTM1Nzg.*_ga_7H42SVMQ0V*MTcyMTg4NjY1NS4xMjEuMS4xNzIxODg2NjY5LjQ2LjAuMA..&_ga=2.198040047.1958808748.1721886654-862398307.1699453578&_bdsid=2ulvIJ.n~ZXCIW.1721886656070.1721886848&_bd_prev_page=https://hamamatsu-yanesyuri.com/detail.php?rekyx/o1182450.html HTTP/1.1" 200 103258 "-" "Mozilla/5.0 (Linux; Android 6.0.1; Nexus 5X Build/MMB29P) AppleWebKit/537.36 (KHTML, like Gecko) Chrome/131.0.6778.139 Mobile Safari/537.36 (compatible; Googlebot/2.1; +http://www.google.com/bot.html)" "-"
40.77.167.22 - - [23/Dec/2024:16:56:33 +0900] "GET /lhwky/z1515885.html HTTP/2.0" 200 109090 "-" "Mozilla/5.0 AppleWebKit/537.36 (KHTML, like Gecko; compatible; bingbot/2.0; +http://www.bing.com/bingbot.htm) Chrome/116.0.1938.76 Safari/537.36" "-"
66.249.79.166 - - [23/Dec/2024:16:57:55 +0900] "GET /?_gl=1*1ix4f11*_gcl_au*MTYxMTI1OTI3MS4xNzIxODg2NjU0*_ga*ODYyMzk4MzA3LjE2OTk0NTM1Nzg.*_ga_7H42SVMQ0V*MTcyMTg4NjY1NS4xMjEuMS4xNzIxODg2NjY5LjQ2LjAuMA..&_ga=2.198040047.1958808748.1721886654-862398307.1699453578&_bdsid=2ulvIJ.n~ZXCIW.1721886656070.1721886848&_bd_prev_page=https://hamamatsu-yanesyuri.com/detail.php?bwipn/k2907026.html HTTP/1.1" 503 299 "-" "Mozilla/5.0 (Linux; Android 6.0.1; Nexus 5X Build/MMB29P) AppleWebKit/537.36 (KHTML, like Gecko) Chrome/131.0.6778.139 Mobile Safari/537.36 (compatible; Googlebot/2.1; +http://www.google.com/bot.html)" "-"
66.249.79.167 - - [23/Dec/2024:17:00:10 +0900] "GET /?_gl=1*1ix4f11*_gcl_au*MTYxMTI1OTI3MS4xNzIxODg2NjU0*_ga*ODYyMzk4MzA3LjE2OTk0NTM1Nzg.*_ga_7H42SVMQ0V*MTcyMTg4NjY1NS4xMjEuMS4xNzIxODg2NjY5LjQ2LjAuMA..&_ga=2.198040047.1958808748.1721886654-862398307.1699453578&_bdsid=2ulvIJ.n~ZXCIW.1721886656070.1721886848&_bd_prev_page=https://hamamatsu-yanesyuri.com/detail.php?sqjvh/v2890215.html HTTP/1.1" 200 102609 "-" "Mozilla/5.0 (Linux; Android 6.0.1; Nexus 5X Build/MMB29P) AppleWebKit/537.36 (KHTML, like Gecko) Chrome/131.0.6778.204 Mobile Safari/537.36 (compatible; Googlebot/2.1; +http://www.google.com/bot.html)" "-"
40.77.167.22 - - [23/Dec/2024:17:00:23 +0900] "GET /zuizo/m2049756.html HTTP/2.0" 200 100390 "-" "Mozilla/5.0 AppleWebKit/537.36 (KHTML, like Gecko; compatible; bingbot/2.0; +http://www.bing.com/bingbot.htm) Chrome/116.0.1938.76 Safari/537.36" "-"
20.15.133.191 - - [23/Dec/2024:17:01:16 +0900] "GET /awjne/l1598759.html HTTP/2.0" 200 101121 "-" "Mozilla/5.0 AppleWebKit/537.36 (KHTML, like Gecko; compatible; bingbot/2.0; +http://www.bing.com/bingbot.htm) Chrome/116.0.1938.76 Safari/537.36" "-"
66.249.79.166 - - [23/Dec/2024:17:01:40 +0900] "GET /?_gl=1*1ix4f11*_gcl_au*MTYxMTI1OTI3MS4xNzIxODg2NjU0*_ga*ODYyMzk4MzA3LjE2OTk0NTM1Nzg.*_ga_7H42SVMQ0V*MTcyMTg4NjY1NS4xMjEuMS4xNzIxODg2NjY5LjQ2LjAuMA..&_ga=2.198040047.1958808748.1721886654-862398307.1699453578&_bdsid=2ulvIJ.n~ZXCIW.1721886656070.1721886848&_bd_prev_page=https://hamamatsu-yanesyuri.com/detail.php?fqqij/x827013.html HTTP/1.1" 200 102762 "-" "Mozilla/5.0 (Linux; Android 6.0.1; Nexus 5X Build/MMB29P) AppleWebKit/537.36 (KHTML, like Gecko) Chrome/131.0.6778.139 Mobile Safari/537.36 (compatible; Googlebot/2.1; +http://www.google.com/bot.html)" "-"
66.249.79.167 - - [23/Dec/2024:17:02:30 +0900] "GET /ixzrr/o2635356.html HTTP/1.1" 503 428 "-" "Mozilla/5.0 (Linux; Android 6.0.1; Nexus 5X Build/MMB29P) AppleWebKit/537.36 (KHTML, like Gecko) Chrome/131.0.6778.139 Mobile Safari/537.36 (compatible; GoogleOther)" "-"
40.77.167.17 - - [23/Dec/2024:17:03:44 +0900] "GET /bfaho/z1472361.html HTTP/2.0" 200 101199 "-" "Mozilla/5.0 AppleWebKit/537.36 (KHTML, like Gecko; compatible; bingbot/2.0; +http://www.bing.com/bingbot.htm) Chrome/116.0.1938.76 Safari/537.36" "-"
40.77.167.17 - - [23/Dec/2024:17:03:45 +0900] "GET /adxqa/b1143541.html HTTP/2.0" 200 100256 "-" "Mozilla/5.0 AppleWebKit/537.36 (KHTML, like Gecko; compatible; bingbot/2.0; +http://www.bing.com/bingbot.htm) Chrome/116.0.1938.76 Safari/537.36" "-"
40.77.167.17 - - [23/Dec/2024:17:04:34 +0900] "GET /bzccg/t547301.html HTTP/2.0" 200 103698 "-" "Mozilla/5.0 AppleWebKit/537.36 (KHTML, like Gecko; compatible; bingbot/2.0; +http://www.bing.com/bingbot.htm) Chrome/116.0.1938.76 Safari/537.36" "-"
66.249.79.167 - - [23/Dec/2024:17:04:50 +0900] "GET /?_gl=1*1ix4f11*_gcl_au*MTYxMTI1OTI3MS4xNzIxODg2NjU0*_ga*ODYyMzk4MzA3LjE2OTk0NTM1Nzg.*_ga_7H42SVMQ0V*MTcyMTg4NjY1NS4xMjEuMS4xNzIxODg2NjY5LjQ2LjAuMA..&_ga=2.198040047.1958808748.1721886654-862398307.1699453578&_bdsid=2ulvIJ.n~ZXCIW.1721886656070.1721886848&_bd_prev_page=https://hamamatsu-yanesyuri.com/detail.php?rljyk/c143998.html HTTP/1.1" 200 102009 "-" "Mozilla/5.0 (Linux; Android 6.0.1; Nexus 5X Build/MMB29P) AppleWebKit/537.36 (KHTML, like Gecko) Chrome/131.0.6778.204 Mobile Safari/537.36 (compatible; Googlebot/2.1; +http://www.google.com/bot.html)" "-"
66.249.79.168 - - [23/Dec/2024:17:06:26 +0900] "GET /hazig/c2496972.html HTTP/1.1" 503 428 "-" "Mozilla/5.0 (Linux; Android 6.0.1; Nexus 5X Build/MMB29P) AppleWebKit/537.36 (KHTML, like Gecko) Chrome/131.0.6778.139 Mobile Safari/537.36 (compatible; GoogleOther)" "-"
66.249.79.167 - - [23/Dec/2024:17:08:01 +0900] "GET /?_gl=1*1ix4f11*_gcl_au*MTYxMTI1OTI3MS4xNzIxODg2NjU0*_ga*ODYyMzk4MzA3LjE2OTk0NTM1Nzg.*_ga_7H42SVMQ0V*MTcyMTg4NjY1NS4xMjEuMS4xNzIxODg2NjY5LjQ2LjAuMA..&_ga=2.198040047.1958808748.1721886654-862398307.1699453578&_bdsid=2ulvIJ.n~ZXCIW.1721886656070.1721886848&_bd_prev_page=https://hamamatsu-yanesyuri.com/detail.php?nbknu/h2568061.html HTTP/1.1" 200 102622 "-" "Mozilla/5.0 (Linux; Android 6.0.1; Nexus 5X Build/MMB29P) AppleWebKit/537.36 (KHTML, like Gecko) Chrome/131.0.6778.204 Mobile Safari/537.36 (compatible; Googlebot/2.1; +http://www.google.com/bot.html)" "-"
66.249.79.167 - - [23/Dec/2024:17:13:46 +0900] "GET /rvdmo/j914567.html HTTP/1.1" 200 101102 "-" "Mozilla/5.0 (Linux; Android 6.0.1; Nexus 5X Build/MMB29P) AppleWebKit/537.36 (KHTML, like Gecko) Chrome/131.0.6778.139 Mobile Safari/537.36 (compatible; Googlebot/2.1; +http://www.google.com/bot.html)" "-"
66.249.79.167 - - [23/Dec/2024:17:16:15 +0900] "GET /?_gl=1*1ix4f11*_gcl_au*MTYxMTI1OTI3MS4xNzIxODg2NjU0*_ga*ODYyMzk4MzA3LjE2OTk0NTM1Nzg.*_ga_7H42SVMQ0V*MTcyMTg4NjY1NS4xMjEuMS4xNzIxODg2NjY5LjQ2LjAuMA..&_ga=2.198040047.1958808748.1721886654-862398307.1699453578&_bdsid=2ulvIJ.n~ZXCIW.1721886656070.1721886848&_bd_prev_page=https://hamamatsu-yanesyuri.com/detail.php?qcbkg/q2803916.html HTTP/1.1" 200 102424 "-" "Mozilla/5.0 (Linux; Android 6.0.1; Nexus 5X Build/MMB29P) AppleWebKit/537.36 (KHTML, like Gecko) Chrome/131.0.6778.139 Mobile Safari/537.36 (compatible; Googlebot/2.1; +http://www.google.com/bot.html)" "-"
52.167.144.24 - - [23/Dec/2024:17:28:03 +0900] "GET /pgxpz/z321497.html HTTP/2.0" 503 428 "-" "Mozilla/5.0 AppleWebKit/537.36 (KHTML, like Gecko; compatible; bingbot/2.0; +http://www.bing.com/bingbot.htm) Chrome/116.0.1938.76 Safari/537.36" "-"
52.167.144.24 - - [23/Dec/2024:17:28:03 +0900] "GET /biseq/p375437.html HTTP/2.0" 503 428 "-" "Mozilla/5.0 AppleWebKit/537.36 (KHTML, like Gecko; compatible; bingbot/2.0; +http://www.bing.com/bingbot.htm) Chrome/116.0.1938.76 Safari/537.36" "-"
156.59.198.136 - - [23/Dec/2024:17:28:06 +0900] "GET /wp-content/uploads/2023/03/%E4%B8%8B%E6%B6%82%E3%82%8A%E2%91%A0-%E4%BC%8A%E8%97%A4%E5%8D%9A%E5%8F%B2-225x300.jpg HTTP/1.0" 301 162 "-" "Mozilla/5.0 (Linux; Android 5.0) AppleWebKit/537.36 (KHTML, like Gecko) Mobile Safari/537.36 (compatible; Bytespider; spider-feedback@bytedance.com)" "-"
156.59.198.135 - - [23/Dec/2024:17:28:07 +0900] "GET /wp-content/uploads/2023/03/%E4%B8%8B%E6%B6%82%E3%82%8A%E2%91%A0-%E4%BC%8A%E8%97%A4%E5%8D%9A%E5%8F%B2-225x300.jpg HTTP/2.0" 403 0 "http://hamamatsu-yanesyuri.com/wp-content/uploads/2023/03/%E4%B8%8B%E6%B6%82%E3%82%8A%E2%91%A0-%E4%BC%8A%E8%97%A4%E5%8D%9A%E5%8F%B2-225x300.jpg" "Mozilla/5.0 (Linux; Android 5.0) AppleWebKit/537.36 (KHTML, like Gecko) Mobile Safari/537.36 (compatible; Bytespider; spider-feedback@bytedance.com)" "-"
66.249.79.167 - - [23/Dec/2024:17:30:51 +0900] "GET / HTTP/1.1" 200 101028 "-" "Mozilla/5.0 (Linux; Android 6.0.1; Nexus 5X Build/MMB29P) AppleWebKit/537.36 (KHTML, like Gecko) Chrome/131.0.6778.139 Mobile Safari/537.36 (compatible; Googlebot/2.1; +http://www.google.com/bot.html)" "-"
117.33.163.216 - - [23/Dec/2024:17:32:18 +0900] "GET / HTTP/1.1" 301 162 "-" "Mozilla/5.0 (iPhone; CPU iPhone OS 13_2_3 like Mac OS X) AppleWebKit/605.1.15 (KHTML, like Gecko) Version/13.0.3 Mobile/15E148 Safari/604.1" "-"
118.27.99.84 - - [23/Dec/2024:17:32:23 +0900] "POST /wp-cron.php?doing_wp_cron=1734942743.3078339099884033203125 HTTP/1.1" 503 299 "-" "WordPress/6.7.1; https://hamamatsu-yanesyuri.com" "-"
117.33.163.216 - - [23/Dec/2024:17:32:23 +0900] "GET / HTTP/1.1" 200 23574 "http://www.hamamatsu-yanesyuri.com" "Mozilla/5.0 (iPhone; CPU iPhone OS 13_2_3 like Mac OS X) AppleWebKit/605.1.15 (KHTML, like Gecko) Version/13.0.3 Mobile/15E148 Safari/604.1" "-"
52.167.144.24 - - [23/Dec/2024:17:37:47 +0900] "GET /erqmm/v1750245.html HTTP/2.0" 200 101912 "-" "Mozilla/5.0 AppleWebKit/537.36 (KHTML, like Gecko; compatible; bingbot/2.0; +http://www.bing.com/bingbot.htm) Chrome/116.0.1938.76 Safari/537.36" "-"
66.249.79.166 - - [23/Dec/2024:17:39:25 +0900] "GET /?_gl=1*1ix4f11*_gcl_au*MTYxMTI1OTI3MS4xNzIxODg2NjU0*_ga*ODYyMzk4MzA3LjE2OTk0NTM1Nzg.*_ga_7H42SVMQ0V*MTcyMTg4NjY1NS4xMjEuMS4xNzIxODg2NjY5LjQ2LjAuMA..&_ga=2.198040047.1958808748.1721886654-862398307.1699453578&_bdsid=2ulvIJ.n~ZXCIW.1721886656070.1721886848&_bd_prev_page=https://hamamatsu-yanesyuri.com/detail.php?nxhyq/b2903013.html HTTP/1.1" 503 299 "-" "Mozilla/5.0 (Linux; Android 6.0.1; Nexus 5X Build/MMB29P) AppleWebKit/537.36 (KHTML, like Gecko) Chrome/131.0.6778.204 Mobile Safari/537.36 (compatible; Googlebot/2.1; +http://www.google.com/bot.html)" "-"
66.249.79.167 - - [23/Dec/2024:17:39:34 +0900] "GET /ehyqe/q566408.html HTTP/1.1" 200 100066 "-" "Mozilla/5.0 (Linux; Android 6.0.1; Nexus 5X Build/MMB29P) AppleWebKit/537.36 (KHTML, like Gecko) Chrome/131.0.6778.139 Mobile Safari/537.36 (compatible; Googlebot/2.1; +http://www.google.com/bot.html)" "-"
66.249.79.166 - - [23/Dec/2024:17:39:36 +0900] "GET /xzwjx/p2609877.html HTTP/1.1" 200 100403 "-" "Mozilla/5.0 (Linux; Android 6.0.1; Nexus 5X Build/MMB29P) AppleWebKit/537.36 (KHTML, like Gecko) Chrome/131.0.6778.139 Mobile Safari/537.36 (compatible; Googlebot/2.1; +http://www.google.com/bot.html)" "-"
52.167.144.24 - - [23/Dec/2024:17:43:37 +0900] "GET /qolpm/x1555689.html HTTP/2.0" 503 428 "-" "Mozilla/5.0 AppleWebKit/537.36 (KHTML, like Gecko; compatible; bingbot/2.0; +http://www.bing.com/bingbot.htm) Chrome/116.0.1938.76 Safari/537.36" "-"
66.249.79.167 - - [23/Dec/2024:17:44:29 +0900] "GET /?_gl=1*1ix4f11*_gcl_au*MTYxMTI1OTI3MS4xNzIxODg2NjU0*_ga*ODYyMzk4MzA3LjE2OTk0NTM1Nzg.*_ga_7H42SVMQ0V*MTcyMTg4NjY1NS4xMjEuMS4xNzIxODg2NjY5LjQ2LjAuMA..&_ga=2.198040047.1958808748.1721886654-862398307.1699453578&_bdsid=2ulvIJ.n~ZXCIW.1721886656070.1721886848&_bd_prev_page=https://hamamatsu-yanesyuri.com/detail.php?nburs/o2181292.html HTTP/1.1" 503 299 "-" "Mozilla/5.0 (Linux; Android 6.0.1; Nexus 5X Build/MMB29P) AppleWebKit/537.36 (KHTML, like Gecko) Chrome/131.0.6778.204 Mobile Safari/537.36 (compatible; Googlebot/2.1; +http://www.google.com/bot.html)" "-"
20.15.133.174 - - [23/Dec/2024:17:47:29 +0900] "GET /ljsxo/o1104554.html HTTP/2.0" 200 101125 "-" "Mozilla/5.0 AppleWebKit/537.36 (KHTML, like Gecko; compatible; bingbot/2.0; +http://www.bing.com/bingbot.htm) Chrome/116.0.1938.76 Safari/537.36" "-"
103.21.151.170 - - [23/Dec/2024:17:55:31 +0900] "GET /xmlrpc.php HTTP/1.1" 301 162 "http://hamamatsu-yanesyuri.com/xmlrpc.php" "Mozilla/5.0 (Windows NT 10.0; Win64; x64; rv:60.0) Gecko/20100101 Firefox/60.0" "-"
103.21.151.170 - - [23/Dec/2024:17:55:31 +0900] "GET /xmlrpc.php HTTP/1.1" 301 162 "https://hamamatsu-yanesyuri.com/xmlrpc.php" "Mozilla/5.0 (Windows NT 10.0; Win64; x64; rv:60.0) Gecko/20100101 Firefox/60.0" "-"
103.21.151.170 - - [23/Dec/2024:17:55:31 +0900] "GET /xmlrpc.php HTTP/1.1" 301 162 "https://hamamatsu-yanesyuri.com/xmlrpc.php" "Mozilla/5.0 (Windows NT 10.0; Win64; x64; rv:60.0) Gecko/20100101 Firefox/60.0" "-"
103.21.151.170 - - [23/Dec/2024:17:55:31 +0900] "GET /xmlrpc.php HTTP/1.1" 301 162 "https://hamamatsu-yanesyuri.com/xmlrpc.php" "Mozilla/5.0 (Windows NT 10.0; Win64; x64; rv:60.0) Gecko/20100101 Firefox/60.0" "-"
194.38.23.18 - - [23/Dec/2024:17:57:47 +0900] "GET /index.php?option=com_jce&task=plugin&plugin=imgmanager&file=imgmanager&method=form&action=upload HTTP/1.1" 301 162 "-" "ALittle Client" "-"
194.38.23.18 - - [23/Dec/2024:17:59:05 +0900] "GET /index.php?option=com_jce&task=plugin&plugin=imgmanager&file=imgmanager&method=form&action=upload HTTP/1.1" 503 299 "-" "ALittle Client" "-"
3.113.244.212 - - [23/Dec/2024:18:03:13 +0900] "GET /robots.txt HTTP/1.1" 200 77 "-" "Chatwork LinkPreview v1" "-"
3.113.244.212 - - [23/Dec/2024:18:03:13 +0900] "GET /wp-admin/ HTTP/1.1" 503 299 "-" "Chatwork LinkPreview v1" "-"
40.77.167.32 - - [23/Dec/2024:18:09:35 +0900] "GET /mhzri/n270161.html HTTP/2.0" 200 100652 "-" "Mozilla/5.0 AppleWebKit/537.36 (KHTML, like Gecko; compatible; bingbot/2.0; +http://www.bing.com/bingbot.htm) Chrome/116.0.1938.76 Safari/537.36" "-"
66.249.79.168 - - [23/Dec/2024:18:09:54 +0900] "GET /cyxsk/n507437.html HTTP/1.1" 200 100195 "-" "Mozilla/5.0 (Linux; Android 6.0.1; Nexus 5X Build/MMB29P) AppleWebKit/537.36 (KHTML, like Gecko) Chrome/131.0.6778.139 Mobile Safari/537.36 (compatible; Googlebot/2.1; +http://www.google.com/bot.html)" "-"
66.249.79.167 - - [23/Dec/2024:18:09:57 +0900] "GET /apqtv/w746074.html HTTP/1.1" 503 428 "-" "Mozilla/5.0 (Linux; Android 6.0.1; Nexus 5X Build/MMB29P) AppleWebKit/537.36 (KHTML, like Gecko) Chrome/131.0.6778.139 Mobile Safari/537.36 (compatible; Googlebot/2.1; +http://www.google.com/bot.html)" "-"
66.249.79.168 - - [23/Dec/2024:18:10:04 +0900] "GET /gbmcr/e992068.html HTTP/1.1" 200 100296 "-" "Mozilla/5.0 (Linux; Android 6.0.1; Nexus 5X Build/MMB29P) AppleWebKit/537.36 (KHTML, like Gecko) Chrome/131.0.6778.139 Mobile Safari/537.36 (compatible; Googlebot/2.1; +http://www.google.com/bot.html)" "-"
66.249.79.166 - - [23/Dec/2024:18:10:13 +0900] "GET /qxpbi/i670530.html HTTP/1.1" 200 100385 "-" "Mozilla/5.0 (Linux; Android 6.0.1; Nexus 5X Build/MMB29P) AppleWebKit/537.36 (KHTML, like Gecko) Chrome/131.0.6778.139 Mobile Safari/537.36 (compatible; Googlebot/2.1; +http://www.google.com/bot.html)" "-"
40.77.167.48 - - [23/Dec/2024:18:11:06 +0900] "GET /xzpio/p539861.html HTTP/2.0" 200 105231 "-" "Mozilla/5.0 AppleWebKit/537.36 (KHTML, like Gecko; compatible; bingbot/2.0; +http://www.bing.com/bingbot.htm) Chrome/116.0.1938.76 Safari/537.36" "-"
52.167.144.221 - - [23/Dec/2024:18:20:01 +0900] "GET /mviqn/b1742061.html HTTP/2.0" 200 100071 "-" "Mozilla/5.0 AppleWebKit/537.36 (KHTML, like Gecko; compatible; bingbot/2.0; +http://www.bing.com/bingbot.htm) Chrome/116.0.1938.76 Safari/537.36" "-"
65.108.64.210 - - [23/Dec/2024:18:30:58 +0900] "GET /robots.txt HTTP/1.1" 200 77 "-" "Mozilla/5.0 (compatible; MJ12bot/v1.4.8; http://mj12bot.com/)" "-"
65.108.64.210 - - [23/Dec/2024:18:31:00 +0900] "GET /knowledge/%E3%80%90%E7%93%A6%E5%B1%8B%E6%A0%B9%E3%80%91%E9%9B%A8%E6%BC%8F%E3%82%8A%E3%81%8C%E8%B5%B7%E3%81%93%E3%81%A3%E3%81%9F%E9%9A%9B%E3%81%AE%E7%97%87%E7%8A%B6%E3%81%A8%E4%BF%AE%E7%90%86%E6%96%B9%E6%B3%95/ HTTP/1.1" 403 0 "-" "Mozilla/5.0 (compatible; MJ12bot/v1.4.8; http://mj12bot.com/)" "-"
65.108.64.210 - - [23/Dec/2024:18:31:02 +0900] "GET /knowledge/%E3%83%99%E3%83%A9%E3%83%B3%E3%83%80%E3%81%8B%E3%82%89%E3%81%AE%E9%9B%A8%E6%BC%8F%E3%82%8A%E4%BA%88%E9%98%B2%E3%81%AB%E5%BF%85%E9%A0%88%E3%81%AE%E9%98%B2%E6%B0%B4%E5%A1%97%E8%A3%85%E3%81%AB%E3%81%A4/ HTTP/1.1" 503 428 "-" "Mozilla/5.0 (compatible; MJ12bot/v1.4.8; http://mj12bot.com/)" "-"
65.108.64.210 - - [23/Dec/2024:18:31:05 +0900] "GET /knowledge/%E5%B1%8B%E6%A0%B9%E3%81%AE%E3%80%8C%E6%A3%9F%E6%9D%BF%E9%87%91%E3%80%8D%E3%81%A8%E3%81%AF%EF%BC%9F%E5%BD%B9%E5%89%B2%E3%82%84%E9%9B%A8%E6%BC%8F%E3%82%8A%E3%81%AB%E3%81%A4%E3%81%AA%E3%81%8C%E3%82%8B/ HTTP/1.1" 403 0 "-" "Mozilla/5.0 (compatible; MJ12bot/v1.4.8; http://mj12bot.com/)" "-"
65.108.64.210 - - [23/Dec/2024:18:31:07 +0900] "GET /knowledge/%E7%93%A6%E5%B1%8B%E6%A0%B9%E3%81%AE%E6%BC%86%E5%96%B0%E3%81%AE%E5%8A%A3%E5%8C%96%E3%82%92%E6%94%BE%E7%BD%AE%E3%81%99%E3%82%8B%E3%81%A8%E9%9B%A8%E6%BC%8F%E3%82%8A%E3%81%AE%E5%8E%9F%E5%9B%A0%E3%81%AB/ HTTP/1.1" 503 428 "-" "Mozilla/5.0 (compatible; MJ12bot/v1.4.8; http://mj12bot.com/)" "-"
65.108.64.210 - - [23/Dec/2024:18:31:10 +0900] "GET /knowledge/%E7%AA%93%E6%9E%A0%E3%81%8B%E3%82%89%E3%81%AE%E9%9B%A8%E6%BC%8F%E3%82%8A%E3%81%AE%E5%8E%9F%E5%9B%A0%E3%81%AF%EF%BC%9F%E5%BF%85%E8%A6%81%E3%81%AA%E5%BF%9C%E6%80%A5%E6%8E%AA%E7%BD%AE%E3%82%84%E4%BF%AE/ HTTP/1.1" 503 428 "-" "Mozilla/5.0 (compatible; MJ12bot/v1.4.8; http://mj12bot.com/)" "-"
126.108.118.116 - - [23/Dec/2024:18:31:21 +0900] "GET /?_gl=1*1ix4f11*_gcl_au*MTYxMTI1OTI3MS4xNzIxODg2NjU0*_ga*ODYyMzk4MzA3LjE2OTk0NTM1Nzg.*_ga_7H42SVMQ0V*MTcyMTg4NjY1NS4xMjEuMS4xNzIxODg2NjY5LjQ2LjAuMA..&_ga=2.198040047.1958808748.1721886654-862398307.1699453578&_bdsid=2ulvIJ.n~ZXCIW.1721886656070.1721886848&_bd_prev_page=https://hamamatsu-yanesyuri.com/detail.php?kmasb/n498181.html HTTP/2.0" 503 299 "-" "Mozilla/5.0 (iPhone; CPU iPhone OS 17_5_1 like Mac OS X) AppleWebKit/605.1.15 (KHTML, like Gecko) Version/17.5 Mobile/15E148 Safari/604.1" "-"
126.108.118.116 - - [23/Dec/2024:18:31:21 +0900] "GET /favicon.ico HTTP/2.0" 503 428 "https://hamamatsu-yanesyuri.com/?_gl=1*1ix4f11*_gcl_au*MTYxMTI1OTI3MS4xNzIxODg2NjU0*_ga*ODYyMzk4MzA3LjE2OTk0NTM1Nzg.*_ga_7H42SVMQ0V*MTcyMTg4NjY1NS4xMjEuMS4xNzIxODg2NjY5LjQ2LjAuMA..&_ga=2.198040047.1958808748.1721886654-862398307.1699453578&_bdsid=2ulvIJ.n~ZXCIW.1721886656070.1721886848&_bd_prev_page=https://hamamatsu-yanesyuri.com/detail.php?kmasb/n498181.html" "Mozilla/5.0 (iPhone; CPU iPhone OS 17_5_1 like Mac OS X) AppleWebKit/605.1.15 (KHTML, like Gecko) Version/17.5 Mobile/15E148 Safari/604.1" "-"
52.167.144.173 - - [23/Dec/2024:18:33:32 +0900] "GET /kbozd/h1709697.html HTTP/2.0" 200 100996 "-" "Mozilla/5.0 AppleWebKit/537.36 (KHTML, like Gecko; compatible; bingbot/2.0; +http://www.bing.com/bingbot.htm) Chrome/116.0.1938.76 Safari/537.36" "-"
40.77.167.78 - - [23/Dec/2024:18:35:58 +0900] "GET /tvqvb/d1484637.html HTTP/2.0" 200 101443 "-" "Mozilla/5.0 AppleWebKit/537.36 (KHTML, like Gecko; compatible; bingbot/2.0; +http://www.bing.com/bingbot.htm) Chrome/116.0.1938.76 Safari/537.36" "-"
40.77.167.78 - - [23/Dec/2024:18:35:58 +0900] "GET /bizwl/n516797.html HTTP/2.0" 503 428 "-" "Mozilla/5.0 AppleWebKit/537.36 (KHTML, like Gecko; compatible; bingbot/2.0; +http://www.bing.com/bingbot.htm) Chrome/116.0.1938.76 Safari/537.36" "-"
66.249.79.166 - - [23/Dec/2024:18:38:39 +0900] "GET /oqnon/l2607195.html HTTP/1.1" 200 100272 "-" "Mozilla/5.0 (Linux; Android 6.0.1; Nexus 5X Build/MMB29P) AppleWebKit/537.36 (KHTML, like Gecko) Chrome/131.0.6778.139 Mobile Safari/537.36 (compatible; Googlebot/2.1; +http://www.google.com/bot.html)" "-"
52.167.144.173 - - [23/Dec/2024:18:39:03 +0900] "GET /gjfvt/b1534113.html HTTP/2.0" 200 101384 "-" "Mozilla/5.0 AppleWebKit/537.36 (KHTML, like Gecko; compatible; bingbot/2.0; +http://www.bing.com/bingbot.htm) Chrome/116.0.1938.76 Safari/537.36" "-"
66.249.79.168 - - [23/Dec/2024:18:43:31 +0900] "GET /?_gl=1*1ix4f11*_gcl_au*MTYxMTI1OTI3MS4xNzIxODg2NjU0*_ga*ODYyMzk4MzA3LjE2OTk0NTM1Nzg.*_ga_7H42SVMQ0V*MTcyMTg4NjY1NS4xMjEuMS4xNzIxODg2NjY5LjQ2LjAuMA..&_ga=2.198040047.1958808748.1721886654-862398307.1699453578&_bdsid=2ulvIJ.n~ZXCIW.1721886656070.1721886848&_bd_prev_page=https://hamamatsu-yanesyuri.com/detail.php?sefjs/a282498.html HTTP/1.1" 200 102050 "-" "Mozilla/5.0 (Linux; Android 6.0.1; Nexus 5X Build/MMB29P) AppleWebKit/537.36 (KHTML, like Gecko) Chrome/131.0.6778.204 Mobile Safari/537.36 (compatible; Googlebot/2.1; +http://www.google.com/bot.html)" "-"
66.249.79.166 - - [23/Dec/2024:18:45:38 +0900] "GET /?_gl=1*1ix4f11*_gcl_au*MTYxMTI1OTI3MS4xNzIxODg2NjU0*_ga*ODYyMzk4MzA3LjE2OTk0NTM1Nzg.*_ga_7H42SVMQ0V*MTcyMTg4NjY1NS4xMjEuMS4xNzIxODg2NjY5LjQ2LjAuMA..&_ga=2.198040047.1958808748.1721886654-862398307.1699453578&_bdsid=2ulvIJ.n~ZXCIW.1721886656070.1721886848&_bd_prev_page=https://hamamatsu-yanesyuri.com/detail.php?oeheq/f627419.html HTTP/1.1" 200 102631 "-" "Mozilla/5.0 (Linux; Android 6.0.1; Nexus 5X Build/MMB29P) AppleWebKit/537.36 (KHTML, like Gecko) Chrome/131.0.6778.139 Mobile Safari/537.36 (compatible; GoogleOther)" "-"
66.249.79.167 - - [23/Dec/2024:18:46:08 +0900] "GET /?_gl=1*1ix4f11*_gcl_au*MTYxMTI1OTI3MS4xNzIxODg2NjU0*_ga*ODYyMzk4MzA3LjE2OTk0NTM1Nzg.*_ga_7H42SVMQ0V*MTcyMTg4NjY1NS4xMjEuMS4xNzIxODg2NjY5LjQ2LjAuMA..&_ga=2.198040047.1958808748.1721886654-862398307.1699453578&_bdsid=2ulvIJ.n~ZXCIW.1721886656070.1721886848&_bd_prev_page=https://hamamatsu-yanesyuri.com/detail.php?oeheq/f627419.html HTTP/1.1" 200 102631 "-" "Mozilla/5.0 (Linux; Android 6.0.1; Nexus 5X Build/MMB29P) AppleWebKit/537.36 (KHTML, like Gecko) Chrome/131.0.6778.139 Mobile Safari/537.36 (compatible; Googlebot/2.1; +http://www.google.com/bot.html)" "-"
118.27.99.84 - - [23/Dec/2024:18:46:47 +0900] "POST /wp-cron.php?doing_wp_cron=1734947207.4055209159851074218750 HTTP/1.1" 503 299 "-" "WordPress/6.7.1; https://hamamatsu-yanesyuri.com" "-"
178.156.142.109 - - [23/Dec/2024:18:46:47 +0900] "GET /?_gl=1*1ix4f11*_gcl_au*MTYxMTI1OTI3MS4xNzIxODg2NjU0*_ga*ODYyMzk4MzA3LjE2OTk0NTM1Nzg.*_ga_7H42SVMQ0V*MTcyMTg4NjY1NS4xMjEuMS4xNzIxODg2NjY5LjQ2LjAuMA..&_ga=2.198040047.1958808748.1721886654-862398307.1699453578&_bdsid=2ulvIJ.n~ZXCIW.1721886656070.1721886848&_bd_prev_page=https://hamamatsu-yanesyuri.com/detail.php?pdqhg/r657565.html HTTP/1.1" 200 23551 "-" "Mozilla/5.0 (Windows NT 10.0; Win64; x64) AppleWebKit/537.36 (KHTML, like Gecko) Chrome/84.0.4147.105 Safari/537.36" "-"
40.77.167.48 - - [23/Dec/2024:18:46:59 +0900] "GET /ejpud/l1697793.html HTTP/2.0" 200 104151 "-" "Mozilla/5.0 AppleWebKit/537.36 (KHTML, like Gecko; compatible; bingbot/2.0; +http://www.bing.com/bingbot.htm) Chrome/116.0.1938.76 Safari/537.36" "-"
40.77.167.48 - - [23/Dec/2024:18:49:18 +0900] "GET /tdfmx/x487037.html HTTP/2.0" 503 428 "-" "Mozilla/5.0 AppleWebKit/537.36 (KHTML, like Gecko; compatible; bingbot/2.0; +http://www.bing.com/bingbot.htm) Chrome/116.0.1938.76 Safari/537.36" "-"
40.77.167.68 - - [23/Dec/2024:18:51:11 +0900] "GET /aboutus/ HTTP/2.0" 200 100557 "-" "Mozilla/5.0 AppleWebKit/537.36 (KHTML, like Gecko; compatible; bingbot/2.0; +http://www.bing.com/bingbot.htm) Chrome/116.0.1938.76 Safari/537.36" "-"
40.77.167.68 - - [23/Dec/2024:18:51:13 +0900] "GET /ibzzq/p501173.html HTTP/2.0" 200 101139 "-" "Mozilla/5.0 AppleWebKit/537.36 (KHTML, like Gecko; compatible; bingbot/2.0; +http://www.bing.com/bingbot.htm) Chrome/116.0.1938.76 Safari/537.36" "-"
66.249.79.167 - - [23/Dec/2024:18:51:19 +0900] "GET /?_gl=1*1ix4f11*_gcl_au*MTYxMTI1OTI3MS4xNzIxODg2NjU0*_ga*ODYyMzk4MzA3LjE2OTk0NTM1Nzg.*_ga_7H42SVMQ0V*MTcyMTg4NjY1NS4xMjEuMS4xNzIxODg2NjY5LjQ2LjAuMA..&_ga=2.198040047.1958808748.1721886654-862398307.1699453578&_bdsid=2ulvIJ.n~ZXCIW.1721886656070.1721886848&_bd_prev_page=https://hamamatsu-yanesyuri.com/detail.php?xxjmn/f1778387.html HTTP/1.1" 200 101881 "-" "Mozilla/5.0 (Linux; Android 6.0.1; Nexus 5X Build/MMB29P) AppleWebKit/537.36 (KHTML, like Gecko) Chrome/131.0.6778.204 Mobile Safari/537.36 (compatible; Googlebot/2.1; +http://www.google.com/bot.html)" "-"
65.108.128.54 - - [23/Dec/2024:18:51:47 +0900] "GET /robots.txt HTTP/1.1" 200 77 "-" "Mozilla/5.0 (compatible; MJ12bot/v1.4.8; http://mj12bot.com/)" "-"
65.108.128.54 - - [23/Dec/2024:18:51:49 +0900] "GET /knowledge/%E4%BF%A1%E9%A0%BC%E3%81%A7%E3%81%8D%E3%82%8B%E5%B1%8B%E6%A0%B9%E4%BF%AE%E7%90%86%E6%A5%AD%E8%80%85%E3%81%AE%E6%8E%A2%E3%81%97%E6%96%B9%E3%81%AF%EF%BC%9F/ HTTP/1.1" 403 0 "-" "Mozilla/5.0 (compatible; MJ12bot/v1.4.8; http://mj12bot.com/)" "-"
65.108.128.54 - - [23/Dec/2024:18:51:52 +0900] "GET /knowledge/%E5%8F%B0%E9%A2%A8%E5%89%8D%E3%81%AB%E3%81%A7%E3%81%8D%E3%82%8B%E9%9B%A8%E6%BC%8F%E3%82%8A%E5%AF%BE%E7%AD%96%E3%82%92%E3%81%94%E7%B4%B9%E4%BB%8B/ HTTP/1.1" 403 0 "-" "Mozilla/5.0 (compatible; MJ12bot/v1.4.8; http://mj12bot.com/)" "-"
65.108.128.54 - - [23/Dec/2024:18:51:55 +0900] "GET /knowledge/%E5%A2%97%E7%AF%89%E3%81%AE%E3%81%A4%E3%81%AA%E3%81%8E%E7%9B%AE%E3%81%8B%E3%82%89%E3%81%AE%E9%9B%A8%E6%BC%8F%E3%82%8A%E3%81%AF%E6%94%BE%E7%BD%AE%E3%81%97%E3%81%AA%E3%81%84%E3%81%A7%EF%BC%81%E5%AF%BE/ HTTP/1.1" 403 0 "-" "Mozilla/5.0 (compatible; MJ12bot/v1.4.8; http://mj12bot.com/)" "-"
65.108.128.54 - - [23/Dec/2024:18:51:57 +0900] "GET /knowledge/%E5%A4%96%E5%A3%81%E3%81%AB%E3%83%84%E3%82%BF%E3%82%92%E7%94%9F%E3%82%84%E3%81%99%E3%83%A1%E3%83%AA%E3%83%83%E3%83%88%E3%81%A8%E3%83%87%E3%83%A1%E3%83%AA%E3%83%83%E3%83%88%E3%82%92%E8%A7%A3%E8%AA%AC/ HTTP/1.1" 503 428 "-" "Mozilla/5.0 (compatible; MJ12bot/v1.4.8; http://mj12bot.com/)" "-"
65.108.128.54 - - [23/Dec/2024:18:52:00 +0900] "GET /knowledge/%E5%B1%8B%E6%A0%B9%E6%9D%90%E3%80%8C%E3%83%91%E3%83%9F%E3%83%BC%E3%83%AB%E3%80%8D%E3%81%A8%E3%81%AF%EF%BC%9F%E8%A6%8B%E5%88%86%E3%81%91%E6%96%B9%E3%82%84%E3%83%A1%E3%83%B3%E3%83%86%E3%83%8A%E3%83%B3/ HTTP/1.1" 403 0 "-" "Mozilla/5.0 (compatible; MJ12bot/v1.4.8; http://mj12bot.com/)" "-"
65.108.128.54 - - [23/Dec/2024:18:52:02 +0900] "GET /knowledge/%E6%8F%9B%E6%B0%97%E6%89%87%E3%81%8B%E3%82%89%E9%9B%A8%E6%BC%8F%E3%82%8A%E3%81%8C%E7%99%BA%E7%94%9F%E3%81%99%E3%82%8B%E5%8E%9F%E5%9B%A0%E3%81%AF%EF%BC%9F%E4%BF%AE%E7%90%86%E6%96%B9%E6%B3%95%E3%82%82/ HTTP/1.1" 403 0 "-" "Mozilla/5.0 (compatible; MJ12bot/v1.4.8; http://mj12bot.com/)" "-"
65.108.128.54 - - [23/Dec/2024:18:52:05 +0900] "GET /knowledge/%E6%B5%9C%E6%9D%BE%E5%B8%82%E3%83%BB%E9%9D%99%E5%B2%A1%E5%B8%82%E3%81%A7%E4%BD%BF%E3%81%88%E3%82%8B%E5%B1%8B%E6%A0%B9%E3%83%AA%E3%83%95%E3%82%A9%E3%83%BC%E3%83%A0%E3%81%AE%E8%A3%9C%E5%8A%A9%E9%87%91/ HTTP/1.1" 403 0 "-" "Mozilla/5.0 (compatible; MJ12bot/v1.4.8; http://mj12bot.com/)" "-"
65.108.128.54 - - [23/Dec/2024:18:52:07 +0900] "GET /knowledge/%E6%B5%B7%E6%B2%BF%E3%81%84%E3%81%A7%E3%82%82%E5%AE%89%E5%BF%83%EF%BC%81%E5%A1%A9%E5%AE%B3%E3%81%AB%E5%BC%B7%E3%81%84%E5%B1%8B%E6%A0%B9%E6%9D%90%E3%81%AE%E9%81%B8%E3%81%B3%E6%96%B9/ HTTP/1.1" 403 0 "-" "Mozilla/5.0 (compatible; MJ12bot/v1.4.8; http://mj12bot.com/)" "-"
65.108.128.54 - - [23/Dec/2024:18:52:10 +0900] "GET /knowledge/%E9%9B%A8%E6%A8%8B%E3%81%AE%E4%B8%8D%E5%85%B7%E5%90%88%E3%82%92%E6%94%BE%E7%BD%AE%E3%81%99%E3%82%8B%E3%83%AA%E3%82%B9%E3%82%AF%E3%81%A8%E5%AF%BE%E5%87%A6%E6%96%B9%E6%B3%95/ HTTP/1.1" 503 428 "-" "Mozilla/5.0 (compatible; MJ12bot/v1.4.8; http://mj12bot.com/)" "-"
40.77.167.48 - - [23/Dec/2024:18:53:59 +0900] "GET /tsfsd/j543209.html HTTP/2.0" 200 101006 "-" "Mozilla/5.0 AppleWebKit/537.36 (KHTML, like Gecko; compatible; bingbot/2.0; +http://www.bing.com/bingbot.htm) Chrome/116.0.1938.76 Safari/537.36" "-"
52.167.144.210 - - [23/Dec/2024:19:02:44 +0900] "GET /efskt/v1692213.html HTTP/2.0" 507 519 "-" "Mozilla/5.0 AppleWebKit/537.36 (KHTML, like Gecko; compatible; bingbot/2.0; +http://www.bing.com/bingbot.htm) Chrome/116.0.1938.76 Safari/537.36" "-"
40.77.167.152 - - [23/Dec/2024:19:03:29 +0900] "GET /uvhsr/f511589.html HTTP/2.0" 503 428 "-" "Mozilla/5.0 AppleWebKit/537.36 (KHTML, like Gecko; compatible; bingbot/2.0; +http://www.bing.com/bingbot.htm) Chrome/116.0.1938.76 Safari/537.36" "-"
40.77.167.17 - - [23/Dec/2024:19:16:06 +0900] "GET /ftdxm/z326333.html HTTP/2.0" 200 103380 "-" "Mozilla/5.0 AppleWebKit/537.36 (KHTML, like Gecko; compatible; bingbot/2.0; +http://www.bing.com/bingbot.htm) Chrome/116.0.1938.76 Safari/537.36" "-"
66.249.79.168 - - [23/Dec/2024:19:17:48 +0900] "GET /ohmbr/w774648.html HTTP/1.1" 503 428 "-" "Mozilla/5.0 (Linux; Android 6.0.1; Nexus 5X Build/MMB29P) AppleWebKit/537.36 (KHTML, like Gecko) Chrome/131.0.6778.139 Mobile Safari/537.36 (compatible; Googlebot/2.1; +http://www.google.com/bot.html)" "-"
40.77.167.41 - - [23/Dec/2024:19:18:43 +0900] "GET /wp-content/uploads/2024/10/30874740_s.jpg HTTP/2.0" 200 22191 "-" "Mozilla/5.0 AppleWebKit/537.36 (KHTML, like Gecko; compatible; bingbot/2.0; +http://www.bing.com/bingbot.htm) Chrome/116.0.1938.76 Safari/537.36" "-"
40.77.167.20 - - [23/Dec/2024:19:23:43 +0900] "GET /ivchr/x399989.html HTTP/2.0" 200 101023 "-" "Mozilla/5.0 AppleWebKit/537.36 (KHTML, like Gecko; compatible; bingbot/2.0; +http://www.bing.com/bingbot.htm) Chrome/116.0.1938.76 Safari/537.36" "-"
20.15.133.191 - - [23/Dec/2024:19:26:39 +0900] "GET /ocrmq/a2781514.html HTTP/2.0" 503 428 "-" "Mozilla/5.0 AppleWebKit/537.36 (KHTML, like Gecko; compatible; bingbot/2.0; +http://www.bing.com/bingbot.htm) Chrome/116.0.1938.76 Safari/537.36" "-"
20.15.133.191 - - [23/Dec/2024:19:27:00 +0900] "GET /ocrmq/a2781514.html HTTP/2.0" 200 104723 "-" "Mozilla/5.0 AppleWebKit/537.36 (KHTML, like Gecko; compatible; bingbot/2.0; +http://www.bing.com/bingbot.htm) Chrome/116.0.1938.76 Safari/537.36" "-"
52.167.144.173 - - [23/Dec/2024:19:32:08 +0900] "GET /shlxp/d1702257.html HTTP/2.0" 200 101947 "-" "Mozilla/5.0 AppleWebKit/537.36 (KHTML, like Gecko; compatible; bingbot/2.0; +http://www.bing.com/bingbot.htm) Chrome/116.0.1938.76 Safari/537.36" "-"
40.77.167.6 - - [23/Dec/2024:19:32:35 +0900] "GET /sgzek/l1692957.html HTTP/2.0" 503 428 "-" "Mozilla/5.0 AppleWebKit/537.36 (KHTML, like Gecko; compatible; bingbot/2.0; +http://www.bing.com/bingbot.htm) Chrome/116.0.1938.76 Safari/537.36" "-"
194.247.173.99 - - [23/Dec/2024:19:35:20 +0900] "GET /robots.txt HTTP/1.1" 200 77 "-" "Mozilla/5.0 (compatible; MJ12bot/v1.4.8; http://mj12bot.com/)" "-"
194.247.173.99 - - [23/Dec/2024:19:35:22 +0900] "GET /knowledge/%E3%80%90%E3%82%B9%E3%83%AC%E3%83%BC%E3%83%88%E5%B1%8B%E6%A0%B9%E3%80%91%E9%9B%A8%E6%BC%8F%E3%82%8A%E3%81%8C%E8%B5%B7%E3%81%93%E3%81%A3%E3%81%9F%E9%9A%9B%E3%81%AE%E7%97%87%E7%8A%B6%E3%81%A8%E4%BF%AE/ HTTP/1.1" 403 0 "-" "Mozilla/5.0 (compatible; MJ12bot/v1.4.8; http://mj12bot.com/)" "-"
194.247.173.99 - - [23/Dec/2024:19:35:25 +0900] "GET /knowledge/%E3%80%90%E9%87%91%E5%B1%9E%E5%B1%8B%E6%A0%B9%E3%80%91%E9%9B%A8%E6%BC%8F%E3%82%8A%E3%81%8C%E8%B5%B7%E3%81%93%E3%81%A3%E3%81%9F%E9%9A%9B%E3%81%AE%E7%97%87%E7%8A%B6%E3%81%A8%E4%BF%AE%E7%90%86%E6%96%B9/ HTTP/1.1" 403 0 "-" "Mozilla/5.0 (compatible; MJ12bot/v1.4.8; http://mj12bot.com/)" "-"
194.247.173.99 - - [23/Dec/2024:19:35:27 +0900] "GET /knowledge/%E3%83%99%E3%83%A9%E3%83%B3%E3%83%80%E3%81%8B%E3%82%89%E3%81%AE%E9%9B%A8%E6%BC%8F%E3%82%8A%E4%BA%88%E9%98%B2%E3%81%AB%E5%BF%85%E9%A0%88%E3%81%AE%E9%98%B2%E6%B0%B4%E5%A1%97%E8%A3%85%E3%81%AB%E3%81%A4/ HTTP/1.1" 403 0 "-" "Mozilla/5.0 (compatible; MJ12bot/v1.4.8; http://mj12bot.com/)" "-"
194.247.173.99 - - [23/Dec/2024:19:35:29 +0900] "GET /knowledge/%E5%A1%97%E8%A3%85%E3%81%8C%E5%BF%85%E8%A6%81%E3%81%AA%E7%93%A6%E5%B1%8B%E6%A0%B9%E3%81%A8%E3%81%AF%EF%BC%9F/ HTTP/1.1" 403 0 "-" "Mozilla/5.0 (compatible; MJ12bot/v1.4.8; http://mj12bot.com/)" "-"
194.247.173.99 - - [23/Dec/2024:19:35:32 +0900] "GET /knowledge/%E5%A4%96%E5%A3%81%E3%81%8B%E3%82%89%E3%81%AE%E9%9B%A8%E6%BC%8F%E3%82%8A%E3%81%AE%E5%8E%9F%E5%9B%A0%E3%81%AF%EF%BC%9F%E5%BF%85%E8%A6%81%E3%81%AA%E5%BF%9C%E6%80%A5%E6%8E%AA%E7%BD%AE%E3%82%84%E4%BF%AE/ HTTP/1.1" 403 0 "-" "Mozilla/5.0 (compatible; MJ12bot/v1.4.8; http://mj12bot.com/)" "-"
194.247.173.99 - - [23/Dec/2024:19:35:34 +0900] "GET /knowledge/%E5%A4%A9%E4%BA%95%E3%81%8B%E3%82%89%E3%81%AE%E9%9B%A8%E6%BC%8F%E3%82%8A%E3%81%AE%E5%8E%9F%E5%9B%A0%E3%81%AF%EF%BC%9F%E5%BF%85%E8%A6%81%E3%81%AA%E5%BF%9C%E6%80%A5%E6%8E%AA%E7%BD%AE%E3%82%84%E4%BF%AE/ HTTP/1.1" 403 0 "-" "Mozilla/5.0 (compatible; MJ12bot/v1.4.8; http://mj12bot.com/)" "-"
194.247.173.99 - - [23/Dec/2024:19:35:36 +0900] "GET /knowledge/%E5%B1%8B%E6%A0%B9%E3%81%AE%E3%82%AB%E3%83%90%E3%83%BC%E5%B7%A5%E6%B3%95%E3%81%A8%E3%81%AF%EF%BC%9F%E3%83%A1%E3%83%AA%E3%83%83%E3%83%88%E3%82%84%E3%83%87%E3%83%A1%E3%83%AA%E3%83%83%E3%83%88%E3%80%81/ HTTP/1.1" 503 428 "-" "Mozilla/5.0 (compatible; MJ12bot/v1.4.8; http://mj12bot.com/)" "-"
194.247.173.99 - - [23/Dec/2024:19:35:38 +0900] "GET /knowledge/%E5%B1%8B%E6%A0%B9%E4%BF%AE%E7%90%86%E3%82%92%E8%81%B7%E4%BA%BA%E7%9B%B4%E5%96%B6%E5%BA%97%E3%81%AB%E9%A0%BC%E3%82%80%E3%83%A1%E3%83%AA%E3%83%83%E3%83%88%E3%83%BB%E3%83%87%E3%83%A1%E3%83%AA%E3%83%83/ HTTP/1.1" 503 428 "-" "Mozilla/5.0 (compatible; MJ12bot/v1.4.8; http://mj12bot.com/)" "-"
194.247.173.99 - - [23/Dec/2024:19:35:41 +0900] "GET /knowledge/%E6%82%AA%E5%BE%B3%E5%B1%8B%E6%A0%B9%E6%A5%AD%E8%80%85%E3%81%AB%E8%A6%81%E6%B3%A8%E6%84%8F%EF%BC%81%E8%A6%8B%E5%88%86%E3%81%91%E6%96%B9%E3%82%84%E5%AF%BE%E5%87%A6%E6%B3%95%E3%81%AB%E3%81%A4%E3%81%84/ HTTP/1.1" 403 0 "-" "Mozilla/5.0 (compatible; MJ12bot/v1.4.8; http://mj12bot.com/)" "-"
194.247.173.99 - - [23/Dec/2024:19:35:43 +0900] "GET /knowledge/%E7%93%A6%E3%82%BA%E3%83%AC%E3%81%AE%E6%94%BE%E7%BD%AE%E3%81%AF%E9%9B%A8%E6%BC%8F%E3%82%8A%E3%81%AE%E5%8E%9F%E5%9B%A0%E3%81%AB%EF%BC%81%E4%BF%AE%E7%90%86%E6%96%B9%E6%B3%95%E3%82%92%E8%A7%A3%E8%AA%AC/ HTTP/1.1" 503 428 "-" "Mozilla/5.0 (compatible; MJ12bot/v1.4.8; http://mj12bot.com/)" "-"
194.247.173.99 - - [23/Dec/2024:19:35:45 +0900] "GET /knowledge/%E7%93%A6%E5%B1%8B%E6%A0%B9%E3%81%AE%E6%BC%86%E5%96%B0%E3%82%92%E6%94%BE%E7%BD%AE%E3%81%99%E3%82%8B%E3%81%A8%E9%9B%A8%E6%BC%8F%E3%82%8A%E3%81%AE%E5%8E%9F%E5%9B%A0%E3%81%AB%EF%BC%81%E6%BC%86%E5%96%B0/ HTTP/1.1" 503 428 "-" "Mozilla/5.0 (compatible; MJ12bot/v1.4.8; http://mj12bot.com/)" "-"
194.247.173.99 - - [23/Dec/2024:19:35:47 +0900] "GET /knowledge/%E9%98%B2%E7%81%BD%E7%93%A6%E3%81%A8%E3%81%AF%EF%BC%9F%E7%A8%AE%E9%A1%9E%E3%82%84%E3%83%A1%E3%83%AA%E3%83%83%E3%83%88%E3%83%BB%E3%83%87%E3%83%A1%E3%83%AA%E3%83%83%E3%83%88%E3%82%92%E8%A7%A3%E8%AA%AC/ HTTP/1.1" 503 428 "-" "Mozilla/5.0 (compatible; MJ12bot/v1.4.8; http://mj12bot.com/)" "-"
194.247.173.99 - - [23/Dec/2024:19:35:49 +0900] "GET /knowledge/%E9%9B%A8%E6%8A%BC%E3%81%88%E6%9D%BF%E9%87%91%E3%81%A8%E3%81%AF%EF%BC%9F%E5%BD%B9%E5%89%B2%E3%82%84%E4%BF%AE%E7%90%86%E6%96%B9%E6%B3%95%E3%82%92%E8%A7%A3%E8%AA%AC/ HTTP/1.1" 403 0 "-" "Mozilla/5.0 (compatible; MJ12bot/v1.4.8; http://mj12bot.com/)" "-"
20.15.133.174 - - [23/Dec/2024:19:35:49 +0900] "GET /vjlob/q1662854.html HTTP/2.0" 200 100865 "-" "Mozilla/5.0 AppleWebKit/537.36 (KHTML, like Gecko; compatible; bingbot/2.0; +http://www.bing.com/bingbot.htm) Chrome/116.0.1938.76 Safari/537.36" "-"
194.247.173.99 - - [23/Dec/2024:19:35:51 +0900] "GET /knowledge/%E9%9B%A8%E6%BC%8F%E3%82%8A%E3%81%AE%E8%AA%BF%E6%9F%BB%E6%96%B9%E6%B3%95%E3%81%A8%E6%A5%AD%E8%80%85%E3%81%AE%E9%81%B8%E3%81%B3%E6%96%B9%E3%82%92%E3%83%97%E3%83%AD%E3%81%AE%E9%9B%A8%E6%BC%8F%E3%82%8A/ HTTP/1.1" 403 0 "-" "Mozilla/5.0 (compatible; MJ12bot/v1.4.8; http://mj12bot.com/)" "-"
194.247.173.99 - - [23/Dec/2024:19:35:53 +0900] "GET /knowledge/%E3%82%A2%E3%82%B9%E3%83%95%E3%82%A1%E3%83%AB%E3%83%88%E3%82%B7%E3%83%B3%E3%82%B0%E3%83%AB%E3%81%A8%E3%81%AF%E3%81%A9%E3%82%93%E3%81%AA%E5%B1%8B%E6%A0%B9%E6%9D%90%EF%BC%9F%E7%89%B9%E5%BE%B4%E3%82%84/ HTTP/1.1" 403 0 "-" "Mozilla/5.0 (compatible; MJ12bot/v1.4.8; http://mj12bot.com/)" "-"
172.203.190.135 - - [23/Dec/2024:19:36:07 +0900] "GET /robots.txt HTTP/2.0" 200 91 "-" "Mozilla/5.0 AppleWebKit/537.36 (KHTML, like Gecko); compatible; OAI-SearchBot/1.0; +https://openai.com/searchbot" "-"
52.167.144.25 - - [23/Dec/2024:19:38:18 +0900] "GET /jnhwe/h1096669.html HTTP/2.0" 503 428 "-" "Mozilla/5.0 AppleWebKit/537.36 (KHTML, like Gecko; compatible; bingbot/2.0; +http://www.bing.com/bingbot.htm) Chrome/116.0.1938.76 Safari/537.36" "-"
66.249.79.168 - - [23/Dec/2024:19:45:19 +0900] "GET /?_gl=1*1ix4f11*_gcl_au*MTYxMTI1OTI3MS4xNzIxODg2NjU0*_ga*ODYyMzk4MzA3LjE2OTk0NTM1Nzg.*_ga_7H42SVMQ0V*MTcyMTg4NjY1NS4xMjEuMS4xNzIxODg2NjY5LjQ2LjAuMA..&_ga=2.198040047.1958808748.1721886654-862398307.1699453578&_bdsid=2ulvIJ.n~ZXCIW.1721886656070.1721886848&_bd_prev_page=https://hamamatsu-yanesyuri.com/detail.php?babdg/p348761.html HTTP/1.1" 200 102722 "-" "Mozilla/5.0 (Linux; Android 6.0.1; Nexus 5X Build/MMB29P) AppleWebKit/537.36 (KHTML, like Gecko) Chrome/131.0.6778.204 Mobile Safari/537.36 (compatible; Googlebot/2.1; +http://www.google.com/bot.html)" "-"
52.167.144.172 - - [23/Dec/2024:19:45:44 +0900] "GET /lmhxu/j1643399.html HTTP/2.0" 200 100243 "-" "Mozilla/5.0 AppleWebKit/537.36 (KHTML, like Gecko; compatible; bingbot/2.0; +http://www.bing.com/bingbot.htm) Chrome/116.0.1938.76 Safari/537.36" "-"
40.77.167.78 - - [23/Dec/2024:19:47:37 +0900] "GET /dlxux/z1675473.html HTTP/2.0" 200 103188 "-" "Mozilla/5.0 AppleWebKit/537.36 (KHTML, like Gecko; compatible; bingbot/2.0; +http://www.bing.com/bingbot.htm) Chrome/116.0.1938.76 Safari/537.36" "-"
156.59.198.135 - - [23/Dec/2024:19:50:52 +0900] "GET /wp-content/uploads/2023/08/230803_%E6%96%BD%E5%B7%A5%E5%90%8E%E2%91%A0-%E3%82%B8%E3%82%A7%E3%83%AA%E3%83%BC.jpg HTTP/2.0" 403 0 "-" "Mozilla/5.0 (Linux; Android 5.0) AppleWebKit/537.36 (KHTML, like Gecko) Mobile Safari/537.36 (compatible; Bytespider; spider-feedback@bytedance.com)" "-"
52.167.144.175 - - [23/Dec/2024:19:54:21 +0900] "GET /wized/p409289.html HTTP/2.0" 200 101436 "-" "Mozilla/5.0 AppleWebKit/537.36 (KHTML, like Gecko; compatible; bingbot/2.0; +http://www.bing.com/bingbot.htm) Chrome/116.0.1938.76 Safari/537.36" "-"
52.167.144.219 - - [23/Dec/2024:20:02:49 +0900] "GET /rhpnl/l1596237.html HTTP/2.0" 200 100982 "-" "Mozilla/5.0 AppleWebKit/537.36 (KHTML, like Gecko; compatible; bingbot/2.0; +http://www.bing.com/bingbot.htm) Chrome/116.0.1938.76 Safari/537.36" "-"
118.27.99.84 - - [23/Dec/2024:20:06:47 +0900] "POST /wp-cron.php?doing_wp_cron=1734952007.6440849304199218750000 HTTP/1.1" 503 299 "-" "WordPress/6.7.1; https://hamamatsu-yanesyuri.com" "-"
66.249.79.168 - - [23/Dec/2024:20:06:47 +0900] "GET /favicon.ico HTTP/1.1" 302 157 "-" "Googlebot-Image/1.0" "-"
66.249.79.167 - - [23/Dec/2024:20:06:48 +0900] "GET /wp-includes/images/w-logo-blue-white-bg.png HTTP/1.1" 200 4119 "-" "Googlebot-Image/1.0" "-"
52.167.144.150 - - [23/Dec/2024:20:08:11 +0900] "GET /aumzp/z360185.html HTTP/2.0" 200 101305 "-" "Mozilla/5.0 AppleWebKit/537.36 (KHTML, like Gecko; compatible; bingbot/2.0; +http://www.bing.com/bingbot.htm) Chrome/116.0.1938.76 Safari/537.36" "-"
66.249.79.166 - - [23/Dec/2024:20:09:45 +0900] "GET /nlucy/p1297189.html HTTP/1.1" 503 428 "-" "Mozilla/5.0 (Linux; Android 6.0.1; Nexus 5X Build/MMB29P) AppleWebKit/537.36 (KHTML, like Gecko) Chrome/131.0.6778.139 Mobile Safari/537.36 (compatible; Googlebot/2.1; +http://www.google.com/bot.html)" "-"
66.249.79.167 - - [23/Dec/2024:20:09:54 +0900] "GET /flamf/e494792.html HTTP/1.1" 200 100791 "-" "Mozilla/5.0 (Linux; Android 6.0.1; Nexus 5X Build/MMB29P) AppleWebKit/537.36 (KHTML, like Gecko) Chrome/131.0.6778.139 Mobile Safari/537.36 (compatible; Googlebot/2.1; +http://www.google.com/bot.html)" "-"
40.77.167.22 - - [23/Dec/2024:20:09:56 +0900] "GET /sitemap.xml HTTP/2.0" 200 447 "-" "Mozilla/5.0 AppleWebKit/537.36 (KHTML, like Gecko; compatible; bingbot/2.0; +http://www.bing.com/bingbot.htm) Chrome/116.0.1938.76 Safari/537.36" "-"
40.77.167.22 - - [23/Dec/2024:20:10:36 +0900] "GET /sitemap726.xml HTTP/2.0" 200 9478 "-" "Mozilla/5.0 AppleWebKit/537.36 (KHTML, like Gecko; compatible; bingbot/2.0; +http://www.bing.com/bingbot.htm) Chrome/116.0.1938.76 Safari/537.36" "-"
40.77.167.22 - - [23/Dec/2024:20:10:37 +0900] "GET /sitemap770.xml HTTP/2.0" 200 9510 "-" "Mozilla/5.0 AppleWebKit/537.36 (KHTML, like Gecko; compatible; bingbot/2.0; +http://www.bing.com/bingbot.htm) Chrome/116.0.1938.76 Safari/537.36" "-"
40.77.167.22 - - [23/Dec/2024:20:10:37 +0900] "GET /sitemap496.xml HTTP/2.0" 503 428 "-" "Mozilla/5.0 AppleWebKit/537.36 (KHTML, like Gecko; compatible; bingbot/2.0; +http://www.bing.com/bingbot.htm) Chrome/116.0.1938.76 Safari/537.36" "-"
40.77.167.22 - - [23/Dec/2024:20:10:38 +0900] "GET /sitemap527.xml HTTP/2.0" 200 9768 "-" "Mozilla/5.0 AppleWebKit/537.36 (KHTML, like Gecko; compatible; bingbot/2.0; +http://www.bing.com/bingbot.htm) Chrome/116.0.1938.76 Safari/537.36" "-"
40.77.167.22 - - [23/Dec/2024:20:10:39 +0900] "GET /sitemap320.xml HTTP/2.0" 200 9503 "-" "Mozilla/5.0 AppleWebKit/537.36 (KHTML, like Gecko; compatible; bingbot/2.0; +http://www.bing.com/bingbot.htm) Chrome/116.0.1938.76 Safari/537.36" "-"
40.77.167.22 - - [23/Dec/2024:20:10:40 +0900] "GET /sitemap338.xml HTTP/2.0" 200 9694 "-" "Mozilla/5.0 AppleWebKit/537.36 (KHTML, like Gecko; compatible; bingbot/2.0; +http://www.bing.com/bingbot.htm) Chrome/116.0.1938.76 Safari/537.36" "-"
40.77.167.22 - - [23/Dec/2024:20:10:40 +0900] "GET /sitemap439.xml HTTP/2.0" 200 9762 "-" "Mozilla/5.0 AppleWebKit/537.36 (KHTML, like Gecko; compatible; bingbot/2.0; +http://www.bing.com/bingbot.htm) Chrome/116.0.1938.76 Safari/537.36" "-"
40.77.167.22 - - [23/Dec/2024:20:10:41 +0900] "GET /sitemap413.xml HTTP/2.0" 200 9485 "-" "Mozilla/5.0 AppleWebKit/537.36 (KHTML, like Gecko; compatible; bingbot/2.0; +http://www.bing.com/bingbot.htm) Chrome/116.0.1938.76 Safari/537.36" "-"
40.77.167.22 - - [23/Dec/2024:20:10:41 +0900] "GET /sitemap582.xml HTTP/2.0" 503 428 "-" "Mozilla/5.0 AppleWebKit/537.36 (KHTML, like Gecko; compatible; bingbot/2.0; +http://www.bing.com/bingbot.htm) Chrome/116.0.1938.76 Safari/537.36" "-"
40.77.167.22 - - [23/Dec/2024:20:10:42 +0900] "GET /sitemap833.xml HTTP/2.0" 503 428 "-" "Mozilla/5.0 AppleWebKit/537.36 (KHTML, like Gecko; compatible; bingbot/2.0; +http://www.bing.com/bingbot.htm) Chrome/116.0.1938.76 Safari/537.36" "-"
40.77.167.22 - - [23/Dec/2024:20:10:43 +0900] "GET /sitemap842.xml HTTP/2.0" 200 9657 "-" "Mozilla/5.0 AppleWebKit/537.36 (KHTML, like Gecko; compatible; bingbot/2.0; +http://www.bing.com/bingbot.htm) Chrome/116.0.1938.76 Safari/537.36" "-"
40.77.167.22 - - [23/Dec/2024:20:10:43 +0900] "GET /sitemap381.xml HTTP/2.0" 503 428 "-" "Mozilla/5.0 AppleWebKit/537.36 (KHTML, like Gecko; compatible; bingbot/2.0; +http://www.bing.com/bingbot.htm) Chrome/116.0.1938.76 Safari/537.36" "-"
40.77.167.22 - - [23/Dec/2024:20:10:43 +0900] "GET /sitemap649.xml HTTP/2.0" 200 9653 "-" "Mozilla/5.0 AppleWebKit/537.36 (KHTML, like Gecko; compatible; bingbot/2.0; +http://www.bing.com/bingbot.htm) Chrome/116.0.1938.76 Safari/537.36" "-"
40.77.167.22 - - [23/Dec/2024:20:10:44 +0900] "GET /sitemap660.xml HTTP/2.0" 503 428 "-" "Mozilla/5.0 AppleWebKit/537.36 (KHTML, like Gecko; compatible; bingbot/2.0; +http://www.bing.com/bingbot.htm) Chrome/116.0.1938.76 Safari/537.36" "-"
40.77.167.22 - - [23/Dec/2024:20:10:44 +0900] "GET /sitemap337.xml HTTP/2.0" 200 9522 "-" "Mozilla/5.0 AppleWebKit/537.36 (KHTML, like Gecko; compatible; bingbot/2.0; +http://www.bing.com/bingbot.htm) Chrome/116.0.1938.76 Safari/537.36" "-"
40.77.167.22 - - [23/Dec/2024:20:10:45 +0900] "GET /sitemap514.xml HTTP/2.0" 200 9720 "-" "Mozilla/5.0 AppleWebKit/537.36 (KHTML, like Gecko; compatible; bingbot/2.0; +http://www.bing.com/bingbot.htm) Chrome/116.0.1938.76 Safari/537.36" "-"
