185.191.171.5 - - [23/Dec/2024:12:08:30 +0900] "GET /194307633.html HTTP/1.1" 301 162 "-" "Mozilla/5.0 (compatible; SemrushBot/7~bl; +http://www.semrush.com/bot.html)" "-"
85.208.96.197 - - [23/Dec/2024:12:08:32 +0900] "GET /68997483.html HTTP/1.1" 301 162 "-" "Mozilla/5.0 (compatible; SemrushBot/7~bl; +http://www.semrush.com/bot.html)" "-"
85.208.96.197 - - [23/Dec/2024:12:08:34 +0900] "GET /68997483.html HTTP/1.1" 403 0 "-" "Mozilla/5.0 (compatible; SemrushBot/7~bl; +http://www.semrush.com/bot.html)" "-"
85.208.96.205 - - [23/Dec/2024:12:08:43 +0900] "GET /194307633.html HTTP/1.1" 403 0 "-" "Mozilla/5.0 (compatible; SemrushBot/7~bl; +http://www.semrush.com/bot.html)" "-"
85.208.96.202 - - [23/Dec/2024:12:08:59 +0900] "GET /100021203.html HTTP/1.1" 301 162 "-" "Mozilla/5.0 (compatible; SemrushBot/7~bl; +http://www.semrush.com/bot.html)" "-"
85.208.96.202 - - [23/Dec/2024:12:09:07 +0900] "GET /168412680.html HTTP/1.1" 301 162 "-" "Mozilla/5.0 (compatible; SemrushBot/7~bl; +http://www.semrush.com/bot.html)" "-"
85.208.96.211 - - [23/Dec/2024:12:09:12 +0900] "GET /168412680.html HTTP/1.1" 403 0 "-" "Mozilla/5.0 (compatible; SemrushBot/7~bl; +http://www.semrush.com/bot.html)" "-"
85.208.96.202 - - [23/Dec/2024:12:09:29 +0900] "GET /100021203.html HTTP/1.1" 403 0 "-" "Mozilla/5.0 (compatible; SemrushBot/7~bl; +http://www.semrush.com/bot.html)" "-"
185.191.171.9 - - [23/Dec/2024:12:10:01 +0900] "GET /178742223.html HTTP/1.1" 301 162 "-" "Mozilla/5.0 (compatible; SemrushBot/7~bl; +http://www.semrush.com/bot.html)" "-"
52.167.144.22 - - [23/Dec/2024:12:10:16 +0900] "GET /knxou/o1378467.html HTTP/2.0" 200 55252 "-" "Mozilla/5.0 AppleWebKit/537.36 (KHTML, like Gecko; compatible; bingbot/2.0; +http://www.bing.com/bingbot.htm) Chrome/116.0.1938.76 Safari/537.36" "-"
185.191.171.16 - - [23/Dec/2024:12:10:18 +0900] "GET /164875545.html HTTP/1.1" 301 162 "-" "Mozilla/5.0 (compatible; SemrushBot/7~bl; +http://www.semrush.com/bot.html)" "-"
52.167.144.22 - - [23/Dec/2024:12:10:26 +0900] "GET /axxhb/j680778.html HTTP/2.0" 200 54933 "-" "Mozilla/5.0 AppleWebKit/537.36 (KHTML, like Gecko; compatible; bingbot/2.0; +http://www.bing.com/bingbot.htm) Chrome/116.0.1938.76 Safari/537.36" "-"
185.191.171.9 - - [23/Dec/2024:12:10:26 +0900] "GET /64948410.html HTTP/1.1" 301 162 "-" "Mozilla/5.0 (compatible; SemrushBot/7~bl; +http://www.semrush.com/bot.html)" "-"
85.208.96.206 - - [23/Dec/2024:12:10:31 +0900] "GET /124621947.html HTTP/1.1" 301 162 "-" "Mozilla/5.0 (compatible; SemrushBot/7~bl; +http://www.semrush.com/bot.html)" "-"
185.191.171.14 - - [23/Dec/2024:12:10:34 +0900] "GET /173770200.html HTTP/1.1" 301 162 "-" "Mozilla/5.0 (compatible; SemrushBot/7~bl; +http://www.semrush.com/bot.html)" "-"
52.167.144.171 - - [23/Dec/2024:12:10:35 +0900] "GET /smxiy/f1727248.html HTTP/2.0" 503 428 "-" "Mozilla/5.0 AppleWebKit/537.36 (KHTML, like Gecko; compatible; bingbot/2.0; +http://www.bing.com/bingbot.htm) Chrome/116.0.1938.76 Safari/537.36" "-"
185.191.171.14 - - [23/Dec/2024:12:10:35 +0900] "GET /105514929.html HTTP/1.1" 301 162 "-" "Mozilla/5.0 (compatible; SemrushBot/7~bl; +http://www.semrush.com/bot.html)" "-"
85.208.96.195 - - [23/Dec/2024:12:10:37 +0900] "GET /105514929.html HTTP/1.1" 403 0 "-" "Mozilla/5.0 (compatible; SemrushBot/7~bl; +http://www.semrush.com/bot.html)" "-"
185.191.171.15 - - [23/Dec/2024:12:10:40 +0900] "GET /173770200.html HTTP/1.1" 403 0 "-" "Mozilla/5.0 (compatible; SemrushBot/7~bl; +http://www.semrush.com/bot.html)" "-"
185.191.171.15 - - [23/Dec/2024:12:10:45 +0900] "GET /154230687.html HTTP/1.1" 301 162 "-" "Mozilla/5.0 (compatible; SemrushBot/7~bl; +http://www.semrush.com/bot.html)" "-"
85.208.96.203 - - [23/Dec/2024:12:10:48 +0900] "GET /154230687.html HTTP/1.1" 503 428 "-" "Mozilla/5.0 (compatible; SemrushBot/7~bl; +http://www.semrush.com/bot.html)" "-"
52.167.144.146 - - [23/Dec/2024:12:10:53 +0900] "GET /ywiyw/e1791805.html HTTP/2.0" 200 57266 "-" "Mozilla/5.0 AppleWebKit/537.36 (KHTML, like Gecko; compatible; bingbot/2.0; +http://www.bing.com/bingbot.htm) Chrome/116.0.1938.76 Safari/537.36" "-"
185.191.171.15 - - [23/Dec/2024:12:10:54 +0900] "GET /124621947.html HTTP/1.1" 403 0 "-" "Mozilla/5.0 (compatible; SemrushBot/7~bl; +http://www.semrush.com/bot.html)" "-"
52.167.144.171 - - [23/Dec/2024:12:10:57 +0900] "GET /smxiy/f1727248.html HTTP/2.0" 200 56984 "-" "Mozilla/5.0 AppleWebKit/537.36 (KHTML, like Gecko; compatible; bingbot/2.0; +http://www.bing.com/bingbot.htm) Chrome/116.0.1938.76 Safari/537.36" "-"
85.208.96.206 - - [23/Dec/2024:12:11:03 +0900] "GET /57839238.html HTTP/1.1" 301 162 "-" "Mozilla/5.0 (compatible; SemrushBot/7~bl; +http://www.semrush.com/bot.html)" "-"
52.167.144.22 - - [23/Dec/2024:12:11:06 +0900] "GET /radpg/b2283852.html HTTP/2.0" 503 428 "-" "Mozilla/5.0 AppleWebKit/537.36 (KHTML, like Gecko; compatible; bingbot/2.0; +http://www.bing.com/bingbot.htm) Chrome/116.0.1938.76 Safari/537.36" "-"
85.208.96.209 - - [23/Dec/2024:12:11:08 +0900] "GET /155715219.html HTTP/1.1" 301 162 "-" "Mozilla/5.0 (compatible; SemrushBot/7~bl; +http://www.semrush.com/bot.html)" "-"
85.208.96.195 - - [23/Dec/2024:12:11:11 +0900] "GET /62929953.html HTTP/1.1" 301 162 "-" "Mozilla/5.0 (compatible; SemrushBot/7~bl; +http://www.semrush.com/bot.html)" "-"
85.208.96.203 - - [23/Dec/2024:12:11:13 +0900] "GET /62929953.html HTTP/1.1" 403 0 "-" "Mozilla/5.0 (compatible; SemrushBot/7~bl; +http://www.semrush.com/bot.html)" "-"
52.167.144.22 - - [23/Dec/2024:12:11:16 +0900] "GET /wfauo/s1588317.html HTTP/2.0" 200 55157 "-" "Mozilla/5.0 AppleWebKit/537.36 (KHTML, like Gecko; compatible; bingbot/2.0; +http://www.bing.com/bingbot.htm) Chrome/116.0.1938.76 Safari/537.36" "-"
51.222.253.13 - - [23/Dec/2024:12:11:20 +0900] "GET /column/%E9%9B%A8%E6%BC%8F%E3%82%8A%E4%BF%AE%E7%90%86%E3%82%84%E8%A3%9C%E4%BF%AE%E3%80%81%E5%AF%BE%E7%AD%96%E3%81%AB%E4%BD%BF%E7%94%A8%E3%81%95%E3%82%8C%E3%82%8B%E3%82%B3%E3%83%BC%E3%82%AD%E3%83%B3%E3%82%B0/ HTTP/2.0" 403 0 "-" "Mozilla/5.0 (compatible; AhrefsBot/7.0; +http://ahrefs.com/robot/)" "-"
185.191.171.15 - - [23/Dec/2024:12:11:22 +0900] "GET /104718483.html HTTP/1.1" 301 162 "-" "Mozilla/5.0 (compatible; SemrushBot/7~bl; +http://www.semrush.com/bot.html)" "-"
52.167.144.146 - - [23/Dec/2024:12:11:24 +0900] "GET /ritem/q3003911.html HTTP/2.0" 200 56193 "-" "Mozilla/5.0 AppleWebKit/537.36 (KHTML, like Gecko; compatible; bingbot/2.0; +http://www.bing.com/bingbot.htm) Chrome/116.0.1938.76 Safari/537.36" "-"
185.191.171.9 - - [23/Dec/2024:12:11:27 +0900] "GET /104718483.html HTTP/1.1" 403 0 "-" "Mozilla/5.0 (compatible; SemrushBot/7~bl; +http://www.semrush.com/bot.html)" "-"
52.167.144.22 - - [23/Dec/2024:12:11:28 +0900] "GET /ufsim/p476502.html HTTP/2.0" 503 428 "-" "Mozilla/5.0 AppleWebKit/537.36 (KHTML, like Gecko; compatible; bingbot/2.0; +http://www.bing.com/bingbot.htm) Chrome/116.0.1938.76 Safari/537.36" "-"
185.191.171.19 - - [23/Dec/2024:12:11:35 +0900] "GET /78288345.html HTTP/1.1" 301 162 "-" "Mozilla/5.0 (compatible; SemrushBot/7~bl; +http://www.semrush.com/bot.html)" "-"
185.191.171.9 - - [23/Dec/2024:12:11:40 +0900] "GET /78288345.html HTTP/1.1" 403 0 "-" "Mozilla/5.0 (compatible; SemrushBot/7~bl; +http://www.semrush.com/bot.html)" "-"
52.167.144.22 - - [23/Dec/2024:12:11:47 +0900] "GET /ufsim/p476502.html HTTP/2.0" 200 56460 "-" "Mozilla/5.0 AppleWebKit/537.36 (KHTML, like Gecko; compatible; bingbot/2.0; +http://www.bing.com/bingbot.htm) Chrome/116.0.1938.76 Safari/537.36" "-"
85.208.96.199 - - [23/Dec/2024:12:11:48 +0900] "GET /robots.txt HTTP/1.1" 301 162 "-" "Mozilla/5.0 (compatible; SemrushBot/7~bl; +http://www.semrush.com/bot.html)" "-"
85.208.96.205 - - [23/Dec/2024:12:11:49 +0900] "GET /155715219.html HTTP/1.1" 403 0 "-" "Mozilla/5.0 (compatible; SemrushBot/7~bl; +http://www.semrush.com/bot.html)" "-"
185.191.171.17 - - [23/Dec/2024:12:11:49 +0900] "GET /robots.txt HTTP/1.1" 200 187 "-" "Mozilla/5.0 (compatible; SemrushBot/7~bl; +http://www.semrush.com/bot.html)" "-"
85.208.96.203 - - [23/Dec/2024:12:12:06 +0900] "GET /142231707.html HTTP/1.1" 301 162 "-" "Mozilla/5.0 (compatible; SemrushBot/7~bl; +http://www.semrush.com/bot.html)" "-"
85.208.96.200 - - [23/Dec/2024:12:12:14 +0900] "GET /12606246.html HTTP/1.1" 301 162 "-" "Mozilla/5.0 (compatible; SemrushBot/7~bl; +http://www.semrush.com/bot.html)" "-"
185.191.171.11 - - [23/Dec/2024:12:12:19 +0900] "GET /98805114.html HTTP/1.1" 301 162 "-" "Mozilla/5.0 (compatible; SemrushBot/7~bl; +http://www.semrush.com/bot.html)" "-"
85.208.96.195 - - [23/Dec/2024:12:12:22 +0900] "GET /33685038.html HTTP/1.1" 301 162 "-" "Mozilla/5.0 (compatible; SemrushBot/7~bl; +http://www.semrush.com/bot.html)" "-"
85.208.96.206 - - [23/Dec/2024:12:12:23 +0900] "GET /33685038.html HTTP/1.1" 403 0 "-" "Mozilla/5.0 (compatible; SemrushBot/7~bl; +http://www.semrush.com/bot.html)" "-"
85.208.96.195 - - [23/Dec/2024:12:12:40 +0900] "GET /25083837.html HTTP/1.1" 301 162 "-" "Mozilla/5.0 (compatible; SemrushBot/7~bl; +http://www.semrush.com/bot.html)" "-"
85.208.96.202 - - [23/Dec/2024:12:12:48 +0900] "GET /123922332.html HTTP/1.1" 301 162 "-" "Mozilla/5.0 (compatible; SemrushBot/7~bl; +http://www.semrush.com/bot.html)" "-"
85.208.96.209 - - [23/Dec/2024:12:12:53 +0900] "GET /90629793.html HTTP/1.1" 301 162 "-" "Mozilla/5.0 (compatible; SemrushBot/7~bl; +http://www.semrush.com/bot.html)" "-"
185.191.171.2 - - [23/Dec/2024:12:12:56 +0900] "GET /90629793.html HTTP/1.1" 503 428 "-" "Mozilla/5.0 (compatible; SemrushBot/7~bl; +http://www.semrush.com/bot.html)" "-"
85.208.96.207 - - [23/Dec/2024:12:13:13 +0900] "GET /88152003.html HTTP/1.1" 301 162 "-" "Mozilla/5.0 (compatible; SemrushBot/7~bl; +http://www.semrush.com/bot.html)" "-"
185.191.171.6 - - [23/Dec/2024:12:13:22 +0900] "GET /88152003.html HTTP/1.1" 403 0 "-" "Mozilla/5.0 (compatible; SemrushBot/7~bl; +http://www.semrush.com/bot.html)" "-"
85.208.96.207 - - [23/Dec/2024:12:13:39 +0900] "GET /25083837.html HTTP/1.1" 403 0 "-" "Mozilla/5.0 (compatible; SemrushBot/7~bl; +http://www.semrush.com/bot.html)" "-"
85.208.96.202 - - [23/Dec/2024:12:14:12 +0900] "GET /184945833.html HTTP/1.1" 301 162 "-" "Mozilla/5.0 (compatible; SemrushBot/7~bl; +http://www.semrush.com/bot.html)" "-"
185.191.171.2 - - [23/Dec/2024:12:14:28 +0900] "GET /75373398.html HTTP/1.1" 301 162 "-" "Mozilla/5.0 (compatible; SemrushBot/7~bl; +http://www.semrush.com/bot.html)" "-"
185.191.171.14 - - [23/Dec/2024:12:14:37 +0900] "GET /142834428.html HTTP/1.1" 301 162 "-" "Mozilla/5.0 (compatible; SemrushBot/7~bl; +http://www.semrush.com/bot.html)" "-"
185.191.171.2 - - [23/Dec/2024:12:14:42 +0900] "GET /112534011.html HTTP/1.1" 301 162 "-" "Mozilla/5.0 (compatible; SemrushBot/7~bl; +http://www.semrush.com/bot.html)" "-"
85.208.96.202 - - [23/Dec/2024:12:14:44 +0900] "GET /57386835.html HTTP/1.1" 301 162 "-" "Mozilla/5.0 (compatible; SemrushBot/7~bl; +http://www.semrush.com/bot.html)" "-"
85.208.96.204 - - [23/Dec/2024:12:14:46 +0900] "GET /39298905.html HTTP/1.1" 301 162 "-" "Mozilla/5.0 (compatible; SemrushBot/7~bl; +http://www.semrush.com/bot.html)" "-"
185.191.171.19 - - [23/Dec/2024:12:14:48 +0900] "GET /25132032.html HTTP/1.1" 301 162 "-" "Mozilla/5.0 (compatible; SemrushBot/7~bl; +http://www.semrush.com/bot.html)" "-"
85.208.96.210 - - [23/Dec/2024:12:14:50 +0900] "GET /25132032.html HTTP/1.1" 403 0 "-" "Mozilla/5.0 (compatible; SemrushBot/7~bl; +http://www.semrush.com/bot.html)" "-"
185.191.171.4 - - [23/Dec/2024:12:14:53 +0900] "GET /39298905.html HTTP/1.1" 403 0 "-" "Mozilla/5.0 (compatible; SemrushBot/7~bl; +http://www.semrush.com/bot.html)" "-"
185.191.171.1 - - [23/Dec/2024:12:14:57 +0900] "GET /8428716.html HTTP/1.1" 301 162 "-" "Mozilla/5.0 (compatible; SemrushBot/7~bl; +http://www.semrush.com/bot.html)" "-"
185.191.171.2 - - [23/Dec/2024:12:15:01 +0900] "GET /8428716.html HTTP/1.1" 403 0 "-" "Mozilla/5.0 (compatible; SemrushBot/7~bl; +http://www.semrush.com/bot.html)" "-"
185.191.171.1 - - [23/Dec/2024:12:15:06 +0900] "GET /57386835.html HTTP/1.1" 403 0 "-" "Mozilla/5.0 (compatible; SemrushBot/7~bl; +http://www.semrush.com/bot.html)" "-"
85.208.96.208 - - [23/Dec/2024:12:15:15 +0900] "GET /142834428.html HTTP/1.1" 403 0 "-" "Mozilla/5.0 (compatible; SemrushBot/7~bl; +http://www.semrush.com/bot.html)" "-"
85.208.96.200 - - [23/Dec/2024:12:15:31 +0900] "GET /73599633.html HTTP/1.1" 301 162 "-" "Mozilla/5.0 (compatible; SemrushBot/7~bl; +http://www.semrush.com/bot.html)" "-"
185.191.171.19 - - [23/Dec/2024:12:15:40 +0900] "GET /154863963.html HTTP/1.1" 301 162 "-" "Mozilla/5.0 (compatible; SemrushBot/7~bl; +http://www.semrush.com/bot.html)" "-"
185.191.171.1 - - [23/Dec/2024:12:15:44 +0900] "GET /75156048.html HTTP/1.1" 301 162 "-" "Mozilla/5.0 (compatible; SemrushBot/7~bl; +http://www.semrush.com/bot.html)" "-"
185.191.171.11 - - [23/Dec/2024:12:15:47 +0900] "GET /168531687.html HTTP/1.1" 301 162 "-" "Mozilla/5.0 (compatible; SemrushBot/7~bl; +http://www.semrush.com/bot.html)" "-"
185.191.171.11 - - [23/Dec/2024:12:15:50 +0900] "GET /168531687.html HTTP/1.1" 403 0 "-" "Mozilla/5.0 (compatible; SemrushBot/7~bl; +http://www.semrush.com/bot.html)" "-"
185.191.171.6 - - [23/Dec/2024:12:16:06 +0900] "GET /95043132.html HTTP/1.1" 301 162 "-" "Mozilla/5.0 (compatible; SemrushBot/7~bl; +http://www.semrush.com/bot.html)" "-"
85.208.96.194 - - [23/Dec/2024:12:16:15 +0900] "GET /195345432.html HTTP/1.1" 301 162 "-" "Mozilla/5.0 (compatible; SemrushBot/7~bl; +http://www.semrush.com/bot.html)" "-"
85.208.96.210 - - [23/Dec/2024:12:16:20 +0900] "GET /182654523.html HTTP/1.1" 301 162 "-" "Mozilla/5.0 (compatible; SemrushBot/7~bl; +http://www.semrush.com/bot.html)" "-"
85.208.96.199 - - [23/Dec/2024:12:16:22 +0900] "GET /129531222.html HTTP/1.1" 301 162 "-" "Mozilla/5.0 (compatible; SemrushBot/7~bl; +http://www.semrush.com/bot.html)" "-"
85.208.96.208 - - [23/Dec/2024:12:16:24 +0900] "GET /129531222.html HTTP/1.1" 403 0 "-" "Mozilla/5.0 (compatible; SemrushBot/7~bl; +http://www.semrush.com/bot.html)" "-"
185.191.171.3 - - [23/Dec/2024:12:16:41 +0900] "GET /23142366.html HTTP/1.1" 301 162 "-" "Mozilla/5.0 (compatible; SemrushBot/7~bl; +http://www.semrush.com/bot.html)" "-"
185.191.171.2 - - [23/Dec/2024:12:16:49 +0900] "GET /164266083.html HTTP/1.1" 301 162 "-" "Mozilla/5.0 (compatible; SemrushBot/7~bl; +http://www.semrush.com/bot.html)" "-"
185.191.171.3 - - [23/Dec/2024:12:16:54 +0900] "GET /120777876.html HTTP/1.1" 301 162 "-" "Mozilla/5.0 (compatible; SemrushBot/7~bl; +http://www.semrush.com/bot.html)" "-"
185.191.171.6 - - [23/Dec/2024:12:16:57 +0900] "GET /120777876.html HTTP/1.1" 403 0 "-" "Mozilla/5.0 (compatible; SemrushBot/7~bl; +http://www.semrush.com/bot.html)" "-"
185.191.171.4 - - [23/Dec/2024:12:17:13 +0900] "GET /10442574.html HTTP/1.1" 301 162 "-" "Mozilla/5.0 (compatible; SemrushBot/7~bl; +http://www.semrush.com/bot.html)" "-"
85.208.96.196 - - [23/Dec/2024:12:17:23 +0900] "GET /10442574.html HTTP/1.1" 403 0 "-" "Mozilla/5.0 (compatible; SemrushBot/7~bl; +http://www.semrush.com/bot.html)" "-"
185.191.171.10 - - [23/Dec/2024:12:17:39 +0900] "GET /177569730.html HTTP/1.1" 301 162 "-" "Mozilla/5.0 (compatible; SemrushBot/7~bl; +http://www.semrush.com/bot.html)" "-"
185.191.171.11 - - [23/Dec/2024:12:17:49 +0900] "GET /177569730.html HTTP/1.1" 403 0 "-" "Mozilla/5.0 (compatible; SemrushBot/7~bl; +http://www.semrush.com/bot.html)" "-"
185.191.171.13 - - [23/Dec/2024:12:18:07 +0900] "GET /115722000.html HTTP/1.1" 301 162 "-" "Mozilla/5.0 (compatible; SemrushBot/7~bl; +http://www.semrush.com/bot.html)" "-"
52.167.144.24 - - [23/Dec/2024:12:18:08 +0900] "GET /zcvbq/f2319372.html HTTP/2.0" 200 57227 "-" "Mozilla/5.0 AppleWebKit/537.36 (KHTML, like Gecko; compatible; bingbot/2.0; +http://www.bing.com/bingbot.htm) Chrome/116.0.1938.76 Safari/537.36" "-"
85.208.96.194 - - [23/Dec/2024:12:18:16 +0900] "GET /115722000.html HTTP/1.1" 403 0 "-" "Mozilla/5.0 (compatible; SemrushBot/7~bl; +http://www.semrush.com/bot.html)" "-"
85.208.96.211 - - [23/Dec/2024:12:18:33 +0900] "GET /38926197.html HTTP/1.1" 301 162 "-" "Mozilla/5.0 (compatible; SemrushBot/7~bl; +http://www.semrush.com/bot.html)" "-"
85.208.96.208 - - [23/Dec/2024:12:18:41 +0900] "GET /24722658.html HTTP/1.1" 301 162 "-" "Mozilla/5.0 (compatible; SemrushBot/7~bl; +http://www.semrush.com/bot.html)" "-"
185.191.171.12 - - [23/Dec/2024:12:18:46 +0900] "GET /103869180.html HTTP/1.1" 301 162 "-" "Mozilla/5.0 (compatible; SemrushBot/7~bl; +http://www.semrush.com/bot.html)" "-"
185.191.171.18 - - [23/Dec/2024:12:18:49 +0900] "GET /33384969.html HTTP/1.1" 301 162 "-" "Mozilla/5.0 (compatible; SemrushBot/7~bl; +http://www.semrush.com/bot.html)" "-"
185.191.171.18 - - [23/Dec/2024:12:18:51 +0900] "GET /125171496.html HTTP/1.1" 301 162 "-" "Mozilla/5.0 (compatible; SemrushBot/7~bl; +http://www.semrush.com/bot.html)" "-"
85.208.96.206 - - [23/Dec/2024:12:18:53 +0900] "GET /125171496.html HTTP/1.1" 403 0 "-" "Mozilla/5.0 (compatible; SemrushBot/7~bl; +http://www.semrush.com/bot.html)" "-"
185.191.171.16 - - [23/Dec/2024:12:18:55 +0900] "GET /33384969.html HTTP/1.1" 503 428 "-" "Mozilla/5.0 (compatible; SemrushBot/7~bl; +http://www.semrush.com/bot.html)" "-"
85.208.96.212 - - [23/Dec/2024:12:19:00 +0900] "GET /144688014.html HTTP/1.1" 301 162 "-" "Mozilla/5.0 (compatible; SemrushBot/7~bl; +http://www.semrush.com/bot.html)" "-"
185.191.171.12 - - [23/Dec/2024:12:19:03 +0900] "GET /144688014.html HTTP/1.1" 503 428 "-" "Mozilla/5.0 (compatible; SemrushBot/7~bl; +http://www.semrush.com/bot.html)" "-"
85.208.96.211 - - [23/Dec/2024:12:19:08 +0900] "GET /103869180.html HTTP/1.1" 503 428 "-" "Mozilla/5.0 (compatible; SemrushBot/7~bl; +http://www.semrush.com/bot.html)" "-"
185.191.171.16 - - [23/Dec/2024:12:19:16 +0900] "GET /73599633.html HTTP/1.1" 503 428 "-" "Mozilla/5.0 (compatible; SemrushBot/7~bl; +http://www.semrush.com/bot.html)" "-"
185.191.171.13 - - [23/Dec/2024:12:19:34 +0900] "GET /163535535.html HTTP/1.1" 301 162 "-" "Mozilla/5.0 (compatible; SemrushBot/7~bl; +http://www.semrush.com/bot.html)" "-"
52.167.144.24 - - [23/Dec/2024:12:19:37 +0900] "GET /nidsb/n360384.html HTTP/2.0" 503 428 "-" "Mozilla/5.0 AppleWebKit/537.36 (KHTML, like Gecko; compatible; bingbot/2.0; +http://www.bing.com/bingbot.htm) Chrome/116.0.1938.76 Safari/537.36" "-"
185.191.171.5 - - [23/Dec/2024:12:19:42 +0900] "GET /84428892.html HTTP/1.1" 301 162 "-" "Mozilla/5.0 (compatible; SemrushBot/7~bl; +http://www.semrush.com/bot.html)" "-"
185.191.171.12 - - [23/Dec/2024:12:19:48 +0900] "GET /24998094.html HTTP/1.1" 301 162 "-" "Mozilla/5.0 (compatible; SemrushBot/7~bl; +http://www.semrush.com/bot.html)" "-"
185.191.171.8 - - [23/Dec/2024:12:19:51 +0900] "GET /33473043.html HTTP/1.1" 301 162 "-" "Mozilla/5.0 (compatible; SemrushBot/7~bl; +http://www.semrush.com/bot.html)" "-"
85.208.96.195 - - [23/Dec/2024:12:19:53 +0900] "GET /33473043.html HTTP/1.1" 403 0 "-" "Mozilla/5.0 (compatible; SemrushBot/7~bl; +http://www.semrush.com/bot.html)" "-"
85.208.96.211 - - [23/Dec/2024:12:20:09 +0900] "GET /92223126.html HTTP/1.1" 301 162 "-" "Mozilla/5.0 (compatible; SemrushBot/7~bl; +http://www.semrush.com/bot.html)" "-"
85.208.96.208 - - [23/Dec/2024:12:20:18 +0900] "GET /63304551.html HTTP/1.1" 301 162 "-" "Mozilla/5.0 (compatible; SemrushBot/7~bl; +http://www.semrush.com/bot.html)" "-"
85.208.96.206 - - [23/Dec/2024:12:20:23 +0900] "GET /157135491.html HTTP/1.1" 301 162 "-" "Mozilla/5.0 (compatible; SemrushBot/7~bl; +http://www.semrush.com/bot.html)" "-"
185.191.171.6 - - [23/Dec/2024:12:20:25 +0900] "GET /165981069.html HTTP/1.1" 301 162 "-" "Mozilla/5.0 (compatible; SemrushBot/7~bl; +http://www.semrush.com/bot.html)" "-"
185.191.171.17 - - [23/Dec/2024:12:20:27 +0900] "GET /165981069.html HTTP/1.1" 403 0 "-" "Mozilla/5.0 (compatible; SemrushBot/7~bl; +http://www.semrush.com/bot.html)" "-"
85.208.96.212 - - [23/Dec/2024:12:20:43 +0900] "GET /10565739.html HTTP/1.1" 301 162 "-" "Mozilla/5.0 (compatible; SemrushBot/7~bl; +http://www.semrush.com/bot.html)" "-"
40.77.167.78 - - [23/Dec/2024:12:20:44 +0900] "GET /hrokw/e718551.html HTTP/2.0" 200 54783 "-" "Mozilla/5.0 AppleWebKit/537.36 (KHTML, like Gecko; compatible; bingbot/2.0; +http://www.bing.com/bingbot.htm) Chrome/116.0.1938.76 Safari/537.36" "-"
185.191.171.10 - - [23/Dec/2024:12:20:52 +0900] "GET /164937033.html HTTP/1.1" 301 162 "-" "Mozilla/5.0 (compatible; SemrushBot/7~bl; +http://www.semrush.com/bot.html)" "-"
185.191.171.2 - - [23/Dec/2024:12:20:56 +0900] "GET /47442285.html HTTP/1.1" 301 162 "-" "Mozilla/5.0 (compatible; SemrushBot/7~bl; +http://www.semrush.com/bot.html)" "-"
185.191.171.16 - - [23/Dec/2024:12:20:59 +0900] "GET /47442285.html HTTP/1.1" 503 428 "-" "Mozilla/5.0 (compatible; SemrushBot/7~bl; +http://www.semrush.com/bot.html)" "-"
40.77.167.78 - - [23/Dec/2024:12:21:15 +0900] "GET /jedhl/c2712645.html HTTP/2.0" 200 57270 "-" "Mozilla/5.0 AppleWebKit/537.36 (KHTML, like Gecko; compatible; bingbot/2.0; +http://www.bing.com/bingbot.htm) Chrome/116.0.1938.76 Safari/537.36" "-"
185.191.171.6 - - [23/Dec/2024:12:21:15 +0900] "GET /136828386.html HTTP/1.1" 301 162 "-" "Mozilla/5.0 (compatible; SemrushBot/7~bl; +http://www.semrush.com/bot.html)" "-"
85.208.96.202 - - [23/Dec/2024:12:21:24 +0900] "GET /136828386.html HTTP/1.1" 403 0 "-" "Mozilla/5.0 (compatible; SemrushBot/7~bl; +http://www.semrush.com/bot.html)" "-"
185.191.171.18 - - [23/Dec/2024:12:21:41 +0900] "GET /128598570.html HTTP/1.1" 301 162 "-" "Mozilla/5.0 (compatible; SemrushBot/7~bl; +http://www.semrush.com/bot.html)" "-"
85.208.96.195 - - [23/Dec/2024:12:21:50 +0900] "GET /128598570.html HTTP/1.1" 403 0 "-" "Mozilla/5.0 (compatible; SemrushBot/7~bl; +http://www.semrush.com/bot.html)" "-"
85.208.96.203 - - [23/Dec/2024:12:22:06 +0900] "GET /189503001.html HTTP/1.1" 301 162 "-" "Mozilla/5.0 (compatible; SemrushBot/7~bl; +http://www.semrush.com/bot.html)" "-"
185.191.171.10 - - [23/Dec/2024:12:22:15 +0900] "GET /189503001.html HTTP/1.1" 403 0 "-" "Mozilla/5.0 (compatible; SemrushBot/7~bl; +http://www.semrush.com/bot.html)" "-"
85.208.96.212 - - [23/Dec/2024:12:22:31 +0900] "GET /142682283.html HTTP/1.1" 301 162 "-" "Mozilla/5.0 (compatible; SemrushBot/7~bl; +http://www.semrush.com/bot.html)" "-"
85.208.96.197 - - [23/Dec/2024:12:22:36 +0900] "GET /robots.txt HTTP/1.1" 301 162 "-" "Mozilla/5.0 (compatible; SemrushBot/7~bl; +http://www.semrush.com/bot.html)" "-"
185.191.171.10 - - [23/Dec/2024:12:22:37 +0900] "GET /robots.txt HTTP/1.1" 200 187 "-" "Mozilla/5.0 (compatible; SemrushBot/7~bl; +http://www.semrush.com/bot.html)" "-"
185.191.171.4 - - [23/Dec/2024:12:22:40 +0900] "GET /95008356.html HTTP/1.1" 301 162 "-" "Mozilla/5.0 (compatible; SemrushBot/7~bl; +http://www.semrush.com/bot.html)" "-"
85.208.96.198 - - [23/Dec/2024:12:22:44 +0900] "GET /95008356.html HTTP/1.1" 403 0 "-" "Mozilla/5.0 (compatible; SemrushBot/7~bl; +http://www.semrush.com/bot.html)" "-"
52.167.144.24 - - [23/Dec/2024:12:22:59 +0900] "GET /wrjbc/j2980660.html HTTP/2.0" 200 58617 "-" "Mozilla/5.0 AppleWebKit/537.36 (KHTML, like Gecko; compatible; bingbot/2.0; +http://www.bing.com/bingbot.htm) Chrome/116.0.1938.76 Safari/537.36" "-"
185.191.171.9 - - [23/Dec/2024:12:23:01 +0900] "GET /157659462.html HTTP/1.1" 301 162 "-" "Mozilla/5.0 (compatible; SemrushBot/7~bl; +http://www.semrush.com/bot.html)" "-"
185.191.171.13 - - [23/Dec/2024:12:23:10 +0900] "GET /155372121.html HTTP/1.1" 301 162 "-" "Mozilla/5.0 (compatible; SemrushBot/7~bl; +http://www.semrush.com/bot.html)" "-"
185.191.171.5 - - [23/Dec/2024:12:23:15 +0900] "GET /14256216.html HTTP/1.1" 301 162 "-" "Mozilla/5.0 (compatible; SemrushBot/7~bl; +http://www.semrush.com/bot.html)" "-"
85.208.96.204 - - [23/Dec/2024:12:23:17 +0900] "GET /68249295.html HTTP/1.1" 301 162 "-" "Mozilla/5.0 (compatible; SemrushBot/7~bl; +http://www.semrush.com/bot.html)" "-"
85.208.96.208 - - [23/Dec/2024:12:23:19 +0900] "GET /58390929.html HTTP/1.1" 301 162 "-" "Mozilla/5.0 (compatible; SemrushBot/7~bl; +http://www.semrush.com/bot.html)" "-"
85.208.96.212 - - [23/Dec/2024:12:23:21 +0900] "GET /58390929.html HTTP/1.1" 403 0 "-" "Mozilla/5.0 (compatible; SemrushBot/7~bl; +http://www.semrush.com/bot.html)" "-"
185.191.171.5 - - [23/Dec/2024:12:23:24 +0900] "GET /68249295.html HTTP/1.1" 503 428 "-" "Mozilla/5.0 (compatible; SemrushBot/7~bl; +http://www.semrush.com/bot.html)" "-"
85.208.96.209 - - [23/Dec/2024:12:23:29 +0900] "GET /157659462.html HTTP/1.1" 403 0 "-" "Mozilla/5.0 (compatible; SemrushBot/7~bl; +http://www.semrush.com/bot.html)" "-"
185.191.171.13 - - [23/Dec/2024:12:23:38 +0900] "GET /163535535.html HTTP/1.1" 403 0 "-" "Mozilla/5.0 (compatible; SemrushBot/7~bl; +http://www.semrush.com/bot.html)" "-"
85.208.96.199 - - [23/Dec/2024:12:23:55 +0900] "GET /138324447.html HTTP/1.1" 301 162 "-" "Mozilla/5.0 (compatible; SemrushBot/7~bl; +http://www.semrush.com/bot.html)" "-"
85.208.96.211 - - [23/Dec/2024:12:24:03 +0900] "GET /25173675.html HTTP/1.1" 301 162 "-" "Mozilla/5.0 (compatible; SemrushBot/7~bl; +http://www.semrush.com/bot.html)" "-"
85.208.96.195 - - [23/Dec/2024:12:24:08 +0900] "GET /48787839.html HTTP/1.1" 301 162 "-" "Mozilla/5.0 (compatible; SemrushBot/7~bl; +http://www.semrush.com/bot.html)" "-"
85.208.96.195 - - [23/Dec/2024:12:24:10 +0900] "GET /48787839.html HTTP/1.1" 503 428 "-" "Mozilla/5.0 (compatible; SemrushBot/7~bl; +http://www.semrush.com/bot.html)" "-"
17.241.75.34 - - [23/Dec/2024:12:24:25 +0900] "GET /wp-content/uploads/2024/12/LINE_ALBUM_20241023-%E6%9E%9A%E6%96%B9%E5%B8%82%E9%9B%A8%E6%BC%8F%E3%82%8A%E3%83%99%E3%83%A9%E3%83%B3%E3%83%80%E8%BB%92%E5%A4%A9%E5%B4%A9%E8%90%BD%E9%83%A8%E5%BE%A9%E6%97%A7%E5%B7%A5%E4%BA%8B_241211_19.jpg HTTP/1.1" 200 61848 "-" "Mozilla/5.0 (Macintosh; Intel Mac OS X 10_15_7) AppleWebKit/605.1.15 (KHTML, like Gecko) Version/17.4 Safari/605.1.15 (Applebot/0.1; +http://www.apple.com/go/applebot)" "-"
85.208.96.195 - - [23/Dec/2024:12:24:27 +0900] "GET /85594644.html HTTP/1.1" 301 162 "-" "Mozilla/5.0 (compatible; SemrushBot/7~bl; +http://www.semrush.com/bot.html)" "-"
185.191.171.5 - - [23/Dec/2024:12:24:36 +0900] "GET /128648529.html HTTP/1.1" 301 162 "-" "Mozilla/5.0 (compatible; SemrushBot/7~bl; +http://www.semrush.com/bot.html)" "-"
85.208.96.209 - - [23/Dec/2024:12:24:41 +0900] "GET /30721014.html HTTP/1.1" 301 162 "-" "Mozilla/5.0 (compatible; SemrushBot/7~bl; +http://www.semrush.com/bot.html)" "-"
185.191.171.2 - - [23/Dec/2024:12:24:43 +0900] "GET /123935247.html HTTP/1.1" 301 162 "-" "Mozilla/5.0 (compatible; SemrushBot/7~bl; +http://www.semrush.com/bot.html)" "-"
85.208.96.206 - - [23/Dec/2024:12:24:45 +0900] "GET /180406620.html HTTP/1.1" 301 162 "-" "Mozilla/5.0 (compatible; SemrushBot/7~bl; +http://www.semrush.com/bot.html)" "-"
185.191.171.5 - - [23/Dec/2024:12:24:47 +0900] "GET /166647924.html HTTP/1.1" 301 162 "-" "Mozilla/5.0 (compatible; SemrushBot/7~bl; +http://www.semrush.com/bot.html)" "-"
85.208.96.203 - - [23/Dec/2024:12:24:49 +0900] "GET /166647924.html HTTP/1.1" 403 0 "-" "Mozilla/5.0 (compatible; SemrushBot/7~bl; +http://www.semrush.com/bot.html)" "-"
85.208.96.211 - - [23/Dec/2024:12:24:52 +0900] "GET /180406620.html HTTP/1.1" 403 0 "-" "Mozilla/5.0 (compatible; SemrushBot/7~bl; +http://www.semrush.com/bot.html)" "-"
185.191.171.7 - - [23/Dec/2024:12:24:56 +0900] "GET /45406377.html HTTP/1.1" 301 162 "-" "Mozilla/5.0 (compatible; SemrushBot/7~bl; +http://www.semrush.com/bot.html)" "-"
85.208.96.209 - - [23/Dec/2024:12:24:59 +0900] "GET /45406377.html HTTP/1.1" 403 0 "-" "Mozilla/5.0 (compatible; SemrushBot/7~bl; +http://www.semrush.com/bot.html)" "-"
85.208.96.207 - - [23/Dec/2024:12:25:04 +0900] "GET /123935247.html HTTP/1.1" 403 0 "-" "Mozilla/5.0 (compatible; SemrushBot/7~bl; +http://www.semrush.com/bot.html)" "-"
85.208.96.211 - - [23/Dec/2024:12:25:13 +0900] "GET /38317428.html HTTP/1.1" 301 162 "-" "Mozilla/5.0 (compatible; SemrushBot/7~bl; +http://www.semrush.com/bot.html)" "-"
185.191.171.2 - - [23/Dec/2024:12:25:18 +0900] "GET /38317428.html HTTP/1.1" 403 0 "-" "Mozilla/5.0 (compatible; SemrushBot/7~bl; +http://www.semrush.com/bot.html)" "-"
185.191.171.19 - - [23/Dec/2024:12:25:26 +0900] "GET /30721014.html HTTP/1.1" 503 428 "-" "Mozilla/5.0 (compatible; SemrushBot/7~bl; +http://www.semrush.com/bot.html)" "-"
85.208.96.201 - - [23/Dec/2024:12:25:43 +0900] "GET /66275820.html HTTP/1.1" 301 162 "-" "Mozilla/5.0 (compatible; SemrushBot/7~bl; +http://www.semrush.com/bot.html)" "-"
185.191.171.3 - - [23/Dec/2024:12:25:52 +0900] "GET /66275820.html HTTP/1.1" 403 0 "-" "Mozilla/5.0 (compatible; SemrushBot/7~bl; +http://www.semrush.com/bot.html)" "-"
52.167.144.24 - - [23/Dec/2024:12:26:00 +0900] "GET /cqhlq/n1380858.html HTTP/2.0" 200 54825 "-" "Mozilla/5.0 AppleWebKit/537.36 (KHTML, like Gecko; compatible; bingbot/2.0; +http://www.bing.com/bingbot.htm) Chrome/116.0.1938.76 Safari/537.36" "-"
52.167.144.24 - - [23/Dec/2024:12:26:01 +0900] "GET /kvjxt/c896727.html HTTP/2.0" 200 55590 "-" "Mozilla/5.0 AppleWebKit/537.36 (KHTML, like Gecko; compatible; bingbot/2.0; +http://www.bing.com/bingbot.htm) Chrome/116.0.1938.76 Safari/537.36" "-"
40.77.167.78 - - [23/Dec/2024:12:26:05 +0900] "GET /wevaj/i646821.html HTTP/2.0" 200 55620 "-" "Mozilla/5.0 AppleWebKit/537.36 (KHTML, like Gecko; compatible; bingbot/2.0; +http://www.bing.com/bingbot.htm) Chrome/116.0.1938.76 Safari/537.36" "-"
85.208.96.204 - - [23/Dec/2024:12:26:08 +0900] "GET /68403834.html HTTP/1.1" 301 162 "-" "Mozilla/5.0 (compatible; SemrushBot/7~bl; +http://www.semrush.com/bot.html)" "-"
185.191.171.19 - - [23/Dec/2024:12:26:17 +0900] "GET /68403834.html HTTP/1.1" 503 428 "-" "Mozilla/5.0 (compatible; SemrushBot/7~bl; +http://www.semrush.com/bot.html)" "-"
52.167.144.24 - - [23/Dec/2024:12:26:19 +0900] "GET /zmxum/i1454979.html HTTP/2.0" 200 55257 "-" "Mozilla/5.0 AppleWebKit/537.36 (KHTML, like Gecko; compatible; bingbot/2.0; +http://www.bing.com/bingbot.htm) Chrome/116.0.1938.76 Safari/537.36" "-"
52.167.144.24 - - [23/Dec/2024:12:26:21 +0900] "GET /vjucu/x2865364.html HTTP/2.0" 200 56949 "-" "Mozilla/5.0 AppleWebKit/537.36 (KHTML, like Gecko; compatible; bingbot/2.0; +http://www.bing.com/bingbot.htm) Chrome/116.0.1938.76 Safari/537.36" "-"
40.77.167.78 - - [23/Dec/2024:12:26:24 +0900] "GET /ibhtq/m902353.html HTTP/2.0" 200 54722 "-" "Mozilla/5.0 AppleWebKit/537.36 (KHTML, like Gecko; compatible; bingbot/2.0; +http://www.bing.com/bingbot.htm) Chrome/116.0.1938.76 Safari/537.36" "-"
185.191.171.9 - - [23/Dec/2024:12:26:34 +0900] "GET /22219416.html HTTP/1.1" 301 162 "-" "Mozilla/5.0 (compatible; SemrushBot/7~bl; +http://www.semrush.com/bot.html)" "-"
185.191.171.19 - - [23/Dec/2024:12:26:42 +0900] "GET /22219416.html HTTP/1.1" 403 0 "-" "Mozilla/5.0 (compatible; SemrushBot/7~bl; +http://www.semrush.com/bot.html)" "-"
85.208.96.194 - - [23/Dec/2024:12:26:59 +0900] "GET /16253001.html HTTP/1.1" 301 162 "-" "Mozilla/5.0 (compatible; SemrushBot/7~bl; +http://www.semrush.com/bot.html)" "-"
185.191.171.4 - - [23/Dec/2024:12:27:07 +0900] "GET /187892595.html HTTP/1.1" 301 162 "-" "Mozilla/5.0 (compatible; SemrushBot/7~bl; +http://www.semrush.com/bot.html)" "-"
85.208.96.203 - - [23/Dec/2024:12:27:12 +0900] "GET /23838831.html HTTP/1.1" 301 162 "-" "Mozilla/5.0 (compatible; SemrushBot/7~bl; +http://www.semrush.com/bot.html)" "-"
185.191.171.16 - - [23/Dec/2024:12:27:15 +0900] "GET /127805337.html HTTP/1.1" 301 162 "-" "Mozilla/5.0 (compatible; SemrushBot/7~bl; +http://www.semrush.com/bot.html)" "-"
185.191.171.18 - - [23/Dec/2024:12:27:17 +0900] "GET /196193412.html HTTP/1.1" 301 162 "-" "Mozilla/5.0 (compatible; SemrushBot/7~bl; +http://www.semrush.com/bot.html)" "-"
185.191.171.8 - - [23/Dec/2024:12:27:18 +0900] "GET /146483262.html HTTP/1.1" 301 162 "-" "Mozilla/5.0 (compatible; SemrushBot/7~bl; +http://www.semrush.com/bot.html)" "-"
85.208.96.196 - - [23/Dec/2024:12:27:20 +0900] "GET /146483262.html HTTP/1.1" 403 0 "-" "Mozilla/5.0 (compatible; SemrushBot/7~bl; +http://www.semrush.com/bot.html)" "-"
85.208.96.211 - - [23/Dec/2024:12:27:23 +0900] "GET /196193412.html HTTP/1.1" 403 0 "-" "Mozilla/5.0 (compatible; SemrushBot/7~bl; +http://www.semrush.com/bot.html)" "-"
85.208.96.212 - - [23/Dec/2024:12:27:28 +0900] "GET /127805337.html HTTP/1.1" 503 428 "-" "Mozilla/5.0 (compatible; SemrushBot/7~bl; +http://www.semrush.com/bot.html)" "-"
185.191.171.13 - - [23/Dec/2024:12:27:37 +0900] "GET /187892595.html HTTP/1.1" 503 428 "-" "Mozilla/5.0 (compatible; SemrushBot/7~bl; +http://www.semrush.com/bot.html)" "-"
185.191.171.16 - - [23/Dec/2024:12:27:54 +0900] "GET /167133024.html HTTP/1.1" 301 162 "-" "Mozilla/5.0 (compatible; SemrushBot/7~bl; +http://www.semrush.com/bot.html)" "-"
85.208.96.197 - - [23/Dec/2024:12:28:03 +0900] "GET /167133024.html HTTP/1.1" 403 0 "-" "Mozilla/5.0 (compatible; SemrushBot/7~bl; +http://www.semrush.com/bot.html)" "-"
85.208.96.211 - - [23/Dec/2024:12:28:19 +0900] "GET /20316249.html HTTP/1.1" 301 162 "-" "Mozilla/5.0 (compatible; SemrushBot/7~bl; +http://www.semrush.com/bot.html)" "-"
85.208.96.205 - - [23/Dec/2024:12:28:28 +0900] "GET /164925882.html HTTP/1.1" 301 162 "-" "Mozilla/5.0 (compatible; SemrushBot/7~bl; +http://www.semrush.com/bot.html)" "-"
85.208.96.202 - - [23/Dec/2024:12:28:32 +0900] "GET /66823668.html HTTP/1.1" 301 162 "-" "Mozilla/5.0 (compatible; SemrushBot/7~bl; +http://www.semrush.com/bot.html)" "-"
185.191.171.11 - - [23/Dec/2024:12:28:35 +0900] "GET /87447789.html HTTP/1.1" 301 162 "-" "Mozilla/5.0 (compatible; SemrushBot/7~bl; +http://www.semrush.com/bot.html)" "-"
85.208.96.194 - - [23/Dec/2024:12:28:37 +0900] "GET /82316187.html HTTP/1.1" 301 162 "-" "Mozilla/5.0 (compatible; SemrushBot/7~bl; +http://www.semrush.com/bot.html)" "-"
85.208.96.196 - - [23/Dec/2024:12:28:38 +0900] "GET /82316187.html HTTP/1.1" 403 0 "-" "Mozilla/5.0 (compatible; SemrushBot/7~bl; +http://www.semrush.com/bot.html)" "-"
185.191.171.5 - - [23/Dec/2024:12:28:41 +0900] "GET /87447789.html HTTP/1.1" 403 0 "-" "Mozilla/5.0 (compatible; SemrushBot/7~bl; +http://www.semrush.com/bot.html)" "-"
185.191.171.11 - - [23/Dec/2024:12:28:46 +0900] "GET /177266511.html HTTP/1.1" 301 162 "-" "Mozilla/5.0 (compatible; SemrushBot/7~bl; +http://www.semrush.com/bot.html)" "-"
185.191.171.5 - - [23/Dec/2024:12:28:49 +0900] "GET /194210676.html HTTP/1.1" 301 162 "-" "Mozilla/5.0 (compatible; SemrushBot/7~bl; +http://www.semrush.com/bot.html)" "-"
185.191.171.16 - - [23/Dec/2024:12:28:51 +0900] "GET /32047479.html HTTP/1.1" 301 162 "-" "Mozilla/5.0 (compatible; SemrushBot/7~bl; +http://www.semrush.com/bot.html)" "-"
85.208.96.197 - - [23/Dec/2024:12:28:53 +0900] "GET /32047479.html HTTP/1.1" 403 0 "-" "Mozilla/5.0 (compatible; SemrushBot/7~bl; +http://www.semrush.com/bot.html)" "-"
85.208.96.204 - - [23/Dec/2024:12:28:56 +0900] "GET /17485344.html HTTP/1.1" 301 162 "-" "Mozilla/5.0 (compatible; SemrushBot/7~bl; +http://www.semrush.com/bot.html)" "-"
185.191.171.5 - - [23/Dec/2024:12:28:58 +0900] "GET /17485344.html HTTP/1.1" 403 0 "-" "Mozilla/5.0 (compatible; SemrushBot/7~bl; +http://www.semrush.com/bot.html)" "-"
185.191.171.16 - - [23/Dec/2024:12:29:01 +0900] "GET /194210676.html HTTP/1.1" 503 428 "-" "Mozilla/5.0 (compatible; SemrushBot/7~bl; +http://www.semrush.com/bot.html)" "-"
185.191.171.19 - - [23/Dec/2024:12:29:06 +0900] "GET /20316249.html HTTP/1.1" 503 428 "-" "Mozilla/5.0 (compatible; SemrushBot/7~bl; +http://www.semrush.com/bot.html)" "-"
85.208.96.212 - - [23/Dec/2024:12:29:15 +0900] "GET /21781377.html HTTP/1.1" 301 162 "-" "Mozilla/5.0 (compatible; SemrushBot/7~bl; +http://www.semrush.com/bot.html)" "-"
185.191.171.13 - - [23/Dec/2024:12:29:21 +0900] "GET /21781377.html HTTP/1.1" 503 428 "-" "Mozilla/5.0 (compatible; SemrushBot/7~bl; +http://www.semrush.com/bot.html)" "-"
185.191.171.5 - - [23/Dec/2024:12:29:30 +0900] "GET /16253001.html HTTP/1.1" 403 0 "-" "Mozilla/5.0 (compatible; SemrushBot/7~bl; +http://www.semrush.com/bot.html)" "-"
185.191.171.19 - - [23/Dec/2024:12:29:46 +0900] "GET /16833861.html HTTP/1.1" 301 162 "-" "Mozilla/5.0 (compatible; SemrushBot/7~bl; +http://www.semrush.com/bot.html)" "-"
185.191.171.5 - - [23/Dec/2024:12:29:55 +0900] "GET /16833861.html HTTP/1.1" 403 0 "-" "Mozilla/5.0 (compatible; SemrushBot/7~bl; +http://www.semrush.com/bot.html)" "-"
85.208.96.201 - - [23/Dec/2024:12:30:11 +0900] "GET /14452839.html HTTP/1.1" 301 162 "-" "Mozilla/5.0 (compatible; SemrushBot/7~bl; +http://www.semrush.com/bot.html)" "-"
52.167.144.228 - - [23/Dec/2024:12:30:14 +0900] "GET /ebybj/w1640919.html HTTP/2.0" 503 428 "-" "Mozilla/5.0 AppleWebKit/537.36 (KHTML, like Gecko; compatible; bingbot/2.0; +http://www.bing.com/bingbot.htm) Chrome/116.0.1938.76 Safari/537.36" "-"
52.167.144.167 - - [23/Dec/2024:12:30:19 +0900] "GET /rrzmm/g2903489.html HTTP/2.0" 503 428 "-" "Mozilla/5.0 AppleWebKit/537.36 (KHTML, like Gecko; compatible; bingbot/2.0; +http://www.bing.com/bingbot.htm) Chrome/116.0.1938.76 Safari/537.36" "-"
52.167.144.167 - - [23/Dec/2024:12:30:19 +0900] "GET /lrvfd/n978612.html HTTP/2.0" 503 428 "-" "Mozilla/5.0 AppleWebKit/537.36 (KHTML, like Gecko; compatible; bingbot/2.0; +http://www.bing.com/bingbot.htm) Chrome/116.0.1938.76 Safari/537.36" "-"
40.77.167.16 - - [23/Dec/2024:12:30:20 +0900] "GET /nmwvc/e2348777.html HTTP/2.0" 200 55967 "-" "Mozilla/5.0 AppleWebKit/537.36 (KHTML, like Gecko; compatible; bingbot/2.0; +http://www.bing.com/bingbot.htm) Chrome/116.0.1938.76 Safari/537.36" "-"
52.167.144.167 - - [23/Dec/2024:12:30:20 +0900] "GET /xqzjo/z514758.html HTTP/2.0" 200 55481 "-" "Mozilla/5.0 AppleWebKit/537.36 (KHTML, like Gecko; compatible; bingbot/2.0; +http://www.bing.com/bingbot.htm) Chrome/116.0.1938.76 Safari/537.36" "-"
185.191.171.4 - - [23/Dec/2024:12:30:20 +0900] "GET /14452839.html HTTP/1.1" 503 428 "-" "Mozilla/5.0 (compatible; SemrushBot/7~bl; +http://www.semrush.com/bot.html)" "-"
40.77.167.16 - - [23/Dec/2024:12:30:29 +0900] "GET /rbvri/o478893.html HTTP/2.0" 503 428 "-" "Mozilla/5.0 AppleWebKit/537.36 (KHTML, like Gecko; compatible; bingbot/2.0; +http://www.bing.com/bingbot.htm) Chrome/116.0.1938.76 Safari/537.36" "-"
52.167.144.228 - - [23/Dec/2024:12:30:35 +0900] "GET /ebybj/w1640919.html HTTP/2.0" 200 57523 "-" "Mozilla/5.0 AppleWebKit/537.36 (KHTML, like Gecko; compatible; bingbot/2.0; +http://www.bing.com/bingbot.htm) Chrome/116.0.1938.76 Safari/537.36" "-"
185.191.171.18 - - [23/Dec/2024:12:30:37 +0900] "GET /35907867.html HTTP/1.1" 301 162 "-" "Mozilla/5.0 (compatible; SemrushBot/7~bl; +http://www.semrush.com/bot.html)" "-"
85.208.96.202 - - [23/Dec/2024:12:30:45 +0900] "GET /35907867.html HTTP/1.1" 403 0 "-" "Mozilla/5.0 (compatible; SemrushBot/7~bl; +http://www.semrush.com/bot.html)" "-"
52.167.144.167 - - [23/Dec/2024:12:30:47 +0900] "GET /lrvfd/n978612.html HTTP/2.0" 200 55192 "-" "Mozilla/5.0 AppleWebKit/537.36 (KHTML, like Gecko; compatible; bingbot/2.0; +http://www.bing.com/bingbot.htm) Chrome/116.0.1938.76 Safari/537.36" "-"
52.167.144.167 - - [23/Dec/2024:12:30:48 +0900] "GET /rrzmm/g2903489.html HTTP/2.0" 503 428 "-" "Mozilla/5.0 AppleWebKit/537.36 (KHTML, like Gecko; compatible; bingbot/2.0; +http://www.bing.com/bingbot.htm) Chrome/116.0.1938.76 Safari/537.36" "-"
40.77.167.16 - - [23/Dec/2024:12:30:52 +0900] "GET /hdxgl/z2793112.html HTTP/2.0" 200 57855 "-" "Mozilla/5.0 AppleWebKit/537.36 (KHTML, like Gecko; compatible; bingbot/2.0; +http://www.bing.com/bingbot.htm) Chrome/116.0.1938.76 Safari/537.36" "-"
40.77.167.16 - - [23/Dec/2024:12:30:54 +0900] "GET /rbvri/o478893.html HTTP/2.0" 200 55542 "-" "Mozilla/5.0 AppleWebKit/537.36 (KHTML, like Gecko; compatible; bingbot/2.0; +http://www.bing.com/bingbot.htm) Chrome/116.0.1938.76 Safari/537.36" "-"
185.191.171.17 - - [23/Dec/2024:12:31:02 +0900] "GET /102606471.html HTTP/1.1" 301 162 "-" "Mozilla/5.0 (compatible; SemrushBot/7~bl; +http://www.semrush.com/bot.html)" "-"
85.208.96.203 - - [23/Dec/2024:12:31:10 +0900] "GET /194531787.html HTTP/1.1" 301 162 "-" "Mozilla/5.0 (compatible; SemrushBot/7~bl; +http://www.semrush.com/bot.html)" "-"
85.208.96.193 - - [23/Dec/2024:12:31:15 +0900] "GET /77583438.html HTTP/1.1" 301 162 "-" "Mozilla/5.0 (compatible; SemrushBot/7~bl; +http://www.semrush.com/bot.html)" "-"
85.208.96.194 - - [23/Dec/2024:12:31:17 +0900] "GET /159252732.html HTTP/1.1" 301 162 "-" "Mozilla/5.0 (compatible; SemrushBot/7~bl; +http://www.semrush.com/bot.html)" "-"
85.208.96.209 - - [23/Dec/2024:12:31:19 +0900] "GET /123375618.html HTTP/1.1" 301 162 "-" "Mozilla/5.0 (compatible; SemrushBot/7~bl; +http://www.semrush.com/bot.html)" "-"
185.191.171.10 - - [23/Dec/2024:12:31:21 +0900] "GET /51285474.html HTTP/1.1" 301 162 "-" "Mozilla/5.0 (compatible; SemrushBot/7~bl; +http://www.semrush.com/bot.html)" "-"
85.208.96.193 - - [23/Dec/2024:12:31:23 +0900] "GET /51285474.html HTTP/1.1" 403 0 "-" "Mozilla/5.0 (compatible; SemrushBot/7~bl; +http://www.semrush.com/bot.html)" "-"
185.191.171.15 - - [23/Dec/2024:12:31:26 +0900] "GET /123375618.html HTTP/1.1" 503 428 "-" "Mozilla/5.0 (compatible; SemrushBot/7~bl; +http://www.semrush.com/bot.html)" "-"
85.208.96.203 - - [23/Dec/2024:12:31:31 +0900] "GET /159252732.html HTTP/1.1" 403 0 "-" "Mozilla/5.0 (compatible; SemrushBot/7~bl; +http://www.semrush.com/bot.html)" "-"
85.208.96.201 - - [23/Dec/2024:12:31:40 +0900] "GET /77583438.html HTTP/1.1" 503 428 "-" "Mozilla/5.0 (compatible; SemrushBot/7~bl; +http://www.semrush.com/bot.html)" "-"
85.208.96.201 - - [23/Dec/2024:12:31:56 +0900] "GET /50284467.html HTTP/1.1" 301 162 "-" "Mozilla/5.0 (compatible; SemrushBot/7~bl; +http://www.semrush.com/bot.html)" "-"
185.191.171.12 - - [23/Dec/2024:12:32:05 +0900] "GET /50284467.html HTTP/1.1" 403 0 "-" "Mozilla/5.0 (compatible; SemrushBot/7~bl; +http://www.semrush.com/bot.html)" "-"
85.208.96.197 - - [23/Dec/2024:12:32:21 +0900] "GET /118931913.html HTTP/1.1" 301 162 "-" "Mozilla/5.0 (compatible; SemrushBot/7~bl; +http://www.semrush.com/bot.html)" "-"
185.191.171.15 - - [23/Dec/2024:12:32:30 +0900] "GET /151588215.html HTTP/1.1" 301 162 "-" "Mozilla/5.0 (compatible; SemrushBot/7~bl; +http://www.semrush.com/bot.html)" "-"
185.191.171.4 - - [23/Dec/2024:12:32:35 +0900] "GET /151588215.html HTTP/1.1" 403 0 "-" "Mozilla/5.0 (compatible; SemrushBot/7~bl; +http://www.semrush.com/bot.html)" "-"
185.191.171.10 - - [23/Dec/2024:12:32:52 +0900] "GET /77664582.html HTTP/1.1" 301 162 "-" "Mozilla/5.0 (compatible; SemrushBot/7~bl; +http://www.semrush.com/bot.html)" "-"
185.191.171.15 - - [23/Dec/2024:12:32:52 +0900] "GET /robots.txt HTTP/1.1" 200 187 "-" "Mozilla/5.0 (compatible; SemrushBot/7~bl; +http://www.semrush.com/bot.html)" "-"
85.208.96.203 - - [23/Dec/2024:12:33:00 +0900] "GET /158072490.html HTTP/1.1" 301 162 "-" "Mozilla/5.0 (compatible; SemrushBot/7~bl; +http://www.semrush.com/bot.html)" "-"
40.77.167.16 - - [23/Dec/2024:12:33:01 +0900] "GET /vvcrg/l138030.html HTTP/2.0" 200 54814 "-" "Mozilla/5.0 AppleWebKit/537.36 (KHTML, like Gecko; compatible; bingbot/2.0; +http://www.bing.com/bingbot.htm) Chrome/116.0.1938.76 Safari/537.36" "-"
185.191.171.7 - - [23/Dec/2024:12:33:05 +0900] "GET /46372167.html HTTP/1.1" 301 162 "-" "Mozilla/5.0 (compatible; SemrushBot/7~bl; +http://www.semrush.com/bot.html)" "-"
185.191.171.2 - - [23/Dec/2024:12:33:07 +0900] "GET /137606058.html HTTP/1.1" 301 162 "-" "Mozilla/5.0 (compatible; SemrushBot/7~bl; +http://www.semrush.com/bot.html)" "-"
185.191.171.13 - - [23/Dec/2024:12:33:09 +0900] "GET /102193065.html HTTP/1.1" 301 162 "-" "Mozilla/5.0 (compatible; SemrushBot/7~bl; +http://www.semrush.com/bot.html)" "-"
185.191.171.11 - - [23/Dec/2024:12:33:10 +0900] "GET /124043859.html HTTP/1.1" 301 162 "-" "Mozilla/5.0 (compatible; SemrushBot/7~bl; +http://www.semrush.com/bot.html)" "-"
85.208.96.194 - - [23/Dec/2024:12:33:12 +0900] "GET /73403010.html HTTP/1.1" 301 162 "-" "Mozilla/5.0 (compatible; SemrushBot/7~bl; +http://www.semrush.com/bot.html)" "-"
85.208.96.194 - - [23/Dec/2024:12:33:14 +0900] "GET /73403010.html HTTP/1.1" 503 428 "-" "Mozilla/5.0 (compatible; SemrushBot/7~bl; +http://www.semrush.com/bot.html)" "-"
85.208.96.201 - - [23/Dec/2024:12:33:16 +0900] "GET /70335666.html HTTP/1.1" 301 162 "-" "Mozilla/5.0 (compatible; SemrushBot/7~bl; +http://www.semrush.com/bot.html)" "-"
85.208.96.205 - - [23/Dec/2024:12:33:19 +0900] "GET /70335666.html HTTP/1.1" 403 0 "-" "Mozilla/5.0 (compatible; SemrushBot/7~bl; +http://www.semrush.com/bot.html)" "-"
185.191.171.1 - - [23/Dec/2024:12:33:21 +0900] "GET /124043859.html HTTP/1.1" 403 0 "-" "Mozilla/5.0 (compatible; SemrushBot/7~bl; +http://www.semrush.com/bot.html)" "-"
85.208.96.205 - - [23/Dec/2024:12:33:27 +0900] "GET /102193065.html HTTP/1.1" 403 0 "-" "Mozilla/5.0 (compatible; SemrushBot/7~bl; +http://www.semrush.com/bot.html)" "-"
185.191.171.3 - - [23/Dec/2024:12:33:35 +0900] "GET /137606058.html HTTP/1.1" 403 0 "-" "Mozilla/5.0 (compatible; SemrushBot/7~bl; +http://www.semrush.com/bot.html)" "-"
185.191.171.13 - - [23/Dec/2024:12:33:53 +0900] "GET /46372167.html HTTP/1.1" 503 428 "-" "Mozilla/5.0 (compatible; SemrushBot/7~bl; +http://www.semrush.com/bot.html)" "-"
85.208.96.201 - - [23/Dec/2024:12:34:26 +0900] "GET /166974642.html HTTP/1.1" 301 162 "-" "Mozilla/5.0 (compatible; SemrushBot/7~bl; +http://www.semrush.com/bot.html)" "-"
85.208.96.199 - - [23/Dec/2024:12:34:42 +0900] "GET /94906611.html HTTP/1.1" 301 162 "-" "Mozilla/5.0 (compatible; SemrushBot/7~bl; +http://www.semrush.com/bot.html)" "-"
85.208.96.203 - - [23/Dec/2024:12:34:51 +0900] "GET /168218955.html HTTP/1.1" 301 162 "-" "Mozilla/5.0 (compatible; SemrushBot/7~bl; +http://www.semrush.com/bot.html)" "-"
185.191.171.15 - - [23/Dec/2024:12:34:56 +0900] "GET /110655729.html HTTP/1.1" 301 162 "-" "Mozilla/5.0 (compatible; SemrushBot/7~bl; +http://www.semrush.com/bot.html)" "-"
85.208.96.212 - - [23/Dec/2024:12:34:58 +0900] "GET /110655729.html HTTP/1.1" 403 0 "-" "Mozilla/5.0 (compatible; SemrushBot/7~bl; +http://www.semrush.com/bot.html)" "-"
185.191.171.13 - - [23/Dec/2024:12:35:31 +0900] "GET /155297781.html HTTP/1.1" 301 162 "-" "Mozilla/5.0 (compatible; SemrushBot/7~bl; +http://www.semrush.com/bot.html)" "-"
185.191.171.14 - - [23/Dec/2024:12:35:50 +0900] "GET /123960825.html HTTP/1.1" 301 162 "-" "Mozilla/5.0 (compatible; SemrushBot/7~bl; +http://www.semrush.com/bot.html)" "-"
185.191.171.8 - - [23/Dec/2024:12:35:59 +0900] "GET /161857026.html HTTP/1.1" 301 162 "-" "Mozilla/5.0 (compatible; SemrushBot/7~bl; +http://www.semrush.com/bot.html)" "-"
185.191.171.14 - - [23/Dec/2024:12:36:04 +0900] "GET /186248673.html HTTP/1.1" 301 162 "-" "Mozilla/5.0 (compatible; SemrushBot/7~bl; +http://www.semrush.com/bot.html)" "-"
85.208.96.211 - - [23/Dec/2024:12:36:07 +0900] "GET /33965073.html HTTP/1.1" 301 162 "-" "Mozilla/5.0 (compatible; SemrushBot/7~bl; +http://www.semrush.com/bot.html)" "-"
85.208.96.206 - - [23/Dec/2024:12:36:09 +0900] "GET /143505756.html HTTP/1.1" 301 162 "-" "Mozilla/5.0 (compatible; SemrushBot/7~bl; +http://www.semrush.com/bot.html)" "-"
85.208.96.195 - - [23/Dec/2024:12:36:11 +0900] "GET /143505756.html HTTP/1.1" 503 428 "-" "Mozilla/5.0 (compatible; SemrushBot/7~bl; +http://www.semrush.com/bot.html)" "-"
185.191.171.8 - - [23/Dec/2024:12:36:14 +0900] "GET /33965073.html HTTP/1.1" 403 0 "-" "Mozilla/5.0 (compatible; SemrushBot/7~bl; +http://www.semrush.com/bot.html)" "-"
85.208.96.211 - - [23/Dec/2024:12:36:18 +0900] "GET /125539353.html HTTP/1.1" 301 162 "-" "Mozilla/5.0 (compatible; SemrushBot/7~bl; +http://www.semrush.com/bot.html)" "-"
85.208.96.206 - - [23/Dec/2024:12:36:26 +0900] "GET /125539353.html HTTP/1.1" 403 0 "-" "Mozilla/5.0 (compatible; SemrushBot/7~bl; +http://www.semrush.com/bot.html)" "-"
85.208.96.206 - - [23/Dec/2024:12:36:33 +0900] "GET /123915150.html HTTP/1.1" 301 162 "-" "Mozilla/5.0 (compatible; SemrushBot/7~bl; +http://www.semrush.com/bot.html)" "-"
185.191.171.16 - - [23/Dec/2024:12:36:36 +0900] "GET /123915150.html HTTP/1.1" 403 0 "-" "Mozilla/5.0 (compatible; SemrushBot/7~bl; +http://www.semrush.com/bot.html)" "-"
85.208.96.211 - - [23/Dec/2024:12:36:41 +0900] "GET /130782465.html HTTP/1.1" 301 162 "-" "Mozilla/5.0 (compatible; SemrushBot/7~bl; +http://www.semrush.com/bot.html)" "-"
85.208.96.194 - - [23/Dec/2024:12:36:43 +0900] "GET /38627199.html HTTP/1.1" 301 162 "-" "Mozilla/5.0 (compatible; SemrushBot/7~bl; +http://www.semrush.com/bot.html)" "-"
85.208.96.196 - - [23/Dec/2024:12:36:45 +0900] "GET /38627199.html HTTP/1.1" 403 0 "-" "Mozilla/5.0 (compatible; SemrushBot/7~bl; +http://www.semrush.com/bot.html)" "-"
185.191.171.17 - - [23/Dec/2024:12:36:50 +0900] "GET /130782465.html HTTP/1.1" 403 0 "-" "Mozilla/5.0 (compatible; SemrushBot/7~bl; +http://www.semrush.com/bot.html)" "-"
185.191.171.7 - - [23/Dec/2024:12:36:59 +0900] "GET /29698524.html HTTP/1.1" 301 162 "-" "Mozilla/5.0 (compatible; SemrushBot/7~bl; +http://www.semrush.com/bot.html)" "-"
185.191.171.19 - - [23/Dec/2024:12:37:04 +0900] "GET /78460650.html HTTP/1.1" 301 162 "-" "Mozilla/5.0 (compatible; SemrushBot/7~bl; +http://www.semrush.com/bot.html)" "-"
185.191.171.10 - - [23/Dec/2024:12:37:06 +0900] "GET /86750694.html HTTP/1.1" 301 162 "-" "Mozilla/5.0 (compatible; SemrushBot/7~bl; +http://www.semrush.com/bot.html)" "-"
85.208.96.194 - - [23/Dec/2024:12:37:08 +0900] "GET /143671068.html HTTP/1.1" 301 162 "-" "Mozilla/5.0 (compatible; SemrushBot/7~bl; +http://www.semrush.com/bot.html)" "-"
185.191.171.15 - - [23/Dec/2024:12:37:10 +0900] "GET /143671068.html HTTP/1.1" 403 0 "-" "Mozilla/5.0 (compatible; SemrushBot/7~bl; +http://www.semrush.com/bot.html)" "-"
185.191.171.8 - - [23/Dec/2024:12:37:13 +0900] "GET /86750694.html HTTP/1.1" 403 0 "-" "Mozilla/5.0 (compatible; SemrushBot/7~bl; +http://www.semrush.com/bot.html)" "-"
185.191.171.1 - - [23/Dec/2024:12:37:18 +0900] "GET /132638319.html HTTP/1.1" 301 162 "-" "Mozilla/5.0 (compatible; SemrushBot/7~bl; +http://www.semrush.com/bot.html)" "-"
185.191.171.14 - - [23/Dec/2024:12:37:21 +0900] "GET /116861166.html HTTP/1.1" 301 162 "-" "Mozilla/5.0 (compatible; SemrushBot/7~bl; +http://www.semrush.com/bot.html)" "-"
