185.191.171.2 - - [23/Dec/2024:11:43:56 +0900] "GET /45239616.html HTTP/1.1" 301 162 "-" "Mozilla/5.0 (compatible; SemrushBot/7~bl; +http://www.semrush.com/bot.html)" "-"
52.167.144.18 - - [23/Dec/2024:11:44:02 +0900] "GET /fbjxw/c1485757.html HTTP/2.0" 200 55253 "-" "Mozilla/5.0 AppleWebKit/537.36 (KHTML, like Gecko; compatible; bingbot/2.0; +http://www.bing.com/bingbot.htm) Chrome/116.0.1938.76 Safari/537.36" "-"
52.167.144.228 - - [23/Dec/2024:11:44:03 +0900] "GET /pvymp/d2661998.html HTTP/2.0" 200 57254 "-" "Mozilla/5.0 AppleWebKit/537.36 (KHTML, like Gecko; compatible; bingbot/2.0; +http://www.bing.com/bingbot.htm) Chrome/116.0.1938.76 Safari/537.36" "-"
52.167.144.18 - - [23/Dec/2024:11:44:03 +0900] "GET /icgil/i3085205.html HTTP/2.0" 503 428 "-" "Mozilla/5.0 AppleWebKit/537.36 (KHTML, like Gecko; compatible; bingbot/2.0; +http://www.bing.com/bingbot.htm) Chrome/116.0.1938.76 Safari/537.36" "-"
85.208.96.210 - - [23/Dec/2024:11:44:05 +0900] "GET /45239616.html HTTP/1.1" 403 0 "-" "Mozilla/5.0 (compatible; SemrushBot/7~bl; +http://www.semrush.com/bot.html)" "-"
40.77.167.79 - - [23/Dec/2024:11:44:06 +0900] "GET /ebpts/d567360.html HTTP/2.0" 200 55531 "-" "Mozilla/5.0 AppleWebKit/537.36 (KHTML, like Gecko; compatible; bingbot/2.0; +http://www.bing.com/bingbot.htm) Chrome/116.0.1938.76 Safari/537.36" "-"
40.77.167.79 - - [23/Dec/2024:11:44:06 +0900] "GET /qzygc/b136980.html HTTP/2.0" 503 428 "-" "Mozilla/5.0 AppleWebKit/537.36 (KHTML, like Gecko; compatible; bingbot/2.0; +http://www.bing.com/bingbot.htm) Chrome/116.0.1938.76 Safari/537.36" "-"
17.241.75.51 - - [23/Dec/2024:11:44:12 +0900] "GET /wp-content/uploads/2024/12/%E6%B3%A2%E6%9D%BF%E5%BC%B5%E6%9B%BF%E3%81%88%E5%B7%A5%E4%BA%8B_241211_2-2.jpg HTTP/1.1" 200 74293 "-" "Mozilla/5.0 (Macintosh; Intel Mac OS X 10_15_7) AppleWebKit/605.1.15 (KHTML, like Gecko) Version/17.4 Safari/605.1.15 (Applebot/0.1; +http://www.apple.com/go/applebot)" "-"
52.167.144.228 - - [23/Dec/2024:11:44:13 +0900] "GET /alkei/i741903.html HTTP/2.0" 200 55070 "-" "Mozilla/5.0 AppleWebKit/537.36 (KHTML, like Gecko; compatible; bingbot/2.0; +http://www.bing.com/bingbot.htm) Chrome/116.0.1938.76 Safari/537.36" "-"
40.77.167.79 - - [23/Dec/2024:11:44:21 +0900] "GET /gfqsu/j2571576.html HTTP/2.0" 200 56085 "-" "Mozilla/5.0 AppleWebKit/537.36 (KHTML, like Gecko; compatible; bingbot/2.0; +http://www.bing.com/bingbot.htm) Chrome/116.0.1938.76 Safari/537.36" "-"
85.208.96.207 - - [23/Dec/2024:11:44:21 +0900] "GET /127795446.html HTTP/1.1" 301 162 "-" "Mozilla/5.0 (compatible; SemrushBot/7~bl; +http://www.semrush.com/bot.html)" "-"
40.77.167.79 - - [23/Dec/2024:11:44:22 +0900] "GET /abhsl/d1234702.html HTTP/2.0" 503 428 "-" "Mozilla/5.0 AppleWebKit/537.36 (KHTML, like Gecko; compatible; bingbot/2.0; +http://www.bing.com/bingbot.htm) Chrome/116.0.1938.76 Safari/537.36" "-"
52.167.144.18 - - [23/Dec/2024:11:44:30 +0900] "GET /icgil/i3085205.html HTTP/2.0" 503 428 "-" "Mozilla/5.0 AppleWebKit/537.36 (KHTML, like Gecko; compatible; bingbot/2.0; +http://www.bing.com/bingbot.htm) Chrome/116.0.1938.76 Safari/537.36" "-"
85.208.96.210 - - [23/Dec/2024:11:44:32 +0900] "GET /164538558.html HTTP/1.1" 301 162 "-" "Mozilla/5.0 (compatible; SemrushBot/7~bl; +http://www.semrush.com/bot.html)" "-"
52.167.144.228 - - [23/Dec/2024:11:44:33 +0900] "GET /dtxeg/w2494759.html HTTP/2.0" 503 428 "-" "Mozilla/5.0 AppleWebKit/537.36 (KHTML, like Gecko; compatible; bingbot/2.0; +http://www.bing.com/bingbot.htm) Chrome/116.0.1938.76 Safari/537.36" "-"
40.77.167.79 - - [23/Dec/2024:11:44:34 +0900] "GET /qzygc/b136980.html HTTP/2.0" 200 55532 "-" "Mozilla/5.0 AppleWebKit/537.36 (KHTML, like Gecko; compatible; bingbot/2.0; +http://www.bing.com/bingbot.htm) Chrome/116.0.1938.76 Safari/537.36" "-"
85.208.96.200 - - [23/Dec/2024:11:44:37 +0900] "GET /64793367.html HTTP/1.1" 301 162 "-" "Mozilla/5.0 (compatible; SemrushBot/7~bl; +http://www.semrush.com/bot.html)" "-"
85.208.96.207 - - [23/Dec/2024:11:44:40 +0900] "GET /72671769.html HTTP/1.1" 301 162 "-" "Mozilla/5.0 (compatible; SemrushBot/7~bl; +http://www.semrush.com/bot.html)" "-"
40.77.167.79 - - [23/Dec/2024:11:44:41 +0900] "GET /abhsl/d1234702.html HTTP/2.0" 503 428 "-" "Mozilla/5.0 AppleWebKit/537.36 (KHTML, like Gecko; compatible; bingbot/2.0; +http://www.bing.com/bingbot.htm) Chrome/116.0.1938.76 Safari/537.36" "-"
85.208.96.200 - - [23/Dec/2024:11:44:42 +0900] "GET /72671769.html HTTP/1.1" 403 0 "-" "Mozilla/5.0 (compatible; SemrushBot/7~bl; +http://www.semrush.com/bot.html)" "-"
185.191.171.11 - - [23/Dec/2024:11:44:58 +0900] "GET /64793367.html HTTP/1.1" 403 0 "-" "Mozilla/5.0 (compatible; SemrushBot/7~bl; +http://www.semrush.com/bot.html)" "-"
40.77.167.61 - - [23/Dec/2024:11:45:02 +0900] "GET /dtxeg/w2494759.html HTTP/2.0" 503 428 "-" "Mozilla/5.0 AppleWebKit/537.36 (KHTML, like Gecko; compatible; bingbot/2.0; +http://www.bing.com/bingbot.htm) Chrome/116.0.1938.76 Safari/537.36" "-"
20.15.133.184 - - [23/Dec/2024:11:45:15 +0900] "GET /mgeoa/d1653432.html HTTP/2.0" 200 58509 "-" "Mozilla/5.0 AppleWebKit/537.36 (KHTML, like Gecko; compatible; bingbot/2.0; +http://www.bing.com/bingbot.htm) Chrome/116.0.1938.76 Safari/537.36" "-"
40.77.167.61 - - [23/Dec/2024:11:45:23 +0900] "GET /xyppa/n2951440.html HTTP/2.0" 503 428 "-" "Mozilla/5.0 AppleWebKit/537.36 (KHTML, like Gecko; compatible; bingbot/2.0; +http://www.bing.com/bingbot.htm) Chrome/116.0.1938.76 Safari/537.36" "-"
85.208.96.200 - - [23/Dec/2024:11:45:31 +0900] "GET /56800305.html HTTP/1.1" 301 162 "-" "Mozilla/5.0 (compatible; SemrushBot/7~bl; +http://www.semrush.com/bot.html)" "-"
52.167.144.18 - - [23/Dec/2024:11:45:40 +0900] "GET /phoav/o1084069.html HTTP/2.0" 503 428 "-" "Mozilla/5.0 AppleWebKit/537.36 (KHTML, like Gecko; compatible; bingbot/2.0; +http://www.bing.com/bingbot.htm) Chrome/116.0.1938.76 Safari/537.36" "-"
52.167.144.22 - - [23/Dec/2024:11:45:45 +0900] "GET /cggrt/g1787023.html HTTP/2.0" 200 56902 "-" "Mozilla/5.0 AppleWebKit/537.36 (KHTML, like Gecko; compatible; bingbot/2.0; +http://www.bing.com/bingbot.htm) Chrome/116.0.1938.76 Safari/537.36" "-"
52.167.144.22 - - [23/Dec/2024:11:45:46 +0900] "GET /rzrrw/w1230717.html HTTP/2.0" 503 428 "-" "Mozilla/5.0 AppleWebKit/537.36 (KHTML, like Gecko; compatible; bingbot/2.0; +http://www.bing.com/bingbot.htm) Chrome/116.0.1938.76 Safari/537.36" "-"
185.191.171.16 - - [23/Dec/2024:11:45:48 +0900] "GET /32799636.html HTTP/1.1" 301 162 "-" "Mozilla/5.0 (compatible; SemrushBot/7~bl; +http://www.semrush.com/bot.html)" "-"
185.191.171.18 - - [23/Dec/2024:11:45:57 +0900] "GET /74115099.html HTTP/1.1" 301 162 "-" "Mozilla/5.0 (compatible; SemrushBot/7~bl; +http://www.semrush.com/bot.html)" "-"
85.208.96.195 - - [23/Dec/2024:11:46:01 +0900] "GET /149665140.html HTTP/1.1" 301 162 "-" "Mozilla/5.0 (compatible; SemrushBot/7~bl; +http://www.semrush.com/bot.html)" "-"
85.208.96.209 - - [23/Dec/2024:11:46:04 +0900] "GET /180052434.html HTTP/1.1" 301 162 "-" "Mozilla/5.0 (compatible; SemrushBot/7~bl; +http://www.semrush.com/bot.html)" "-"
185.191.171.16 - - [23/Dec/2024:11:46:05 +0900] "GET /149599494.html HTTP/1.1" 301 162 "-" "Mozilla/5.0 (compatible; SemrushBot/7~bl; +http://www.semrush.com/bot.html)" "-"
85.208.96.210 - - [23/Dec/2024:11:46:07 +0900] "GET /100964691.html HTTP/1.1" 301 162 "-" "Mozilla/5.0 (compatible; SemrushBot/7~bl; +http://www.semrush.com/bot.html)" "-"
185.191.171.5 - - [23/Dec/2024:11:46:09 +0900] "GET /50939289.html HTTP/1.1" 301 162 "-" "Mozilla/5.0 (compatible; SemrushBot/7~bl; +http://www.semrush.com/bot.html)" "-"
185.191.171.9 - - [23/Dec/2024:11:46:11 +0900] "GET /50939289.html HTTP/1.1" 503 428 "-" "Mozilla/5.0 (compatible; SemrushBot/7~bl; +http://www.semrush.com/bot.html)" "-"
52.167.144.18 - - [23/Dec/2024:11:46:11 +0900] "GET /phoav/o1084069.html HTTP/2.0" 200 54840 "-" "Mozilla/5.0 AppleWebKit/537.36 (KHTML, like Gecko; compatible; bingbot/2.0; +http://www.bing.com/bingbot.htm) Chrome/116.0.1938.76 Safari/537.36" "-"
85.208.96.199 - - [23/Dec/2024:11:46:14 +0900] "GET /100964691.html HTTP/1.1" 503 428 "-" "Mozilla/5.0 (compatible; SemrushBot/7~bl; +http://www.semrush.com/bot.html)" "-"
185.191.171.15 - - [23/Dec/2024:11:46:20 +0900] "GET /149599494.html HTTP/1.1" 403 0 "-" "Mozilla/5.0 (compatible; SemrushBot/7~bl; +http://www.semrush.com/bot.html)" "-"
52.167.144.18 - - [23/Dec/2024:11:46:20 +0900] "GET /ohstv/a1987867.html HTTP/2.0" 503 428 "-" "Mozilla/5.0 AppleWebKit/537.36 (KHTML, like Gecko; compatible; bingbot/2.0; +http://www.bing.com/bingbot.htm) Chrome/116.0.1938.76 Safari/537.36" "-"
185.191.171.16 - - [23/Dec/2024:11:46:29 +0900] "GET /111161682.html HTTP/1.1" 301 162 "-" "Mozilla/5.0 (compatible; SemrushBot/7~bl; +http://www.semrush.com/bot.html)" "-"
85.208.96.208 - - [23/Dec/2024:11:46:35 +0900] "GET /111161682.html HTTP/1.1" 403 0 "-" "Mozilla/5.0 (compatible; SemrushBot/7~bl; +http://www.semrush.com/bot.html)" "-"
52.167.144.18 - - [23/Dec/2024:11:46:40 +0900] "GET /ohstv/a1987867.html HTTP/2.0" 503 428 "-" "Mozilla/5.0 AppleWebKit/537.36 (KHTML, like Gecko; compatible; bingbot/2.0; +http://www.bing.com/bingbot.htm) Chrome/116.0.1938.76 Safari/537.36" "-"
85.208.96.205 - - [23/Dec/2024:11:46:43 +0900] "GET /133344738.html HTTP/1.1" 301 162 "-" "Mozilla/5.0 (compatible; SemrushBot/7~bl; +http://www.semrush.com/bot.html)" "-"
85.208.96.207 - - [23/Dec/2024:11:46:48 +0900] "GET /133344738.html HTTP/1.1" 503 428 "-" "Mozilla/5.0 (compatible; SemrushBot/7~bl; +http://www.semrush.com/bot.html)" "-"
52.167.144.22 - - [23/Dec/2024:11:46:52 +0900] "GET /hjipy/r226488.html HTTP/2.0" 403 175 "-" "Mozilla/5.0 AppleWebKit/537.36 (KHTML, like Gecko; compatible; bingbot/2.0; +http://www.bing.com/bingbot.htm) Chrome/116.0.1938.76 Safari/537.36" "-"
185.191.171.14 - - [23/Dec/2024:11:46:57 +0900] "GET /78412518.html HTTP/1.1" 301 162 "-" "Mozilla/5.0 (compatible; SemrushBot/7~bl; +http://www.semrush.com/bot.html)" "-"
185.191.171.8 - - [23/Dec/2024:11:47:02 +0900] "GET /78412518.html HTTP/1.1" 403 0 "-" "Mozilla/5.0 (compatible; SemrushBot/7~bl; +http://www.semrush.com/bot.html)" "-"
185.191.171.5 - - [23/Dec/2024:11:47:10 +0900] "GET /174725721.html HTTP/1.1" 301 162 "-" "Mozilla/5.0 (compatible; SemrushBot/7~bl; +http://www.semrush.com/bot.html)" "-"
85.208.96.210 - - [23/Dec/2024:11:47:16 +0900] "GET /174725721.html HTTP/1.1" 403 0 "-" "Mozilla/5.0 (compatible; SemrushBot/7~bl; +http://www.semrush.com/bot.html)" "-"
185.191.171.17 - - [23/Dec/2024:11:47:25 +0900] "GET /180052434.html HTTP/1.1" 403 0 "-" "Mozilla/5.0 (compatible; SemrushBot/7~bl; +http://www.semrush.com/bot.html)" "-"
185.191.171.11 - - [23/Dec/2024:11:47:41 +0900] "GET /27051453.html HTTP/1.1" 301 162 "-" "Mozilla/5.0 (compatible; SemrushBot/7~bl; +http://www.semrush.com/bot.html)" "-"
185.191.171.4 - - [23/Dec/2024:11:47:49 +0900] "GET /127122480.html HTTP/1.1" 301 162 "-" "Mozilla/5.0 (compatible; SemrushBot/7~bl; +http://www.semrush.com/bot.html)" "-"
185.191.171.11 - - [23/Dec/2024:11:47:55 +0900] "GET /61745112.html HTTP/1.1" 301 162 "-" "Mozilla/5.0 (compatible; SemrushBot/7~bl; +http://www.semrush.com/bot.html)" "-"
85.208.96.196 - - [23/Dec/2024:11:47:57 +0900] "GET /111820410.html HTTP/1.1" 301 162 "-" "Mozilla/5.0 (compatible; SemrushBot/7~bl; +http://www.semrush.com/bot.html)" "-"
185.191.171.15 - - [23/Dec/2024:11:47:59 +0900] "GET /111820410.html HTTP/1.1" 403 0 "-" "Mozilla/5.0 (compatible; SemrushBot/7~bl; +http://www.semrush.com/bot.html)" "-"
85.208.96.197 - - [23/Dec/2024:11:48:15 +0900] "GET /133433190.html HTTP/1.1" 301 162 "-" "Mozilla/5.0 (compatible; SemrushBot/7~bl; +http://www.semrush.com/bot.html)" "-"
185.191.171.16 - - [23/Dec/2024:11:48:24 +0900] "GET /149862015.html HTTP/1.1" 301 162 "-" "Mozilla/5.0 (compatible; SemrushBot/7~bl; +http://www.semrush.com/bot.html)" "-"
185.191.171.19 - - [23/Dec/2024:11:48:29 +0900] "GET /149862015.html HTTP/1.1" 403 0 "-" "Mozilla/5.0 (compatible; SemrushBot/7~bl; +http://www.semrush.com/bot.html)" "-"
85.208.96.211 - - [23/Dec/2024:11:48:46 +0900] "GET /93290094.html HTTP/1.1" 301 162 "-" "Mozilla/5.0 (compatible; SemrushBot/7~bl; +http://www.semrush.com/bot.html)" "-"
52.167.144.22 - - [23/Dec/2024:11:48:52 +0900] "GET /kllnb/e905049.html HTTP/2.0" 200 54787 "-" "Mozilla/5.0 AppleWebKit/537.36 (KHTML, like Gecko; compatible; bingbot/2.0; +http://www.bing.com/bingbot.htm) Chrome/116.0.1938.76 Safari/537.36" "-"
52.167.144.22 - - [23/Dec/2024:11:48:54 +0900] "GET /ceyvt/d720942.html HTTP/2.0" 200 55328 "-" "Mozilla/5.0 AppleWebKit/537.36 (KHTML, like Gecko; compatible; bingbot/2.0; +http://www.bing.com/bingbot.htm) Chrome/116.0.1938.76 Safari/537.36" "-"
85.208.96.194 - - [23/Dec/2024:11:48:54 +0900] "GET /108401337.html HTTP/1.1" 301 162 "-" "Mozilla/5.0 (compatible; SemrushBot/7~bl; +http://www.semrush.com/bot.html)" "-"
52.167.144.22 - - [23/Dec/2024:11:48:56 +0900] "GET /dlmmj/p2014168.html HTTP/2.0" 200 58230 "-" "Mozilla/5.0 AppleWebKit/537.36 (KHTML, like Gecko; compatible; bingbot/2.0; +http://www.bing.com/bingbot.htm) Chrome/116.0.1938.76 Safari/537.36" "-"
40.77.167.61 - - [23/Dec/2024:11:48:57 +0900] "GET /xyppa/n2951440.html HTTP/2.0" 200 56251 "-" "Mozilla/5.0 AppleWebKit/537.36 (KHTML, like Gecko; compatible; bingbot/2.0; +http://www.bing.com/bingbot.htm) Chrome/116.0.1938.76 Safari/537.36" "-"
40.77.167.61 - - [23/Dec/2024:11:48:58 +0900] "GET /pgslr/p2573662.html HTTP/2.0" 200 57392 "-" "Mozilla/5.0 AppleWebKit/537.36 (KHTML, like Gecko; compatible; bingbot/2.0; +http://www.bing.com/bingbot.htm) Chrome/116.0.1938.76 Safari/537.36" "-"
185.191.171.5 - - [23/Dec/2024:11:49:00 +0900] "GET /108401337.html HTTP/1.1" 503 428 "-" "Mozilla/5.0 (compatible; SemrushBot/7~bl; +http://www.semrush.com/bot.html)" "-"
52.167.144.18 - - [23/Dec/2024:11:49:02 +0900] "GET /treqm/w1483671.html HTTP/2.0" 200 55029 "-" "Mozilla/5.0 AppleWebKit/537.36 (KHTML, like Gecko; compatible; bingbot/2.0; +http://www.bing.com/bingbot.htm) Chrome/116.0.1938.76 Safari/537.36" "-"
52.167.144.18 - - [23/Dec/2024:11:49:04 +0900] "GET /jorur/q1576615.html HTTP/2.0" 200 55826 "-" "Mozilla/5.0 AppleWebKit/537.36 (KHTML, like Gecko; compatible; bingbot/2.0; +http://www.bing.com/bingbot.htm) Chrome/116.0.1938.76 Safari/537.36" "-"
52.167.144.18 - - [23/Dec/2024:11:49:05 +0900] "GET /qlfas/e1651041.html HTTP/2.0" 503 428 "-" "Mozilla/5.0 AppleWebKit/537.36 (KHTML, like Gecko; compatible; bingbot/2.0; +http://www.bing.com/bingbot.htm) Chrome/116.0.1938.76 Safari/537.36" "-"
85.208.96.201 - - [23/Dec/2024:11:49:16 +0900] "GET /80085294.html HTTP/1.1" 301 162 "-" "Mozilla/5.0 (compatible; SemrushBot/7~bl; +http://www.semrush.com/bot.html)" "-"
85.208.96.196 - - [23/Dec/2024:11:49:25 +0900] "GET /34271379.html HTTP/1.1" 301 162 "-" "Mozilla/5.0 (compatible; SemrushBot/7~bl; +http://www.semrush.com/bot.html)" "-"
185.191.171.7 - - [23/Dec/2024:11:49:29 +0900] "GET /53972865.html HTTP/1.1" 301 162 "-" "Mozilla/5.0 (compatible; SemrushBot/7~bl; +http://www.semrush.com/bot.html)" "-"
52.167.144.18 - - [23/Dec/2024:11:49:32 +0900] "GET /qlfas/e1651041.html HTTP/2.0" 200 62099 "-" "Mozilla/5.0 AppleWebKit/537.36 (KHTML, like Gecko; compatible; bingbot/2.0; +http://www.bing.com/bingbot.htm) Chrome/116.0.1938.76 Safari/537.36" "-"
185.191.171.5 - - [23/Dec/2024:11:49:33 +0900] "GET /53972865.html HTTP/1.1" 503 428 "-" "Mozilla/5.0 (compatible; SemrushBot/7~bl; +http://www.semrush.com/bot.html)" "-"
20.15.133.184 - - [23/Dec/2024:11:49:45 +0900] "GET /ddnws/m1134585.html HTTP/2.0" 200 55217 "-" "Mozilla/5.0 AppleWebKit/537.36 (KHTML, like Gecko; compatible; bingbot/2.0; +http://www.bing.com/bingbot.htm) Chrome/116.0.1938.76 Safari/537.36" "-"
185.191.171.7 - - [23/Dec/2024:11:49:50 +0900] "GET /155785653.html HTTP/1.1" 301 162 "-" "Mozilla/5.0 (compatible; SemrushBot/7~bl; +http://www.semrush.com/bot.html)" "-"
185.191.171.4 - - [23/Dec/2024:11:49:58 +0900] "GET /40364928.html HTTP/1.1" 301 162 "-" "Mozilla/5.0 (compatible; SemrushBot/7~bl; +http://www.semrush.com/bot.html)" "-"
85.208.96.210 - - [23/Dec/2024:11:50:04 +0900] "GET /116435475.html HTTP/1.1" 301 162 "-" "Mozilla/5.0 (compatible; SemrushBot/7~bl; +http://www.semrush.com/bot.html)" "-"
85.208.96.201 - - [23/Dec/2024:11:50:07 +0900] "GET /116435475.html HTTP/1.1" 403 0 "-" "Mozilla/5.0 (compatible; SemrushBot/7~bl; +http://www.semrush.com/bot.html)" "-"
40.77.167.61 - - [23/Dec/2024:11:50:14 +0900] "GET /kcbvy/w2353995.html HTTP/2.0" 200 56525 "-" "Mozilla/5.0 AppleWebKit/537.36 (KHTML, like Gecko; compatible; bingbot/2.0; +http://www.bing.com/bingbot.htm) Chrome/116.0.1938.76 Safari/537.36" "-"
40.77.167.61 - - [23/Dec/2024:11:50:16 +0900] "GET /lruta/b974388.html HTTP/2.0" 200 55183 "-" "Mozilla/5.0 AppleWebKit/537.36 (KHTML, like Gecko; compatible; bingbot/2.0; +http://www.bing.com/bingbot.htm) Chrome/116.0.1938.76 Safari/537.36" "-"
40.77.167.61 - - [23/Dec/2024:11:50:17 +0900] "GET /ycfqo/t2191102.html HTTP/2.0" 200 56899 "-" "Mozilla/5.0 AppleWebKit/537.36 (KHTML, like Gecko; compatible; bingbot/2.0; +http://www.bing.com/bingbot.htm) Chrome/116.0.1938.76 Safari/537.36" "-"
52.167.144.22 - - [23/Dec/2024:11:50:23 +0900] "GET /cyyof/k2523451.html HTTP/2.0" 200 56799 "-" "Mozilla/5.0 AppleWebKit/537.36 (KHTML, like Gecko; compatible; bingbot/2.0; +http://www.bing.com/bingbot.htm) Chrome/116.0.1938.76 Safari/537.36" "-"
185.191.171.11 - - [23/Dec/2024:11:50:24 +0900] "GET /43759053.html HTTP/1.1" 301 162 "-" "Mozilla/5.0 (compatible; SemrushBot/7~bl; +http://www.semrush.com/bot.html)" "-"
52.167.144.18 - - [23/Dec/2024:11:50:31 +0900] "GET /wgmue/o1830061.html HTTP/2.0" 200 57972 "-" "Mozilla/5.0 AppleWebKit/537.36 (KHTML, like Gecko; compatible; bingbot/2.0; +http://www.bing.com/bingbot.htm) Chrome/116.0.1938.76 Safari/537.36" "-"
185.191.171.11 - - [23/Dec/2024:11:50:33 +0900] "GET /185997051.html HTTP/1.1" 301 162 "-" "Mozilla/5.0 (compatible; SemrushBot/7~bl; +http://www.semrush.com/bot.html)" "-"
185.191.171.14 - - [23/Dec/2024:11:50:38 +0900] "GET /185997051.html HTTP/1.1" 403 0 "-" "Mozilla/5.0 (compatible; SemrushBot/7~bl; +http://www.semrush.com/bot.html)" "-"
185.191.171.13 - - [23/Dec/2024:11:50:55 +0900] "GET /168603318.html HTTP/1.1" 301 162 "-" "Mozilla/5.0 (compatible; SemrushBot/7~bl; +http://www.semrush.com/bot.html)" "-"
185.191.171.14 - - [23/Dec/2024:11:51:04 +0900] "GET /134799534.html HTTP/1.1" 301 162 "-" "Mozilla/5.0 (compatible; SemrushBot/7~bl; +http://www.semrush.com/bot.html)" "-"
85.208.96.194 - - [23/Dec/2024:11:51:05 +0900] "GET /robots.txt HTTP/1.1" 200 187 "-" "Mozilla/5.0 (compatible; SemrushBot/7~bl; +http://www.semrush.com/bot.html)" "-"
185.191.171.9 - - [23/Dec/2024:11:51:08 +0900] "GET /74835378.html HTTP/1.1" 301 162 "-" "Mozilla/5.0 (compatible; SemrushBot/7~bl; +http://www.semrush.com/bot.html)" "-"
85.208.96.204 - - [23/Dec/2024:11:51:11 +0900] "GET /18421587.html HTTP/1.1" 301 162 "-" "Mozilla/5.0 (compatible; SemrushBot/7~bl; +http://www.semrush.com/bot.html)" "-"
185.191.171.9 - - [23/Dec/2024:11:51:13 +0900] "GET /18421587.html HTTP/1.1" 403 0 "-" "Mozilla/5.0 (compatible; SemrushBot/7~bl; +http://www.semrush.com/bot.html)" "-"
85.208.96.210 - - [23/Dec/2024:11:51:29 +0900] "GET /123959502.html HTTP/1.1" 301 162 "-" "Mozilla/5.0 (compatible; SemrushBot/7~bl; +http://www.semrush.com/bot.html)" "-"
185.191.171.14 - - [23/Dec/2024:11:51:38 +0900] "GET /59347269.html HTTP/1.1" 301 162 "-" "Mozilla/5.0 (compatible; SemrushBot/7~bl; +http://www.semrush.com/bot.html)" "-"
185.191.171.6 - - [23/Dec/2024:11:51:43 +0900] "GET /18476775.html HTTP/1.1" 301 162 "-" "Mozilla/5.0 (compatible; SemrushBot/7~bl; +http://www.semrush.com/bot.html)" "-"
185.191.171.14 - - [23/Dec/2024:11:51:46 +0900] "GET /18476775.html HTTP/1.1" 503 428 "-" "Mozilla/5.0 (compatible; SemrushBot/7~bl; +http://www.semrush.com/bot.html)" "-"
52.167.144.18 - - [23/Dec/2024:11:51:51 +0900] "GET /ushcp/b2542448.html HTTP/2.0" 503 428 "-" "Mozilla/5.0 AppleWebKit/537.36 (KHTML, like Gecko; compatible; bingbot/2.0; +http://www.bing.com/bingbot.htm) Chrome/116.0.1938.76 Safari/537.36" "-"
85.208.96.206 - - [23/Dec/2024:11:52:04 +0900] "GET /59347269.html HTTP/1.1" 403 0 "-" "Mozilla/5.0 (compatible; SemrushBot/7~bl; +http://www.semrush.com/bot.html)" "-"
52.167.144.18 - - [23/Dec/2024:11:52:22 +0900] "GET /ushcp/b2542448.html HTTP/2.0" 200 58518 "-" "Mozilla/5.0 AppleWebKit/537.36 (KHTML, like Gecko; compatible; bingbot/2.0; +http://www.bing.com/bingbot.htm) Chrome/116.0.1938.76 Safari/537.36" "-"
185.191.171.6 - - [23/Dec/2024:11:52:37 +0900] "GET /74725947.html HTTP/1.1" 301 162 "-" "Mozilla/5.0 (compatible; SemrushBot/7~bl; +http://www.semrush.com/bot.html)" "-"
52.167.144.22 - - [23/Dec/2024:11:52:43 +0900] "GET /opezz/k2200167.html HTTP/2.0" 200 55273 "-" "Mozilla/5.0 AppleWebKit/537.36 (KHTML, like Gecko; compatible; bingbot/2.0; +http://www.bing.com/bingbot.htm) Chrome/116.0.1938.76 Safari/537.36" "-"
40.77.167.61 - - [23/Dec/2024:11:52:54 +0900] "GET /bcrtk/w1251439.html HTTP/2.0" 503 428 "-" "Mozilla/5.0 AppleWebKit/537.36 (KHTML, like Gecko; compatible; bingbot/2.0; +http://www.bing.com/bingbot.htm) Chrome/116.0.1938.76 Safari/537.36" "-"
40.77.167.61 - - [23/Dec/2024:11:52:54 +0900] "GET /jrwmz/s904491.html HTTP/2.0" 503 428 "-" "Mozilla/5.0 AppleWebKit/537.36 (KHTML, like Gecko; compatible; bingbot/2.0; +http://www.bing.com/bingbot.htm) Chrome/116.0.1938.76 Safari/537.36" "-"
85.208.96.209 - - [23/Dec/2024:11:52:54 +0900] "GET /159370542.html HTTP/1.1" 301 162 "-" "Mozilla/5.0 (compatible; SemrushBot/7~bl; +http://www.semrush.com/bot.html)" "-"
40.77.167.61 - - [23/Dec/2024:11:52:55 +0900] "GET /uincd/l1418556.html HTTP/2.0" 200 55012 "-" "Mozilla/5.0 AppleWebKit/537.36 (KHTML, like Gecko; compatible; bingbot/2.0; +http://www.bing.com/bingbot.htm) Chrome/116.0.1938.76 Safari/537.36" "-"
85.208.96.209 - - [23/Dec/2024:11:53:04 +0900] "GET /193447431.html HTTP/1.1" 301 162 "-" "Mozilla/5.0 (compatible; SemrushBot/7~bl; +http://www.semrush.com/bot.html)" "-"
85.208.96.198 - - [23/Dec/2024:11:53:08 +0900] "GET /136758141.html HTTP/1.1" 301 162 "-" "Mozilla/5.0 (compatible; SemrushBot/7~bl; +http://www.semrush.com/bot.html)" "-"
185.191.171.2 - - [23/Dec/2024:11:53:10 +0900] "GET /180994410.html HTTP/1.1" 301 162 "-" "Mozilla/5.0 (compatible; SemrushBot/7~bl; +http://www.semrush.com/bot.html)" "-"
185.191.171.4 - - [23/Dec/2024:11:53:12 +0900] "GET /153184698.html HTTP/1.1" 301 162 "-" "Mozilla/5.0 (compatible; SemrushBot/7~bl; +http://www.semrush.com/bot.html)" "-"
85.208.96.200 - - [23/Dec/2024:11:53:14 +0900] "GET /153184698.html HTTP/1.1" 403 0 "-" "Mozilla/5.0 (compatible; SemrushBot/7~bl; +http://www.semrush.com/bot.html)" "-"
40.77.167.61 - - [23/Dec/2024:11:53:14 +0900] "GET /bcrtk/w1251439.html HTTP/2.0" 503 428 "-" "Mozilla/5.0 AppleWebKit/537.36 (KHTML, like Gecko; compatible; bingbot/2.0; +http://www.bing.com/bingbot.htm) Chrome/116.0.1938.76 Safari/537.36" "-"
40.77.167.61 - - [23/Dec/2024:11:53:15 +0900] "GET /jrwmz/s904491.html HTTP/2.0" 200 55102 "-" "Mozilla/5.0 AppleWebKit/537.36 (KHTML, like Gecko; compatible; bingbot/2.0; +http://www.bing.com/bingbot.htm) Chrome/116.0.1938.76 Safari/537.36" "-"
85.208.96.197 - - [23/Dec/2024:11:53:17 +0900] "GET /180994410.html HTTP/1.1" 403 0 "-" "Mozilla/5.0 (compatible; SemrushBot/7~bl; +http://www.semrush.com/bot.html)" "-"
185.191.171.6 - - [23/Dec/2024:11:53:21 +0900] "GET /193447431.html HTTP/1.1" 403 0 "-" "Mozilla/5.0 (compatible; SemrushBot/7~bl; +http://www.semrush.com/bot.html)" "-"
185.191.171.6 - - [23/Dec/2024:11:53:30 +0900] "GET /175523049.html HTTP/1.1" 301 162 "-" "Mozilla/5.0 (compatible; SemrushBot/7~bl; +http://www.semrush.com/bot.html)" "-"
85.208.96.204 - - [23/Dec/2024:11:53:35 +0900] "GET /100241640.html HTTP/1.1" 301 162 "-" "Mozilla/5.0 (compatible; SemrushBot/7~bl; +http://www.semrush.com/bot.html)" "-"
85.208.96.206 - - [23/Dec/2024:11:53:38 +0900] "GET /100241640.html HTTP/1.1" 403 0 "-" "Mozilla/5.0 (compatible; SemrushBot/7~bl; +http://www.semrush.com/bot.html)" "-"
185.191.171.18 - - [23/Dec/2024:11:53:46 +0900] "GET /164829681.html HTTP/1.1" 301 162 "-" "Mozilla/5.0 (compatible; SemrushBot/7~bl; +http://www.semrush.com/bot.html)" "-"
85.208.96.206 - - [23/Dec/2024:11:53:51 +0900] "GET /144640197.html HTTP/1.1" 301 162 "-" "Mozilla/5.0 (compatible; SemrushBot/7~bl; +http://www.semrush.com/bot.html)" "-"
85.208.96.193 - - [23/Dec/2024:11:53:54 +0900] "GET /144640197.html HTTP/1.1" 403 0 "-" "Mozilla/5.0 (compatible; SemrushBot/7~bl; +http://www.semrush.com/bot.html)" "-"
85.208.96.199 - - [23/Dec/2024:11:54:03 +0900] "GET /133800606.html HTTP/1.1" 301 162 "-" "Mozilla/5.0 (compatible; SemrushBot/7~bl; +http://www.semrush.com/bot.html)" "-"
185.191.171.19 - - [23/Dec/2024:11:54:07 +0900] "GET /133800606.html HTTP/1.1" 403 0 "-" "Mozilla/5.0 (compatible; SemrushBot/7~bl; +http://www.semrush.com/bot.html)" "-"
85.208.96.208 - - [23/Dec/2024:11:54:16 +0900] "GET /85226346.html HTTP/1.1" 301 162 "-" "Mozilla/5.0 (compatible; SemrushBot/7~bl; +http://www.semrush.com/bot.html)" "-"
185.191.171.12 - - [23/Dec/2024:11:54:21 +0900] "GET /85226346.html HTTP/1.1" 403 0 "-" "Mozilla/5.0 (compatible; SemrushBot/7~bl; +http://www.semrush.com/bot.html)" "-"
52.167.144.18 - - [23/Dec/2024:11:54:22 +0900] "GET /nqjog/u1985781.html HTTP/2.0" 200 55802 "-" "Mozilla/5.0 AppleWebKit/537.36 (KHTML, like Gecko; compatible; bingbot/2.0; +http://www.bing.com/bingbot.htm) Chrome/116.0.1938.76 Safari/537.36" "-"
85.208.96.201 - - [23/Dec/2024:11:54:29 +0900] "GET /100068516.html HTTP/1.1" 301 162 "-" "Mozilla/5.0 (compatible; SemrushBot/7~bl; +http://www.semrush.com/bot.html)" "-"
185.191.171.2 - - [23/Dec/2024:11:54:34 +0900] "GET /152350893.html HTTP/1.1" 301 162 "-" "Mozilla/5.0 (compatible; SemrushBot/7~bl; +http://www.semrush.com/bot.html)" "-"
185.191.171.6 - - [23/Dec/2024:11:54:37 +0900] "GET /152350893.html HTTP/1.1" 403 0 "-" "Mozilla/5.0 (compatible; SemrushBot/7~bl; +http://www.semrush.com/bot.html)" "-"
85.208.96.210 - - [23/Dec/2024:11:54:45 +0900] "GET /45217251.html HTTP/1.1" 301 162 "-" "Mozilla/5.0 (compatible; SemrushBot/7~bl; +http://www.semrush.com/bot.html)" "-"
185.191.171.11 - - [23/Dec/2024:11:54:50 +0900] "GET /45217251.html HTTP/1.1" 403 0 "-" "Mozilla/5.0 (compatible; SemrushBot/7~bl; +http://www.semrush.com/bot.html)" "-"
185.191.171.1 - - [23/Dec/2024:11:54:59 +0900] "GET /164829681.html HTTP/1.1" 403 0 "-" "Mozilla/5.0 (compatible; SemrushBot/7~bl; +http://www.semrush.com/bot.html)" "-"
85.208.96.209 - - [23/Dec/2024:11:55:15 +0900] "GET /77357079.html HTTP/1.1" 301 162 "-" "Mozilla/5.0 (compatible; SemrushBot/7~bl; +http://www.semrush.com/bot.html)" "-"
85.208.96.205 - - [23/Dec/2024:11:55:24 +0900] "GET /11471301.html HTTP/1.1" 301 162 "-" "Mozilla/5.0 (compatible; SemrushBot/7~bl; +http://www.semrush.com/bot.html)" "-"
185.191.171.4 - - [23/Dec/2024:11:55:28 +0900] "GET /11471301.html HTTP/1.1" 403 0 "-" "Mozilla/5.0 (compatible; SemrushBot/7~bl; +http://www.semrush.com/bot.html)" "-"
40.77.167.121 - - [23/Dec/2024:11:55:31 +0900] "GET /mcfce/x2616700.html HTTP/2.0" 503 428 "-" "Mozilla/5.0 AppleWebKit/537.36 (KHTML, like Gecko; compatible; bingbot/2.0; +http://www.bing.com/bingbot.htm) Chrome/116.0.1938.76 Safari/537.36" "-"
185.191.171.13 - - [23/Dec/2024:11:55:45 +0900] "GET /129905883.html HTTP/1.1" 301 162 "-" "Mozilla/5.0 (compatible; SemrushBot/7~bl; +http://www.semrush.com/bot.html)" "-"
85.208.96.198 - - [23/Dec/2024:11:55:54 +0900] "GET /60367176.html HTTP/1.1" 301 162 "-" "Mozilla/5.0 (compatible; SemrushBot/7~bl; +http://www.semrush.com/bot.html)" "-"
185.191.171.11 - - [23/Dec/2024:11:55:59 +0900] "GET /60245397.html HTTP/1.1" 301 162 "-" "Mozilla/5.0 (compatible; SemrushBot/7~bl; +http://www.semrush.com/bot.html)" "-"
85.208.96.205 - - [23/Dec/2024:11:56:02 +0900] "GET /60245397.html HTTP/1.1" 403 0 "-" "Mozilla/5.0 (compatible; SemrushBot/7~bl; +http://www.semrush.com/bot.html)" "-"
185.191.171.11 - - [23/Dec/2024:11:56:19 +0900] "GET /100073808.html HTTP/1.1" 301 162 "-" "Mozilla/5.0 (compatible; SemrushBot/7~bl; +http://www.semrush.com/bot.html)" "-"
40.77.167.121 - - [23/Dec/2024:11:56:22 +0900] "GET /mcfce/x2616700.html HTTP/2.0" 200 56845 "-" "Mozilla/5.0 AppleWebKit/537.36 (KHTML, like Gecko; compatible; bingbot/2.0; +http://www.bing.com/bingbot.htm) Chrome/116.0.1938.76 Safari/537.36" "-"
40.77.167.121 - - [23/Dec/2024:11:56:23 +0900] "GET /iovwq/q1327951.html HTTP/2.0" 200 55517 "-" "Mozilla/5.0 AppleWebKit/537.36 (KHTML, like Gecko; compatible; bingbot/2.0; +http://www.bing.com/bingbot.htm) Chrome/116.0.1938.76 Safari/537.36" "-"
85.208.96.206 - - [23/Dec/2024:11:56:28 +0900] "GET /9835191.html HTTP/1.1" 301 162 "-" "Mozilla/5.0 (compatible; SemrushBot/7~bl; +http://www.semrush.com/bot.html)" "-"
85.208.96.207 - - [23/Dec/2024:11:56:33 +0900] "GET /124244073.html HTTP/1.1" 301 162 "-" "Mozilla/5.0 (compatible; SemrushBot/7~bl; +http://www.semrush.com/bot.html)" "-"
85.208.96.193 - - [23/Dec/2024:11:56:36 +0900] "GET /124244073.html HTTP/1.1" 503 428 "-" "Mozilla/5.0 (compatible; SemrushBot/7~bl; +http://www.semrush.com/bot.html)" "-"
185.191.171.10 - - [23/Dec/2024:11:56:52 +0900] "GET /57525246.html HTTP/1.1" 301 162 "-" "Mozilla/5.0 (compatible; SemrushBot/7~bl; +http://www.semrush.com/bot.html)" "-"
185.191.171.11 - - [23/Dec/2024:11:57:01 +0900] "GET /134894286.html HTTP/1.1" 301 162 "-" "Mozilla/5.0 (compatible; SemrushBot/7~bl; +http://www.semrush.com/bot.html)" "-"
40.77.167.121 - - [23/Dec/2024:11:57:02 +0900] "GET /thgvn/b1318134.html HTTP/2.0" 200 54932 "-" "Mozilla/5.0 AppleWebKit/537.36 (KHTML, like Gecko; compatible; bingbot/2.0; +http://www.bing.com/bingbot.htm) Chrome/116.0.1938.76 Safari/537.36" "-"
40.77.167.121 - - [23/Dec/2024:11:57:04 +0900] "GET /rhhku/w3048949.html HTTP/2.0" 200 56306 "-" "Mozilla/5.0 AppleWebKit/537.36 (KHTML, like Gecko; compatible; bingbot/2.0; +http://www.bing.com/bingbot.htm) Chrome/116.0.1938.76 Safari/537.36" "-"
85.208.96.205 - - [23/Dec/2024:11:57:06 +0900] "GET /134894286.html HTTP/1.1" 403 0 "-" "Mozilla/5.0 (compatible; SemrushBot/7~bl; +http://www.semrush.com/bot.html)" "-"
40.77.167.0 - - [23/Dec/2024:11:57:14 +0900] "GET /rllqd/b1301650.html HTTP/2.0" 200 55139 "-" "Mozilla/5.0 AppleWebKit/537.36 (KHTML, like Gecko; compatible; bingbot/2.0; +http://www.bing.com/bingbot.htm) Chrome/116.0.1938.76 Safari/537.36" "-"
40.77.167.0 - - [23/Dec/2024:11:57:16 +0900] "GET /ozcab/e2786461.html HTTP/2.0" 200 57442 "-" "Mozilla/5.0 AppleWebKit/537.36 (KHTML, like Gecko; compatible; bingbot/2.0; +http://www.bing.com/bingbot.htm) Chrome/116.0.1938.76 Safari/537.36" "-"
40.77.167.17 - - [23/Dec/2024:11:57:18 +0900] "GET /tyhno/v2542884.html HTTP/2.0" 503 428 "-" "Mozilla/5.0 AppleWebKit/537.36 (KHTML, like Gecko; compatible; bingbot/2.0; +http://www.bing.com/bingbot.htm) Chrome/116.0.1938.76 Safari/537.36" "-"
40.77.167.17 - - [23/Dec/2024:11:57:19 +0900] "GET /lfgom/y2473545.html HTTP/2.0" 200 62729 "-" "Mozilla/5.0 AppleWebKit/537.36 (KHTML, like Gecko; compatible; bingbot/2.0; +http://www.bing.com/bingbot.htm) Chrome/116.0.1938.76 Safari/537.36" "-"
185.191.171.2 - - [23/Dec/2024:11:57:23 +0900] "GET /57525246.html HTTP/1.1" 403 0 "-" "Mozilla/5.0 (compatible; SemrushBot/7~bl; +http://www.semrush.com/bot.html)" "-"
40.77.167.17 - - [23/Dec/2024:11:57:45 +0900] "GET /tyhno/v2542884.html HTTP/2.0" 200 56110 "-" "Mozilla/5.0 AppleWebKit/537.36 (KHTML, like Gecko; compatible; bingbot/2.0; +http://www.bing.com/bingbot.htm) Chrome/116.0.1938.76 Safari/537.36" "-"
85.208.96.193 - - [23/Dec/2024:11:57:56 +0900] "GET /53117136.html HTTP/1.1" 301 162 "-" "Mozilla/5.0 (compatible; SemrushBot/7~bl; +http://www.semrush.com/bot.html)" "-"
40.77.167.121 - - [23/Dec/2024:11:58:12 +0900] "GET /rczni/y2238791.html HTTP/2.0" 503 428 "-" "Mozilla/5.0 AppleWebKit/537.36 (KHTML, like Gecko; compatible; bingbot/2.0; +http://www.bing.com/bingbot.htm) Chrome/116.0.1938.76 Safari/537.36" "-"
185.191.171.5 - - [23/Dec/2024:11:58:12 +0900] "GET /51826581.html HTTP/1.1" 301 162 "-" "Mozilla/5.0 (compatible; SemrushBot/7~bl; +http://www.semrush.com/bot.html)" "-"
40.77.167.121 - - [23/Dec/2024:11:58:13 +0900] "GET /vsanx/g2530493.html HTTP/2.0" 200 56832 "-" "Mozilla/5.0 AppleWebKit/537.36 (KHTML, like Gecko; compatible; bingbot/2.0; +http://www.bing.com/bingbot.htm) Chrome/116.0.1938.76 Safari/537.36" "-"
40.77.167.121 - - [23/Dec/2024:11:58:13 +0900] "GET /cmypw/f189582.html HTTP/2.0" 503 428 "-" "Mozilla/5.0 AppleWebKit/537.36 (KHTML, like Gecko; compatible; bingbot/2.0; +http://www.bing.com/bingbot.htm) Chrome/116.0.1938.76 Safari/537.36" "-"
40.77.167.0 - - [23/Dec/2024:11:58:17 +0900] "GET /foopo/j2771984.html HTTP/2.0" 200 57560 "-" "Mozilla/5.0 AppleWebKit/537.36 (KHTML, like Gecko; compatible; bingbot/2.0; +http://www.bing.com/bingbot.htm) Chrome/116.0.1938.76 Safari/537.36" "-"
85.208.96.201 - - [23/Dec/2024:11:58:21 +0900] "GET /179552529.html HTTP/1.1" 301 162 "-" "Mozilla/5.0 (compatible; SemrushBot/7~bl; +http://www.semrush.com/bot.html)" "-"
85.208.96.208 - - [23/Dec/2024:11:58:26 +0900] "GET /170126910.html HTTP/1.1" 301 162 "-" "Mozilla/5.0 (compatible; SemrushBot/7~bl; +http://www.semrush.com/bot.html)" "-"
85.208.96.200 - - [23/Dec/2024:11:58:28 +0900] "GET /145546515.html HTTP/1.1" 301 162 "-" "Mozilla/5.0 (compatible; SemrushBot/7~bl; +http://www.semrush.com/bot.html)" "-"
185.191.171.10 - - [23/Dec/2024:11:58:30 +0900] "GET /104894190.html HTTP/1.1" 301 162 "-" "Mozilla/5.0 (compatible; SemrushBot/7~bl; +http://www.semrush.com/bot.html)" "-"
85.208.96.204 - - [23/Dec/2024:11:58:32 +0900] "GET /72361116.html HTTP/1.1" 301 162 "-" "Mozilla/5.0 (compatible; SemrushBot/7~bl; +http://www.semrush.com/bot.html)" "-"
185.191.171.12 - - [23/Dec/2024:11:58:34 +0900] "GET /7048449.html HTTP/1.1" 301 162 "-" "Mozilla/5.0 (compatible; SemrushBot/7~bl; +http://www.semrush.com/bot.html)" "-"
85.208.96.193 - - [23/Dec/2024:11:58:35 +0900] "GET /162756666.html HTTP/1.1" 301 162 "-" "Mozilla/5.0 (compatible; SemrushBot/7~bl; +http://www.semrush.com/bot.html)" "-"
185.191.171.9 - - [23/Dec/2024:11:58:37 +0900] "GET /162756666.html HTTP/1.1" 503 428 "-" "Mozilla/5.0 (compatible; SemrushBot/7~bl; +http://www.semrush.com/bot.html)" "-"
185.191.171.4 - - [23/Dec/2024:11:58:40 +0900] "GET /7048449.html HTTP/1.1" 403 0 "-" "Mozilla/5.0 (compatible; SemrushBot/7~bl; +http://www.semrush.com/bot.html)" "-"
40.77.167.121 - - [23/Dec/2024:11:58:41 +0900] "GET /rczni/y2238791.html HTTP/2.0" 503 428 "-" "Mozilla/5.0 AppleWebKit/537.36 (KHTML, like Gecko; compatible; bingbot/2.0; +http://www.bing.com/bingbot.htm) Chrome/116.0.1938.76 Safari/537.36" "-"
40.77.167.121 - - [23/Dec/2024:11:58:41 +0900] "GET /cmypw/f189582.html HTTP/2.0" 503 428 "-" "Mozilla/5.0 AppleWebKit/537.36 (KHTML, like Gecko; compatible; bingbot/2.0; +http://www.bing.com/bingbot.htm) Chrome/116.0.1938.76 Safari/537.36" "-"
185.191.171.13 - - [23/Dec/2024:11:58:45 +0900] "GET /133689285.html HTTP/1.1" 301 162 "-" "Mozilla/5.0 (compatible; SemrushBot/7~bl; +http://www.semrush.com/bot.html)" "-"
185.191.171.14 - - [23/Dec/2024:11:58:48 +0900] "GET /133689285.html HTTP/1.1" 403 0 "-" "Mozilla/5.0 (compatible; SemrushBot/7~bl; +http://www.semrush.com/bot.html)" "-"
185.191.171.11 - - [23/Dec/2024:11:58:53 +0900] "GET /72361116.html HTTP/1.1" 403 0 "-" "Mozilla/5.0 (compatible; SemrushBot/7~bl; +http://www.semrush.com/bot.html)" "-"
185.191.171.15 - - [23/Dec/2024:11:59:02 +0900] "GET /154525401.html HTTP/1.1" 301 162 "-" "Mozilla/5.0 (compatible; SemrushBot/7~bl; +http://www.semrush.com/bot.html)" "-"
185.191.171.5 - - [23/Dec/2024:11:59:07 +0900] "GET /154525401.html HTTP/1.1" 403 0 "-" "Mozilla/5.0 (compatible; SemrushBot/7~bl; +http://www.semrush.com/bot.html)" "-"
185.191.171.15 - - [23/Dec/2024:11:59:16 +0900] "GET /25227036.html HTTP/1.1" 301 162 "-" "Mozilla/5.0 (compatible; SemrushBot/7~bl; +http://www.semrush.com/bot.html)" "-"
40.77.167.17 - - [23/Dec/2024:11:59:16 +0900] "GET /zpwrv/e1526709.html HTTP/2.0" 200 54920 "-" "Mozilla/5.0 AppleWebKit/537.36 (KHTML, like Gecko; compatible; bingbot/2.0; +http://www.bing.com/bingbot.htm) Chrome/116.0.1938.76 Safari/537.36" "-"
185.191.171.5 - - [23/Dec/2024:11:59:22 +0900] "GET /25227036.html HTTP/1.1" 403 0 "-" "Mozilla/5.0 (compatible; SemrushBot/7~bl; +http://www.semrush.com/bot.html)" "-"
85.208.96.208 - - [23/Dec/2024:11:59:31 +0900] "GET /104894190.html HTTP/1.1" 403 0 "-" "Mozilla/5.0 (compatible; SemrushBot/7~bl; +http://www.semrush.com/bot.html)" "-"
85.208.96.211 - - [23/Dec/2024:11:59:47 +0900] "GET /75988593.html HTTP/1.1" 301 162 "-" "Mozilla/5.0 (compatible; SemrushBot/7~bl; +http://www.semrush.com/bot.html)" "-"
185.191.171.8 - - [23/Dec/2024:11:59:56 +0900] "GET /155326068.html HTTP/1.1" 301 162 "-" "Mozilla/5.0 (compatible; SemrushBot/7~bl; +http://www.semrush.com/bot.html)" "-"
185.191.171.15 - - [23/Dec/2024:12:00:00 +0900] "GET /160850286.html HTTP/1.1" 301 162 "-" "Mozilla/5.0 (compatible; SemrushBot/7~bl; +http://www.semrush.com/bot.html)" "-"
85.208.96.212 - - [23/Dec/2024:12:00:03 +0900] "GET /160850286.html HTTP/1.1" 403 0 "-" "Mozilla/5.0 (compatible; SemrushBot/7~bl; +http://www.semrush.com/bot.html)" "-"
40.77.167.0 - - [23/Dec/2024:12:00:15 +0900] "GET /yfgpx/m1337515.html HTTP/2.0" 200 55165 "-" "Mozilla/5.0 AppleWebKit/537.36 (KHTML, like Gecko; compatible; bingbot/2.0; +http://www.bing.com/bingbot.htm) Chrome/116.0.1938.76 Safari/537.36" "-"
40.77.167.17 - - [23/Dec/2024:12:00:19 +0900] "GET /qcbbt/a2530929.html HTTP/2.0" 200 57148 "-" "Mozilla/5.0 AppleWebKit/537.36 (KHTML, like Gecko; compatible; bingbot/2.0; +http://www.bing.com/bingbot.htm) Chrome/116.0.1938.76 Safari/537.36" "-"
185.191.171.12 - - [23/Dec/2024:12:00:20 +0900] "GET /69714234.html HTTP/1.1" 301 162 "-" "Mozilla/5.0 (compatible; SemrushBot/7~bl; +http://www.semrush.com/bot.html)" "-"
40.77.167.17 - - [23/Dec/2024:12:00:20 +0900] "GET /zowbb/k2212621.html HTTP/2.0" 503 428 "-" "Mozilla/5.0 AppleWebKit/537.36 (KHTML, like Gecko; compatible; bingbot/2.0; +http://www.bing.com/bingbot.htm) Chrome/116.0.1938.76 Safari/537.36" "-"
40.77.167.17 - - [23/Dec/2024:12:00:21 +0900] "GET /ljnpk/h1349470.html HTTP/2.0" 200 54877 "-" "Mozilla/5.0 AppleWebKit/537.36 (KHTML, like Gecko; compatible; bingbot/2.0; +http://www.bing.com/bingbot.htm) Chrome/116.0.1938.76 Safari/537.36" "-"
185.191.171.14 - - [23/Dec/2024:12:00:28 +0900] "GET /11081835.html HTTP/1.1" 301 162 "-" "Mozilla/5.0 (compatible; SemrushBot/7~bl; +http://www.semrush.com/bot.html)" "-"
85.208.96.202 - - [23/Dec/2024:12:00:33 +0900] "GET /65607705.html HTTP/1.1" 301 162 "-" "Mozilla/5.0 (compatible; SemrushBot/7~bl; +http://www.semrush.com/bot.html)" "-"
185.191.171.6 - - [23/Dec/2024:12:00:36 +0900] "GET /65607705.html HTTP/1.1" 503 428 "-" "Mozilla/5.0 (compatible; SemrushBot/7~bl; +http://www.semrush.com/bot.html)" "-"
40.77.167.17 - - [23/Dec/2024:12:00:45 +0900] "GET /zowbb/k2212621.html HTTP/2.0" 200 56767 "-" "Mozilla/5.0 AppleWebKit/537.36 (KHTML, like Gecko; compatible; bingbot/2.0; +http://www.bing.com/bingbot.htm) Chrome/116.0.1938.76 Safari/537.36" "-"
85.208.96.197 - - [23/Dec/2024:12:00:52 +0900] "GET /109900611.html HTTP/1.1" 301 162 "-" "Mozilla/5.0 (compatible; SemrushBot/7~bl; +http://www.semrush.com/bot.html)" "-"
85.208.96.211 - - [23/Dec/2024:12:01:01 +0900] "GET /102403170.html HTTP/1.1" 301 162 "-" "Mozilla/5.0 (compatible; SemrushBot/7~bl; +http://www.semrush.com/bot.html)" "-"
185.191.171.3 - - [23/Dec/2024:12:01:06 +0900] "GET /102403170.html HTTP/1.1" 403 0 "-" "Mozilla/5.0 (compatible; SemrushBot/7~bl; +http://www.semrush.com/bot.html)" "-"
85.208.96.202 - - [23/Dec/2024:12:01:22 +0900] "GET /109900611.html HTTP/1.1" 503 428 "-" "Mozilla/5.0 (compatible; SemrushBot/7~bl; +http://www.semrush.com/bot.html)" "-"
185.191.171.6 - - [23/Dec/2024:12:01:50 +0900] "GET /robots.txt HTTP/1.1" 301 162 "-" "Mozilla/5.0 (compatible; SemrushBot/7~bl; +http://www.semrush.com/bot.html)" "-"
185.191.171.6 - - [23/Dec/2024:12:01:52 +0900] "GET /robots.txt HTTP/1.1" 200 187 "-" "Mozilla/5.0 (compatible; SemrushBot/7~bl; +http://www.semrush.com/bot.html)" "-"
85.208.96.197 - - [23/Dec/2024:12:01:55 +0900] "GET /159859548.html HTTP/1.1" 301 162 "-" "Mozilla/5.0 (compatible; SemrushBot/7~bl; +http://www.semrush.com/bot.html)" "-"
185.191.171.9 - - [23/Dec/2024:12:02:12 +0900] "GET /76431357.html HTTP/1.1" 301 162 "-" "Mozilla/5.0 (compatible; SemrushBot/7~bl; +http://www.semrush.com/bot.html)" "-"
185.191.171.12 - - [23/Dec/2024:12:02:20 +0900] "GET /44127162.html HTTP/1.1" 301 162 "-" "Mozilla/5.0 (compatible; SemrushBot/7~bl; +http://www.semrush.com/bot.html)" "-"
85.208.96.193 - - [23/Dec/2024:12:02:25 +0900] "GET /17730225.html HTTP/1.1" 301 162 "-" "Mozilla/5.0 (compatible; SemrushBot/7~bl; +http://www.semrush.com/bot.html)" "-"
85.208.96.194 - - [23/Dec/2024:12:02:27 +0900] "GET /183100437.html HTTP/1.1" 301 162 "-" "Mozilla/5.0 (compatible; SemrushBot/7~bl; +http://www.semrush.com/bot.html)" "-"
85.208.96.200 - - [23/Dec/2024:12:02:29 +0900] "GET /71618157.html HTTP/1.1" 301 162 "-" "Mozilla/5.0 (compatible; SemrushBot/7~bl; +http://www.semrush.com/bot.html)" "-"
85.208.96.197 - - [23/Dec/2024:12:02:30 +0900] "GET /156969234.html HTTP/1.1" 301 162 "-" "Mozilla/5.0 (compatible; SemrushBot/7~bl; +http://www.semrush.com/bot.html)" "-"
85.208.96.195 - - [23/Dec/2024:12:02:32 +0900] "GET /156969234.html HTTP/1.1" 503 428 "-" "Mozilla/5.0 (compatible; SemrushBot/7~bl; +http://www.semrush.com/bot.html)" "-"
85.208.96.193 - - [23/Dec/2024:12:02:34 +0900] "GET /160454457.html HTTP/1.1" 301 162 "-" "Mozilla/5.0 (compatible; SemrushBot/7~bl; +http://www.semrush.com/bot.html)" "-"
185.191.171.5 - - [23/Dec/2024:12:02:36 +0900] "GET /160454457.html HTTP/1.1" 403 0 "-" "Mozilla/5.0 (compatible; SemrushBot/7~bl; +http://www.semrush.com/bot.html)" "-"
185.191.171.7 - - [23/Dec/2024:12:02:39 +0900] "GET /60925734.html HTTP/1.1" 301 162 "-" "Mozilla/5.0 (compatible; SemrushBot/7~bl; +http://www.semrush.com/bot.html)" "-"
185.191.171.10 - - [23/Dec/2024:12:02:42 +0900] "GET /60925734.html HTTP/1.1" 403 0 "-" "Mozilla/5.0 (compatible; SemrushBot/7~bl; +http://www.semrush.com/bot.html)" "-"
185.191.171.7 - - [23/Dec/2024:12:02:44 +0900] "GET /71618157.html HTTP/1.1" 403 0 "-" "Mozilla/5.0 (compatible; SemrushBot/7~bl; +http://www.semrush.com/bot.html)" "-"
185.191.171.19 - - [23/Dec/2024:12:02:49 +0900] "GET /82810863.html HTTP/1.1" 301 162 "-" "Mozilla/5.0 (compatible; SemrushBot/7~bl; +http://www.semrush.com/bot.html)" "-"
185.191.171.10 - - [23/Dec/2024:12:02:52 +0900] "GET /82810863.html HTTP/1.1" 403 0 "-" "Mozilla/5.0 (compatible; SemrushBot/7~bl; +http://www.semrush.com/bot.html)" "-"
185.191.171.15 - - [23/Dec/2024:12:02:57 +0900] "GET /183100437.html HTTP/1.1" 503 428 "-" "Mozilla/5.0 (compatible; SemrushBot/7~bl; +http://www.semrush.com/bot.html)" "-"
85.208.96.209 - - [23/Dec/2024:12:03:06 +0900] "GET /52058673.html HTTP/1.1" 301 162 "-" "Mozilla/5.0 (compatible; SemrushBot/7~bl; +http://www.semrush.com/bot.html)" "-"
40.77.167.0 - - [23/Dec/2024:12:03:07 +0900] "GET /xkvns/o2885011.html HTTP/2.0" 200 58364 "-" "Mozilla/5.0 AppleWebKit/537.36 (KHTML, like Gecko; compatible; bingbot/2.0; +http://www.bing.com/bingbot.htm) Chrome/116.0.1938.76 Safari/537.36" "-"
85.208.96.194 - - [23/Dec/2024:12:03:10 +0900] "GET /139958415.html HTTP/1.1" 301 162 "-" "Mozilla/5.0 (compatible; SemrushBot/7~bl; +http://www.semrush.com/bot.html)" "-"
185.191.171.1 - - [23/Dec/2024:12:03:13 +0900] "GET /139958415.html HTTP/1.1" 403 0 "-" "Mozilla/5.0 (compatible; SemrushBot/7~bl; +http://www.semrush.com/bot.html)" "-"
185.191.171.10 - - [23/Dec/2024:12:03:23 +0900] "GET /52058673.html HTTP/1.1" 503 428 "-" "Mozilla/5.0 (compatible; SemrushBot/7~bl; +http://www.semrush.com/bot.html)" "-"
185.191.171.15 - - [23/Dec/2024:12:03:40 +0900] "GET /15996276.html HTTP/1.1" 301 162 "-" "Mozilla/5.0 (compatible; SemrushBot/7~bl; +http://www.semrush.com/bot.html)" "-"
185.191.171.10 - - [23/Dec/2024:12:03:49 +0900] "GET /171132705.html HTTP/1.1" 301 162 "-" "Mozilla/5.0 (compatible; SemrushBot/7~bl; +http://www.semrush.com/bot.html)" "-"
185.191.171.18 - - [23/Dec/2024:12:03:53 +0900] "GET /59313123.html HTTP/1.1" 301 162 "-" "Mozilla/5.0 (compatible; SemrushBot/7~bl; +http://www.semrush.com/bot.html)" "-"
185.191.171.10 - - [23/Dec/2024:12:03:56 +0900] "GET /59313123.html HTTP/1.1" 403 0 "-" "Mozilla/5.0 (compatible; SemrushBot/7~bl; +http://www.semrush.com/bot.html)" "-"
185.191.171.17 - - [23/Dec/2024:12:04:13 +0900] "GET /171132705.html HTTP/1.1" 403 0 "-" "Mozilla/5.0 (compatible; SemrushBot/7~bl; +http://www.semrush.com/bot.html)" "-"
85.208.96.206 - - [23/Dec/2024:12:04:46 +0900] "GET /160549083.html HTTP/1.1" 301 162 "-" "Mozilla/5.0 (compatible; SemrushBot/7~bl; +http://www.semrush.com/bot.html)" "-"
185.191.171.2 - - [23/Dec/2024:12:05:02 +0900] "GET /81823275.html HTTP/1.1" 301 162 "-" "Mozilla/5.0 (compatible; SemrushBot/7~bl; +http://www.semrush.com/bot.html)" "-"
20.15.133.175 - - [23/Dec/2024:12:05:07 +0900] "GET /mjjio/g2267919.html HTTP/2.0" 200 56198 "-" "Mozilla/5.0 AppleWebKit/537.36 (KHTML, like Gecko; compatible; bingbot/2.0; +http://www.bing.com/bingbot.htm) Chrome/116.0.1938.76 Safari/537.36" "-"
85.208.96.204 - - [23/Dec/2024:12:05:11 +0900] "GET /41352768.html HTTP/1.1" 301 162 "-" "Mozilla/5.0 (compatible; SemrushBot/7~bl; +http://www.semrush.com/bot.html)" "-"
20.15.133.174 - - [23/Dec/2024:12:05:11 +0900] "GET /fpvlx/q876357.html HTTP/2.0" 200 55356 "-" "Mozilla/5.0 AppleWebKit/537.36 (KHTML, like Gecko; compatible; bingbot/2.0; +http://www.bing.com/bingbot.htm) Chrome/116.0.1938.76 Safari/537.36" "-"
85.208.96.197 - - [23/Dec/2024:12:05:15 +0900] "GET /127212066.html HTTP/1.1" 301 162 "-" "Mozilla/5.0 (compatible; SemrushBot/7~bl; +http://www.semrush.com/bot.html)" "-"
185.191.171.6 - - [23/Dec/2024:12:05:17 +0900] "GET /86667408.html HTTP/1.1" 301 162 "-" "Mozilla/5.0 (compatible; SemrushBot/7~bl; +http://www.semrush.com/bot.html)" "-"
185.191.171.9 - - [23/Dec/2024:12:05:19 +0900] "GET /86667408.html HTTP/1.1" 403 0 "-" "Mozilla/5.0 (compatible; SemrushBot/7~bl; +http://www.semrush.com/bot.html)" "-"
185.191.171.2 - - [23/Dec/2024:12:05:52 +0900] "GET /16528815.html HTTP/1.1" 301 162 "-" "Mozilla/5.0 (compatible; SemrushBot/7~bl; +http://www.semrush.com/bot.html)" "-"
185.191.171.4 - - [23/Dec/2024:12:06:09 +0900] "GET /46812915.html HTTP/1.1" 301 162 "-" "Mozilla/5.0 (compatible; SemrushBot/7~bl; +http://www.semrush.com/bot.html)" "-"
85.208.96.196 - - [23/Dec/2024:12:06:17 +0900] "GET /81829890.html HTTP/1.1" 301 162 "-" "Mozilla/5.0 (compatible; SemrushBot/7~bl; +http://www.semrush.com/bot.html)" "-"
185.191.171.8 - - [23/Dec/2024:12:06:22 +0900] "GET /182317662.html HTTP/1.1" 301 162 "-" "Mozilla/5.0 (compatible; SemrushBot/7~bl; +http://www.semrush.com/bot.html)" "-"
85.208.96.201 - - [23/Dec/2024:12:06:24 +0900] "GET /182317662.html HTTP/1.1" 503 428 "-" "Mozilla/5.0 (compatible; SemrushBot/7~bl; +http://www.semrush.com/bot.html)" "-"
85.208.96.206 - - [23/Dec/2024:12:06:57 +0900] "GET /152957646.html HTTP/1.1" 301 162 "-" "Mozilla/5.0 (compatible; SemrushBot/7~bl; +http://www.semrush.com/bot.html)" "-"
85.208.96.206 - - [23/Dec/2024:12:07:14 +0900] "GET /109030644.html HTTP/1.1" 301 162 "-" "Mozilla/5.0 (compatible; SemrushBot/7~bl; +http://www.semrush.com/bot.html)" "-"
85.208.96.203 - - [23/Dec/2024:12:07:22 +0900] "GET /85527360.html HTTP/1.1" 301 162 "-" "Mozilla/5.0 (compatible; SemrushBot/7~bl; +http://www.semrush.com/bot.html)" "-"
85.208.96.196 - - [23/Dec/2024:12:07:27 +0900] "GET /106884234.html HTTP/1.1" 301 162 "-" "Mozilla/5.0 (compatible; SemrushBot/7~bl; +http://www.semrush.com/bot.html)" "-"
185.191.171.7 - - [23/Dec/2024:12:07:29 +0900] "GET /44475363.html HTTP/1.1" 301 162 "-" "Mozilla/5.0 (compatible; SemrushBot/7~bl; +http://www.semrush.com/bot.html)" "-"
85.208.96.212 - - [23/Dec/2024:12:07:31 +0900] "GET /61440318.html HTTP/1.1" 301 162 "-" "Mozilla/5.0 (compatible; SemrushBot/7~bl; +http://www.semrush.com/bot.html)" "-"
85.208.96.206 - - [23/Dec/2024:12:07:32 +0900] "GET /74603790.html HTTP/1.1" 301 162 "-" "Mozilla/5.0 (compatible; SemrushBot/7~bl; +http://www.semrush.com/bot.html)" "-"
185.191.171.12 - - [23/Dec/2024:12:07:34 +0900] "GET /183554793.html HTTP/1.1" 301 162 "-" "Mozilla/5.0 (compatible; SemrushBot/7~bl; +http://www.semrush.com/bot.html)" "-"
185.191.171.14 - - [23/Dec/2024:12:07:36 +0900] "GET /183554793.html HTTP/1.1" 403 0 "-" "Mozilla/5.0 (compatible; SemrushBot/7~bl; +http://www.semrush.com/bot.html)" "-"
185.191.171.4 - - [23/Dec/2024:12:07:39 +0900] "GET /74603790.html HTTP/1.1" 403 0 "-" "Mozilla/5.0 (compatible; SemrushBot/7~bl; +http://www.semrush.com/bot.html)" "-"
85.208.96.204 - - [23/Dec/2024:12:07:44 +0900] "GET /61440318.html HTTP/1.1" 403 0 "-" "Mozilla/5.0 (compatible; SemrushBot/7~bl; +http://www.semrush.com/bot.html)" "-"
85.208.96.206 - - [23/Dec/2024:12:07:53 +0900] "GET /56051991.html HTTP/1.1" 301 162 "-" "Mozilla/5.0 (compatible; SemrushBot/7~bl; +http://www.semrush.com/bot.html)" "-"
185.191.171.4 - - [23/Dec/2024:12:07:58 +0900] "GET /56051991.html HTTP/1.1" 403 0 "-" "Mozilla/5.0 (compatible; SemrushBot/7~bl; +http://www.semrush.com/bot.html)" "-"
85.208.96.197 - - [23/Dec/2024:12:08:06 +0900] "GET /81105957.html HTTP/1.1" 301 162 "-" "Mozilla/5.0 (compatible; SemrushBot/7~bl; +http://www.semrush.com/bot.html)" "-"
185.191.171.14 - - [23/Dec/2024:12:08:13 +0900] "GET /182947095.html HTTP/1.1" 301 162 "-" "Mozilla/5.0 (compatible; SemrushBot/7~bl; +http://www.semrush.com/bot.html)" "-"
85.208.96.198 - - [23/Dec/2024:12:08:17 +0900] "GET /182947095.html HTTP/1.1" 403 0 "-" "Mozilla/5.0 (compatible; SemrushBot/7~bl; +http://www.semrush.com/bot.html)" "-"
85.208.96.196 - - [23/Dec/2024:12:08:25 +0900] "GET /6942609.html HTTP/1.1" 301 162 "-" "Mozilla/5.0 (compatible; SemrushBot/7~bl; +http://www.semrush.com/bot.html)" "-"
