40.77.167.33 - - [23/Dec/2024:11:30:34 +0900] "GET /pjfog/e2599963.html HTTP/2.0" 200 57582 "-" "Mozilla/5.0 AppleWebKit/537.36 (KHTML, like Gecko; compatible; bingbot/2.0; +http://www.bing.com/bingbot.htm) Chrome/116.0.1938.76 Safari/537.36" "-"
40.77.167.33 - - [23/Dec/2024:11:30:35 +0900] "GET /wjdmz/k1217965.html HTTP/2.0" 503 428 "-" "Mozilla/5.0 AppleWebKit/537.36 (KHTML, like Gecko; compatible; bingbot/2.0; +http://www.bing.com/bingbot.htm) Chrome/116.0.1938.76 Safari/537.36" "-"
40.77.167.33 - - [23/Dec/2024:11:30:36 +0900] "GET /akgth/y2925139.html HTTP/2.0" 200 55755 "-" "Mozilla/5.0 AppleWebKit/537.36 (KHTML, like Gecko; compatible; bingbot/2.0; +http://www.bing.com/bingbot.htm) Chrome/116.0.1938.76 Safari/537.36" "-"
40.77.167.33 - - [23/Dec/2024:11:30:37 +0900] "GET /pegnp/y1851885.html HTTP/2.0" 200 59643 "-" "Mozilla/5.0 AppleWebKit/537.36 (KHTML, like Gecko; compatible; bingbot/2.0; +http://www.bing.com/bingbot.htm) Chrome/116.0.1938.76 Safari/537.36" "-"
40.77.167.33 - - [23/Dec/2024:11:30:38 +0900] "GET /nqycp/n2764942.html HTTP/2.0" 200 57327 "-" "Mozilla/5.0 AppleWebKit/537.36 (KHTML, like Gecko; compatible; bingbot/2.0; +http://www.bing.com/bingbot.htm) Chrome/116.0.1938.76 Safari/537.36" "-"
40.77.167.33 - - [23/Dec/2024:11:30:39 +0900] "GET /uriam/m1026685.html HTTP/2.0" 200 55294 "-" "Mozilla/5.0 AppleWebKit/537.36 (KHTML, like Gecko; compatible; bingbot/2.0; +http://www.bing.com/bingbot.htm) Chrome/116.0.1938.76 Safari/537.36" "-"
40.77.167.33 - - [23/Dec/2024:11:30:40 +0900] "GET /cyxzz/q1390117.html HTTP/2.0" 503 428 "-" "Mozilla/5.0 AppleWebKit/537.36 (KHTML, like Gecko; compatible; bingbot/2.0; +http://www.bing.com/bingbot.htm) Chrome/116.0.1938.76 Safari/537.36" "-"
40.77.167.33 - - [23/Dec/2024:11:30:41 +0900] "GET /ecnve/w675513.html HTTP/2.0" 200 55510 "-" "Mozilla/5.0 AppleWebKit/537.36 (KHTML, like Gecko; compatible; bingbot/2.0; +http://www.bing.com/bingbot.htm) Chrome/116.0.1938.76 Safari/537.36" "-"
185.191.171.16 - - [23/Dec/2024:11:30:42 +0900] "GET /81946692.html HTTP/1.1" 301 162 "-" "Mozilla/5.0 (compatible; SemrushBot/7~bl; +http://www.semrush.com/bot.html)" "-"
40.77.167.33 - - [23/Dec/2024:11:30:43 +0900] "GET /cjwtc/s2363559.html HTTP/2.0" 200 57632 "-" "Mozilla/5.0 AppleWebKit/537.36 (KHTML, like Gecko; compatible; bingbot/2.0; +http://www.bing.com/bingbot.htm) Chrome/116.0.1938.76 Safari/537.36" "-"
40.77.167.33 - - [23/Dec/2024:11:30:44 +0900] "GET /msrii/g2578749.html HTTP/2.0" 200 56969 "-" "Mozilla/5.0 AppleWebKit/537.36 (KHTML, like Gecko; compatible; bingbot/2.0; +http://www.bing.com/bingbot.htm) Chrome/116.0.1938.76 Safari/537.36" "-"
40.77.167.33 - - [23/Dec/2024:11:30:45 +0900] "GET /fiupi/i2839063.html HTTP/2.0" 200 57082 "-" "Mozilla/5.0 AppleWebKit/537.36 (KHTML, like Gecko; compatible; bingbot/2.0; +http://www.bing.com/bingbot.htm) Chrome/116.0.1938.76 Safari/537.36" "-"
40.77.167.33 - - [23/Dec/2024:11:30:46 +0900] "GET /gerls/w1500103.html HTTP/2.0" 200 55078 "-" "Mozilla/5.0 AppleWebKit/537.36 (KHTML, like Gecko; compatible; bingbot/2.0; +http://www.bing.com/bingbot.htm) Chrome/116.0.1938.76 Safari/537.36" "-"
185.191.171.9 - - [23/Dec/2024:11:30:47 +0900] "GET /81946692.html HTTP/1.1" 403 0 "-" "Mozilla/5.0 (compatible; SemrushBot/7~bl; +http://www.semrush.com/bot.html)" "-"
40.77.167.33 - - [23/Dec/2024:11:30:47 +0900] "GET /oaydi/n2827108.html HTTP/2.0" 200 56866 "-" "Mozilla/5.0 AppleWebKit/537.36 (KHTML, like Gecko; compatible; bingbot/2.0; +http://www.bing.com/bingbot.htm) Chrome/116.0.1938.76 Safari/537.36" "-"
40.77.167.33 - - [23/Dec/2024:11:30:48 +0900] "GET /yyoyh/h1038640.html HTTP/2.0" 503 428 "-" "Mozilla/5.0 AppleWebKit/537.36 (KHTML, like Gecko; compatible; bingbot/2.0; +http://www.bing.com/bingbot.htm) Chrome/116.0.1938.76 Safari/537.36" "-"
40.77.167.33 - - [23/Dec/2024:11:30:48 +0900] "GET /yeaio/w1002775.html HTTP/2.0" 503 428 "-" "Mozilla/5.0 AppleWebKit/537.36 (KHTML, like Gecko; compatible; bingbot/2.0; +http://www.bing.com/bingbot.htm) Chrome/116.0.1938.76 Safari/537.36" "-"
40.77.167.33 - - [23/Dec/2024:11:30:49 +0900] "GET /xdzql/i1347079.html HTTP/2.0" 200 55820 "-" "Mozilla/5.0 AppleWebKit/537.36 (KHTML, like Gecko; compatible; bingbot/2.0; +http://www.bing.com/bingbot.htm) Chrome/116.0.1938.76 Safari/537.36" "-"
40.77.167.33 - - [23/Dec/2024:11:30:50 +0900] "GET /hfkhk/v1796892.html HTTP/2.0" 503 428 "-" "Mozilla/5.0 AppleWebKit/537.36 (KHTML, like Gecko; compatible; bingbot/2.0; +http://www.bing.com/bingbot.htm) Chrome/116.0.1938.76 Safari/537.36" "-"
40.77.167.33 - - [23/Dec/2024:11:30:51 +0900] "GET /auzsf/d259312.html HTTP/2.0" 200 55339 "-" "Mozilla/5.0 AppleWebKit/537.36 (KHTML, like Gecko; compatible; bingbot/2.0; +http://www.bing.com/bingbot.htm) Chrome/116.0.1938.76 Safari/537.36" "-"
40.77.167.33 - - [23/Dec/2024:11:30:51 +0900] "GET /zyyxg/o1162719.html HTTP/2.0" 503 428 "-" "Mozilla/5.0 AppleWebKit/537.36 (KHTML, like Gecko; compatible; bingbot/2.0; +http://www.bing.com/bingbot.htm) Chrome/116.0.1938.76 Safari/537.36" "-"
40.77.167.123 - - [23/Dec/2024:11:30:52 +0900] "GET /rzpil/o1581397.html HTTP/2.0" 200 55275 "-" "Mozilla/5.0 AppleWebKit/537.36 (KHTML, like Gecko; compatible; bingbot/2.0; +http://www.bing.com/bingbot.htm) Chrome/116.0.1938.76 Safari/537.36" "-"
40.77.167.33 - - [23/Dec/2024:11:30:52 +0900] "GET /gdiip/p754416.html HTTP/2.0" 200 55484 "-" "Mozilla/5.0 AppleWebKit/537.36 (KHTML, like Gecko; compatible; bingbot/2.0; +http://www.bing.com/bingbot.htm) Chrome/116.0.1938.76 Safari/537.36" "-"
40.77.167.33 - - [23/Dec/2024:11:30:54 +0900] "GET /vuuug/c785499.html HTTP/2.0" 200 56045 "-" "Mozilla/5.0 AppleWebKit/537.36 (KHTML, like Gecko; compatible; bingbot/2.0; +http://www.bing.com/bingbot.htm) Chrome/116.0.1938.76 Safari/537.36" "-"
40.77.167.33 - - [23/Dec/2024:11:30:54 +0900] "GET /vfxzi/n2562012.html HTTP/2.0" 503 428 "-" "Mozilla/5.0 AppleWebKit/537.36 (KHTML, like Gecko; compatible; bingbot/2.0; +http://www.bing.com/bingbot.htm) Chrome/116.0.1938.76 Safari/537.36" "-"
40.77.167.33 - - [23/Dec/2024:11:30:55 +0900] "GET /ntntm/m2270005.html HTTP/2.0" 200 57543 "-" "Mozilla/5.0 AppleWebKit/537.36 (KHTML, like Gecko; compatible; bingbot/2.0; +http://www.bing.com/bingbot.htm) Chrome/116.0.1938.76 Safari/537.36" "-"
40.77.167.33 - - [23/Dec/2024:11:30:56 +0900] "GET /uabwn/u2805067.html HTTP/2.0" 200 58262 "-" "Mozilla/5.0 AppleWebKit/537.36 (KHTML, like Gecko; compatible; bingbot/2.0; +http://www.bing.com/bingbot.htm) Chrome/116.0.1938.76 Safari/537.36" "-"
40.77.167.33 - - [23/Dec/2024:11:30:58 +0900] "GET /klvnp/l966910.html HTTP/2.0" 200 55717 "-" "Mozilla/5.0 AppleWebKit/537.36 (KHTML, like Gecko; compatible; bingbot/2.0; +http://www.bing.com/bingbot.htm) Chrome/116.0.1938.76 Safari/537.36" "-"
40.77.167.33 - - [23/Dec/2024:11:30:59 +0900] "GET /rjson/a2174365.html HTTP/2.0" 200 57450 "-" "Mozilla/5.0 AppleWebKit/537.36 (KHTML, like Gecko; compatible; bingbot/2.0; +http://www.bing.com/bingbot.htm) Chrome/116.0.1938.76 Safari/537.36" "-"
40.77.167.33 - - [23/Dec/2024:11:31:00 +0900] "GET /ljoyn/z1865926.html HTTP/2.0" 503 428 "-" "Mozilla/5.0 AppleWebKit/537.36 (KHTML, like Gecko; compatible; bingbot/2.0; +http://www.bing.com/bingbot.htm) Chrome/116.0.1938.76 Safari/537.36" "-"
40.77.167.33 - - [23/Dec/2024:11:31:01 +0900] "GET /pltnh/o897571.html HTTP/2.0" 200 55468 "-" "Mozilla/5.0 AppleWebKit/537.36 (KHTML, like Gecko; compatible; bingbot/2.0; +http://www.bing.com/bingbot.htm) Chrome/116.0.1938.76 Safari/537.36" "-"
40.77.167.33 - - [23/Dec/2024:11:31:02 +0900] "GET /sjpkt/l610398.html HTTP/2.0" 200 55633 "-" "Mozilla/5.0 AppleWebKit/537.36 (KHTML, like Gecko; compatible; bingbot/2.0; +http://www.bing.com/bingbot.htm) Chrome/116.0.1938.76 Safari/537.36" "-"
85.208.96.197 - - [23/Dec/2024:11:31:03 +0900] "GET /34585938.html HTTP/1.1" 301 162 "-" "Mozilla/5.0 (compatible; SemrushBot/7~bl; +http://www.semrush.com/bot.html)" "-"
40.77.167.33 - - [23/Dec/2024:11:31:04 +0900] "GET /hsofy/l2831890.html HTTP/2.0" 200 55947 "-" "Mozilla/5.0 AppleWebKit/537.36 (KHTML, like Gecko; compatible; bingbot/2.0; +http://www.bing.com/bingbot.htm) Chrome/116.0.1938.76 Safari/537.36" "-"
40.77.167.33 - - [23/Dec/2024:11:31:05 +0900] "GET /gfwav/l859062.html HTTP/2.0" 200 54934 "-" "Mozilla/5.0 AppleWebKit/537.36 (KHTML, like Gecko; compatible; bingbot/2.0; +http://www.bing.com/bingbot.htm) Chrome/116.0.1938.76 Safari/537.36" "-"
40.77.167.33 - - [23/Dec/2024:11:31:06 +0900] "GET /kqyus/t2250746.html HTTP/2.0" 200 57224 "-" "Mozilla/5.0 AppleWebKit/537.36 (KHTML, like Gecko; compatible; bingbot/2.0; +http://www.bing.com/bingbot.htm) Chrome/116.0.1938.76 Safari/537.36" "-"
40.77.167.33 - - [23/Dec/2024:11:31:07 +0900] "GET /adxqx/n962128.html HTTP/2.0" 200 55011 "-" "Mozilla/5.0 AppleWebKit/537.36 (KHTML, like Gecko; compatible; bingbot/2.0; +http://www.bing.com/bingbot.htm) Chrome/116.0.1938.76 Safari/537.36" "-"
40.77.167.33 - - [23/Dec/2024:11:31:09 +0900] "GET /zggjz/e567751.html HTTP/2.0" 200 55016 "-" "Mozilla/5.0 AppleWebKit/537.36 (KHTML, like Gecko; compatible; bingbot/2.0; +http://www.bing.com/bingbot.htm) Chrome/116.0.1938.76 Safari/537.36" "-"
40.77.167.33 - - [23/Dec/2024:11:31:10 +0900] "GET /zehyf/w1146373.html HTTP/2.0" 200 55585 "-" "Mozilla/5.0 AppleWebKit/537.36 (KHTML, like Gecko; compatible; bingbot/2.0; +http://www.bing.com/bingbot.htm) Chrome/116.0.1938.76 Safari/537.36" "-"
40.77.167.33 - - [23/Dec/2024:11:31:11 +0900] "GET /cbqmz/c2975219.html HTTP/2.0" 503 428 "-" "Mozilla/5.0 AppleWebKit/537.36 (KHTML, like Gecko; compatible; bingbot/2.0; +http://www.bing.com/bingbot.htm) Chrome/116.0.1938.76 Safari/537.36" "-"
40.77.167.123 - - [23/Dec/2024:11:31:12 +0900] "GET /kznle/x957484.html HTTP/2.0" 503 428 "-" "Mozilla/5.0 AppleWebKit/537.36 (KHTML, like Gecko; compatible; bingbot/2.0; +http://www.bing.com/bingbot.htm) Chrome/116.0.1938.76 Safari/537.36" "-"
185.191.171.18 - - [23/Dec/2024:11:31:12 +0900] "GET /13237380.html HTTP/1.1" 301 162 "-" "Mozilla/5.0 (compatible; SemrushBot/7~bl; +http://www.semrush.com/bot.html)" "-"
40.77.167.33 - - [23/Dec/2024:11:31:12 +0900] "GET /wctmp/r1279878.html HTTP/2.0" 200 55140 "-" "Mozilla/5.0 AppleWebKit/537.36 (KHTML, like Gecko; compatible; bingbot/2.0; +http://www.bing.com/bingbot.htm) Chrome/116.0.1938.76 Safari/537.36" "-"
40.77.167.33 - - [23/Dec/2024:11:31:14 +0900] "GET /avymf/m1602663.html HTTP/2.0" 200 55513 "-" "Mozilla/5.0 AppleWebKit/537.36 (KHTML, like Gecko; compatible; bingbot/2.0; +http://www.bing.com/bingbot.htm) Chrome/116.0.1938.76 Safari/537.36" "-"
40.77.167.33 - - [23/Dec/2024:11:31:15 +0900] "GET /ggnpw/o792505.html HTTP/2.0" 200 54910 "-" "Mozilla/5.0 AppleWebKit/537.36 (KHTML, like Gecko; compatible; bingbot/2.0; +http://www.bing.com/bingbot.htm) Chrome/116.0.1938.76 Safari/537.36" "-"
40.77.167.33 - - [23/Dec/2024:11:31:16 +0900] "GET /fgpsv/d2042860.html HTTP/2.0" 200 57638 "-" "Mozilla/5.0 AppleWebKit/537.36 (KHTML, like Gecko; compatible; bingbot/2.0; +http://www.bing.com/bingbot.htm) Chrome/116.0.1938.76 Safari/537.36" "-"
185.191.171.12 - - [23/Dec/2024:11:31:17 +0900] "GET /83517471.html HTTP/1.1" 301 162 "-" "Mozilla/5.0 (compatible; SemrushBot/7~bl; +http://www.semrush.com/bot.html)" "-"
40.77.167.33 - - [23/Dec/2024:11:31:17 +0900] "GET /nfqjt/o2389555.html HTTP/2.0" 200 56898 "-" "Mozilla/5.0 AppleWebKit/537.36 (KHTML, like Gecko; compatible; bingbot/2.0; +http://www.bing.com/bingbot.htm) Chrome/116.0.1938.76 Safari/537.36" "-"
40.77.167.33 - - [23/Dec/2024:11:31:19 +0900] "GET /gpjys/t1134280.html HTTP/2.0" 200 55994 "-" "Mozilla/5.0 AppleWebKit/537.36 (KHTML, like Gecko; compatible; bingbot/2.0; +http://www.bing.com/bingbot.htm) Chrome/116.0.1938.76 Safari/537.36" "-"
40.77.167.33 - - [23/Dec/2024:11:31:20 +0900] "GET /yzrey/v2683648.html HTTP/2.0" 200 57607 "-" "Mozilla/5.0 AppleWebKit/537.36 (KHTML, like Gecko; compatible; bingbot/2.0; +http://www.bing.com/bingbot.htm) Chrome/116.0.1938.76 Safari/537.36" "-"
40.77.167.33 - - [23/Dec/2024:11:31:20 +0900] "GET /hrlss/c2418247.html HTTP/2.0" 503 428 "-" "Mozilla/5.0 AppleWebKit/537.36 (KHTML, like Gecko; compatible; bingbot/2.0; +http://www.bing.com/bingbot.htm) Chrome/116.0.1938.76 Safari/537.36" "-"
185.191.171.15 - - [23/Dec/2024:11:31:20 +0900] "GET /83517471.html HTTP/1.1" 503 428 "-" "Mozilla/5.0 (compatible; SemrushBot/7~bl; +http://www.semrush.com/bot.html)" "-"
40.77.167.33 - - [23/Dec/2024:11:31:20 +0900] "GET /fpxim/f1851580.html HTTP/2.0" 503 428 "-" "Mozilla/5.0 AppleWebKit/537.36 (KHTML, like Gecko; compatible; bingbot/2.0; +http://www.bing.com/bingbot.htm) Chrome/116.0.1938.76 Safari/537.36" "-"
40.77.167.33 - - [23/Dec/2024:11:31:21 +0900] "GET /vpxux/v1999822.html HTTP/2.0" 200 58075 "-" "Mozilla/5.0 AppleWebKit/537.36 (KHTML, like Gecko; compatible; bingbot/2.0; +http://www.bing.com/bingbot.htm) Chrome/116.0.1938.76 Safari/537.36" "-"
40.77.167.33 - - [23/Dec/2024:11:31:22 +0900] "GET /asusq/j926010.html HTTP/2.0" 200 55134 "-" "Mozilla/5.0 AppleWebKit/537.36 (KHTML, like Gecko; compatible; bingbot/2.0; +http://www.bing.com/bingbot.htm) Chrome/116.0.1938.76 Safari/537.36" "-"
40.77.167.33 - - [23/Dec/2024:11:31:24 +0900] "GET /yvkvp/t1212930.html HTTP/2.0" 200 55937 "-" "Mozilla/5.0 AppleWebKit/537.36 (KHTML, like Gecko; compatible; bingbot/2.0; +http://www.bing.com/bingbot.htm) Chrome/116.0.1938.76 Safari/537.36" "-"
40.77.167.33 - - [23/Dec/2024:11:31:25 +0900] "GET /ljoyn/z1865926.html HTTP/2.0" 503 428 "-" "Mozilla/5.0 AppleWebKit/537.36 (KHTML, like Gecko; compatible; bingbot/2.0; +http://www.bing.com/bingbot.htm) Chrome/116.0.1938.76 Safari/537.36" "-"
40.77.167.33 - - [23/Dec/2024:11:31:25 +0900] "GET /trznv/z321110.html HTTP/2.0" 503 428 "-" "Mozilla/5.0 AppleWebKit/537.36 (KHTML, like Gecko; compatible; bingbot/2.0; +http://www.bing.com/bingbot.htm) Chrome/116.0.1938.76 Safari/537.36" "-"
40.77.167.33 - - [23/Dec/2024:11:31:25 +0900] "GET /fkxhv/l1713396.html HTTP/2.0" 503 428 "-" "Mozilla/5.0 AppleWebKit/537.36 (KHTML, like Gecko; compatible; bingbot/2.0; +http://www.bing.com/bingbot.htm) Chrome/116.0.1938.76 Safari/537.36" "-"
40.77.167.33 - - [23/Dec/2024:11:31:27 +0900] "GET /rwygj/f431096.html HTTP/2.0" 200 55321 "-" "Mozilla/5.0 AppleWebKit/537.36 (KHTML, like Gecko; compatible; bingbot/2.0; +http://www.bing.com/bingbot.htm) Chrome/116.0.1938.76 Safari/537.36" "-"
40.77.167.33 - - [23/Dec/2024:11:31:27 +0900] "GET /cbqmz/c2975219.html HTTP/2.0" 503 428 "-" "Mozilla/5.0 AppleWebKit/537.36 (KHTML, like Gecko; compatible; bingbot/2.0; +http://www.bing.com/bingbot.htm) Chrome/116.0.1938.76 Safari/537.36" "-"
40.77.167.33 - - [23/Dec/2024:11:31:28 +0900] "GET /ojstr/u2384699.html HTTP/2.0" 503 428 "-" "Mozilla/5.0 AppleWebKit/537.36 (KHTML, like Gecko; compatible; bingbot/2.0; +http://www.bing.com/bingbot.htm) Chrome/116.0.1938.76 Safari/537.36" "-"
40.77.167.33 - - [23/Dec/2024:11:31:29 +0900] "GET /iahxx/n1944330.html HTTP/2.0" 200 56606 "-" "Mozilla/5.0 AppleWebKit/537.36 (KHTML, like Gecko; compatible; bingbot/2.0; +http://www.bing.com/bingbot.htm) Chrome/116.0.1938.76 Safari/537.36" "-"
85.208.96.205 - - [23/Dec/2024:11:31:37 +0900] "GET /90495792.html HTTP/1.1" 301 162 "-" "Mozilla/5.0 (compatible; SemrushBot/7~bl; +http://www.semrush.com/bot.html)" "-"
40.77.167.123 - - [23/Dec/2024:11:31:42 +0900] "GET /kznle/x957484.html HTTP/2.0" 200 54943 "-" "Mozilla/5.0 AppleWebKit/537.36 (KHTML, like Gecko; compatible; bingbot/2.0; +http://www.bing.com/bingbot.htm) Chrome/116.0.1938.76 Safari/537.36" "-"
85.208.96.205 - - [23/Dec/2024:11:31:45 +0900] "GET /182324529.html HTTP/1.1" 301 162 "-" "Mozilla/5.0 (compatible; SemrushBot/7~bl; +http://www.semrush.com/bot.html)" "-"
40.77.167.33 - - [23/Dec/2024:11:31:48 +0900] "GET /fpxim/f1851580.html HTTP/2.0" 503 428 "-" "Mozilla/5.0 AppleWebKit/537.36 (KHTML, like Gecko; compatible; bingbot/2.0; +http://www.bing.com/bingbot.htm) Chrome/116.0.1938.76 Safari/537.36" "-"
85.208.96.206 - - [23/Dec/2024:11:31:51 +0900] "GET /182324529.html HTTP/1.1" 503 428 "-" "Mozilla/5.0 (compatible; SemrushBot/7~bl; +http://www.semrush.com/bot.html)" "-"
85.208.96.200 - - [23/Dec/2024:11:32:08 +0900] "GET /109429308.html HTTP/1.1" 301 162 "-" "Mozilla/5.0 (compatible; SemrushBot/7~bl; +http://www.semrush.com/bot.html)" "-"
185.191.171.7 - - [23/Dec/2024:11:32:17 +0900] "GET /82435761.html HTTP/1.1" 301 162 "-" "Mozilla/5.0 (compatible; SemrushBot/7~bl; +http://www.semrush.com/bot.html)" "-"
52.167.144.158 - - [23/Dec/2024:11:32:20 +0900] "GET /ohmbh/v2870146.html HTTP/2.0" 200 57849 "-" "Mozilla/5.0 AppleWebKit/537.36 (KHTML, like Gecko; compatible; bingbot/2.0; +http://www.bing.com/bingbot.htm) Chrome/116.0.1938.76 Safari/537.36" "-"
85.208.96.211 - - [23/Dec/2024:11:32:21 +0900] "GET /114645078.html HTTP/1.1" 301 162 "-" "Mozilla/5.0 (compatible; SemrushBot/7~bl; +http://www.semrush.com/bot.html)" "-"
185.191.171.14 - - [23/Dec/2024:11:32:24 +0900] "GET /41077836.html HTTP/1.1" 301 162 "-" "Mozilla/5.0 (compatible; SemrushBot/7~bl; +http://www.semrush.com/bot.html)" "-"
185.191.171.10 - - [23/Dec/2024:11:32:25 +0900] "GET /167629653.html HTTP/1.1" 301 162 "-" "Mozilla/5.0 (compatible; SemrushBot/7~bl; +http://www.semrush.com/bot.html)" "-"
85.208.96.195 - - [23/Dec/2024:11:32:27 +0900] "GET /167629653.html HTTP/1.1" 503 428 "-" "Mozilla/5.0 (compatible; SemrushBot/7~bl; +http://www.semrush.com/bot.html)" "-"
85.208.96.195 - - [23/Dec/2024:11:32:30 +0900] "GET /41077836.html HTTP/1.1" 403 0 "-" "Mozilla/5.0 (compatible; SemrushBot/7~bl; +http://www.semrush.com/bot.html)" "-"
40.77.167.123 - - [23/Dec/2024:11:32:33 +0900] "GET /tegxu/p2822326.html HTTP/2.0" 200 57047 "-" "Mozilla/5.0 AppleWebKit/537.36 (KHTML, like Gecko; compatible; bingbot/2.0; +http://www.bing.com/bingbot.htm) Chrome/116.0.1938.76 Safari/537.36" "-"
40.77.167.123 - - [23/Dec/2024:11:32:33 +0900] "GET /vtykx/c1626573.html HTTP/2.0" 503 428 "-" "Mozilla/5.0 AppleWebKit/537.36 (KHTML, like Gecko; compatible; bingbot/2.0; +http://www.bing.com/bingbot.htm) Chrome/116.0.1938.76 Safari/537.36" "-"
185.191.171.14 - - [23/Dec/2024:11:32:36 +0900] "GET /114645078.html HTTP/1.1" 503 428 "-" "Mozilla/5.0 (compatible; SemrushBot/7~bl; +http://www.semrush.com/bot.html)" "-"
85.208.96.204 - - [23/Dec/2024:11:32:44 +0900] "GET /12363633.html HTTP/1.1" 503 428 "-" "Mozilla/5.0 (compatible; SemrushBot/7~bl; +http://www.semrush.com/bot.html)" "-"
40.77.167.33 - - [23/Dec/2024:11:32:49 +0900] "GET /dgejc/v2743292.html HTTP/2.0" 503 428 "-" "Mozilla/5.0 AppleWebKit/537.36 (KHTML, like Gecko; compatible; bingbot/2.0; +http://www.bing.com/bingbot.htm) Chrome/116.0.1938.76 Safari/537.36" "-"
43.163.1.85 - - [23/Dec/2024:11:32:52 +0900] "GET / HTTP/1.1" 301 162 "-" "Mozilla/5.0 (iPhone; CPU iPhone OS 13_2_3 like Mac OS X) AppleWebKit/605.1.15 (KHTML, like Gecko) Version/13.0.3 Mobile/15E148 Safari/604.1" "-"
40.77.167.123 - - [23/Dec/2024:11:32:54 +0900] "GET /egjsu/h649212.html HTTP/2.0" 200 55325 "-" "Mozilla/5.0 AppleWebKit/537.36 (KHTML, like Gecko; compatible; bingbot/2.0; +http://www.bing.com/bingbot.htm) Chrome/116.0.1938.76 Safari/537.36" "-"
118.27.99.84 - - [23/Dec/2024:11:32:55 +0900] "POST /wp-cron.php?doing_wp_cron=1734921175.5528059005737304687500 HTTP/1.1" 403 186 "-" "WordPress/6.7.1; https://amamori-higashiosaka.com" "-"
43.163.1.85 - - [23/Dec/2024:11:32:55 +0900] "GET / HTTP/1.1" 200 22982 "http://amamori-higashiosaka.com" "Mozilla/5.0 (iPhone; CPU iPhone OS 13_2_3 like Mac OS X) AppleWebKit/605.1.15 (KHTML, like Gecko) Version/13.0.3 Mobile/15E148 Safari/604.1" "-"
40.77.167.123 - - [23/Dec/2024:11:32:55 +0900] "GET /vtykx/c1626573.html HTTP/2.0" 200 54342 "-" "Mozilla/5.0 AppleWebKit/537.36 (KHTML, like Gecko; compatible; bingbot/2.0; +http://www.bing.com/bingbot.htm) Chrome/116.0.1938.76 Safari/537.36" "-"
40.77.167.123 - - [23/Dec/2024:11:32:57 +0900] "GET /zmcfi/y2179147.html HTTP/2.0" 200 56368 "-" "Mozilla/5.0 AppleWebKit/537.36 (KHTML, like Gecko; compatible; bingbot/2.0; +http://www.bing.com/bingbot.htm) Chrome/116.0.1938.76 Safari/537.36" "-"
40.77.167.123 - - [23/Dec/2024:11:32:58 +0900] "GET /osclj/e2086203.html HTTP/2.0" 200 57561 "-" "Mozilla/5.0 AppleWebKit/537.36 (KHTML, like Gecko; compatible; bingbot/2.0; +http://www.bing.com/bingbot.htm) Chrome/116.0.1938.76 Safari/537.36" "-"
40.77.167.33 - - [23/Dec/2024:11:32:59 +0900] "GET /obvpa/o1208401.html HTTP/2.0" 200 55395 "-" "Mozilla/5.0 AppleWebKit/537.36 (KHTML, like Gecko; compatible; bingbot/2.0; +http://www.bing.com/bingbot.htm) Chrome/116.0.1938.76 Safari/537.36" "-"
85.208.96.195 - - [23/Dec/2024:11:33:01 +0900] "GET /34219971.html HTTP/1.1" 301 162 "-" "Mozilla/5.0 (compatible; SemrushBot/7~bl; +http://www.semrush.com/bot.html)" "-"
40.77.167.151 - - [23/Dec/2024:11:33:03 +0900] "GET /ipnei/a2298697.html HTTP/2.0" 503 428 "-" "Mozilla/5.0 AppleWebKit/537.36 (KHTML, like Gecko; compatible; bingbot/2.0; +http://www.bing.com/bingbot.htm) Chrome/116.0.1938.76 Safari/537.36" "-"
185.191.171.3 - - [23/Dec/2024:11:33:10 +0900] "GET /134283186.html HTTP/1.1" 301 162 "-" "Mozilla/5.0 (compatible; SemrushBot/7~bl; +http://www.semrush.com/bot.html)" "-"
85.208.96.195 - - [23/Dec/2024:11:33:14 +0900] "GET /61022691.html HTTP/1.1" 301 162 "-" "Mozilla/5.0 (compatible; SemrushBot/7~bl; +http://www.semrush.com/bot.html)" "-"
85.208.96.193 - - [23/Dec/2024:11:33:17 +0900] "GET /61022691.html HTTP/1.1" 403 0 "-" "Mozilla/5.0 (compatible; SemrushBot/7~bl; +http://www.semrush.com/bot.html)" "-"
40.77.167.123 - - [23/Dec/2024:11:33:22 +0900] "GET /bnwgq/a2420507.html HTTP/2.0" 200 56863 "-" "Mozilla/5.0 AppleWebKit/537.36 (KHTML, like Gecko; compatible; bingbot/2.0; +http://www.bing.com/bingbot.htm) Chrome/116.0.1938.76 Safari/537.36" "-"
40.77.167.151 - - [23/Dec/2024:11:33:30 +0900] "GET /ipnei/a2298697.html HTTP/2.0" 200 56245 "-" "Mozilla/5.0 AppleWebKit/537.36 (KHTML, like Gecko; compatible; bingbot/2.0; +http://www.bing.com/bingbot.htm) Chrome/116.0.1938.76 Safari/537.36" "-"
185.191.171.5 - - [23/Dec/2024:11:33:34 +0900] "GET /185833755.html HTTP/1.1" 301 162 "-" "Mozilla/5.0 (compatible; SemrushBot/7~bl; +http://www.semrush.com/bot.html)" "-"
40.77.167.123 - - [23/Dec/2024:11:33:34 +0900] "GET /ccvyi/y644263.html HTTP/2.0" 200 55757 "-" "Mozilla/5.0 AppleWebKit/537.36 (KHTML, like Gecko; compatible; bingbot/2.0; +http://www.bing.com/bingbot.htm) Chrome/116.0.1938.76 Safari/537.36" "-"
40.77.167.33 - - [23/Dec/2024:11:33:39 +0900] "GET /dgejc/v2743292.html HTTP/2.0" 200 57063 "-" "Mozilla/5.0 AppleWebKit/537.36 (KHTML, like Gecko; compatible; bingbot/2.0; +http://www.bing.com/bingbot.htm) Chrome/116.0.1938.76 Safari/537.36" "-"
40.77.167.33 - - [23/Dec/2024:11:33:41 +0900] "GET /rvpam/d2724164.html HTTP/2.0" 200 56259 "-" "Mozilla/5.0 AppleWebKit/537.36 (KHTML, like Gecko; compatible; bingbot/2.0; +http://www.bing.com/bingbot.htm) Chrome/116.0.1938.76 Safari/537.36" "-"
40.77.167.123 - - [23/Dec/2024:11:33:42 +0900] "GET /candj/p3065686.html HTTP/2.0" 503 428 "-" "Mozilla/5.0 AppleWebKit/537.36 (KHTML, like Gecko; compatible; bingbot/2.0; +http://www.bing.com/bingbot.htm) Chrome/116.0.1938.76 Safari/537.36" "-"
185.191.171.4 - - [23/Dec/2024:11:33:42 +0900] "GET /17496306.html HTTP/1.1" 301 162 "-" "Mozilla/5.0 (compatible; SemrushBot/7~bl; +http://www.semrush.com/bot.html)" "-"
40.77.167.33 - - [23/Dec/2024:11:33:43 +0900] "GET /dewhf/m1105335.html HTTP/2.0" 200 54144 "-" "Mozilla/5.0 AppleWebKit/537.36 (KHTML, like Gecko; compatible; bingbot/2.0; +http://www.bing.com/bingbot.htm) Chrome/116.0.1938.76 Safari/537.36" "-"
40.77.167.151 - - [23/Dec/2024:11:33:44 +0900] "GET /sxilj/p1346826.html HTTP/2.0" 200 55555 "-" "Mozilla/5.0 AppleWebKit/537.36 (KHTML, like Gecko; compatible; bingbot/2.0; +http://www.bing.com/bingbot.htm) Chrome/116.0.1938.76 Safari/537.36" "-"
185.191.171.5 - - [23/Dec/2024:11:33:48 +0900] "GET /17496306.html HTTP/1.1" 503 428 "-" "Mozilla/5.0 (compatible; SemrushBot/7~bl; +http://www.semrush.com/bot.html)" "-"
52.167.144.228 - - [23/Dec/2024:11:33:53 +0900] "GET /aoqvd/m424291.html HTTP/2.0" 200 55405 "-" "Mozilla/5.0 AppleWebKit/537.36 (KHTML, like Gecko; compatible; bingbot/2.0; +http://www.bing.com/bingbot.htm) Chrome/116.0.1938.76 Safari/537.36" "-"
40.77.167.151 - - [23/Dec/2024:11:34:00 +0900] "GET /unkfn/k861453.html HTTP/2.0" 200 55980 "-" "Mozilla/5.0 AppleWebKit/537.36 (KHTML, like Gecko; compatible; bingbot/2.0; +http://www.bing.com/bingbot.htm) Chrome/116.0.1938.76 Safari/537.36" "-"
40.77.167.181 - - [23/Dec/2024:11:34:00 +0900] "GET /robots.txt HTTP/2.0" 200 176 "-" "Mozilla/5.0 AppleWebKit/537.36 (KHTML, like Gecko; compatible; bingbot/2.0; +http://www.bing.com/bingbot.htm) Chrome/116.0.1938.76 Safari/537.36" "-"
40.77.167.151 - - [23/Dec/2024:11:34:02 +0900] "GET /ftoea/l2069466.html HTTP/2.0" 200 57355 "-" "Mozilla/5.0 AppleWebKit/537.36 (KHTML, like Gecko; compatible; bingbot/2.0; +http://www.bing.com/bingbot.htm) Chrome/116.0.1938.76 Safari/537.36" "-"
52.167.144.228 - - [23/Dec/2024:11:34:03 +0900] "GET /candj/p3065686.html HTTP/2.0" 503 428 "-" "Mozilla/5.0 AppleWebKit/537.36 (KHTML, like Gecko; compatible; bingbot/2.0; +http://www.bing.com/bingbot.htm) Chrome/116.0.1938.76 Safari/537.36" "-"
185.191.171.10 - - [23/Dec/2024:11:34:04 +0900] "GET /182175975.html HTTP/1.1" 301 162 "-" "Mozilla/5.0 (compatible; SemrushBot/7~bl; +http://www.semrush.com/bot.html)" "-"
185.191.171.18 - - [23/Dec/2024:11:34:13 +0900] "GET /52800120.html HTTP/1.1" 301 162 "-" "Mozilla/5.0 (compatible; SemrushBot/7~bl; +http://www.semrush.com/bot.html)" "-"
185.191.171.4 - - [23/Dec/2024:11:34:17 +0900] "GET /9104139.html HTTP/1.1" 301 162 "-" "Mozilla/5.0 (compatible; SemrushBot/7~bl; +http://www.semrush.com/bot.html)" "-"
40.77.167.79 - - [23/Dec/2024:11:34:20 +0900] "GET /aydnp/n729948.html HTTP/2.0" 200 54601 "-" "Mozilla/5.0 AppleWebKit/537.36 (KHTML, like Gecko; compatible; bingbot/2.0; +http://www.bing.com/bingbot.htm) Chrome/116.0.1938.76 Safari/537.36" "-"
185.191.171.11 - - [23/Dec/2024:11:34:21 +0900] "GET /9104139.html HTTP/1.1" 403 0 "-" "Mozilla/5.0 (compatible; SemrushBot/7~bl; +http://www.semrush.com/bot.html)" "-"
40.77.167.79 - - [23/Dec/2024:11:34:22 +0900] "GET /yekai/p1251744.html HTTP/2.0" 200 55824 "-" "Mozilla/5.0 AppleWebKit/537.36 (KHTML, like Gecko; compatible; bingbot/2.0; +http://www.bing.com/bingbot.htm) Chrome/116.0.1938.76 Safari/537.36" "-"
85.208.96.204 - - [23/Dec/2024:11:34:38 +0900] "GET /17885709.html HTTP/1.1" 301 162 "-" "Mozilla/5.0 (compatible; SemrushBot/7~bl; +http://www.semrush.com/bot.html)" "-"
185.191.171.8 - - [23/Dec/2024:11:34:47 +0900] "GET /45829485.html HTTP/1.1" 301 162 "-" "Mozilla/5.0 (compatible; SemrushBot/7~bl; +http://www.semrush.com/bot.html)" "-"
185.191.171.10 - - [23/Dec/2024:11:34:51 +0900] "GET /45829485.html HTTP/1.1" 503 428 "-" "Mozilla/5.0 (compatible; SemrushBot/7~bl; +http://www.semrush.com/bot.html)" "-"
52.167.144.228 - - [23/Dec/2024:11:34:53 +0900] "GET /boeib/e1418809.html HTTP/2.0" 200 55128 "-" "Mozilla/5.0 AppleWebKit/537.36 (KHTML, like Gecko; compatible; bingbot/2.0; +http://www.bing.com/bingbot.htm) Chrome/116.0.1938.76 Safari/537.36" "-"
40.77.167.79 - - [23/Dec/2024:11:34:59 +0900] "GET /vkvvw/t1055682.html HTTP/2.0" 503 428 "-" "Mozilla/5.0 AppleWebKit/537.36 (KHTML, like Gecko; compatible; bingbot/2.0; +http://www.bing.com/bingbot.htm) Chrome/116.0.1938.76 Safari/537.36" "-"
40.77.167.79 - - [23/Dec/2024:11:35:00 +0900] "GET /aovqb/s995907.html HTTP/2.0" 200 55811 "-" "Mozilla/5.0 AppleWebKit/537.36 (KHTML, like Gecko; compatible; bingbot/2.0; +http://www.bing.com/bingbot.htm) Chrome/116.0.1938.76 Safari/537.36" "-"
40.77.167.151 - - [23/Dec/2024:11:35:04 +0900] "GET /chzye/x2662434.html HTTP/2.0" 200 56943 "-" "Mozilla/5.0 AppleWebKit/537.36 (KHTML, like Gecko; compatible; bingbot/2.0; +http://www.bing.com/bingbot.htm) Chrome/116.0.1938.76 Safari/537.36" "-"
185.191.171.11 - - [23/Dec/2024:11:35:08 +0900] "GET /17885709.html HTTP/1.1" 403 0 "-" "Mozilla/5.0 (compatible; SemrushBot/7~bl; +http://www.semrush.com/bot.html)" "-"
40.77.167.79 - - [23/Dec/2024:11:35:19 +0900] "GET /vkvvw/t1055682.html HTTP/2.0" 503 428 "-" "Mozilla/5.0 AppleWebKit/537.36 (KHTML, like Gecko; compatible; bingbot/2.0; +http://www.bing.com/bingbot.htm) Chrome/116.0.1938.76 Safari/537.36" "-"
185.191.171.7 - - [23/Dec/2024:11:35:41 +0900] "GET /62801055.html HTTP/1.1" 301 162 "-" "Mozilla/5.0 (compatible; SemrushBot/7~bl; +http://www.semrush.com/bot.html)" "-"
85.208.96.208 - - [23/Dec/2024:11:35:57 +0900] "GET /107214039.html HTTP/1.1" 301 162 "-" "Mozilla/5.0 (compatible; SemrushBot/7~bl; +http://www.semrush.com/bot.html)" "-"
85.208.96.211 - - [23/Dec/2024:11:36:06 +0900] "GET /104209884.html HTTP/1.1" 301 162 "-" "Mozilla/5.0 (compatible; SemrushBot/7~bl; +http://www.semrush.com/bot.html)" "-"
185.191.171.18 - - [23/Dec/2024:11:36:10 +0900] "GET /55289250.html HTTP/1.1" 301 162 "-" "Mozilla/5.0 (compatible; SemrushBot/7~bl; +http://www.semrush.com/bot.html)" "-"
85.208.96.196 - - [23/Dec/2024:11:36:13 +0900] "GET /94569183.html HTTP/1.1" 301 162 "-" "Mozilla/5.0 (compatible; SemrushBot/7~bl; +http://www.semrush.com/bot.html)" "-"
185.191.171.16 - - [23/Dec/2024:11:36:15 +0900] "GET /79518861.html HTTP/1.1" 301 162 "-" "Mozilla/5.0 (compatible; SemrushBot/7~bl; +http://www.semrush.com/bot.html)" "-"
185.191.171.18 - - [23/Dec/2024:11:36:17 +0900] "GET /162918009.html HTTP/1.1" 301 162 "-" "Mozilla/5.0 (compatible; SemrushBot/7~bl; +http://www.semrush.com/bot.html)" "-"
85.208.96.194 - - [23/Dec/2024:11:36:18 +0900] "GET /162918009.html HTTP/1.1" 503 428 "-" "Mozilla/5.0 (compatible; SemrushBot/7~bl; +http://www.semrush.com/bot.html)" "-"
185.191.171.11 - - [23/Dec/2024:11:36:21 +0900] "GET /116524935.html HTTP/1.1" 301 162 "-" "Mozilla/5.0 (compatible; SemrushBot/7~bl; +http://www.semrush.com/bot.html)" "-"
185.191.171.18 - - [23/Dec/2024:11:36:23 +0900] "GET /116524935.html HTTP/1.1" 403 0 "-" "Mozilla/5.0 (compatible; SemrushBot/7~bl; +http://www.semrush.com/bot.html)" "-"
185.191.171.12 - - [23/Dec/2024:11:36:25 +0900] "GET /142186473.html HTTP/1.1" 301 162 "-" "Mozilla/5.0 (compatible; SemrushBot/7~bl; +http://www.semrush.com/bot.html)" "-"
185.191.171.3 - - [23/Dec/2024:11:36:27 +0900] "GET /135891072.html HTTP/1.1" 301 162 "-" "Mozilla/5.0 (compatible; SemrushBot/7~bl; +http://www.semrush.com/bot.html)" "-"
85.208.96.207 - - [23/Dec/2024:11:36:29 +0900] "GET /135891072.html HTTP/1.1" 403 0 "-" "Mozilla/5.0 (compatible; SemrushBot/7~bl; +http://www.semrush.com/bot.html)" "-"
185.191.171.11 - - [23/Dec/2024:11:36:32 +0900] "GET /142186473.html HTTP/1.1" 403 0 "-" "Mozilla/5.0 (compatible; SemrushBot/7~bl; +http://www.semrush.com/bot.html)" "-"
85.208.96.206 - - [23/Dec/2024:11:36:37 +0900] "GET /79518861.html HTTP/1.1" 403 0 "-" "Mozilla/5.0 (compatible; SemrushBot/7~bl; +http://www.semrush.com/bot.html)" "-"
85.208.96.205 - - [23/Dec/2024:11:36:46 +0900] "GET /94569183.html HTTP/1.1" 403 0 "-" "Mozilla/5.0 (compatible; SemrushBot/7~bl; +http://www.semrush.com/bot.html)" "-"
40.77.167.151 - - [23/Dec/2024:11:36:50 +0900] "GET /fzvvc/j706596.html HTTP/2.0" 200 55303 "-" "Mozilla/5.0 AppleWebKit/537.36 (KHTML, like Gecko; compatible; bingbot/2.0; +http://www.bing.com/bingbot.htm) Chrome/116.0.1938.76 Safari/537.36" "-"
185.191.171.6 - - [23/Dec/2024:11:37:03 +0900] "GET /191140875.html HTTP/1.1" 301 162 "-" "Mozilla/5.0 (compatible; SemrushBot/7~bl; +http://www.semrush.com/bot.html)" "-"
185.191.171.1 - - [23/Dec/2024:11:37:11 +0900] "GET /50842269.html HTTP/1.1" 301 162 "-" "Mozilla/5.0 (compatible; SemrushBot/7~bl; +http://www.semrush.com/bot.html)" "-"
85.208.96.204 - - [23/Dec/2024:11:37:16 +0900] "GET /70255719.html HTTP/1.1" 301 162 "-" "Mozilla/5.0 (compatible; SemrushBot/7~bl; +http://www.semrush.com/bot.html)" "-"
85.208.96.204 - - [23/Dec/2024:11:37:19 +0900] "GET /70255719.html HTTP/1.1" 503 428 "-" "Mozilla/5.0 (compatible; SemrushBot/7~bl; +http://www.semrush.com/bot.html)" "-"
40.77.167.79 - - [23/Dec/2024:11:37:19 +0900] "GET /aujgi/r952564.html HTTP/2.0" 503 428 "-" "Mozilla/5.0 AppleWebKit/537.36 (KHTML, like Gecko; compatible; bingbot/2.0; +http://www.bing.com/bingbot.htm) Chrome/116.0.1938.76 Safari/537.36" "-"
52.167.144.228 - - [23/Dec/2024:11:37:23 +0900] "GET /vnnfm/g998131.html HTTP/2.0" 503 428 "-" "Mozilla/5.0 AppleWebKit/537.36 (KHTML, like Gecko; compatible; bingbot/2.0; +http://www.bing.com/bingbot.htm) Chrome/116.0.1938.76 Safari/537.36" "-"
52.167.144.228 - - [23/Dec/2024:11:37:24 +0900] "GET /jkebp/d756640.html HTTP/2.0" 503 428 "-" "Mozilla/5.0 AppleWebKit/537.36 (KHTML, like Gecko; compatible; bingbot/2.0; +http://www.bing.com/bingbot.htm) Chrome/116.0.1938.76 Safari/537.36" "-"
52.167.144.228 - - [23/Dec/2024:11:37:26 +0900] "GET /olysh/r1184796.html HTTP/2.0" 200 54515 "-" "Mozilla/5.0 AppleWebKit/537.36 (KHTML, like Gecko; compatible; bingbot/2.0; +http://www.bing.com/bingbot.htm) Chrome/116.0.1938.76 Safari/537.36" "-"
52.167.144.228 - - [23/Dec/2024:11:37:27 +0900] "GET /hgaji/i1081983.html HTTP/2.0" 503 428 "-" "Mozilla/5.0 AppleWebKit/537.36 (KHTML, like Gecko; compatible; bingbot/2.0; +http://www.bing.com/bingbot.htm) Chrome/116.0.1938.76 Safari/537.36" "-"
52.167.144.228 - - [23/Dec/2024:11:37:28 +0900] "GET /ymjzw/k364125.html HTTP/2.0" 200 55136 "-" "Mozilla/5.0 AppleWebKit/537.36 (KHTML, like Gecko; compatible; bingbot/2.0; +http://www.bing.com/bingbot.htm) Chrome/116.0.1938.76 Safari/537.36" "-"
40.77.167.151 - - [23/Dec/2024:11:37:30 +0900] "GET /pkcwu/p725166.html HTTP/2.0" 200 55002 "-" "Mozilla/5.0 AppleWebKit/537.36 (KHTML, like Gecko; compatible; bingbot/2.0; +http://www.bing.com/bingbot.htm) Chrome/116.0.1938.76 Safari/537.36" "-"
40.77.167.151 - - [23/Dec/2024:11:37:32 +0900] "GET /fbtuz/w2432593.html HTTP/2.0" 200 56562 "-" "Mozilla/5.0 AppleWebKit/537.36 (KHTML, like Gecko; compatible; bingbot/2.0; +http://www.bing.com/bingbot.htm) Chrome/116.0.1938.76 Safari/537.36" "-"
40.77.167.151 - - [23/Dec/2024:11:37:33 +0900] "GET /hajds/a574533.html HTTP/2.0" 200 55848 "-" "Mozilla/5.0 AppleWebKit/537.36 (KHTML, like Gecko; compatible; bingbot/2.0; +http://www.bing.com/bingbot.htm) Chrome/116.0.1938.76 Safari/537.36" "-"
85.208.96.207 - - [23/Dec/2024:11:37:35 +0900] "GET /73039689.html HTTP/1.1" 301 162 "-" "Mozilla/5.0 (compatible; SemrushBot/7~bl; +http://www.semrush.com/bot.html)" "-"
40.77.167.151 - - [23/Dec/2024:11:37:40 +0900] "GET /twmdt/w2416161.html HTTP/2.0" 200 58323 "-" "Mozilla/5.0 AppleWebKit/537.36 (KHTML, like Gecko; compatible; bingbot/2.0; +http://www.bing.com/bingbot.htm) Chrome/116.0.1938.76 Safari/537.36" "-"
185.191.171.4 - - [23/Dec/2024:11:37:43 +0900] "GET /64247409.html HTTP/1.1" 301 162 "-" "Mozilla/5.0 (compatible; SemrushBot/7~bl; +http://www.semrush.com/bot.html)" "-"
20.15.133.174 - - [23/Dec/2024:11:37:44 +0900] "GET /cdyod/m2004909.html HTTP/2.0" 200 57369 "-" "Mozilla/5.0 AppleWebKit/537.36 (KHTML, like Gecko; compatible; bingbot/2.0; +http://www.bing.com/bingbot.htm) Chrome/116.0.1938.76 Safari/537.36" "-"
52.167.144.228 - - [23/Dec/2024:11:37:45 +0900] "GET /pmxxg/c199537.html HTTP/2.0" 200 55699 "-" "Mozilla/5.0 AppleWebKit/537.36 (KHTML, like Gecko; compatible; bingbot/2.0; +http://www.bing.com/bingbot.htm) Chrome/116.0.1938.76 Safari/537.36" "-"
52.167.144.228 - - [23/Dec/2024:11:37:47 +0900] "GET /uyddx/w1205757.html HTTP/2.0" 200 55366 "-" "Mozilla/5.0 AppleWebKit/537.36 (KHTML, like Gecko; compatible; bingbot/2.0; +http://www.bing.com/bingbot.htm) Chrome/116.0.1938.76 Safari/537.36" "-"
52.167.144.228 - - [23/Dec/2024:11:37:48 +0900] "GET /vnnfm/g998131.html HTTP/2.0" 503 428 "-" "Mozilla/5.0 AppleWebKit/537.36 (KHTML, like Gecko; compatible; bingbot/2.0; +http://www.bing.com/bingbot.htm) Chrome/116.0.1938.76 Safari/537.36" "-"
52.167.144.228 - - [23/Dec/2024:11:37:49 +0900] "GET /hgaji/i1081983.html HTTP/2.0" 200 55024 "-" "Mozilla/5.0 AppleWebKit/537.36 (KHTML, like Gecko; compatible; bingbot/2.0; +http://www.bing.com/bingbot.htm) Chrome/116.0.1938.76 Safari/537.36" "-"
185.191.171.12 - - [23/Dec/2024:11:37:50 +0900] "GET /64247409.html HTTP/1.1" 403 0 "-" "Mozilla/5.0 (compatible; SemrushBot/7~bl; +http://www.semrush.com/bot.html)" "-"
52.167.144.228 - - [23/Dec/2024:11:38:03 +0900] "GET /jkebp/d756640.html HTTP/2.0" 200 55581 "-" "Mozilla/5.0 AppleWebKit/537.36 (KHTML, like Gecko; compatible; bingbot/2.0; +http://www.bing.com/bingbot.htm) Chrome/116.0.1938.76 Safari/537.36" "-"
85.208.96.208 - - [23/Dec/2024:11:38:07 +0900] "GET /95068458.html HTTP/1.1" 301 162 "-" "Mozilla/5.0 (compatible; SemrushBot/7~bl; +http://www.semrush.com/bot.html)" "-"
40.77.167.79 - - [23/Dec/2024:11:38:11 +0900] "GET /dqhiu/f2222054.html HTTP/2.0" 200 57601 "-" "Mozilla/5.0 AppleWebKit/537.36 (KHTML, like Gecko; compatible; bingbot/2.0; +http://www.bing.com/bingbot.htm) Chrome/116.0.1938.76 Safari/537.36" "-"
40.77.167.79 - - [23/Dec/2024:11:38:14 +0900] "GET /aujgi/r952564.html HTTP/2.0" 200 54534 "-" "Mozilla/5.0 AppleWebKit/537.36 (KHTML, like Gecko; compatible; bingbot/2.0; +http://www.bing.com/bingbot.htm) Chrome/116.0.1938.76 Safari/537.36" "-"
52.167.144.228 - - [23/Dec/2024:11:38:15 +0900] "GET /lutby/c2107417.html HTTP/2.0" 200 57541 "-" "Mozilla/5.0 AppleWebKit/537.36 (KHTML, like Gecko; compatible; bingbot/2.0; +http://www.bing.com/bingbot.htm) Chrome/116.0.1938.76 Safari/537.36" "-"
185.191.171.4 - - [23/Dec/2024:11:38:15 +0900] "GET /153940446.html HTTP/1.1" 301 162 "-" "Mozilla/5.0 (compatible; SemrushBot/7~bl; +http://www.semrush.com/bot.html)" "-"
40.77.167.79 - - [23/Dec/2024:11:38:16 +0900] "GET /emsce/c909831.html HTTP/2.0" 200 55724 "-" "Mozilla/5.0 AppleWebKit/537.36 (KHTML, like Gecko; compatible; bingbot/2.0; +http://www.bing.com/bingbot.htm) Chrome/116.0.1938.76 Safari/537.36" "-"
52.167.144.228 - - [23/Dec/2024:11:38:16 +0900] "GET /lenza/s1804065.html HTTP/2.0" 200 59095 "-" "Mozilla/5.0 AppleWebKit/537.36 (KHTML, like Gecko; compatible; bingbot/2.0; +http://www.bing.com/bingbot.htm) Chrome/116.0.1938.76 Safari/537.36" "-"
185.191.171.4 - - [23/Dec/2024:11:38:21 +0900] "GET /42725538.html HTTP/1.1" 301 162 "-" "Mozilla/5.0 (compatible; SemrushBot/7~bl; +http://www.semrush.com/bot.html)" "-"
185.191.171.17 - - [23/Dec/2024:11:38:25 +0900] "GET /42725538.html HTTP/1.1" 403 0 "-" "Mozilla/5.0 (compatible; SemrushBot/7~bl; +http://www.semrush.com/bot.html)" "-"
40.77.167.151 - - [23/Dec/2024:11:38:30 +0900] "GET /bdciu/s1944829.html HTTP/2.0" 200 56293 "-" "Mozilla/5.0 AppleWebKit/537.36 (KHTML, like Gecko; compatible; bingbot/2.0; +http://www.bing.com/bingbot.htm) Chrome/116.0.1938.76 Safari/537.36" "-"
40.77.167.151 - - [23/Dec/2024:11:38:32 +0900] "GET /qsbtx/x1932874.html HTTP/2.0" 200 56818 "-" "Mozilla/5.0 AppleWebKit/537.36 (KHTML, like Gecko; compatible; bingbot/2.0; +http://www.bing.com/bingbot.htm) Chrome/116.0.1938.76 Safari/537.36" "-"
40.77.167.151 - - [23/Dec/2024:11:38:40 +0900] "GET /clpbo/g3027821.html HTTP/2.0" 200 59866 "-" "Mozilla/5.0 AppleWebKit/537.36 (KHTML, like Gecko; compatible; bingbot/2.0; +http://www.bing.com/bingbot.htm) Chrome/116.0.1938.76 Safari/537.36" "-"
185.191.171.12 - - [23/Dec/2024:11:38:42 +0900] "GET /46757097.html HTTP/1.1" 301 162 "-" "Mozilla/5.0 (compatible; SemrushBot/7~bl; +http://www.semrush.com/bot.html)" "-"
40.77.167.151 - - [23/Dec/2024:11:38:42 +0900] "GET /gpjzx/p2946658.html HTTP/2.0" 200 57379 "-" "Mozilla/5.0 AppleWebKit/537.36 (KHTML, like Gecko; compatible; bingbot/2.0; +http://www.bing.com/bingbot.htm) Chrome/116.0.1938.76 Safari/537.36" "-"
40.77.167.79 - - [23/Dec/2024:11:38:50 +0900] "GET /dclbe/d1686348.html HTTP/2.0" 200 59203 "-" "Mozilla/5.0 AppleWebKit/537.36 (KHTML, like Gecko; compatible; bingbot/2.0; +http://www.bing.com/bingbot.htm) Chrome/116.0.1938.76 Safari/537.36" "-"
85.208.96.201 - - [23/Dec/2024:11:38:51 +0900] "GET /46757097.html HTTP/1.1" 403 0 "-" "Mozilla/5.0 (compatible; SemrushBot/7~bl; +http://www.semrush.com/bot.html)" "-"
85.208.96.203 - - [23/Dec/2024:11:39:07 +0900] "GET /143787492.html HTTP/1.1" 301 162 "-" "Mozilla/5.0 (compatible; SemrushBot/7~bl; +http://www.semrush.com/bot.html)" "-"
185.191.171.16 - - [23/Dec/2024:11:39:16 +0900] "GET /101154888.html HTTP/1.1" 301 162 "-" "Mozilla/5.0 (compatible; SemrushBot/7~bl; +http://www.semrush.com/bot.html)" "-"
85.208.96.208 - - [23/Dec/2024:11:39:21 +0900] "GET /40811220.html HTTP/1.1" 301 162 "-" "Mozilla/5.0 (compatible; SemrushBot/7~bl; +http://www.semrush.com/bot.html)" "-"
185.191.171.16 - - [23/Dec/2024:11:39:24 +0900] "GET /116683191.html HTTP/1.1" 301 162 "-" "Mozilla/5.0 (compatible; SemrushBot/7~bl; +http://www.semrush.com/bot.html)" "-"
185.191.171.8 - - [23/Dec/2024:11:39:26 +0900] "GET /116683191.html HTTP/1.1" 403 0 "-" "Mozilla/5.0 (compatible; SemrushBot/7~bl; +http://www.semrush.com/bot.html)" "-"
185.191.171.17 - - [23/Dec/2024:11:39:43 +0900] "GET /73274553.html HTTP/1.1" 301 162 "-" "Mozilla/5.0 (compatible; SemrushBot/7~bl; +http://www.semrush.com/bot.html)" "-"
185.191.171.18 - - [23/Dec/2024:11:39:51 +0900] "GET /66950424.html HTTP/1.1" 301 162 "-" "Mozilla/5.0 (compatible; SemrushBot/7~bl; +http://www.semrush.com/bot.html)" "-"
185.191.171.15 - - [23/Dec/2024:11:39:57 +0900] "GET /66950424.html HTTP/1.1" 503 428 "-" "Mozilla/5.0 (compatible; SemrushBot/7~bl; +http://www.semrush.com/bot.html)" "-"
52.167.144.228 - - [23/Dec/2024:11:40:03 +0900] "GET /ngzfw/s1617567.html HTTP/2.0" 200 55298 "-" "Mozilla/5.0 AppleWebKit/537.36 (KHTML, like Gecko; compatible; bingbot/2.0; +http://www.bing.com/bingbot.htm) Chrome/116.0.1938.76 Safari/537.36" "-"
52.167.144.228 - - [23/Dec/2024:11:40:03 +0900] "GET /yilad/q3125461.html HTTP/2.0" 503 428 "-" "Mozilla/5.0 AppleWebKit/537.36 (KHTML, like Gecko; compatible; bingbot/2.0; +http://www.bing.com/bingbot.htm) Chrome/116.0.1938.76 Safari/537.36" "-"
85.208.96.197 - - [23/Dec/2024:11:40:13 +0900] "GET /98601183.html HTTP/1.1" 301 162 "-" "Mozilla/5.0 (compatible; SemrushBot/7~bl; +http://www.semrush.com/bot.html)" "-"
185.191.171.15 - - [23/Dec/2024:11:40:22 +0900] "GET /50421303.html HTTP/1.1" 301 162 "-" "Mozilla/5.0 (compatible; SemrushBot/7~bl; +http://www.semrush.com/bot.html)" "-"
52.167.144.228 - - [23/Dec/2024:11:40:23 +0900] "GET /yilad/q3125461.html HTTP/2.0" 200 56814 "-" "Mozilla/5.0 AppleWebKit/537.36 (KHTML, like Gecko; compatible; bingbot/2.0; +http://www.bing.com/bingbot.htm) Chrome/116.0.1938.76 Safari/537.36" "-"
85.208.96.197 - - [23/Dec/2024:11:40:26 +0900] "GET /87745023.html HTTP/1.1" 301 162 "-" "Mozilla/5.0 (compatible; SemrushBot/7~bl; +http://www.semrush.com/bot.html)" "-"
185.191.171.16 - - [23/Dec/2024:11:40:27 +0900] "GET /robots.txt HTTP/1.1" 200 187 "-" "Mozilla/5.0 (compatible; SemrushBot/7~bl; +http://www.semrush.com/bot.html)" "-"
185.191.171.8 - - [23/Dec/2024:11:40:29 +0900] "GET /10662318.html HTTP/1.1" 301 162 "-" "Mozilla/5.0 (compatible; SemrushBot/7~bl; +http://www.semrush.com/bot.html)" "-"
85.208.96.212 - - [23/Dec/2024:11:40:31 +0900] "GET /10662318.html HTTP/1.1" 503 428 "-" "Mozilla/5.0 (compatible; SemrushBot/7~bl; +http://www.semrush.com/bot.html)" "-"
185.191.171.16 - - [23/Dec/2024:11:40:48 +0900] "GET /59075046.html HTTP/1.1" 301 162 "-" "Mozilla/5.0 (compatible; SemrushBot/7~bl; +http://www.semrush.com/bot.html)" "-"
40.77.167.79 - - [23/Dec/2024:11:40:51 +0900] "GET /mnaek/x1232616.html HTTP/2.0" 200 55163 "-" "Mozilla/5.0 AppleWebKit/537.36 (KHTML, like Gecko; compatible; bingbot/2.0; +http://www.bing.com/bingbot.htm) Chrome/116.0.1938.76 Safari/537.36" "-"
185.191.171.6 - - [23/Dec/2024:11:40:56 +0900] "GET /163476693.html HTTP/1.1" 301 162 "-" "Mozilla/5.0 (compatible; SemrushBot/7~bl; +http://www.semrush.com/bot.html)" "-"
185.191.171.2 - - [23/Dec/2024:11:41:01 +0900] "GET /163476693.html HTTP/1.1" 403 0 "-" "Mozilla/5.0 (compatible; SemrushBot/7~bl; +http://www.semrush.com/bot.html)" "-"
52.167.144.228 - - [23/Dec/2024:11:41:14 +0900] "GET /hsxcp/b1985476.html HTTP/2.0" 200 56993 "-" "Mozilla/5.0 AppleWebKit/537.36 (KHTML, like Gecko; compatible; bingbot/2.0; +http://www.bing.com/bingbot.htm) Chrome/116.0.1938.76 Safari/537.36" "-"
185.191.171.4 - - [23/Dec/2024:11:41:18 +0900] "GET /76314177.html HTTP/1.1" 301 162 "-" "Mozilla/5.0 (compatible; SemrushBot/7~bl; +http://www.semrush.com/bot.html)" "-"
52.167.144.228 - - [23/Dec/2024:11:41:22 +0900] "GET /egthf/m3135025.html HTTP/2.0" 200 57445 "-" "Mozilla/5.0 AppleWebKit/537.36 (KHTML, like Gecko; compatible; bingbot/2.0; +http://www.bing.com/bingbot.htm) Chrome/116.0.1938.76 Safari/537.36" "-"
85.208.96.203 - - [23/Dec/2024:11:41:26 +0900] "GET /149010948.html HTTP/1.1" 301 162 "-" "Mozilla/5.0 (compatible; SemrushBot/7~bl; +http://www.semrush.com/bot.html)" "-"
185.191.171.8 - - [23/Dec/2024:11:41:31 +0900] "GET /12059595.html HTTP/1.1" 301 162 "-" "Mozilla/5.0 (compatible; SemrushBot/7~bl; +http://www.semrush.com/bot.html)" "-"
40.77.167.151 - - [23/Dec/2024:11:41:31 +0900] "GET /djktf/x2925008.html HTTP/2.0" 200 58554 "-" "Mozilla/5.0 AppleWebKit/537.36 (KHTML, like Gecko; compatible; bingbot/2.0; +http://www.bing.com/bingbot.htm) Chrome/116.0.1938.76 Safari/537.36" "-"
185.191.171.8 - - [23/Dec/2024:11:41:34 +0900] "GET /12059595.html HTTP/1.1" 403 0 "-" "Mozilla/5.0 (compatible; SemrushBot/7~bl; +http://www.semrush.com/bot.html)" "-"
85.208.96.205 - - [23/Dec/2024:11:41:50 +0900] "GET /193877343.html HTTP/1.1" 301 162 "-" "Mozilla/5.0 (compatible; SemrushBot/7~bl; +http://www.semrush.com/bot.html)" "-"
185.191.171.15 - - [23/Dec/2024:11:41:59 +0900] "GET /193877343.html HTTP/1.1" 403 0 "-" "Mozilla/5.0 (compatible; SemrushBot/7~bl; +http://www.semrush.com/bot.html)" "-"
185.191.171.14 - - [23/Dec/2024:11:42:16 +0900] "GET /174404421.html HTTP/1.1" 301 162 "-" "Mozilla/5.0 (compatible; SemrushBot/7~bl; +http://www.semrush.com/bot.html)" "-"
52.167.144.228 - - [23/Dec/2024:11:42:23 +0900] "GET /vnlfp/w276049.html HTTP/2.0" 503 428 "-" "Mozilla/5.0 AppleWebKit/537.36 (KHTML, like Gecko; compatible; bingbot/2.0; +http://www.bing.com/bingbot.htm) Chrome/116.0.1938.76 Safari/537.36" "-"
85.208.96.204 - - [23/Dec/2024:11:42:24 +0900] "GET /62402769.html HTTP/1.1" 301 162 "-" "Mozilla/5.0 (compatible; SemrushBot/7~bl; +http://www.semrush.com/bot.html)" "-"
185.191.171.6 - - [23/Dec/2024:11:42:29 +0900] "GET /62220699.html HTTP/1.1" 301 162 "-" "Mozilla/5.0 (compatible; SemrushBot/7~bl; +http://www.semrush.com/bot.html)" "-"
185.191.171.15 - - [23/Dec/2024:11:42:32 +0900] "GET /62220699.html HTTP/1.1" 403 0 "-" "Mozilla/5.0 (compatible; SemrushBot/7~bl; +http://www.semrush.com/bot.html)" "-"
40.77.167.151 - - [23/Dec/2024:11:42:40 +0900] "GET /wifyk/g1184629.html HTTP/2.0" 503 428 "-" "Mozilla/5.0 AppleWebKit/537.36 (KHTML, like Gecko; compatible; bingbot/2.0; +http://www.bing.com/bingbot.htm) Chrome/116.0.1938.76 Safari/537.36" "-"
85.208.96.206 - - [23/Dec/2024:11:42:49 +0900] "GET /82369863.html HTTP/1.1" 301 162 "-" "Mozilla/5.0 (compatible; SemrushBot/7~bl; +http://www.semrush.com/bot.html)" "-"
52.167.144.228 - - [23/Dec/2024:11:42:53 +0900] "GET /vnlfp/w276049.html HTTP/2.0" 503 428 "-" "Mozilla/5.0 AppleWebKit/537.36 (KHTML, like Gecko; compatible; bingbot/2.0; +http://www.bing.com/bingbot.htm) Chrome/116.0.1938.76 Safari/537.36" "-"
185.191.171.15 - - [23/Dec/2024:11:42:58 +0900] "GET /82374966.html HTTP/1.1" 301 162 "-" "Mozilla/5.0 (compatible; SemrushBot/7~bl; +http://www.semrush.com/bot.html)" "-"
40.77.167.151 - - [23/Dec/2024:11:43:00 +0900] "GET /qbtvc/p2387164.html HTTP/2.0" 200 55684 "-" "Mozilla/5.0 AppleWebKit/537.36 (KHTML, like Gecko; compatible; bingbot/2.0; +http://www.bing.com/bingbot.htm) Chrome/116.0.1938.76 Safari/537.36" "-"
40.77.167.151 - - [23/Dec/2024:11:43:02 +0900] "GET /wifyk/g1184629.html HTTP/2.0" 200 55406 "-" "Mozilla/5.0 AppleWebKit/537.36 (KHTML, like Gecko; compatible; bingbot/2.0; +http://www.bing.com/bingbot.htm) Chrome/116.0.1938.76 Safari/537.36" "-"
185.191.171.12 - - [23/Dec/2024:11:43:03 +0900] "GET /82374966.html HTTP/1.1" 503 428 "-" "Mozilla/5.0 (compatible; SemrushBot/7~bl; +http://www.semrush.com/bot.html)" "-"
40.77.167.79 - - [23/Dec/2024:11:43:05 +0900] "GET /huhdt/c2277483.html HTTP/2.0" 200 56834 "-" "Mozilla/5.0 AppleWebKit/537.36 (KHTML, like Gecko; compatible; bingbot/2.0; +http://www.bing.com/bingbot.htm) Chrome/116.0.1938.76 Safari/537.36" "-"
40.77.167.79 - - [23/Dec/2024:11:43:06 +0900] "GET /ndjhz/w1545837.html HTTP/2.0" 503 428 "-" "Mozilla/5.0 AppleWebKit/537.36 (KHTML, like Gecko; compatible; bingbot/2.0; +http://www.bing.com/bingbot.htm) Chrome/116.0.1938.76 Safari/537.36" "-"
185.191.171.1 - - [23/Dec/2024:11:43:20 +0900] "GET /99531441.html HTTP/1.1" 301 162 "-" "Mozilla/5.0 (compatible; SemrushBot/7~bl; +http://www.semrush.com/bot.html)" "-"
52.167.144.228 - - [23/Dec/2024:11:43:24 +0900] "GET /rcpfq/d1607698.html HTTP/2.0" 200 55085 "-" "Mozilla/5.0 AppleWebKit/537.36 (KHTML, like Gecko; compatible; bingbot/2.0; +http://www.bing.com/bingbot.htm) Chrome/116.0.1938.76 Safari/537.36" "-"
185.191.171.15 - - [23/Dec/2024:11:43:29 +0900] "GET /121698684.html HTTP/1.1" 301 162 "-" "Mozilla/5.0 (compatible; SemrushBot/7~bl; +http://www.semrush.com/bot.html)" "-"
185.191.171.13 - - [23/Dec/2024:11:43:34 +0900] "GET /139198068.html HTTP/1.1" 301 162 "-" "Mozilla/5.0 (compatible; SemrushBot/7~bl; +http://www.semrush.com/bot.html)" "-"
85.208.96.194 - - [23/Dec/2024:11:43:36 +0900] "GET /139872231.html HTTP/1.1" 301 162 "-" "Mozilla/5.0 (compatible; SemrushBot/7~bl; +http://www.semrush.com/bot.html)" "-"
85.208.96.209 - - [23/Dec/2024:11:43:39 +0900] "GET /139872231.html HTTP/1.1" 403 0 "-" "Mozilla/5.0 (compatible; SemrushBot/7~bl; +http://www.semrush.com/bot.html)" "-"
40.77.167.79 - - [23/Dec/2024:11:43:51 +0900] "GET /ndjhz/w1545837.html HTTP/2.0" 503 428 "-" "Mozilla/5.0 AppleWebKit/537.36 (KHTML, like Gecko; compatible; bingbot/2.0; +http://www.bing.com/bingbot.htm) Chrome/116.0.1938.76 Safari/537.36" "-"
