66.249.68.64 - - [23/Dec/2024:05:41:26 +0900] "GET /meawf/o781445.html HTTP/1.1" 200 105808 "-" "Mozilla/5.0 (Linux; Android 6.0.1; Nexus 5X Build/MMB29P) AppleWebKit/537.36 (KHTML, like Gecko) Chrome/131.0.6778.139 Mobile Safari/537.36 (compatible; GoogleOther)" "-"
66.249.68.64 - - [23/Dec/2024:05:41:35 +0900] "GET /tctwm/x553512.html HTTP/1.1" 200 106309 "-" "Mozilla/5.0 (Linux; Android 6.0.1; Nexus 5X Build/MMB29P) AppleWebKit/537.36 (KHTML, like Gecko) Chrome/131.0.6778.139 Mobile Safari/537.36 (compatible; GoogleOther)" "-"
66.249.68.65 - - [23/Dec/2024:05:41:45 +0900] "GET /rdztr/p1018800.html HTTP/1.1" 200 105177 "-" "Mozilla/5.0 (Linux; Android 6.0.1; Nexus 5X Build/MMB29P) AppleWebKit/537.36 (KHTML, like Gecko) Chrome/131.0.6778.139 Mobile Safari/537.36 (compatible; GoogleOther)" "-"
66.249.68.64 - - [23/Dec/2024:05:41:57 +0900] "GET /cilmb/v799418.html HTTP/1.1" 200 105708 "-" "Mozilla/5.0 (Linux; Android 6.0.1; Nexus 5X Build/MMB29P) AppleWebKit/537.36 (KHTML, like Gecko) Chrome/131.0.6778.139 Mobile Safari/537.36 (compatible; GoogleOther)" "-"
66.249.68.65 - - [23/Dec/2024:05:42:17 +0900] "GET /bdjme/z794794.html HTTP/1.1" 200 105356 "-" "Mozilla/5.0 (Linux; Android 6.0.1; Nexus 5X Build/MMB29P) AppleWebKit/537.36 (KHTML, like Gecko) Chrome/131.0.6778.139 Mobile Safari/537.36 (compatible; GoogleOther)" "-"
66.249.68.65 - - [23/Dec/2024:05:42:37 +0900] "GET /yepqy/o617827.html HTTP/1.1" 200 104964 "-" "Mozilla/5.0 (Linux; Android 6.0.1; Nexus 5X Build/MMB29P) AppleWebKit/537.36 (KHTML, like Gecko) Chrome/131.0.6778.139 Mobile Safari/537.36 (compatible; GoogleOther)" "-"
66.249.68.64 - - [23/Dec/2024:05:42:59 +0900] "GET /kojlf/c604737.html HTTP/1.1" 200 105553 "-" "Mozilla/5.0 (Linux; Android 6.0.1; Nexus 5X Build/MMB29P) AppleWebKit/537.36 (KHTML, like Gecko) Chrome/131.0.6778.139 Mobile Safari/537.36 (compatible; GoogleOther)" "-"
52.167.144.159 - - [23/Dec/2024:05:43:06 +0900] "GET /klvaf/m411125.html HTTP/2.0" 200 105191 "-" "Mozilla/5.0 AppleWebKit/537.36 (KHTML, like Gecko; compatible; bingbot/2.0; +http://www.bing.com/bingbot.htm) Chrome/116.0.1938.76 Safari/537.36" "-"
40.77.167.65 - - [23/Dec/2024:05:43:13 +0900] "GET /1477/ HTTP/2.0" 200 105450 "-" "Mozilla/5.0 AppleWebKit/537.36 (KHTML, like Gecko; compatible; bingbot/2.0; +http://www.bing.com/bingbot.htm) Chrome/116.0.1938.76 Safari/537.36" "-"
40.77.167.72 - - [23/Dec/2024:05:43:25 +0900] "GET /dyhrc/f1268962.html HTTP/2.0" 200 107693 "-" "Mozilla/5.0 AppleWebKit/537.36 (KHTML, like Gecko; compatible; bingbot/2.0; +http://www.bing.com/bingbot.htm) Chrome/116.0.1938.76 Safari/537.36" "-"
52.167.144.229 - - [23/Dec/2024:05:43:26 +0900] "GET /ehfhh/w1039477.html HTTP/2.0" 200 105566 "-" "Mozilla/5.0 AppleWebKit/537.36 (KHTML, like Gecko; compatible; bingbot/2.0; +http://www.bing.com/bingbot.htm) Chrome/116.0.1938.76 Safari/537.36" "-"
66.249.68.64 - - [23/Dec/2024:05:43:28 +0900] "GET /ffrnr/j815604.html HTTP/1.1" 200 105429 "-" "Mozilla/5.0 (Linux; Android 6.0.1; Nexus 5X Build/MMB29P) AppleWebKit/537.36 (KHTML, like Gecko) Chrome/131.0.6778.139 Mobile Safari/537.36 (compatible; GoogleOther)" "-"
66.249.68.64 - - [23/Dec/2024:05:43:38 +0900] "GET /uvzhp/s988669.html HTTP/1.1" 200 105533 "-" "Mozilla/5.0 (Linux; Android 6.0.1; Nexus 5X Build/MMB29P) AppleWebKit/537.36 (KHTML, like Gecko) Chrome/131.0.6778.139 Mobile Safari/537.36 (compatible; GoogleOther)" "-"
20.15.133.175 - - [23/Dec/2024:05:43:57 +0900] "GET /renmu/d906312.html HTTP/2.0" 200 105117 "-" "Mozilla/5.0 AppleWebKit/537.36 (KHTML, like Gecko; compatible; bingbot/2.0; +http://www.bing.com/bingbot.htm) Chrome/116.0.1938.76 Safari/537.36" "-"
66.249.68.66 - - [23/Dec/2024:05:44:07 +0900] "GET /jehkk/p891634.html HTTP/1.1" 200 106701 "-" "Mozilla/5.0 (Linux; Android 6.0.1; Nexus 5X Build/MMB29P) AppleWebKit/537.36 (KHTML, like Gecko) Chrome/131.0.6778.139 Mobile Safari/537.36 (compatible; GoogleOther)" "-"
47.128.42.249 - - [23/Dec/2024:05:44:14 +0900] "GET /hsrem/p2280788.html HTTP/2.0" 403 0 "-" "Mozilla/5.0 (Linux; Android 5.0) AppleWebKit/537.36 (KHTML, like Gecko) Mobile Safari/537.36 (compatible; Bytespider; spider-feedback@bytedance.com)" "-"
66.249.68.64 - - [23/Dec/2024:05:44:17 +0900] "GET /uyxiv/b932648.html HTTP/1.1" 200 106696 "-" "Mozilla/5.0 (Linux; Android 6.0.1; Nexus 5X Build/MMB29P) AppleWebKit/537.36 (KHTML, like Gecko) Chrome/131.0.6778.139 Mobile Safari/537.36 (compatible; GoogleOther)" "-"
40.77.167.72 - - [23/Dec/2024:05:44:26 +0900] "GET /twbxe/d1301512.html HTTP/2.0" 200 106778 "-" "Mozilla/5.0 AppleWebKit/537.36 (KHTML, like Gecko; compatible; bingbot/2.0; +http://www.bing.com/bingbot.htm) Chrome/116.0.1938.76 Safari/537.36" "-"
20.15.133.175 - - [23/Dec/2024:05:44:27 +0900] "GET /earau/z1928758.html HTTP/2.0" 200 106529 "-" "Mozilla/5.0 AppleWebKit/537.36 (KHTML, like Gecko; compatible; bingbot/2.0; +http://www.bing.com/bingbot.htm) Chrome/116.0.1938.76 Safari/537.36" "-"
20.15.133.191 - - [23/Dec/2024:05:44:30 +0900] "GET /udveg/j3080932.html HTTP/2.0" 200 105918 "-" "Mozilla/5.0 AppleWebKit/537.36 (KHTML, like Gecko; compatible; bingbot/2.0; +http://www.bing.com/bingbot.htm) Chrome/116.0.1938.76 Safari/537.36" "-"
66.249.68.64 - - [23/Dec/2024:05:44:46 +0900] "GET /uiqgg/r671858.html HTTP/1.1" 200 106148 "-" "Mozilla/5.0 (Linux; Android 6.0.1; Nexus 5X Build/MMB29P) AppleWebKit/537.36 (KHTML, like Gecko) Chrome/131.0.6778.139 Mobile Safari/537.36 (compatible; GoogleOther)" "-"
66.249.68.64 - - [23/Dec/2024:05:44:56 +0900] "GET /vvtcz/e1254661.html HTTP/1.1" 200 105572 "-" "Mozilla/5.0 (Linux; Android 6.0.1; Nexus 5X Build/MMB29P) AppleWebKit/537.36 (KHTML, like Gecko) Chrome/131.0.6778.139 Mobile Safari/537.36 (compatible; GoogleOther)" "-"
128.214.252.102 - - [23/Dec/2024:05:45:01 +0900] "GET /robots.txt HTTP/1.1" 200 108 "-" "Owler (ows.eu/owler)" "-"
118.27.99.84 - - [23/Dec/2024:05:45:04 +0900] "POST /wp-cron.php?doing_wp_cron=1734900304.1557750701904296875000 HTTP/1.1" 403 186 "-" "WordPress/6.7.1; https://fukuda-sougyou-yokohama.com" "-"
128.214.252.102 - - [23/Dec/2024:05:45:04 +0900] "GET /achievements_tag/painting/ HTTP/1.1" 200 15525 "-" "Owler (ows.eu/owler)" "-"
66.249.68.64 - - [23/Dec/2024:05:45:12 +0900] "GET /gqfjr/p869664.html HTTP/1.1" 200 106116 "-" "Mozilla/5.0 (Linux; Android 6.0.1; Nexus 5X Build/MMB29P) AppleWebKit/537.36 (KHTML, like Gecko) Chrome/131.0.6778.139 Mobile Safari/537.36 (compatible; GoogleOther)" "-"
66.249.68.64 - - [23/Dec/2024:05:45:32 +0900] "GET /sxuqz/t582680.html HTTP/1.1" 200 107069 "-" "Mozilla/5.0 (Linux; Android 6.0.1; Nexus 5X Build/MMB29P) AppleWebKit/537.36 (KHTML, like Gecko) Chrome/131.0.6778.139 Mobile Safari/537.36 (compatible; GoogleOther)" "-"
40.77.167.60 - - [23/Dec/2024:05:45:36 +0900] "GET /sitemap677.xml HTTP/2.0" 200 10391 "-" "Mozilla/5.0 AppleWebKit/537.36 (KHTML, like Gecko; compatible; bingbot/2.0; +http://www.bing.com/bingbot.htm) Chrome/116.0.1938.76 Safari/537.36" "-"
40.77.167.60 - - [23/Dec/2024:05:45:36 +0900] "GET /sitemap887.xml HTTP/2.0" 503 428 "-" "Mozilla/5.0 AppleWebKit/537.36 (KHTML, like Gecko; compatible; bingbot/2.0; +http://www.bing.com/bingbot.htm) Chrome/116.0.1938.76 Safari/537.36" "-"
40.77.167.65 - - [23/Dec/2024:05:45:41 +0900] "GET /sitemap617.xml HTTP/2.0" 200 10071 "-" "Mozilla/5.0 AppleWebKit/537.36 (KHTML, like Gecko; compatible; bingbot/2.0; +http://www.bing.com/bingbot.htm) Chrome/116.0.1938.76 Safari/537.36" "-"
40.77.167.65 - - [23/Dec/2024:05:45:42 +0900] "GET /sitemap311.xml HTTP/2.0" 200 10374 "-" "Mozilla/5.0 AppleWebKit/537.36 (KHTML, like Gecko; compatible; bingbot/2.0; +http://www.bing.com/bingbot.htm) Chrome/116.0.1938.76 Safari/537.36" "-"
52.167.144.159 - - [23/Dec/2024:05:45:45 +0900] "GET /sitemap305.xml HTTP/2.0" 200 10386 "-" "Mozilla/5.0 AppleWebKit/537.36 (KHTML, like Gecko; compatible; bingbot/2.0; +http://www.bing.com/bingbot.htm) Chrome/116.0.1938.76 Safari/537.36" "-"
20.15.133.175 - - [23/Dec/2024:05:45:46 +0900] "GET /vnccd/a3089841.html HTTP/2.0" 200 105644 "-" "Mozilla/5.0 AppleWebKit/537.36 (KHTML, like Gecko; compatible; bingbot/2.0; +http://www.bing.com/bingbot.htm) Chrome/116.0.1938.76 Safari/537.36" "-"
52.167.144.159 - - [23/Dec/2024:05:45:47 +0900] "GET /sitemap884.xml HTTP/2.0" 200 10365 "-" "Mozilla/5.0 AppleWebKit/537.36 (KHTML, like Gecko; compatible; bingbot/2.0; +http://www.bing.com/bingbot.htm) Chrome/116.0.1938.76 Safari/537.36" "-"
40.77.167.60 - - [23/Dec/2024:05:45:51 +0900] "GET /sitemap603.xml HTTP/2.0" 200 10204 "-" "Mozilla/5.0 AppleWebKit/537.36 (KHTML, like Gecko; compatible; bingbot/2.0; +http://www.bing.com/bingbot.htm) Chrome/116.0.1938.76 Safari/537.36" "-"
66.249.68.64 - - [23/Dec/2024:05:45:51 +0900] "GET /vgznd/p661612.html HTTP/1.1" 200 105447 "-" "Mozilla/5.0 (Linux; Android 6.0.1; Nexus 5X Build/MMB29P) AppleWebKit/537.36 (KHTML, like Gecko) Chrome/131.0.6778.139 Mobile Safari/537.36 (compatible; GoogleOther)" "-"
52.167.144.159 - - [23/Dec/2024:05:46:04 +0900] "GET /sitemap614.xml HTTP/2.0" 200 10163 "-" "Mozilla/5.0 AppleWebKit/537.36 (KHTML, like Gecko; compatible; bingbot/2.0; +http://www.bing.com/bingbot.htm) Chrome/116.0.1938.76 Safari/537.36" "-"
52.167.144.159 - - [23/Dec/2024:05:46:05 +0900] "GET /sitemap680.xml HTTP/2.0" 200 10366 "-" "Mozilla/5.0 AppleWebKit/537.36 (KHTML, like Gecko; compatible; bingbot/2.0; +http://www.bing.com/bingbot.htm) Chrome/116.0.1938.76 Safari/537.36" "-"
52.167.144.159 - - [23/Dec/2024:05:46:05 +0900] "GET /sitemap436.xml HTTP/2.0" 200 10210 "-" "Mozilla/5.0 AppleWebKit/537.36 (KHTML, like Gecko; compatible; bingbot/2.0; +http://www.bing.com/bingbot.htm) Chrome/116.0.1938.76 Safari/537.36" "-"
20.15.133.175 - - [23/Dec/2024:05:46:07 +0900] "GET /wulyj/g1078305.html HTTP/2.0" 200 107590 "-" "Mozilla/5.0 AppleWebKit/537.36 (KHTML, like Gecko; compatible; bingbot/2.0; +http://www.bing.com/bingbot.htm) Chrome/116.0.1938.76 Safari/537.36" "-"
40.77.167.60 - - [23/Dec/2024:05:46:09 +0900] "GET /sitemap424.xml HTTP/2.0" 200 10054 "-" "Mozilla/5.0 AppleWebKit/537.36 (KHTML, like Gecko; compatible; bingbot/2.0; +http://www.bing.com/bingbot.htm) Chrome/116.0.1938.76 Safari/537.36" "-"
40.77.167.60 - - [23/Dec/2024:05:46:09 +0900] "GET /sitemap878.xml HTTP/2.0" 200 10369 "-" "Mozilla/5.0 AppleWebKit/537.36 (KHTML, like Gecko; compatible; bingbot/2.0; +http://www.bing.com/bingbot.htm) Chrome/116.0.1938.76 Safari/537.36" "-"
66.249.68.64 - - [23/Dec/2024:05:46:28 +0900] "GET /srerm/o453637.html HTTP/1.1" 200 105192 "-" "Mozilla/5.0 (Linux; Android 6.0.1; Nexus 5X Build/MMB29P) AppleWebKit/537.36 (KHTML, like Gecko) Chrome/131.0.6778.139 Mobile Safari/537.36 (compatible; GoogleOther)" "-"
40.77.167.60 - - [23/Dec/2024:05:46:36 +0900] "GET /sitemap320.xml HTTP/2.0" 200 10381 "-" "Mozilla/5.0 AppleWebKit/537.36 (KHTML, like Gecko; compatible; bingbot/2.0; +http://www.bing.com/bingbot.htm) Chrome/116.0.1938.76 Safari/537.36" "-"
66.249.68.64 - - [23/Dec/2024:05:46:39 +0900] "GET /pnvzp/q835605.html HTTP/1.1" 200 105546 "-" "Mozilla/5.0 (Linux; Android 6.0.1; Nexus 5X Build/MMB29P) AppleWebKit/537.36 (KHTML, like Gecko) Chrome/131.0.6778.139 Mobile Safari/537.36 (compatible; GoogleOther)" "-"
40.77.167.72 - - [23/Dec/2024:05:46:46 +0900] "GET /nqaqu/e1505275.html HTTP/2.0" 200 107870 "-" "Mozilla/5.0 AppleWebKit/537.36 (KHTML, like Gecko; compatible; bingbot/2.0; +http://www.bing.com/bingbot.htm) Chrome/116.0.1938.76 Safari/537.36" "-"
66.249.68.64 - - [23/Dec/2024:05:46:51 +0900] "GET /xcvzc/f435636.html HTTP/1.1" 200 105029 "-" "Mozilla/5.0 (Linux; Android 6.0.1; Nexus 5X Build/MMB29P) AppleWebKit/537.36 (KHTML, like Gecko) Chrome/131.0.6778.139 Mobile Safari/537.36 (compatible; GoogleOther)" "-"
40.77.167.65 - - [23/Dec/2024:05:46:51 +0900] "GET /sitemap766.xml HTTP/2.0" 200 10375 "-" "Mozilla/5.0 AppleWebKit/537.36 (KHTML, like Gecko; compatible; bingbot/2.0; +http://www.bing.com/bingbot.htm) Chrome/116.0.1938.76 Safari/537.36" "-"
40.77.167.65 - - [23/Dec/2024:05:46:53 +0900] "GET /sitemap676.xml HTTP/2.0" 200 10384 "-" "Mozilla/5.0 AppleWebKit/537.36 (KHTML, like Gecko; compatible; bingbot/2.0; +http://www.bing.com/bingbot.htm) Chrome/116.0.1938.76 Safari/537.36" "-"
40.77.167.65 - - [23/Dec/2024:05:46:55 +0900] "GET /zvlib/b445096.html HTTP/2.0" 200 105017 "-" "Mozilla/5.0 AppleWebKit/537.36 (KHTML, like Gecko; compatible; bingbot/2.0; +http://www.bing.com/bingbot.htm) Chrome/116.0.1938.76 Safari/537.36" "-"
40.77.167.65 - - [23/Dec/2024:05:47:22 +0900] "GET /sitemap.xml HTTP/2.0" 200 10361 "-" "Mozilla/5.0 AppleWebKit/537.36 (KHTML, like Gecko; compatible; bingbot/2.0; +http://www.bing.com/bingbot.htm) Chrome/116.0.1938.76 Safari/537.36" "-"
40.77.167.60 - - [23/Dec/2024:05:47:26 +0900] "GET /sitemap823.xml HTTP/2.0" 200 10124 "-" "Mozilla/5.0 AppleWebKit/537.36 (KHTML, like Gecko; compatible; bingbot/2.0; +http://www.bing.com/bingbot.htm) Chrome/116.0.1938.76 Safari/537.36" "-"
66.249.68.66 - - [23/Dec/2024:05:47:27 +0900] "GET /rwrlu/k942823.html HTTP/1.1" 200 105891 "-" "Mozilla/5.0 (Linux; Android 6.0.1; Nexus 5X Build/MMB29P) AppleWebKit/537.36 (KHTML, like Gecko) Chrome/131.0.6778.139 Mobile Safari/537.36 (compatible; GoogleOther)" "-"
66.249.68.64 - - [23/Dec/2024:05:47:34 +0900] "GET /hclql/i1001997.html HTTP/1.1" 200 105296 "-" "Mozilla/5.0 (Linux; Android 6.0.1; Nexus 5X Build/MMB29P) AppleWebKit/537.36 (KHTML, like Gecko) Chrome/131.0.6778.139 Mobile Safari/537.36 (compatible; GoogleOther)" "-"
40.77.167.64 - - [23/Dec/2024:05:47:35 +0900] "GET /sitemap667.xml HTTP/2.0" 200 10377 "-" "Mozilla/5.0 AppleWebKit/537.36 (KHTML, like Gecko; compatible; bingbot/2.0; +http://www.bing.com/bingbot.htm) Chrome/116.0.1938.76 Safari/537.36" "-"
40.77.167.60 - - [23/Dec/2024:05:47:39 +0900] "GET /sitemap483.xml HTTP/2.0" 200 10357 "-" "Mozilla/5.0 AppleWebKit/537.36 (KHTML, like Gecko; compatible; bingbot/2.0; +http://www.bing.com/bingbot.htm) Chrome/116.0.1938.76 Safari/537.36" "-"
66.249.68.64 - - [23/Dec/2024:05:47:49 +0900] "GET /ztiop/k905591.html HTTP/1.1" 200 106202 "-" "Mozilla/5.0 (Linux; Android 6.0.1; Nexus 5X Build/MMB29P) AppleWebKit/537.36 (KHTML, like Gecko) Chrome/131.0.6778.139 Mobile Safari/537.36 (compatible; GoogleOther)" "-"
40.77.167.65 - - [23/Dec/2024:05:47:51 +0900] "GET /sitemap800.xml HTTP/2.0" 200 10395 "-" "Mozilla/5.0 AppleWebKit/537.36 (KHTML, like Gecko; compatible; bingbot/2.0; +http://www.bing.com/bingbot.htm) Chrome/116.0.1938.76 Safari/537.36" "-"
40.77.167.64 - - [23/Dec/2024:05:47:55 +0900] "GET /sitemap511.xml HTTP/2.0" 200 10060 "-" "Mozilla/5.0 AppleWebKit/537.36 (KHTML, like Gecko; compatible; bingbot/2.0; +http://www.bing.com/bingbot.htm) Chrome/116.0.1938.76 Safari/537.36" "-"
20.15.133.175 - - [23/Dec/2024:05:47:57 +0900] "GET /tjpvc/x1488888.html HTTP/2.0" 200 106233 "-" "Mozilla/5.0 AppleWebKit/537.36 (KHTML, like Gecko; compatible; bingbot/2.0; +http://www.bing.com/bingbot.htm) Chrome/116.0.1938.76 Safari/537.36" "-"
66.249.68.64 - - [23/Dec/2024:05:48:21 +0900] "GET /xomuk/q881261.html HTTP/1.1" 200 106067 "-" "Mozilla/5.0 (Linux; Android 6.0.1; Nexus 5X Build/MMB29P) AppleWebKit/537.36 (KHTML, like Gecko) Chrome/131.0.6778.139 Mobile Safari/537.36 (compatible; GoogleOther)" "-"
66.249.68.65 - - [23/Dec/2024:05:48:33 +0900] "GET /kxett/y904825.html HTTP/1.1" 200 106966 "-" "Mozilla/5.0 (Linux; Android 6.0.1; Nexus 5X Build/MMB29P) AppleWebKit/537.36 (KHTML, like Gecko) Chrome/131.0.6778.139 Mobile Safari/537.36 (compatible; GoogleOther)" "-"
40.77.167.60 - - [23/Dec/2024:05:48:57 +0900] "GET /snu/b435216.html HTTP/2.0" 200 107916 "-" "Mozilla/5.0 AppleWebKit/537.36 (KHTML, like Gecko; compatible; bingbot/2.0; +http://www.bing.com/bingbot.htm) Chrome/116.0.1938.76 Safari/537.36" "-"
66.249.68.64 - - [23/Dec/2024:05:49:19 +0900] "GET /blzir/e711521.html HTTP/1.1" 200 105567 "-" "Mozilla/5.0 (Linux; Android 6.0.1; Nexus 5X Build/MMB29P) AppleWebKit/537.36 (KHTML, like Gecko) Chrome/131.0.6778.139 Mobile Safari/537.36 (compatible; GoogleOther)" "-"
66.249.68.64 - - [23/Dec/2024:05:49:29 +0900] "GET /qyniw/w1024917.html HTTP/1.1" 200 105127 "-" "Mozilla/5.0 (Linux; Android 6.0.1; Nexus 5X Build/MMB29P) AppleWebKit/537.36 (KHTML, like Gecko) Chrome/131.0.6778.139 Mobile Safari/537.36 (compatible; GoogleOther)" "-"
20.15.133.175 - - [23/Dec/2024:05:49:41 +0900] "GET /sbvef/i762277.html HTTP/2.0" 200 106004 "-" "Mozilla/5.0 AppleWebKit/537.36 (KHTML, like Gecko; compatible; bingbot/2.0; +http://www.bing.com/bingbot.htm) Chrome/116.0.1938.76 Safari/537.36" "-"
66.249.68.64 - - [23/Dec/2024:05:49:52 +0900] "GET /mptch/j760562.html HTTP/1.1" 200 105168 "-" "Mozilla/5.0 (Linux; Android 6.0.1; Nexus 5X Build/MMB29P) AppleWebKit/537.36 (KHTML, like Gecko) Chrome/131.0.6778.139 Mobile Safari/537.36 (compatible; GoogleOther)" "-"
66.249.68.65 - - [23/Dec/2024:05:50:04 +0900] "GET /uknpv/j728504.html HTTP/1.1" 200 105886 "-" "Mozilla/5.0 (Linux; Android 6.0.1; Nexus 5X Build/MMB29P) AppleWebKit/537.36 (KHTML, like Gecko) Chrome/131.0.6778.139 Mobile Safari/537.36 (compatible; GoogleOther)" "-"
66.249.68.64 - - [23/Dec/2024:05:50:10 +0900] "GET /dxpwx/r427406.html HTTP/1.1" 503 428 "-" "Mozilla/5.0 (Linux; Android 6.0.1; Nexus 5X Build/MMB29P) AppleWebKit/537.36 (KHTML, like Gecko) Chrome/131.0.6778.139 Mobile Safari/537.36 (compatible; GoogleOther)" "-"
40.77.167.60 - - [23/Dec/2024:05:50:17 +0900] "GET /pjxwz/l1115984.html HTTP/2.0" 200 105876 "-" "Mozilla/5.0 AppleWebKit/537.36 (KHTML, like Gecko; compatible; bingbot/2.0; +http://www.bing.com/bingbot.htm) Chrome/116.0.1938.76 Safari/537.36" "-"
66.249.68.64 - - [23/Dec/2024:05:50:30 +0900] "GET /qufzg/a1482547.html HTTP/1.1" 200 106516 "-" "Mozilla/5.0 (Linux; Android 6.0.1; Nexus 5X Build/MMB29P) AppleWebKit/537.36 (KHTML, like Gecko) Chrome/131.0.6778.139 Mobile Safari/537.36 (compatible; GoogleOther)" "-"
40.77.167.65 - - [23/Dec/2024:05:50:42 +0900] "GET /mzbpp/h2387562.html HTTP/2.0" 200 106250 "-" "Mozilla/5.0 AppleWebKit/537.36 (KHTML, like Gecko; compatible; bingbot/2.0; +http://www.bing.com/bingbot.htm) Chrome/116.0.1938.76 Safari/537.36" "-"
40.77.167.64 - - [23/Dec/2024:05:50:46 +0900] "GET /ccsnz/z1214382.html HTTP/2.0" 503 428 "-" "Mozilla/5.0 AppleWebKit/537.36 (KHTML, like Gecko; compatible; bingbot/2.0; +http://www.bing.com/bingbot.htm) Chrome/116.0.1938.76 Safari/537.36" "-"
66.249.68.64 - - [23/Dec/2024:05:50:47 +0900] "GET /gzpih/r1471514.html HTTP/1.1" 200 105387 "-" "Mozilla/5.0 (Linux; Android 6.0.1; Nexus 5X Build/MMB29P) AppleWebKit/537.36 (KHTML, like Gecko) Chrome/131.0.6778.139 Mobile Safari/537.36 (compatible; GoogleOther)" "-"
40.77.167.64 - - [23/Dec/2024:05:50:57 +0900] "GET /pgnuk/i2174077.html HTTP/2.0" 200 105188 "-" "Mozilla/5.0 AppleWebKit/537.36 (KHTML, like Gecko; compatible; bingbot/2.0; +http://www.bing.com/bingbot.htm) Chrome/116.0.1938.76 Safari/537.36" "-"
40.77.167.64 - - [23/Dec/2024:05:50:58 +0900] "GET /cmytv/b2233766.html HTTP/2.0" 200 105209 "-" "Mozilla/5.0 AppleWebKit/537.36 (KHTML, like Gecko; compatible; bingbot/2.0; +http://www.bing.com/bingbot.htm) Chrome/116.0.1938.76 Safari/537.36" "-"
40.77.167.64 - - [23/Dec/2024:05:50:59 +0900] "GET /hugvw/t2003866.html HTTP/2.0" 200 105205 "-" "Mozilla/5.0 AppleWebKit/537.36 (KHTML, like Gecko; compatible; bingbot/2.0; +http://www.bing.com/bingbot.htm) Chrome/116.0.1938.76 Safari/537.36" "-"
40.77.167.60 - - [23/Dec/2024:05:51:01 +0900] "GET /opsvu/k2252547.html HTTP/2.0" 200 107166 "-" "Mozilla/5.0 AppleWebKit/537.36 (KHTML, like Gecko; compatible; bingbot/2.0; +http://www.bing.com/bingbot.htm) Chrome/116.0.1938.76 Safari/537.36" "-"
40.77.167.60 - - [23/Dec/2024:05:51:03 +0900] "GET /sigob/b1746370.html HTTP/2.0" 200 105417 "-" "Mozilla/5.0 AppleWebKit/537.36 (KHTML, like Gecko; compatible; bingbot/2.0; +http://www.bing.com/bingbot.htm) Chrome/116.0.1938.76 Safari/537.36" "-"
40.77.167.60 - - [23/Dec/2024:05:51:05 +0900] "GET /ifcuz/i2401525.html HTTP/2.0" 200 107115 "-" "Mozilla/5.0 AppleWebKit/537.36 (KHTML, like Gecko; compatible; bingbot/2.0; +http://www.bing.com/bingbot.htm) Chrome/116.0.1938.76 Safari/537.36" "-"
40.77.167.64 - - [23/Dec/2024:05:51:05 +0900] "GET /yaiuk/j1737512.html HTTP/2.0" 200 105469 "-" "Mozilla/5.0 AppleWebKit/537.36 (KHTML, like Gecko; compatible; bingbot/2.0; +http://www.bing.com/bingbot.htm) Chrome/116.0.1938.76 Safari/537.36" "-"
40.77.167.60 - - [23/Dec/2024:05:51:06 +0900] "GET /ilyeh/e2329761.html HTTP/2.0" 200 105310 "-" "Mozilla/5.0 AppleWebKit/537.36 (KHTML, like Gecko; compatible; bingbot/2.0; +http://www.bing.com/bingbot.htm) Chrome/116.0.1938.76 Safari/537.36" "-"
40.77.167.64 - - [23/Dec/2024:05:51:06 +0900] "GET /ibxqn/k1908749.html HTTP/2.0" 503 428 "-" "Mozilla/5.0 AppleWebKit/537.36 (KHTML, like Gecko; compatible; bingbot/2.0; +http://www.bing.com/bingbot.htm) Chrome/116.0.1938.76 Safari/537.36" "-"
40.77.167.64 - - [23/Dec/2024:05:51:06 +0900] "GET /ccsnz/z1214382.html HTTP/2.0" 200 105430 "-" "Mozilla/5.0 AppleWebKit/537.36 (KHTML, like Gecko; compatible; bingbot/2.0; +http://www.bing.com/bingbot.htm) Chrome/116.0.1938.76 Safari/537.36" "-"
40.77.167.60 - - [23/Dec/2024:05:51:07 +0900] "GET /lxkfc/t409806.html HTTP/2.0" 200 106592 "-" "Mozilla/5.0 AppleWebKit/537.36 (KHTML, like Gecko; compatible; bingbot/2.0; +http://www.bing.com/bingbot.htm) Chrome/116.0.1938.76 Safari/537.36" "-"
40.77.167.64 - - [23/Dec/2024:05:51:07 +0900] "GET /wlgnm/b293282.html HTTP/2.0" 200 105347 "-" "Mozilla/5.0 AppleWebKit/537.36 (KHTML, like Gecko; compatible; bingbot/2.0; +http://www.bing.com/bingbot.htm) Chrome/116.0.1938.76 Safari/537.36" "-"
40.77.167.64 - - [23/Dec/2024:05:51:08 +0900] "GET /thcqg/p333856.html HTTP/2.0" 200 104920 "-" "Mozilla/5.0 AppleWebKit/537.36 (KHTML, like Gecko; compatible; bingbot/2.0; +http://www.bing.com/bingbot.htm) Chrome/116.0.1938.76 Safari/537.36" "-"
40.77.167.64 - - [23/Dec/2024:05:51:10 +0900] "GET /rgqun/p2139894.html HTTP/2.0" 200 104956 "-" "Mozilla/5.0 AppleWebKit/537.36 (KHTML, like Gecko; compatible; bingbot/2.0; +http://www.bing.com/bingbot.htm) Chrome/116.0.1938.76 Safari/537.36" "-"
40.77.167.60 - - [23/Dec/2024:05:51:11 +0900] "GET /tjnsy/l530412.html HTTP/2.0" 200 105475 "-" "Mozilla/5.0 AppleWebKit/537.36 (KHTML, like Gecko; compatible; bingbot/2.0; +http://www.bing.com/bingbot.htm) Chrome/116.0.1938.76 Safari/537.36" "-"
52.167.144.173 - - [23/Dec/2024:05:51:13 +0900] "GET /yzfum/i2641765.html HTTP/2.0" 200 105199 "-" "Mozilla/5.0 AppleWebKit/537.36 (KHTML, like Gecko; compatible; bingbot/2.0; +http://www.bing.com/bingbot.htm) Chrome/116.0.1938.76 Safari/537.36" "-"
52.167.144.173 - - [23/Dec/2024:05:51:14 +0900] "GET /gfebm/d2457082.html HTTP/2.0" 200 107413 "-" "Mozilla/5.0 AppleWebKit/537.36 (KHTML, like Gecko; compatible; bingbot/2.0; +http://www.bing.com/bingbot.htm) Chrome/116.0.1938.76 Safari/537.36" "-"
40.77.167.65 - - [23/Dec/2024:05:51:16 +0900] "GET /ztris/z432432.html HTTP/2.0" 200 105778 "-" "Mozilla/5.0 AppleWebKit/537.36 (KHTML, like Gecko; compatible; bingbot/2.0; +http://www.bing.com/bingbot.htm) Chrome/116.0.1938.76 Safari/537.36" "-"
40.77.167.53 - - [23/Dec/2024:05:51:17 +0900] "GET /aqkgm/b1205362.html HTTP/2.0" 200 105691 "-" "Mozilla/5.0 AppleWebKit/537.36 (KHTML, like Gecko; compatible; bingbot/2.0; +http://www.bing.com/bingbot.htm) Chrome/116.0.1938.76 Safari/537.36" "-"
52.167.144.20 - - [23/Dec/2024:05:51:17 +0900] "GET /gxsik/m2637297.html HTTP/2.0" 200 105953 "-" "Mozilla/5.0 AppleWebKit/537.36 (KHTML, like Gecko; compatible; bingbot/2.0; +http://www.bing.com/bingbot.htm) Chrome/116.0.1938.76 Safari/537.36" "-"
40.77.167.65 - - [23/Dec/2024:05:51:18 +0900] "GET /laqai/n2437878.html HTTP/2.0" 200 106905 "-" "Mozilla/5.0 AppleWebKit/537.36 (KHTML, like Gecko; compatible; bingbot/2.0; +http://www.bing.com/bingbot.htm) Chrome/116.0.1938.76 Safari/537.36" "-"
66.249.68.64 - - [23/Dec/2024:05:51:18 +0900] "GET /jftdk/g458933.html HTTP/1.1" 200 106960 "-" "Mozilla/5.0 (Linux; Android 6.0.1; Nexus 5X Build/MMB29P) AppleWebKit/537.36 (KHTML, like Gecko) Chrome/131.0.6778.139 Mobile Safari/537.36 (compatible; GoogleOther)" "-"
52.167.144.20 - - [23/Dec/2024:05:51:19 +0900] "GET /dpnwv/d2381734.html HTTP/2.0" 200 105515 "-" "Mozilla/5.0 AppleWebKit/537.36 (KHTML, like Gecko; compatible; bingbot/2.0; +http://www.bing.com/bingbot.htm) Chrome/116.0.1938.76 Safari/537.36" "-"
40.77.167.64 - - [23/Dec/2024:05:51:26 +0900] "GET /ibxqn/k1908749.html HTTP/2.0" 200 105590 "-" "Mozilla/5.0 AppleWebKit/537.36 (KHTML, like Gecko; compatible; bingbot/2.0; +http://www.bing.com/bingbot.htm) Chrome/116.0.1938.76 Safari/537.36" "-"
40.77.167.53 - - [23/Dec/2024:05:51:27 +0900] "GET /hwhts/b2633620.html HTTP/2.0" 200 105025 "-" "Mozilla/5.0 AppleWebKit/537.36 (KHTML, like Gecko; compatible; bingbot/2.0; +http://www.bing.com/bingbot.htm) Chrome/116.0.1938.76 Safari/537.36" "-"
40.77.167.53 - - [23/Dec/2024:05:51:29 +0900] "GET /ggjbf/d2436360.html HTTP/2.0" 200 107243 "-" "Mozilla/5.0 AppleWebKit/537.36 (KHTML, like Gecko; compatible; bingbot/2.0; +http://www.bing.com/bingbot.htm) Chrome/116.0.1938.76 Safari/537.36" "-"
40.77.167.53 - - [23/Dec/2024:05:51:31 +0900] "GET /foiqq/l2395704.html HTTP/2.0" 200 105513 "-" "Mozilla/5.0 AppleWebKit/537.36 (KHTML, like Gecko; compatible; bingbot/2.0; +http://www.bing.com/bingbot.htm) Chrome/116.0.1938.76 Safari/537.36" "-"
40.77.167.60 - - [23/Dec/2024:05:51:31 +0900] "GET /cvwfg/m2302859.html HTTP/2.0" 200 105255 "-" "Mozilla/5.0 AppleWebKit/537.36 (KHTML, like Gecko; compatible; bingbot/2.0; +http://www.bing.com/bingbot.htm) Chrome/116.0.1938.76 Safari/537.36" "-"
40.77.167.60 - - [23/Dec/2024:05:51:32 +0900] "GET /fsrgy/f1610706.html HTTP/2.0" 200 105403 "-" "Mozilla/5.0 AppleWebKit/537.36 (KHTML, like Gecko; compatible; bingbot/2.0; +http://www.bing.com/bingbot.htm) Chrome/116.0.1938.76 Safari/537.36" "-"
40.77.167.65 - - [23/Dec/2024:05:51:35 +0900] "GET /dugrp/u385185.html HTTP/2.0" 200 106576 "-" "Mozilla/5.0 AppleWebKit/537.36 (KHTML, like Gecko; compatible; bingbot/2.0; +http://www.bing.com/bingbot.htm) Chrome/116.0.1938.76 Safari/537.36" "-"
40.77.167.64 - - [23/Dec/2024:05:51:40 +0900] "GET /tkbyc/a2459133.html HTTP/2.0" 200 106220 "-" "Mozilla/5.0 AppleWebKit/537.36 (KHTML, like Gecko; compatible; bingbot/2.0; +http://www.bing.com/bingbot.htm) Chrome/116.0.1938.76 Safari/537.36" "-"
40.77.167.60 - - [23/Dec/2024:05:51:47 +0900] "GET /exqvq/w2058417.html HTTP/2.0" 200 105891 "-" "Mozilla/5.0 AppleWebKit/537.36 (KHTML, like Gecko; compatible; bingbot/2.0; +http://www.bing.com/bingbot.htm) Chrome/116.0.1938.76 Safari/537.36" "-"
66.249.68.64 - - [23/Dec/2024:05:51:51 +0900] "GET /qhgpl/s253935.html HTTP/1.1" 200 105930 "-" "Mozilla/5.0 (Linux; Android 6.0.1; Nexus 5X Build/MMB29P) AppleWebKit/537.36 (KHTML, like Gecko) Chrome/131.0.6778.139 Mobile Safari/537.36 (compatible; GoogleOther)" "-"
40.77.167.64 - - [23/Dec/2024:05:51:56 +0900] "GET /fuuce/k2626843.html HTTP/2.0" 200 105234 "-" "Mozilla/5.0 AppleWebKit/537.36 (KHTML, like Gecko; compatible; bingbot/2.0; +http://www.bing.com/bingbot.htm) Chrome/116.0.1938.76 Safari/537.36" "-"
40.77.167.65 - - [23/Dec/2024:05:52:03 +0900] "GET /gcwjh/v2575790.html HTTP/2.0" 200 108632 "-" "Mozilla/5.0 AppleWebKit/537.36 (KHTML, like Gecko; compatible; bingbot/2.0; +http://www.bing.com/bingbot.htm) Chrome/116.0.1938.76 Safari/537.36" "-"
40.77.167.65 - - [23/Dec/2024:05:52:03 +0900] "GET /fiagc/y1038075.html HTTP/2.0" 503 428 "-" "Mozilla/5.0 AppleWebKit/537.36 (KHTML, like Gecko; compatible; bingbot/2.0; +http://www.bing.com/bingbot.htm) Chrome/116.0.1938.76 Safari/537.36" "-"
40.77.167.65 - - [23/Dec/2024:05:52:05 +0900] "GET /yuynn/c475179.html HTTP/2.0" 200 105755 "-" "Mozilla/5.0 AppleWebKit/537.36 (KHTML, like Gecko; compatible; bingbot/2.0; +http://www.bing.com/bingbot.htm) Chrome/116.0.1938.76 Safari/537.36" "-"
66.249.68.65 - - [23/Dec/2024:05:52:05 +0900] "GET /oiiex/q1419071.html HTTP/1.1" 200 105863 "-" "Mozilla/5.0 (Linux; Android 6.0.1; Nexus 5X Build/MMB29P) AppleWebKit/537.36 (KHTML, like Gecko) Chrome/131.0.6778.139 Mobile Safari/537.36 (compatible; GoogleOther)" "-"
40.77.167.65 - - [23/Dec/2024:05:52:05 +0900] "GET /ickoq/m2566005.html HTTP/2.0" 503 428 "-" "Mozilla/5.0 AppleWebKit/537.36 (KHTML, like Gecko; compatible; bingbot/2.0; +http://www.bing.com/bingbot.htm) Chrome/116.0.1938.76 Safari/537.36" "-"
66.249.68.65 - - [23/Dec/2024:05:52:10 +0900] "GET /uqgsw/g224075.html HTTP/1.1" 200 105268 "-" "Mozilla/5.0 (Linux; Android 6.0.1; Nexus 5X Build/MMB29P) AppleWebKit/537.36 (KHTML, like Gecko) Chrome/131.0.6778.139 Mobile Safari/537.36 (compatible; GoogleOther)" "-"
52.167.144.218 - - [23/Dec/2024:05:52:16 +0900] "GET /tbnhh/e917727.html HTTP/2.0" 503 428 "-" "Mozilla/5.0 AppleWebKit/537.36 (KHTML, like Gecko; compatible; bingbot/2.0; +http://www.bing.com/bingbot.htm) Chrome/116.0.1938.76 Safari/537.36" "-"
40.77.167.60 - - [23/Dec/2024:05:52:16 +0900] "GET /flhev/c2895519.html HTTP/2.0" 503 428 "-" "Mozilla/5.0 AppleWebKit/537.36 (KHTML, like Gecko; compatible; bingbot/2.0; +http://www.bing.com/bingbot.htm) Chrome/116.0.1938.76 Safari/537.36" "-"
52.167.144.218 - - [23/Dec/2024:05:52:16 +0900] "GET /mdslm/u2799805.html HTTP/2.0" 503 428 "-" "Mozilla/5.0 AppleWebKit/537.36 (KHTML, like Gecko; compatible; bingbot/2.0; +http://www.bing.com/bingbot.htm) Chrome/116.0.1938.76 Safari/537.36" "-"
40.77.167.60 - - [23/Dec/2024:05:52:16 +0900] "GET /wiuft/u1019377.html HTTP/2.0" 503 428 "-" "Mozilla/5.0 AppleWebKit/537.36 (KHTML, like Gecko; compatible; bingbot/2.0; +http://www.bing.com/bingbot.htm) Chrome/116.0.1938.76 Safari/537.36" "-"
40.77.167.60 - - [23/Dec/2024:05:52:19 +0900] "GET /rsohj/h355766.html HTTP/2.0" 200 105315 "-" "Mozilla/5.0 AppleWebKit/537.36 (KHTML, like Gecko; compatible; bingbot/2.0; +http://www.bing.com/bingbot.htm) Chrome/116.0.1938.76 Safari/537.36" "-"
52.167.144.173 - - [23/Dec/2024:05:52:22 +0900] "GET /leena/c729797.html HTTP/2.0" 503 428 "-" "Mozilla/5.0 AppleWebKit/537.36 (KHTML, like Gecko; compatible; bingbot/2.0; +http://www.bing.com/bingbot.htm) Chrome/116.0.1938.76 Safari/537.36" "-"
40.77.167.65 - - [23/Dec/2024:05:52:23 +0900] "GET /blqlm/v1872100.html HTTP/2.0" 200 105491 "-" "Mozilla/5.0 AppleWebKit/537.36 (KHTML, like Gecko; compatible; bingbot/2.0; +http://www.bing.com/bingbot.htm) Chrome/116.0.1938.76 Safari/537.36" "-"
52.167.144.173 - - [23/Dec/2024:05:52:24 +0900] "GET /kmpjv/s2548305.html HTTP/2.0" 200 106576 "-" "Mozilla/5.0 AppleWebKit/537.36 (KHTML, like Gecko; compatible; bingbot/2.0; +http://www.bing.com/bingbot.htm) Chrome/116.0.1938.76 Safari/537.36" "-"
52.167.144.173 - - [23/Dec/2024:05:52:25 +0900] "GET /rcdpd/s2613669.html HTTP/2.0" 200 106264 "-" "Mozilla/5.0 AppleWebKit/537.36 (KHTML, like Gecko; compatible; bingbot/2.0; +http://www.bing.com/bingbot.htm) Chrome/116.0.1938.76 Safari/537.36" "-"
40.77.167.60 - - [23/Dec/2024:05:52:26 +0900] "GET /gpgpb/d2587602.html HTTP/2.0" 503 428 "-" "Mozilla/5.0 AppleWebKit/537.36 (KHTML, like Gecko; compatible; bingbot/2.0; +http://www.bing.com/bingbot.htm) Chrome/116.0.1938.76 Safari/537.36" "-"
52.167.144.173 - - [23/Dec/2024:05:52:26 +0900] "GET /kxpic/f2402172.html HTTP/2.0" 200 105372 "-" "Mozilla/5.0 AppleWebKit/537.36 (KHTML, like Gecko; compatible; bingbot/2.0; +http://www.bing.com/bingbot.htm) Chrome/116.0.1938.76 Safari/537.36" "-"
66.249.68.64 - - [23/Dec/2024:05:52:28 +0900] "GET /hgxjz/o671049.html HTTP/1.1" 200 105260 "-" "Mozilla/5.0 (Linux; Android 6.0.1; Nexus 5X Build/MMB29P) AppleWebKit/537.36 (KHTML, like Gecko) Chrome/131.0.6778.139 Mobile Safari/537.36 (compatible; GoogleOther)" "-"
40.77.167.65 - - [23/Dec/2024:05:52:33 +0900] "GET /fiagc/y1038075.html HTTP/2.0" 200 106600 "-" "Mozilla/5.0 AppleWebKit/537.36 (KHTML, like Gecko; compatible; bingbot/2.0; +http://www.bing.com/bingbot.htm) Chrome/116.0.1938.76 Safari/537.36" "-"
40.77.167.60 - - [23/Dec/2024:05:52:37 +0900] "GET /vrsch/h2484048.html HTTP/2.0" 200 105922 "-" "Mozilla/5.0 AppleWebKit/537.36 (KHTML, like Gecko; compatible; bingbot/2.0; +http://www.bing.com/bingbot.htm) Chrome/116.0.1938.76 Safari/537.36" "-"
40.77.167.60 - - [23/Dec/2024:05:52:39 +0900] "GET /ulwci/e1125363.html HTTP/2.0" 200 110362 "-" "Mozilla/5.0 AppleWebKit/537.36 (KHTML, like Gecko; compatible; bingbot/2.0; +http://www.bing.com/bingbot.htm) Chrome/116.0.1938.76 Safari/537.36" "-"
40.77.167.60 - - [23/Dec/2024:05:52:40 +0900] "GET /snjwi/a498941.html HTTP/2.0" 200 105822 "-" "Mozilla/5.0 AppleWebKit/537.36 (KHTML, like Gecko; compatible; bingbot/2.0; +http://www.bing.com/bingbot.htm) Chrome/116.0.1938.76 Safari/537.36" "-"
40.77.167.60 - - [23/Dec/2024:05:52:41 +0900] "GET /hydov/k2664049.html HTTP/2.0" 503 428 "-" "Mozilla/5.0 AppleWebKit/537.36 (KHTML, like Gecko; compatible; bingbot/2.0; +http://www.bing.com/bingbot.htm) Chrome/116.0.1938.76 Safari/537.36" "-"
52.167.144.173 - - [23/Dec/2024:05:52:43 +0900] "GET /leena/c729797.html HTTP/2.0" 200 106506 "-" "Mozilla/5.0 AppleWebKit/537.36 (KHTML, like Gecko; compatible; bingbot/2.0; +http://www.bing.com/bingbot.htm) Chrome/116.0.1938.76 Safari/537.36" "-"
40.77.167.64 - - [23/Dec/2024:05:52:46 +0900] "GET /rgsem/u405595.html HTTP/2.0" 503 428 "-" "Mozilla/5.0 AppleWebKit/537.36 (KHTML, like Gecko; compatible; bingbot/2.0; +http://www.bing.com/bingbot.htm) Chrome/116.0.1938.76 Safari/537.36" "-"
40.77.167.60 - - [23/Dec/2024:05:52:52 +0900] "GET /gpgpb/d2587602.html HTTP/2.0" 200 106224 "-" "Mozilla/5.0 AppleWebKit/537.36 (KHTML, like Gecko; compatible; bingbot/2.0; +http://www.bing.com/bingbot.htm) Chrome/116.0.1938.76 Safari/537.36" "-"
40.77.167.60 - - [23/Dec/2024:05:52:52 +0900] "GET /flhev/c2895519.html HTTP/2.0" 503 428 "-" "Mozilla/5.0 AppleWebKit/537.36 (KHTML, like Gecko; compatible; bingbot/2.0; +http://www.bing.com/bingbot.htm) Chrome/116.0.1938.76 Safari/537.36" "-"
66.249.68.64 - - [23/Dec/2024:05:52:52 +0900] "GET /hiyvf/k549937.html HTTP/1.1" 503 428 "-" "Mozilla/5.0 (Linux; Android 6.0.1; Nexus 5X Build/MMB29P) AppleWebKit/537.36 (KHTML, like Gecko) Chrome/131.0.6778.139 Mobile Safari/537.36 (compatible; GoogleOther)" "-"
40.77.167.60 - - [23/Dec/2024:05:52:53 +0900] "GET /zdpup/m1731275.html HTTP/2.0" 503 428 "-" "Mozilla/5.0 AppleWebKit/537.36 (KHTML, like Gecko; compatible; bingbot/2.0; +http://www.bing.com/bingbot.htm) Chrome/116.0.1938.76 Safari/537.36" "-"
52.167.144.218 - - [23/Dec/2024:05:52:57 +0900] "GET /tbnhh/e917727.html HTTP/2.0" 200 104968 "-" "Mozilla/5.0 AppleWebKit/537.36 (KHTML, like Gecko; compatible; bingbot/2.0; +http://www.bing.com/bingbot.htm) Chrome/116.0.1938.76 Safari/537.36" "-"
52.167.144.218 - - [23/Dec/2024:05:52:59 +0900] "GET /mdslm/u2799805.html HTTP/2.0" 503 428 "-" "Mozilla/5.0 AppleWebKit/537.36 (KHTML, like Gecko; compatible; bingbot/2.0; +http://www.bing.com/bingbot.htm) Chrome/116.0.1938.76 Safari/537.36" "-"
52.167.144.218 - - [23/Dec/2024:05:53:01 +0900] "GET /bmbio/f1553116.html HTTP/2.0" 200 106062 "-" "Mozilla/5.0 AppleWebKit/537.36 (KHTML, like Gecko; compatible; bingbot/2.0; +http://www.bing.com/bingbot.htm) Chrome/116.0.1938.76 Safari/537.36" "-"
52.167.144.173 - - [23/Dec/2024:05:53:03 +0900] "GET /wrfqk/b2885014.html HTTP/2.0" 503 428 "-" "Mozilla/5.0 AppleWebKit/537.36 (KHTML, like Gecko; compatible; bingbot/2.0; +http://www.bing.com/bingbot.htm) Chrome/116.0.1938.76 Safari/537.36" "-"
66.249.68.65 - - [23/Dec/2024:05:53:05 +0900] "GET /yrhff/a344085.html HTTP/1.1" 200 105797 "-" "Mozilla/5.0 (Linux; Android 6.0.1; Nexus 5X Build/MMB29P) AppleWebKit/537.36 (KHTML, like Gecko) Chrome/131.0.6778.139 Mobile Safari/537.36 (compatible; GoogleOther)" "-"
40.77.167.60 - - [23/Dec/2024:05:53:07 +0900] "GET /hydov/k2664049.html HTTP/2.0" 200 106668 "-" "Mozilla/5.0 AppleWebKit/537.36 (KHTML, like Gecko; compatible; bingbot/2.0; +http://www.bing.com/bingbot.htm) Chrome/116.0.1938.76 Safari/537.36" "-"
40.77.167.60 - - [23/Dec/2024:05:53:08 +0900] "GET /hleaj/k2089501.html HTTP/2.0" 200 105738 "-" "Mozilla/5.0 AppleWebKit/537.36 (KHTML, like Gecko; compatible; bingbot/2.0; +http://www.bing.com/bingbot.htm) Chrome/116.0.1938.76 Safari/537.36" "-"
40.77.167.60 - - [23/Dec/2024:05:53:09 +0900] "GET /zdpup/m1731275.html HTTP/2.0" 503 428 "-" "Mozilla/5.0 AppleWebKit/537.36 (KHTML, like Gecko; compatible; bingbot/2.0; +http://www.bing.com/bingbot.htm) Chrome/116.0.1938.76 Safari/537.36" "-"
40.77.167.60 - - [23/Dec/2024:05:53:11 +0900] "GET /htxza/l2542552.html HTTP/2.0" 200 105276 "-" "Mozilla/5.0 AppleWebKit/537.36 (KHTML, like Gecko; compatible; bingbot/2.0; +http://www.bing.com/bingbot.htm) Chrome/116.0.1938.76 Safari/537.36" "-"
20.15.133.174 - - [23/Dec/2024:05:53:12 +0900] "GET /uthmx/d1836514.html HTTP/2.0" 200 105106 "-" "Mozilla/5.0 AppleWebKit/537.36 (KHTML, like Gecko; compatible; bingbot/2.0; +http://www.bing.com/bingbot.htm) Chrome/116.0.1938.76 Safari/537.36" "-"
40.77.167.60 - - [23/Dec/2024:05:53:17 +0900] "GET /rpbwx/e2601539.html HTTP/2.0" 200 106009 "-" "Mozilla/5.0 AppleWebKit/537.36 (KHTML, like Gecko; compatible; bingbot/2.0; +http://www.bing.com/bingbot.htm) Chrome/116.0.1938.76 Safari/537.36" "-"
52.167.144.20 - - [23/Dec/2024:05:53:17 +0900] "GET /dwjcm/e2832835.html HTTP/2.0" 200 106814 "-" "Mozilla/5.0 AppleWebKit/537.36 (KHTML, like Gecko; compatible; bingbot/2.0; +http://www.bing.com/bingbot.htm) Chrome/116.0.1938.76 Safari/537.36" "-"
66.249.68.65 - - [23/Dec/2024:05:53:20 +0900] "GET /ivjjo/p377432.html HTTP/1.1" 200 105934 "-" "Mozilla/5.0 (Linux; Android 6.0.1; Nexus 5X Build/MMB29P) AppleWebKit/537.36 (KHTML, like Gecko) Chrome/131.0.6778.139 Mobile Safari/537.36 (compatible; GoogleOther)" "-"
40.77.167.64 - - [23/Dec/2024:05:53:21 +0900] "GET /rgsem/u405595.html HTTP/2.0" 200 107266 "-" "Mozilla/5.0 AppleWebKit/537.36 (KHTML, like Gecko; compatible; bingbot/2.0; +http://www.bing.com/bingbot.htm) Chrome/116.0.1938.76 Safari/537.36" "-"
40.77.167.64 - - [23/Dec/2024:05:53:22 +0900] "GET /ayqdh/s2505301.html HTTP/2.0" 200 105361 "-" "Mozilla/5.0 AppleWebKit/537.36 (KHTML, like Gecko; compatible; bingbot/2.0; +http://www.bing.com/bingbot.htm) Chrome/116.0.1938.76 Safari/537.36" "-"
52.167.144.173 - - [23/Dec/2024:05:53:23 +0900] "GET /xsbso/s2777989.html HTTP/2.0" 200 107184 "-" "Mozilla/5.0 AppleWebKit/537.36 (KHTML, like Gecko; compatible; bingbot/2.0; +http://www.bing.com/bingbot.htm) Chrome/116.0.1938.76 Safari/537.36" "-"
52.167.144.173 - - [23/Dec/2024:05:53:25 +0900] "GET /wrfqk/b2885014.html HTTP/2.0" 200 105601 "-" "Mozilla/5.0 AppleWebKit/537.36 (KHTML, like Gecko; compatible; bingbot/2.0; +http://www.bing.com/bingbot.htm) Chrome/116.0.1938.76 Safari/537.36" "-"
52.167.144.173 - - [23/Dec/2024:05:53:25 +0900] "GET /joyzp/z959140.html HTTP/2.0" 503 428 "-" "Mozilla/5.0 AppleWebKit/537.36 (KHTML, like Gecko; compatible; bingbot/2.0; +http://www.bing.com/bingbot.htm) Chrome/116.0.1938.76 Safari/537.36" "-"
40.77.167.65 - - [23/Dec/2024:05:53:27 +0900] "GET /ianhz/e2697453.html HTTP/2.0" 200 105496 "-" "Mozilla/5.0 AppleWebKit/537.36 (KHTML, like Gecko; compatible; bingbot/2.0; +http://www.bing.com/bingbot.htm) Chrome/116.0.1938.76 Safari/537.36" "-"
52.167.144.20 - - [23/Dec/2024:05:53:27 +0900] "GET /fyvbx/u2690241.html HTTP/2.0" 200 107520 "-" "Mozilla/5.0 AppleWebKit/537.36 (KHTML, like Gecko; compatible; bingbot/2.0; +http://www.bing.com/bingbot.htm) Chrome/116.0.1938.76 Safari/537.36" "-"
52.167.144.218 - - [23/Dec/2024:05:53:27 +0900] "GET /fnbne/t2611564.html HTTP/2.0" 200 105468 "-" "Mozilla/5.0 AppleWebKit/537.36 (KHTML, like Gecko; compatible; bingbot/2.0; +http://www.bing.com/bingbot.htm) Chrome/116.0.1938.76 Safari/537.36" "-"
40.77.167.65 - - [23/Dec/2024:05:53:27 +0900] "GET /qbjde/s799727.html HTTP/2.0" 503 428 "-" "Mozilla/5.0 AppleWebKit/537.36 (KHTML, like Gecko; compatible; bingbot/2.0; +http://www.bing.com/bingbot.htm) Chrome/116.0.1938.76 Safari/537.36" "-"
52.167.144.173 - - [23/Dec/2024:05:53:33 +0900] "GET /sbzxl/s1170721.html HTTP/2.0" 200 106035 "-" "Mozilla/5.0 AppleWebKit/537.36 (KHTML, like Gecko; compatible; bingbot/2.0; +http://www.bing.com/bingbot.htm) Chrome/116.0.1938.76 Safari/537.36" "-"
52.167.144.218 - - [23/Dec/2024:05:53:36 +0900] "GET /mdslm/u2799805.html HTTP/2.0" 503 428 "-" "Mozilla/5.0 AppleWebKit/537.36 (KHTML, like Gecko; compatible; bingbot/2.0; +http://www.bing.com/bingbot.htm) Chrome/116.0.1938.76 Safari/537.36" "-"
40.77.167.60 - - [23/Dec/2024:05:53:36 +0900] "GET /flhev/c2895519.html HTTP/2.0" 503 428 "-" "Mozilla/5.0 AppleWebKit/537.36 (KHTML, like Gecko; compatible; bingbot/2.0; +http://www.bing.com/bingbot.htm) Chrome/116.0.1938.76 Safari/537.36" "-"
40.77.167.64 - - [23/Dec/2024:05:53:37 +0900] "GET /odngm/a2195025.html HTTP/2.0" 200 108054 "-" "Mozilla/5.0 AppleWebKit/537.36 (KHTML, like Gecko; compatible; bingbot/2.0; +http://www.bing.com/bingbot.htm) Chrome/116.0.1938.76 Safari/537.36" "-"
40.77.167.60 - - [23/Dec/2024:05:53:38 +0900] "GET /nhvvn/a2036971.html HTTP/2.0" 200 105647 "-" "Mozilla/5.0 AppleWebKit/537.36 (KHTML, like Gecko; compatible; bingbot/2.0; +http://www.bing.com/bingbot.htm) Chrome/116.0.1938.76 Safari/537.36" "-"
66.249.68.64 - - [23/Dec/2024:05:53:38 +0900] "GET /duzkv/f1506238.html HTTP/1.1" 503 428 "-" "Mozilla/5.0 (Linux; Android 6.0.1; Nexus 5X Build/MMB29P) AppleWebKit/537.36 (KHTML, like Gecko) Chrome/131.0.6778.139 Mobile Safari/537.36 (compatible; GoogleOther)" "-"
40.77.167.60 - - [23/Dec/2024:05:53:39 +0900] "GET /oguxc/c2908441.html HTTP/2.0" 200 105382 "-" "Mozilla/5.0 AppleWebKit/537.36 (KHTML, like Gecko; compatible; bingbot/2.0; +http://www.bing.com/bingbot.htm) Chrome/116.0.1938.76 Safari/537.36" "-"
52.167.144.218 - - [23/Dec/2024:05:53:39 +0900] "GET /uahwi/b1229360.html HTTP/2.0" 200 105946 "-" "Mozilla/5.0 AppleWebKit/537.36 (KHTML, like Gecko; compatible; bingbot/2.0; +http://www.bing.com/bingbot.htm) Chrome/116.0.1938.76 Safari/537.36" "-"
40.77.167.60 - - [23/Dec/2024:05:53:41 +0900] "GET /attcd/k2987853.html HTTP/2.0" 200 105510 "-" "Mozilla/5.0 AppleWebKit/537.36 (KHTML, like Gecko; compatible; bingbot/2.0; +http://www.bing.com/bingbot.htm) Chrome/116.0.1938.76 Safari/537.36" "-"
40.77.167.60 - - [23/Dec/2024:05:53:41 +0900] "GET /flrwi/d1347168.html HTTP/2.0" 200 105681 "-" "Mozilla/5.0 AppleWebKit/537.36 (KHTML, like Gecko; compatible; bingbot/2.0; +http://www.bing.com/bingbot.htm) Chrome/116.0.1938.76 Safari/537.36" "-"
40.77.167.60 - - [23/Dec/2024:05:53:42 +0900] "GET /zdpup/m1731275.html HTTP/2.0" 200 105665 "-" "Mozilla/5.0 AppleWebKit/537.36 (KHTML, like Gecko; compatible; bingbot/2.0; +http://www.bing.com/bingbot.htm) Chrome/116.0.1938.76 Safari/537.36" "-"
40.77.167.60 - - [23/Dec/2024:05:53:43 +0900] "GET /fmddq/z2176460.html HTTP/2.0" 200 105658 "-" "Mozilla/5.0 AppleWebKit/537.36 (KHTML, like Gecko; compatible; bingbot/2.0; +http://www.bing.com/bingbot.htm) Chrome/116.0.1938.76 Safari/537.36" "-"
40.77.167.60 - - [23/Dec/2024:05:53:44 +0900] "GET /dvysv/n2824030.html HTTP/2.0" 200 107475 "-" "Mozilla/5.0 AppleWebKit/537.36 (KHTML, like Gecko; compatible; bingbot/2.0; +http://www.bing.com/bingbot.htm) Chrome/116.0.1938.76 Safari/537.36" "-"
40.77.167.65 - - [23/Dec/2024:05:53:46 +0900] "GET /swyap/t2098168.html HTTP/2.0" 200 106365 "-" "Mozilla/5.0 AppleWebKit/537.36 (KHTML, like Gecko; compatible; bingbot/2.0; +http://www.bing.com/bingbot.htm) Chrome/116.0.1938.76 Safari/537.36" "-"
40.77.167.65 - - [23/Dec/2024:05:53:48 +0900] "GET /sgmcc/a2225315.html HTTP/2.0" 200 106797 "-" "Mozilla/5.0 AppleWebKit/537.36 (KHTML, like Gecko; compatible; bingbot/2.0; +http://www.bing.com/bingbot.htm) Chrome/116.0.1938.76 Safari/537.36" "-"
40.77.167.65 - - [23/Dec/2024:05:53:49 +0900] "GET /vgwxu/a1892489.html HTTP/2.0" 200 106130 "-" "Mozilla/5.0 AppleWebKit/537.36 (KHTML, like Gecko; compatible; bingbot/2.0; +http://www.bing.com/bingbot.htm) Chrome/116.0.1938.76 Safari/537.36" "-"
118.27.99.84 - - [23/Dec/2024:05:53:50 +0900] "POST /wp-cron.php?doing_wp_cron=1734900829.9041008949279785156250 HTTP/1.1" 403 186 "-" "WordPress/6.7.1; https://fukuda-sougyou-yokohama.com" "-"
17.241.219.70 - - [23/Dec/2024:05:53:50 +0900] "GET /516/ HTTP/1.1" 200 27478 "-" "Mozilla/5.0 (Macintosh; Intel Mac OS X 10_15_7) AppleWebKit/605.1.15 (KHTML, like Gecko) Version/17.4 Safari/605.1.15 (Applebot/0.1; +http://www.apple.com/go/applebot)" "-"
40.77.167.65 - - [23/Dec/2024:05:53:51 +0900] "GET /qbjde/s799727.html HTTP/2.0" 200 105162 "-" "Mozilla/5.0 AppleWebKit/537.36 (KHTML, like Gecko; compatible; bingbot/2.0; +http://www.bing.com/bingbot.htm) Chrome/116.0.1938.76 Safari/537.36" "-"
40.77.167.64 - - [23/Dec/2024:05:53:56 +0900] "GET /aiwkv/l1950662.html HTTP/2.0" 200 105756 "-" "Mozilla/5.0 AppleWebKit/537.36 (KHTML, like Gecko; compatible; bingbot/2.0; +http://www.bing.com/bingbot.htm) Chrome/116.0.1938.76 Safari/537.36" "-"
66.249.68.64 - - [23/Dec/2024:05:53:58 +0900] "GET /zxsks/j278444.html HTTP/1.1" 503 428 "-" "Mozilla/5.0 (Linux; Android 6.0.1; Nexus 5X Build/MMB29P) AppleWebKit/537.36 (KHTML, like Gecko) Chrome/131.0.6778.139 Mobile Safari/537.36 (compatible; GoogleOther)" "-"
40.77.167.64 - - [23/Dec/2024:05:53:59 +0900] "GET /luolq/w1987541.html HTTP/2.0" 200 105357 "-" "Mozilla/5.0 AppleWebKit/537.36 (KHTML, like Gecko; compatible; bingbot/2.0; +http://www.bing.com/bingbot.htm) Chrome/116.0.1938.76 Safari/537.36" "-"
40.77.167.64 - - [23/Dec/2024:05:54:01 +0900] "GET /cntys/i2851273.html HTTP/2.0" 200 105486 "-" "Mozilla/5.0 AppleWebKit/537.36 (KHTML, like Gecko; compatible; bingbot/2.0; +http://www.bing.com/bingbot.htm) Chrome/116.0.1938.76 Safari/537.36" "-"
40.77.167.64 - - [23/Dec/2024:05:54:02 +0900] "GET /rhbas/r2609404.html HTTP/2.0" 200 104910 "-" "Mozilla/5.0 AppleWebKit/537.36 (KHTML, like Gecko; compatible; bingbot/2.0; +http://www.bing.com/bingbot.htm) Chrome/116.0.1938.76 Safari/537.36" "-"
40.77.167.64 - - [23/Dec/2024:05:54:04 +0900] "GET /dbfbo/s2620013.html HTTP/2.0" 200 105354 "-" "Mozilla/5.0 AppleWebKit/537.36 (KHTML, like Gecko; compatible; bingbot/2.0; +http://www.bing.com/bingbot.htm) Chrome/116.0.1938.76 Safari/537.36" "-"
17.241.75.35 - - [23/Dec/2024:05:54:05 +0900] "GET /1990/ HTTP/1.1" 200 28451 "-" "Mozilla/5.0 (Macintosh; Intel Mac OS X 10_15_7) AppleWebKit/605.1.15 (KHTML, like Gecko) Version/17.4 Safari/605.1.15 (Applebot/0.1; +http://www.apple.com/go/applebot)" "-"
40.77.167.64 - - [23/Dec/2024:05:54:05 +0900] "GET /hotyu/m2690571.html HTTP/2.0" 503 428 "-" "Mozilla/5.0 AppleWebKit/537.36 (KHTML, like Gecko; compatible; bingbot/2.0; +http://www.bing.com/bingbot.htm) Chrome/116.0.1938.76 Safari/537.36" "-"
40.77.167.64 - - [23/Dec/2024:05:54:07 +0900] "GET /witha/c2759643.html HTTP/2.0" 200 105700 "-" "Mozilla/5.0 AppleWebKit/537.36 (KHTML, like Gecko; compatible; bingbot/2.0; +http://www.bing.com/bingbot.htm) Chrome/116.0.1938.76 Safari/537.36" "-"
52.167.144.20 - - [23/Dec/2024:05:54:07 +0900] "GET /thoki/l1019810.html HTTP/2.0" 200 106457 "-" "Mozilla/5.0 AppleWebKit/537.36 (KHTML, like Gecko; compatible; bingbot/2.0; +http://www.bing.com/bingbot.htm) Chrome/116.0.1938.76 Safari/537.36" "-"
40.77.167.64 - - [23/Dec/2024:05:54:09 +0900] "GET /tgwhh/s526155.html HTTP/2.0" 200 105023 "-" "Mozilla/5.0 AppleWebKit/537.36 (KHTML, like Gecko; compatible; bingbot/2.0; +http://www.bing.com/bingbot.htm) Chrome/116.0.1938.76 Safari/537.36" "-"
52.167.144.20 - - [23/Dec/2024:05:54:09 +0900] "GET /cmtnm/r1293778.html HTTP/2.0" 200 105510 "-" "Mozilla/5.0 AppleWebKit/537.36 (KHTML, like Gecko; compatible; bingbot/2.0; +http://www.bing.com/bingbot.htm) Chrome/116.0.1938.76 Safari/537.36" "-"
40.77.167.64 - - [23/Dec/2024:05:54:10 +0900] "GET /xaeyh/v3045012.html HTTP/2.0" 200 107188 "-" "Mozilla/5.0 AppleWebKit/537.36 (KHTML, like Gecko; compatible; bingbot/2.0; +http://www.bing.com/bingbot.htm) Chrome/116.0.1938.76 Safari/537.36" "-"
52.167.144.20 - - [23/Dec/2024:05:54:17 +0900] "GET /zhwct/p2875356.html HTTP/2.0" 200 105180 "-" "Mozilla/5.0 AppleWebKit/537.36 (KHTML, like Gecko; compatible; bingbot/2.0; +http://www.bing.com/bingbot.htm) Chrome/116.0.1938.76 Safari/537.36" "-"
40.77.167.60 - - [23/Dec/2024:05:54:17 +0900] "GET /zanfl/c2743471.html HTTP/2.0" 200 105354 "-" "Mozilla/5.0 AppleWebKit/537.36 (KHTML, like Gecko; compatible; bingbot/2.0; +http://www.bing.com/bingbot.htm) Chrome/116.0.1938.76 Safari/537.36" "-"
66.249.68.65 - - [23/Dec/2024:05:54:18 +0900] "GET /wroax/l436292.html HTTP/1.1" 200 105621 "-" "Mozilla/5.0 (Linux; Android 6.0.1; Nexus 5X Build/MMB29P) AppleWebKit/537.36 (KHTML, like Gecko) Chrome/131.0.6778.139 Mobile Safari/537.36 (compatible; GoogleOther)" "-"
52.167.144.20 - - [23/Dec/2024:05:54:18 +0900] "GET /tehqm/n2839266.html HTTP/2.0" 200 105039 "-" "Mozilla/5.0 AppleWebKit/537.36 (KHTML, like Gecko; compatible; bingbot/2.0; +http://www.bing.com/bingbot.htm) Chrome/116.0.1938.76 Safari/537.36" "-"
52.167.144.219 - - [23/Dec/2024:05:54:24 +0900] "GET /varjh/d2880856.html HTTP/2.0" 200 105968 "-" "Mozilla/5.0 AppleWebKit/537.36 (KHTML, like Gecko; compatible; bingbot/2.0; +http://www.bing.com/bingbot.htm) Chrome/116.0.1938.76 Safari/537.36" "-"
52.167.144.173 - - [23/Dec/2024:05:54:25 +0900] "GET /joyzp/z959140.html HTTP/2.0" 200 105165 "-" "Mozilla/5.0 AppleWebKit/537.36 (KHTML, like Gecko; compatible; bingbot/2.0; +http://www.bing.com/bingbot.htm) Chrome/116.0.1938.76 Safari/537.36" "-"
52.167.144.173 - - [23/Dec/2024:05:54:26 +0900] "GET /engvp/w1455581.html HTTP/2.0" 200 105448 "-" "Mozilla/5.0 AppleWebKit/537.36 (KHTML, like Gecko; compatible; bingbot/2.0; +http://www.bing.com/bingbot.htm) Chrome/116.0.1938.76 Safari/537.36" "-"
52.167.144.218 - - [23/Dec/2024:05:54:27 +0900] "GET /jtxso/u2865611.html HTTP/2.0" 200 104980 "-" "Mozilla/5.0 AppleWebKit/537.36 (KHTML, like Gecko; compatible; bingbot/2.0; +http://www.bing.com/bingbot.htm) Chrome/116.0.1938.76 Safari/537.36" "-"
52.167.144.173 - - [23/Dec/2024:05:54:27 +0900] "GET /sgrqk/k3134337.html HTTP/2.0" 200 106537 "-" "Mozilla/5.0 AppleWebKit/537.36 (KHTML, like Gecko; compatible; bingbot/2.0; +http://www.bing.com/bingbot.htm) Chrome/116.0.1938.76 Safari/537.36" "-"
